-- Table structure for table `llx_facturedet_extrafields`
--

CREATE TABLE `llx_facturedet_extrafields` (
  `rowid` int(11) NOT NULL AUTO_INCREMENT,
  `tms` timestamp NOT NULL DEFAULT CURRENT_TIMESTAMP ON UPDATE CURRENT_TIMESTAMP,
  `fk_object` int(11) NOT NULL,
  `import_key` varchar(14) DEFAULT NULL,
  `titrealpiroc` varchar(255) DEFAULT NULL,
  PRIMARY KEY (`rowid`),
  KEY `idx_facturedet_extrafields` (`fk_object`)
) ENGINE=InnoDB AUTO_INCREMENT=130 DEFAULT CHARSET=utf8;

--
-- Dumping data for table `llx_facturedet_extrafields`
--

INSERT INTO `llx_facturedet_extrafields` (`rowid`, `tms`, `fk_object`, `import_key`, `titrealpiroc`) VALUES (1,'2016-03-29 11:57:12',164,NULL,'customs value'),(3,'2016-03-29 11:57:12',166,NULL,'port et assurances'),(4,'2016-03-29 11:58:34',165,NULL,NULL),(5,'2016-04-25 07:52:02',179,NULL,NULL),(6,'2016-04-25 07:52:38',180,NULL,NULL),(7,'2016-04-25 07:53:11',181,NULL,NULL),(8,'2016-04-25 07:53:40',182,NULL,NULL),(9,'2016-04-25 07:54:02',183,NULL,NULL),(10,'2016-04-25 07:54:21',184,NULL,NULL),(11,'2016-04-25 07:54:39',185,NULL,NULL),(12,'2016-04-25 07:55:14',186,NULL,NULL),(13,'2016-04-25 07:55:33',187,NULL,NULL),(14,'2016-04-25 07:56:23',188,NULL,NULL),(15,'2016-04-25 07:56:41',189,NULL,NULL),(17,'2016-05-12 15:10:17',190,NULL,NULL),(18,'2016-05-12 15:24:45',191,NULL,NULL),(19,'2016-09-15 06:58:21',199,NULL,NULL),(22,'2016-11-22 15:01:05',200,NULL,NULL),(23,'2016-11-22 15:04:01',201,NULL,NULL),(31,'2016-11-29 10:27:30',202,NULL,NULL),(32,'2016-11-29 10:27:48',203,NULL,NULL),(33,'2016-11-29 10:28:06',204,NULL,NULL),(34,'2016-11-29 10:28:24',208,NULL,NULL),(35,'2016-11-29 10:28:46',207,NULL,NULL),(36,'2016-11-29 10:29:07',206,NULL,NULL),(37,'2016-11-29 10:29:28',205,NULL,NULL),(38,'2016-12-09 09:03:21',209,NULL,NULL),(39,'2016-12-19 08:31:01',210,NULL,NULL),(40,'2016-12-19 08:31:01',211,NULL,NULL),(41,'2016-12-19 08:31:01',212,NULL,NULL),(42,'2016-12-19 08:31:01',213,NULL,NULL),(43,'2016-12-19 08:31:01',214,NULL,NULL),(44,'2016-12-19 08:31:01',215,NULL,NULL),(45,'2016-12-19 08:31:01',216,NULL,NULL),(46,'2016-12-19 08:31:01',217,NULL,NULL),(47,'2016-12-19 08:31:01',218,NULL,NULL),(48,'2016-12-19 08:31:01',219,NULL,NULL),(49,'2016-12-19 08:31:01',220,NULL,NULL),(50,'2016-12-19 08:31:01',221,NULL,NULL),(51,'2016-12-19 08:31:01',222,NULL,NULL),(52,'2016-12-19 08:31:01',223,NULL,NULL),(53,'2016-12-19 08:40:40',224,NULL,NULL),(54,'2016-12-19 08:40:40',225,NULL,NULL),(55,'2016-12-19 08:40:40',226,NULL,NULL),(56,'2016-12-19 08:40:40',227,NULL,NULL),(57,'2016-12-19 08:40:40',228,NULL,NULL),(58,'2016-12-19 08:40:40',229,NULL,NULL),(59,'2016-12-19 08:40:40',230,NULL,NULL),(60,'2016-12-19 08:40:40',231,NULL,NULL),(61,'2016-12-19 08:40:40',232,NULL,NULL),(62,'2016-12-19 08:40:40',233,NULL,NULL),(63,'2016-12-19 08:40:40',234,NULL,NULL),(64,'2016-12-19 08:40:40',235,NULL,NULL),(65,'2016-12-19 08:40:40',236,NULL,NULL),(66,'2016-12-19 08:40:40',237,NULL,NULL),(74,'2017-01-17 08:16:57',239,NULL,NULL),(75,'2017-01-17 08:21:57',240,NULL,NULL),(78,'2017-01-20 09:40:16',241,NULL,NULL),(79,'2017-01-20 09:41:10',242,NULL,NULL),(82,'2017-01-31 13:52:52',245,NULL,NULL),(84,'2017-02-02 09:00:47',243,NULL,NULL),(85,'2017-02-02 09:02:00',244,NULL,NULL),(86,'2017-02-02 09:02:31',246,NULL,NULL),(87,'2017-02-02 09:11:30',247,NULL,NULL),(88,'2017-02-02 09:11:30',248,NULL,NULL),(90,'2017-02-02 09:11:30',250,NULL,NULL),(91,'2017-02-02 09:14:18',249,NULL,NULL),(96,'2017-02-14 14:09:29',255,NULL,NULL),(99,'2017-02-14 14:09:29',259,NULL,NULL),(103,'2017-02-14 14:09:54',251,NULL,NULL),(104,'2017-02-14 14:10:17',252,NULL,NULL),(105,'2017-02-14 14:10:50',253,NULL,NULL),(106,'2017-02-14 14:11:09',254,NULL,NULL),(107,'2017-02-14 14:11:32',257,NULL,NULL),(108,'2017-02-14 14:11:53',256,NULL,NULL),(109,'2017-02-14 14:12:20',258,NULL,NULL),(110,'2017-02-14 14:12:49',260,NULL,NULL),(111,'2017-02-14 14:13:14',261,NULL,NULL),(112,'2017-02-14 14:13:31',262,NULL,NULL),(113,'2017-02-17 09:18:10',263,NULL,NULL),(114,'2017-02-17 09:29:11',264,NULL,NULL),(115,'2017-02-17 09:29:11',265,NULL,NULL),(116,'2017-02-17 09:29:11',266,NULL,NULL),(117,'2017-02-17 09:29:11',267,NULL,NULL),(118,'2017-02-17 09:29:11',268,NULL,NULL),(119,'2017-02-17 09:29:11',269,NULL,NULL),(120,'2017-02-17 09:29:11',270,NULL,NULL),(121,'2017-02-17 09:29:11',271,NULL,NULL),(122,'2017-02-17 09:29:11',272,NULL,NULL),(125,'2017-02-17 09:30:17',273,NULL,NULL),(126,'2017-02-28 12:16:36',274,NULL,NULL),(127,'2017-02-28 12:16:36',275,NULL,NULL),(128,'2017-02-28 12:16:37',276,NULL,NULL),(129,'2017-03-13 10:18:22',277,NULL,NULL);

--
-- Table structure for table `llx_facturedet_rec`
--

CREATE TABLE `llx_facturedet_rec` (
  `rowid` int(11) NOT NULL AUTO_INCREMENT,
  `fk_facture` int(11) NOT NULL,
  `fk_parent_line` int(11) DEFAULT NULL,
  `fk_product` int(11) DEFAULT NULL,
  `product_type` int(11) DEFAULT '0',
  `label` varchar(255) DEFAULT NULL,
  `description` text,
  `tva_tx` double(6,3) DEFAULT NULL,
  `localtax1_tx` double(6,3) DEFAULT '0.000',
  `localtax1_type` varchar(10) NOT NULL DEFAULT '0',
  `localtax2_tx` double(6,3) DEFAULT '0.000',
  `localtax2_type` varchar(10) NOT NULL DEFAULT '0',
  `qty` double DEFAULT NULL,
  `remise_percent` double DEFAULT '0',
  `remise` double DEFAULT '0',
  `subprice` double(24,8) DEFAULT NULL,
  `price` double(24,8) DEFAULT NULL,
  `total_ht` double(24,8) DEFAULT NULL,
  `total_tva` double(24,8) DEFAULT NULL,
  `total_localtax1` double(24,8) DEFAULT '0.00000000',
  `total_localtax2` double(24,8) DEFAULT '0.00000000',
  `total_ttc` double(24,8) DEFAULT NULL,
  `info_bits` int(11) DEFAULT '0',
  `special_code` int(10) unsigned DEFAULT '0',
  `rang` int(11) DEFAULT '0',
  `fk_contract_line` int(11) DEFAULT NULL,
  `fk_unit` int(11) DEFAULT NULL,
  PRIMARY KEY (`rowid`),
  KEY `fk_facturedet_rec_fk_unit` (`fk_unit`),
  CONSTRAINT `fk_facturedet_rec_fk_unit` FOREIGN KEY (`fk_unit`) REFERENCES `llx_c_units` (`rowid`)
) ENGINE=InnoDB DEFAULT CHARSET=utf8;

--
-- Dumping data for table `llx_facturedet_rec`
--


--
-- Table structure for table `llx_fichinter`
--

CREATE TABLE `llx_fichinter` (
  `rowid` int(11) NOT NULL AUTO_INCREMENT,
  `fk_soc` int(11) NOT NULL,
  `fk_projet` int(11) DEFAULT '0',
  `fk_contrat` int(11) DEFAULT '0',
  `ref` varchar(30) NOT NULL,
  `entity` int(11) NOT NULL DEFAULT '1',
  `tms` timestamp NOT NULL DEFAULT CURRENT_TIMESTAMP ON UPDATE CURRENT_TIMESTAMP,
  `datec` datetime DEFAULT NULL,
  `date_valid` datetime DEFAULT NULL,
  `datei` date DEFAULT NULL,
  `fk_user_author` int(11) DEFAULT NULL,
  `fk_user_modif` int(11) DEFAULT NULL,
  `fk_user_valid` int(11) DEFAULT NULL,
  `fk_statut` smallint(6) DEFAULT '0',
  `duree` double DEFAULT NULL,
  `description` text,
  `note_private` text,
  `note_public` text,
  `model_pdf` varchar(255) DEFAULT NULL,
  `extraparams` varchar(255) DEFAULT NULL,
  `ref_ext` varchar(255) DEFAULT NULL,
  PRIMARY KEY (`rowid`),
  UNIQUE KEY `uk_fichinter_ref` (`ref`,`entity`),
  KEY `idx_fichinter_fk_soc` (`fk_soc`),
  CONSTRAINT `fk_fichinter_fk_soc` FOREIGN KEY (`fk_soc`) REFERENCES `llx_societe` (`rowid`)
) ENGINE=InnoDB AUTO_INCREMENT=2 DEFAULT CHARSET=utf8;

--
-- Dumping data for table `llx_fichinter`
--

INSERT INTO `llx_fichinter` (`rowid`, `fk_soc`, `fk_projet`, `fk_contrat`, `ref`, `entity`, `tms`, `datec`, `date_valid`, `datei`, `fk_user_author`, `fk_user_modif`, `fk_user_valid`, `fk_statut`, `duree`, `description`, `note_private`, `note_public`, `model_pdf`, `extraparams`, `ref_ext`) VALUES (1,7,0,0,'(PROV1)',1,'2016-05-23 15:02:13','2016-05-23 11:39:58',NULL,NULL,1,1,NULL,0,7200,'Diagnostic et reprise MB3d 00016',NULL,NULL,'soleil',NULL,NULL);

--
-- Table structure for table `llx_fichinter_extrafields`
--

CREATE TABLE `llx_fichinter_extrafields` (
  `rowid` int(11) NOT NULL AUTO_INCREMENT,
  `tms` timestamp NOT NULL DEFAULT CURRENT_TIMESTAMP ON UPDATE CURRENT_TIMESTAMP,
  `fk_object` int(11) NOT NULL,
  `import_key` varchar(14) DEFAULT NULL,
  PRIMARY KEY (`rowid`),
  KEY `idx_ficheinter_extrafields` (`fk_object`)
) ENGINE=InnoDB DEFAULT CHARSET=utf8;

--
-- Dumping data for table `llx_fichinter_extrafields`
--


--
-- Table structure for table `llx_fichinterdet`
--

CREATE TABLE `llx_fichinterdet` (
  `rowid` int(11) NOT NULL AUTO_INCREMENT,
  `fk_fichinter` int(11) DEFAULT NULL,
  `fk_parent_line` int(11) DEFAULT NULL,
  `date` datetime DEFAULT NULL,
  `description` text,
  `duree` int(11) DEFAULT NULL,
  `rang` int(11) DEFAULT '0',
  PRIMARY KEY (`rowid`),
  KEY `idx_fichinterdet_fk_fichinter` (`fk_fichinter`),
  CONSTRAINT `fk_fichinterdet_fk_fichinter` FOREIGN KEY (`fk_fichinter`) REFERENCES `llx_fichinter` (`rowid`)
) ENGINE=InnoDB AUTO_INCREMENT=3 DEFAULT CHARSET=utf8;

--
-- Dumping data for table `llx_fichinterdet`
--

INSERT INTO `llx_fichinterdet` (`rowid`, `fk_fichinter`, `fk_parent_line`, `date`, `description`, `duree`, `rang`) VALUES (1,1,NULL,'2016-05-09 01:00:00','Pré-diagnostic MB3d 00016 et reprise pour maintenance',3600,0),(2,1,NULL,'2016-05-23 17:00:00','Diagnostic',3600,0);

--
-- Table structure for table `llx_fichinterdet_extrafields`
--

CREATE TABLE `llx_fichinterdet_extrafields` (
  `rowid` int(11) NOT NULL AUTO_INCREMENT,
  `tms` timestamp NOT NULL DEFAULT CURRENT_TIMESTAMP ON UPDATE CURRENT_TIMESTAMP,
  `fk_object` int(11) NOT NULL,
  `import_key` varchar(14) DEFAULT NULL,
  PRIMARY KEY (`rowid`),
  KEY `idx_ficheinterdet_extrafields` (`fk_object`)
) ENGINE=InnoDB DEFAULT CHARSET=utf8;

--
-- Dumping data for table `llx_fichinterdet_extrafields`
--


--
-- Table structure for table `llx_holiday`
--

CREATE TABLE `llx_holiday` (
  `rowid` int(11) NOT NULL AUTO_INCREMENT,
  `fk_user` int(11) NOT NULL,
  `date_create` datetime NOT NULL,
  `description` varchar(255) NOT NULL,
  `date_debut` date NOT NULL,
  `date_fin` date NOT NULL,
  `halfday` int(11) DEFAULT '0',
  `statut` int(11) NOT NULL DEFAULT '1',
  `fk_validator` int(11) NOT NULL,
  `date_valid` datetime DEFAULT NULL,
  `fk_user_valid` int(11) DEFAULT NULL,
  `date_refuse` datetime DEFAULT NULL,
  `fk_user_refuse` int(11) DEFAULT NULL,
  `date_cancel` datetime DEFAULT NULL,
  `fk_user_cancel` int(11) DEFAULT NULL,
  `detail_refuse` varchar(250) DEFAULT NULL,
  `note_private` text,
  `note_public` text,
  `fk_user_create` int(11) DEFAULT NULL,
  `fk_type` int(11) NOT NULL DEFAULT '1',
  `tms` timestamp NOT NULL DEFAULT CURRENT_TIMESTAMP ON UPDATE CURRENT_TIMESTAMP,
  `entity` int(11) NOT NULL DEFAULT '1',
  PRIMARY KEY (`rowid`),
  KEY `idx_holiday_fk_user` (`fk_user`),
  KEY `idx_holiday_date_debut` (`date_debut`),
  KEY `idx_holiday_date_fin` (`date_fin`),
  KEY `idx_holiday_fk_user_create` (`fk_user_create`),
  KEY `idx_holiday_date_create` (`date_create`),
  KEY `idx_holiday_fk_validator` (`fk_validator`),
  KEY `idx_holiday_entity` (`entity`)
) ENGINE=InnoDB AUTO_INCREMENT=3 DEFAULT CHARSET=utf8;

--
-- Dumping data for table `llx_holiday`
--

INSERT INTO `llx_holiday` (`rowid`, `fk_user`, `date_create`, `description`, `date_debut`, `date_fin`, `halfday`, `statut`, `fk_validator`, `date_valid`, `fk_user_valid`, `date_refuse`, `fk_user_refuse`, `date_cancel`, `fk_user_cancel`, `detail_refuse`, `note_private`, `note_public`, `fk_user_create`, `fk_type`, `tms`, `entity`) VALUES (1,1,'2016-08-16 16:11:45','','2016-08-01','2016-08-12',0,3,1,'2016-08-16 16:11:55',1,NULL,NULL,NULL,NULL,NULL,NULL,NULL,1,1,'2016-08-16 14:11:55',1),(2,1,'2016-08-17 09:29:16','','2016-05-16','2016-05-16',0,3,1,'2016-08-17 09:29:30',1,NULL,NULL,NULL,NULL,NULL,NULL,NULL,1,1,'2016-08-17 07:29:30',1);

--
-- Table structure for table `llx_holiday_config`
--

CREATE TABLE `llx_holiday_config` (
  `rowid` int(11) NOT NULL AUTO_INCREMENT,
  `name` varchar(255) NOT NULL,
  `value` text,
  PRIMARY KEY (`rowid`),
  UNIQUE KEY `name` (`name`)
) ENGINE=InnoDB AUTO_INCREMENT=9 DEFAULT CHARSET=utf8;

--
-- Dumping data for table `llx_holiday_config`
--

INSERT INTO `llx_holiday_config` (`rowid`, `name`, `value`) VALUES (1,'userGroup',NULL),(2,'lastUpdate','20160817093147'),(3,'nbUser',NULL),(4,'delayForRequest','31'),(5,'AlertValidatorDelay','0'),(6,'AlertValidatorSolde','0'),(7,'nbHolidayDeducted','1'),(8,'nbHolidayEveryMonth','2.08334');

--
-- Table structure for table `llx_holiday_events`
--

CREATE TABLE `llx_holiday_events` (
  `rowid` int(11) NOT NULL AUTO_INCREMENT,
  `entity` int(11) NOT NULL DEFAULT '1',
  `name` varchar(255) NOT NULL,
  `value` text NOT NULL,
  PRIMARY KEY (`rowid`),
  UNIQUE KEY `uk_holiday_name` (`name`,`entity`)
) ENGINE=InnoDB DEFAULT CHARSET=utf8;

--
-- Dumping data for table `llx_holiday_events`
--


--
-- Table structure for table `llx_holiday_logs`
--

CREATE TABLE `llx_holiday_logs` (
  `rowid` int(11) NOT NULL AUTO_INCREMENT,
  `date_action` datetime NOT NULL,
  `fk_user_action` int(11) NOT NULL,
  `fk_user_update` int(11) NOT NULL,
  `type_action` varchar(255) NOT NULL,
  `prev_solde` varchar(255) NOT NULL,
  `new_solde` varchar(255) NOT NULL,
  `fk_type` int(11) NOT NULL DEFAULT '1',
  PRIMARY KEY (`rowid`)
) ENGINE=InnoDB AUTO_INCREMENT=4 DEFAULT CHARSET=utf8;

--
-- Dumping data for table `llx_holiday_logs`
--

INSERT INTO `llx_holiday_logs` (`rowid`, `date_action`, `fk_user_action`, `fk_user_update`, `type_action`, `prev_solde`, `new_solde`, `fk_type`) VALUES (1,'2016-08-16 16:11:55',1,1,'Congés','0','-10',1),(2,'2016-08-17 09:29:30',1,1,'Congés','-10','-11',1),(3,'2016-08-17 09:31:47',1,1,'Mise &agrave; jour mensuelle','0','2.08334',4);

--
-- Table structure for table `llx_holiday_users`
--

CREATE TABLE `llx_holiday_users` (
  `fk_user` int(11) NOT NULL,
  `nb_holiday` double NOT NULL DEFAULT '0',
  `fk_type` int(11) NOT NULL DEFAULT '1'
) ENGINE=InnoDB DEFAULT CHARSET=utf8;

--
-- Dumping data for table `llx_holiday_users`
--

INSERT INTO `llx_holiday_users` (`fk_user`, `nb_holiday`, `fk_type`) VALUES (1,-11,1);

--
-- Table structure for table `llx_import_model`
--

CREATE TABLE `llx_import_model` (
  `rowid` int(11) NOT NULL AUTO_INCREMENT,
  `fk_user` int(11) NOT NULL DEFAULT '0',
  `label` varchar(50) NOT NULL,
  `type` varchar(50) DEFAULT NULL,
  `field` text NOT NULL,
  PRIMARY KEY (`rowid`),
  UNIQUE KEY `uk_import_model` (`label`,`type`)
) ENGINE=InnoDB DEFAULT CHARSET=utf8;

--
-- Dumping data for table `llx_import_model`
--


--
-- Table structure for table `llx_links`
--

CREATE TABLE `llx_links` (
  `rowid` int(11) NOT NULL AUTO_INCREMENT,
  `entity` int(11) NOT NULL DEFAULT '1',
  `datea` datetime NOT NULL,
  `url` varchar(255) NOT NULL,
  `label` varchar(255) NOT NULL,
  `objecttype` varchar(255) NOT NULL,
  `objectid` int(11) NOT NULL,
  PRIMARY KEY (`rowid`)
) ENGINE=InnoDB AUTO_INCREMENT=3 DEFAULT CHARSET=utf8;

--
-- Dumping data for table `llx_links`
--

INSERT INTO `llx_links` (`rowid`, `entity`, `datea`, `url`, `label`, `objecttype`, `objectid`) VALUES (1,1,'2016-01-28 15:43:51','http://procurement.olemiss.edu/','Conditions d\'achats','commande',8),(2,1,'2016-01-28 15:46:30','https://www.ctbto.org/service/procurement/','Procurement','societe',10);

--
-- Table structure for table `llx_livraison`
--

CREATE TABLE `llx_livraison` (
  `rowid` int(11) NOT NULL AUTO_INCREMENT,
  `tms` timestamp NOT NULL DEFAULT CURRENT_TIMESTAMP ON UPDATE CURRENT_TIMESTAMP,
  `ref` varchar(30) NOT NULL,
  `entity` int(11) NOT NULL DEFAULT '1',
  `fk_soc` int(11) NOT NULL,
  `ref_ext` varchar(30) DEFAULT NULL,
  `ref_int` varchar(30) DEFAULT NULL,
  `ref_customer` varchar(30) DEFAULT NULL,
  `date_creation` datetime DEFAULT NULL,
  `fk_user_author` int(11) DEFAULT NULL,
  `date_valid` datetime DEFAULT NULL,
  `fk_user_valid` int(11) DEFAULT NULL,
  `date_delivery` datetime DEFAULT NULL,
  `fk_address` int(11) DEFAULT NULL,
  `fk_statut` smallint(6) DEFAULT '0',
  `total_ht` double(24,8) DEFAULT '0.00000000',
  `note_private` text,
  `note_public` text,
  `model_pdf` varchar(255) DEFAULT NULL,
  `fk_incoterms` int(11) DEFAULT NULL,
  `location_incoterms` varchar(255) DEFAULT NULL,
  PRIMARY KEY (`rowid`),
  UNIQUE KEY `idx_livraison_uk_ref` (`ref`,`entity`),
  KEY `idx_livraison_fk_soc` (`fk_soc`),
  KEY `idx_livraison_fk_user_author` (`fk_user_author`),
  KEY `idx_livraison_fk_user_valid` (`fk_user_valid`),
  CONSTRAINT `fk_livraison_fk_soc` FOREIGN KEY (`fk_soc`) REFERENCES `llx_societe` (`rowid`),
  CONSTRAINT `fk_livraison_fk_user_author` FOREIGN KEY (`fk_user_author`) REFERENCES `llx_user` (`rowid`),
  CONSTRAINT `fk_livraison_fk_user_valid` FOREIGN KEY (`fk_user_valid`) REFERENCES `llx_user` (`rowid`)
) ENGINE=InnoDB AUTO_INCREMENT=5 DEFAULT CHARSET=utf8;

--
-- Dumping data for table `llx_livraison`
--

INSERT INTO `llx_livraison` (`rowid`, `tms`, `ref`, `entity`, `fk_soc`, `ref_ext`, `ref_int`, `ref_customer`, `date_creation`, `fk_user_author`, `date_valid`, `fk_user_valid`, `date_delivery`, `fk_address`, `fk_statut`, `total_ht`, `note_private`, `note_public`, `model_pdf`, `fk_incoterms`, `location_incoterms`) VALUES (1,'2014-06-13 12:54:12','BL1406-0001',1,7,NULL,NULL,'4500131125','2014-06-13 14:53:56',1,'2014-06-13 14:54:12',1,'2014-06-18 00:00:00',NULL,1,0.00000000,NULL,NULL,'typhon',NULL,NULL),(2,'2014-06-13 16:12:27','BL1406-0002',1,9,NULL,NULL,'','2014-06-13 18:12:20',1,'2014-06-13 18:12:27',1,'2014-06-15 00:00:00',NULL,1,0.00000000,NULL,NULL,'typhon',NULL,NULL),(3,'2015-04-10 15:36:30','BL1504-0003',1,10,NULL,NULL,'2014-4359','2015-04-10 17:36:22',1,'2015-04-10 17:36:30',1,'2015-04-13 00:00:00',NULL,1,0.00000000,NULL,'30% deposit with order<br />\r\nINCOTERMS: EXW<br />\r\nPayment term is 30 days after review and acceptance of goods by CTBTO','typhon',NULL,NULL),(4,'2015-04-30 14:43:43','BL1504-0004',1,7,NULL,NULL,'4500154316','2015-04-30 16:43:29',2,'2015-04-30 16:43:43',2,'2015-04-10 00:00:00',NULL,1,0.00000000,NULL,NULL,'typhon',NULL,NULL);

--
-- Table structure for table `llx_livraison_extrafields`
--

CREATE TABLE `llx_livraison_extrafields` (
  `rowid` int(11) NOT NULL AUTO_INCREMENT,
  `tms` timestamp NOT NULL DEFAULT CURRENT_TIMESTAMP ON UPDATE CURRENT_TIMESTAMP,
  `fk_object` int(11) NOT NULL,
  `import_key` varchar(14) DEFAULT NULL,
  PRIMARY KEY (`rowid`),
  KEY `idx_livraison_extrafields` (`fk_object`)
) ENGINE=InnoDB DEFAULT CHARSET=utf8;

--
-- Dumping data for table `llx_livraison_extrafields`
--


--
-- Table structure for table `llx_livraisondet`
--

CREATE TABLE `llx_livraisondet` (
  `rowid` int(11) NOT NULL AUTO_INCREMENT,
  `fk_livraison` int(11) DEFAULT NULL,
  `fk_origin_line` int(11) DEFAULT NULL,
  `fk_product` int(11) DEFAULT NULL,
  `description` text,
  `qty` double DEFAULT NULL,
  `subprice` double(24,8) DEFAULT '0.00000000',
  `total_ht` double(24,8) DEFAULT '0.00000000',
  `rang` int(11) DEFAULT '0',
  PRIMARY KEY (`rowid`),
  KEY `idx_livraisondet_fk_expedition` (`fk_livraison`),
  CONSTRAINT `fk_livraisondet_fk_livraison` FOREIGN KEY (`fk_livraison`) REFERENCES `llx_livraison` (`rowid`)
) ENGINE=InnoDB AUTO_INCREMENT=22 DEFAULT CHARSET=utf8;

--
-- Dumping data for table `llx_livraisondet`
--

INSERT INTO `llx_livraisondet` (`rowid`, `fk_livraison`, `fk_origin_line`, `fk_product`, `description`, `qty`, `subprice`, `total_ht`, `rang`) VALUES (1,1,1,1,NULL,1,0.00000000,0.00000000,0),(2,1,2,3,NULL,1,0.00000000,0.00000000,0),(3,1,3,4,NULL,1,0.00000000,0.00000000,0),(4,1,4,6,NULL,1,0.00000000,0.00000000,0),(5,1,5,7,NULL,1,0.00000000,0.00000000,0),(6,1,6,5,NULL,1,0.00000000,0.00000000,0),(7,2,7,10,'Wrench designed to adjust the position of the magnet\r\n(Pays d\'origine: France)',1,0.00000000,0.00000000,0),(8,3,14,2,'To refer to MB3a user manual',8,0.00000000,0.00000000,0),(9,3,16,6,'Flat-pack GPS-antenna for fixed installations.>\r\nFull hemispherical coverage.\r\nBuilt-in high gain, low noise amplifier.\r\nRight-hand circular polarization (RHCP).\r\nAvailable in black or white\r\n3 V \r\nDC supply via RF-connector.\r\nEMC tested to IEC 801 and IEC 255. / TNC (female) connector</div>',5,0.00000000,0.00000000,0),(10,3,17,3,'(Pays d\'origine: France) 3 meters\r\n3 pin Fischer connector to 2 wires1.5 mm²',14,0.00000000,0.00000000,0),(11,3,18,18,'10 m long<br />\r\nCoaxial TNC to TNC<br>\r\n(Pays d\'origine: France)',5,0.00000000,0.00000000,0),(12,3,20,16,'3 m long<br />\r\n18 pin to not wired<br>\r\n(Pays d\'origine: France)',14,0.00000000,0.00000000,0),(13,3,21,10,'Wrench designed to adjust the position of the magnet\r\n(Pays d\'origine: France)',10,0.00000000,0.00000000,0),(14,3,23,12,'<table border=\"1\" cellpadding=\"0\" cellspacing=\"0\">\r\n	<tbody>\r\n		<tr>\r\n			<td style=\"width:177px;\">\r\n				<strong>Key Specifications </strong></td>\r\n			<td style=\"width:104px;\">\r\n				 </td>\r\n		</tr>\r\n		<tr>\r\n			<td style=\"width:177px;\">\r\n				Connector Series 1</td>\r\n			<td style=\"width:104px;\">\r\n				TNC</td>\r\n		</tr>\r\n		<tr>\r\n			<td style=\"width:177px;\">\r\n				Connector Gender 1</td>\r\n			<td style=\"width:104px;\">\r\n				Male</td>\r\n		</tr>\r\n		<tr>\r\n			<td style=\"width:177px;\">\r\n				Connector Polarity 1</td>\r\n			<td style=\"width:104px;\">\r\n				Standard</td>\r\n		</tr>\r\n		<tr>\r\n			<td style=\"width:177px;\">\r\n				Connector Impedance 1</td>\r\n			<td style=\"width:104px;\">\r\n				50 Ohm</td>\r\n		</tr>\r\n		<tr>\r\n			<td style=\"width:177px;\">\r\n				Connector Series 2</td>\r\n			<td style=\"width:104px;\">\r\n				TNC</td>\r\n		</tr>\r\n		<tr>\r\n			<td style=\"width:177px;\">\r\n				Connector Gender 2</td>\r\n			<td style=\"width:104px;\">\r\n				Male</td>\r\n		</tr>\r\n		<tr>\r\n			<td style=\"width:177px;\">\r\n				Connector Polarity 2</td>\r\n			<td style=\"width:104px;\">\r\n				Standard</td>\r\n		</tr>\r\n		<tr>\r\n			<td style=\"width:177px;\">\r\n				Connector Impedance 2</td>\r\n			<td style=\"width:104px;\">\r\n				50 Ohm</td>\r\n		</tr>\r\n		<tr>\r\n			<td style=\"width:177px;\">\r\n				Adapter Body Style</td>\r\n			<td style=\"width:104px;\">\r\n				Right Angle</td>\r\n		</tr>\r\n		<tr>\r\n			<td style=\"width:177px;\">\r\n				Connector Mount Method 1</td>\r\n			<td style=\"width:104px;\">\r\n				None</td>\r\n		</tr>\r\n		<tr>\r\n			<td style=\"width:177px;\">\r\n				Connector Body Material 1</td>\r\n			<td style=\"width:104px;\">\r\n				Brass</td>\r\n		</tr>\r\n		<tr>\r\n			<td style=\"width:177px;\">\r\n				Connector Body Plating 1</td>\r\n			<td style=\"width:104px;\">\r\n				Nickel</td>\r\n		</tr>\r\n		<tr>\r\n			<td style=\"width:177px;\">\r\n				Connector Mount Method 2</td>\r\n			<td style=\"width:104px;\">\r\n				None</td>\r\n		</tr>\r\n		<tr>\r\n			<td style=\"width:177px;\">\r\n				Connector Body Material 2</td>\r\n			<td style=\"width:104px;\">\r\n				Brass</td>\r\n		</tr>\r\n		<tr>\r\n			<td style=\"width:177px;\">\r\n				Connector Body Plating 2</td>\r\n			<td style=\"width:104px;\">\r\n				Nickel</td>\r\n		</tr>\r\n	</tbody>\r\n</table>\r\n <br>\r\n(Pays d\'origine: Etats-Unis)',5,0.00000000,0.00000000,0),(15,3,25,19,'PELICASE 1650  + adapted foam<br />\r\nInt Dim : L725 x W445 x D270 mm<br />\r\nExt Dim : L802 x W520 x D316 mm<br>\r\n(Pays d\'origine: France)',2,0.00000000,0.00000000,0),(16,4,8,1,'Weight and Dimensions\r\nH 25 cm / Diam. 11 cm / Weight 3.4 Kg\r\nTransducer technical characteristics: \r\n- Bandwidth (f-3 db) : Pressure output : 0.01-28 HZ / Pressure derivative output : DC-28 Hz\r\n- BLDR [0.02;4] Hz 117 dB @ f<1.6 Hz  / 109 db @ f=4 Hz\r\n-Self noise < 10 dB under the LNM\r\nResolution [0.02;4] Hz  1.75 mPaRMS\r\nDefault sensitivity: \r\n- Pressure output: 20 mV/Pa \r\n- Pressure derivative output : 2 mV/Pa.s-1\r\nDigitizer technical characteristics :\r\nClipping Level & output range: \r\n- Pressure: ±min (12000 [Pa/s]/2.π.f[Hz] ; 1000[Pa])\r\n- Pressure derivative: ±10000 (Pa/s)\r\nSampling rate: 20, 50,100 Hz\r\nNominal sensitivity:  1,178 10-4 Pa/lsb or 1,178 10-5 Pa/s/lsb @ gain = 1\r\nBuilt in gain: 1, 2, 4, 8\r\nData storage: 1 Go / miniSEED\r\nPower requirements: 12 V DC (7-20V) / 70 mA @ 12 V',1,0.00000000,0.00000000,0),(17,4,9,3,'(Pays d\'origine: France)',1,0.00000000,0.00000000,0),(18,4,10,4,'(Pays d\'origine: France)',1,0.00000000,0.00000000,0),(19,4,11,6,'Full hemispherical coverage.\r\nBuilt-in high gain, low noise amplifier.\r\nRight-hand circular polarization (RHCP).\r\nAvailable in black or white\r\n3 V supply voltage\r\nDC supply via RF-connector.\r\nEMC tested to IEC 801 and IEC 255.\r\nTNC (female) connector',1,0.00000000,0.00000000,0),(20,4,12,7,'Capacity: 12Ah / Voltage: 12V / Technology: Lead Acid\r\nExternal Height: 97.5mm / External Width: 98mm\r\nExternal Depth: 151mm / Weight: 4kg\r\nBattery Terminals: Quick Connect\r\nCharge Current Max: 3A',1,0.00000000,0.00000000,0),(21,4,13,5,'(Pays d\'origine: France)',1,0.00000000,0.00000000,0);

--
-- Table structure for table `llx_livraisondet_extrafields`
--

CREATE TABLE `llx_livraisondet_extrafields` (
  `rowid` int(11) NOT NULL AUTO_INCREMENT,
  `tms` timestamp NOT NULL DEFAULT CURRENT_TIMESTAMP ON UPDATE CURRENT_TIMESTAMP,
  `fk_object` int(11) NOT NULL,
  `import_key` varchar(14) DEFAULT NULL,
  PRIMARY KEY (`rowid`),
  KEY `idx_livraisondet_extrafields` (`fk_object`)
) ENGINE=InnoDB DEFAULT CHARSET=utf8;

--
-- Dumping data for table `llx_livraisondet_extrafields`
--


--
-- Table structure for table `llx_loan`
--

CREATE TABLE `llx_loan` (
  `rowid` int(11) NOT NULL AUTO_INCREMENT,
  `entity` int(11) NOT NULL DEFAULT '1',
  `datec` datetime DEFAULT NULL,
  `tms` timestamp NOT NULL DEFAULT CURRENT_TIMESTAMP ON UPDATE CURRENT_TIMESTAMP,
  `label` varchar(80) NOT NULL,
  `fk_bank` int(11) DEFAULT NULL,
  `capital` double NOT NULL DEFAULT '0',
  `datestart` date DEFAULT NULL,
  `dateend` date DEFAULT NULL,
  `nbterm` double DEFAULT NULL,
  `rate` double NOT NULL,
  `note_private` text,
  `note_public` text,
  `capital_position` double DEFAULT '0',
  `date_position` date DEFAULT NULL,
  `paid` smallint(6) NOT NULL DEFAULT '0',
  `accountancy_account_capital` varchar(32) DEFAULT NULL,
  `accountancy_account_insurance` varchar(32) DEFAULT NULL,
  `accountancy_account_interest` varchar(32) DEFAULT NULL,
  `fk_user_author` int(11) DEFAULT NULL,
  `fk_user_modif` int(11) DEFAULT NULL,
  `active` tinyint(4) NOT NULL DEFAULT '1',
  PRIMARY KEY (`rowid`)
) ENGINE=InnoDB DEFAULT CHARSET=utf8;

--
-- Dumping data for table `llx_loan`
--


--
-- Table structure for table `llx_localtax`
--

CREATE TABLE `llx_localtax` (
  `rowid` int(11) NOT NULL AUTO_INCREMENT,
  `entity` int(11) NOT NULL DEFAULT '1',
  `localtaxtype` tinyint(4) DEFAULT NULL,
  `tms` timestamp NOT NULL DEFAULT CURRENT_TIMESTAMP ON UPDATE CURRENT_TIMESTAMP,
  `datep` date DEFAULT NULL,
  `datev` date DEFAULT NULL,
  `amount` double DEFAULT NULL,
  `label` varchar(255) DEFAULT NULL,
  `note` text,
  `fk_bank` int(11) DEFAULT NULL,
  `fk_user_creat` int(11) DEFAULT NULL,
  `fk_user_modif` int(11) DEFAULT NULL,
  PRIMARY KEY (`rowid`)
) ENGINE=InnoDB DEFAULT CHARSET=utf8;

--
-- Dumping data for table `llx_localtax`
--


--
-- Table structure for table `llx_mailing`
--

CREATE TABLE `llx_mailing` (
  `rowid` int(11) NOT NULL AUTO_INCREMENT,
  `statut` smallint(6) DEFAULT '0',
  `titre` varchar(60) DEFAULT NULL,
  `entity` int(11) NOT NULL DEFAULT '1',
  `sujet` varchar(60) DEFAULT NULL,
  `body` mediumtext,
  `bgcolor` varchar(8) DEFAULT NULL,
  `bgimage` varchar(255) DEFAULT NULL,
  `cible` varchar(60) DEFAULT NULL,
  `nbemail` int(11) DEFAULT NULL,
  `email_from` varchar(160) DEFAULT NULL,
  `email_replyto` varchar(160) DEFAULT NULL,
  `email_errorsto` varchar(160) DEFAULT NULL,
  `tag` varchar(128) DEFAULT NULL,
  `date_creat` datetime DEFAULT NULL,
  `date_valid` datetime DEFAULT NULL,
  `date_appro` datetime DEFAULT NULL,
  `date_envoi` datetime DEFAULT NULL,
  `fk_user_creat` int(11) DEFAULT NULL,
  `fk_user_valid` int(11) DEFAULT NULL,
  `fk_user_appro` int(11) DEFAULT NULL,
  `extraparams` varchar(255) DEFAULT NULL,
  `joined_file1` varchar(255) DEFAULT NULL,
  `joined_file2` varchar(255) DEFAULT NULL,
  `joined_file3` varchar(255) DEFAULT NULL,
  `joined_file4` varchar(255) DEFAULT NULL,
  PRIMARY KEY (`rowid`)
) ENGINE=InnoDB AUTO_INCREMENT=16 DEFAULT CHARSET=utf8;

--
-- Dumping data for table `llx_mailing`
--

INSERT INTO `llx_mailing` (`rowid`, `statut`, `titre`, `entity`, `sujet`, `body`, `bgcolor`, `bgimage`, `cible`, `nbemail`, `email_from`, `email_replyto`, `email_errorsto`, `tag`, `date_creat`, `date_valid`, `date_appro`, `date_envoi`, `fk_user_creat`, `fk_user_valid`, `fk_user_appro`, `extraparams`, `joined_file1`, `joined_file2`, `joined_file3`, `joined_file4`) VALUES (1,0,'test',1,'test','<img alt=\"\" src=\"/viewimage.php?modulepart=fckeditor&amp;file=image/newsletter/caracterisitique.jpg\" style=\"width: 1800px; height: 600px;\" /><br />\r\nici la <a href=\"http://seismowave.com/medias/documents/MB3a.pdf\">nouvelle datasheet&nbsp;</a><br />\r\n<br />','','',NULL,1,'seismowave@groupe-glemot.com','','no-reply@seismowave.com',NULL,'2014-08-18 14:52:22',NULL,NULL,NULL,1,NULL,NULL,NULL,NULL,NULL,NULL,NULL),(2,3,'Seismo Wave at  ITW Vienne',1,'Seismo Wave at  ITW Vienne','<img alt=\"\" src=\"/viewimage.php?modulepart=fckeditor&amp;file=image/newsletter/header_newsletter.jpg\" style=\"width: 800px; height: 178px;\" /><br />\r\n<br />\r\n<i style=\"color: rgb(16, 16, 16); font-family: arial, sans-serif, verdana, helvetica;\">there&nbsp;</i><i style=\"color: rgb(16, 16, 16); font-family: arial, sans-serif, verdana, helvetica;\">__FIRSTNAME__&nbsp;</i><i style=\"color: rgb(16, 16, 16); font-family: arial, sans-serif, verdana, helvetica;\">__LASTNAME__</i><br />\r\n<i style=\"color: rgb(16, 16, 16); font-family: arial, sans-serif, verdana, helvetica;\">We are happy to confirm that Seismo Wave will be present at ITW from 12 to 16 october. We &#39;ll present the new OPTOGEO the first optical microbarometer<br />\r\n__UNSUBSCRIBE__&nbsp;</i>','e5e5e5','',NULL,1,'seismowave@groupe-glemot.com','','no-reply@seismowave.com',NULL,'2014-08-22 16:36:42','2015-08-26 14:23:07',NULL,'2015-08-26 14:24:04',1,1,NULL,NULL,NULL,NULL,NULL,NULL),(3,1,'HAPPY NEW YEAR',1,'SEISMO WAVE WISHES YOU A HAPPY NEW YEAR','<span style=\"color:#2f4f4f;\"><strong>Dear&nbsp;<i style=\"color: rgb(16, 16, 16); font-family: arial, sans-serif, verdana, helvetica; font-size: 12.222222328186px;\">__FIRSTNAME__&nbsp;</i><i style=\"color: rgb(16, 16, 16); font-family: arial, sans-serif, verdana, helvetica; font-size: 12.222222328186px;\">__LASTNAME__</i><br />\r\nThe SEISMO WAVE TEAM wisches you a Happy new year</strong></span><br />\r\n<br />\r\n<img alt=\"\" src=\"/viewimage.php?modulepart=fckeditor&amp;file=image/newsletter/CARTE2015.jpg\" style=\"width: 600px; height: 600px;\" /><br />\r\n<br />\r\n<div>\r\n	<span style=\"color:#2f4f4f;\">We hope to see you at the upcoming events where we exhibit:</span></div>\r\n<div>\r\n	<span style=\"color:#2f4f4f;\">EGU 2015 booth # 39, from 12 to 17 April in Vienna</span></div>\r\n<div>\r\n	<span style=\"color:#2f4f4f;\">S &amp; T 2015 from 22 to 26 June in Vienna</span></div>','','',NULL,0,'seismowave@groupe-glemot.com','','no-reply@seismowave.com',NULL,'2015-01-08 13:53:23','2015-08-26 14:31:26',NULL,'2015-01-08 14:16:37',1,1,NULL,NULL,NULL,NULL,NULL,NULL),(4,0,'newsletter septembre 2015',1,'news from seismo wave','<table align=\"center\" border=\"0\" cellpadding=\"0\" cellspacing=\"0\" class=\"table-border\" style=\"background-image:url(/htdocs/viewimage.php?modulepart=fckeditor&amp; background-repeat:repeat; width:780px\">\r\n	<tbody>\r\n		<tr>\r\n			<td>\r\n			<table align=\"center\" border=\"0\" cellpadding=\"0\" cellspacing=\"0\" style=\"width:730px\">\r\n				<tbody>\r\n					<tr>\r\n						<td><img alt=\"\" src=\"/htdocs/viewimage.php?modulepart=fckeditor&amp;file=image/logo_signature.png\" style=\"float:left; height:55px; line-height:20.8px; width:173px\" /></td>\r\n						<td>Newsletter&nbsp; september 2015</td>\r\n					</tr>\r\n					<tr>\r\n						<td colspan=\"2\" style=\"background-color:rgb(153, 0, 0)\">&nbsp;</td>\r\n					</tr>\r\n					<tr>\r\n						<td colspan=\"2\">&nbsp;</td>\r\n					</tr>\r\n				</tbody>\r\n			</table>\r\n\r\n			<table align=\"center\" border=\"0\" cellpadding=\"0\" cellspacing=\"0\" style=\"width:730px\">\r\n				<tbody>\r\n					<tr>\r\n						<td>\r\n						<div class=\"right-heading\"><strong><span style=\"font-size:18px\"><span style=\"color:#B22222\"><span style=\"font-size:20px\">CURRENT MONTH&#39;S NEWS!</span></span><br />\r\n						<span style=\"color:#696969\">China in sight<br />\r\n						A new building for Seismo Wave</span></span></strong><br />\r\n						<br />\r\n						<br />\r\n						&nbsp;</div>\r\n\r\n						<table border=\"0\" cellpadding=\"0\" cellspacing=\"0\" style=\"width:273px\">\r\n							<tbody>\r\n								<tr>\r\n									<td>\r\n									<div class=\"right-texta\"><img alt=\"\" src=\"/htdocs/viewimage.php?modulepart=fckeditor&amp;file=image/newsletter1_2TITRE(1).jpg\" style=\"height:44px; width:280px\" /><img alt=\"\" src=\"/htdocs/viewimage.php?modulepart=fckeditor&amp;file=image/newsletter1_2.jpg\" style=\"height:144px; width:280px\" /> A new structure has been built to ensure in better conditions the assembling and the verification of MB3 sensors. A new metrology room has been arranged. It&#39;s now equiped with the IS Calibrator test bench, designed by CEA DAM labs.</div>\r\n									</td>\r\n								</tr>\r\n							</tbody>\r\n						</table>\r\n\r\n						<table border=\"0\" cellpadding=\"0\" cellspacing=\"0\" style=\"width:273px\">\r\n							<tbody>\r\n								<tr>\r\n									<td colspan=\"2\">&nbsp;</td>\r\n								</tr>\r\n								<tr>\r\n									<td colspan=\"2\">\r\n									<div class=\"right-heading\">Le Client du Mois !</div>\r\n									</td>\r\n								</tr>\r\n								<tr>\r\n									<td>\r\n									<div class=\"right-texta\">\r\n									<div class=\"right-texta\">Depuis que nous utilisons les produits XYV nous avons augment&eacute; la productivit&eacute; des techniciens de 15% !</div>\r\n									</div>\r\n									</td>\r\n									<td><img src=\"http://www.conseilsmarketing.fr/newsletters/3/HTML/images/business-man-a.jpg\" style=\"height:111px; width:128px\" /></td>\r\n								</tr>\r\n							</tbody>\r\n						</table>\r\n						</td>\r\n						<td><img alt=\"\" src=\"/htdocs/viewimage.php?modulepart=fckeditor&amp;file=image/newsletter1_1(1).jpg\" style=\"height:197px; width:450px\" /><br />\r\n						<img src=\"/htdocs/viewimage.php?modulepart=fckeditor&amp;file=image/newsletter1_1titre.jpg\" style=\"height:44px; width:450px\" />\r\n						<div class=\"body\"><span style=\"font-size:18px\">Seismo wave is now setting the course on china</span><br />\r\n						<span style=\"font-size:18px\">5 sensors leaves France to Beijing</span><br />\r\n						<strong>Seismo Wave is very glad to announce &nbsp;that a sole agent agreement with Beijing Cesmovy Science and Tecnology Co , Ldt has been concluded for China territory.<br />\r\n						This agreement constitutes the beginnings of a broad collaboration with some welknown chineese institutes.</strong><br />\r\n						<br />\r\n						It results a sale of five sensors in China, that are going to be delivered at the end of this month.<br />\r\n						&nbsp; &nbsp; &nbsp; &nbsp; &nbsp; &nbsp; &nbsp; &nbsp; &nbsp; &nbsp; &nbsp; &nbsp; &nbsp; &nbsp; &nbsp; &nbsp; &nbsp; &nbsp; &nbsp; &nbsp; &nbsp; &nbsp; &nbsp; &nbsp; &nbsp; &nbsp; &nbsp; &nbsp; &nbsp; &nbsp; &nbsp; &nbsp; &nbsp; &nbsp; &nbsp; &nbsp; &nbsp; &nbsp; &nbsp; &nbsp; &nbsp; &nbsp; &nbsp; &nbsp;</div>\r\n						<img src=\"/htdocs/viewimage.php?modulepart=fckeditor&amp;file=image/pdt.jpg\" style=\"height:153px; width:450px\" /></td>\r\n					</tr>\r\n				</tbody>\r\n			</table>\r\n\r\n			<table align=\"center\" border=\"0\" cellpadding=\"0\" cellspacing=\"0\" style=\"width:730px\">\r\n				<tbody>\r\n					<tr>\r\n						<td colspan=\"2\">\r\n						<div class=\"main-text\">La tendance du mois, c&#39;est l&#39;utilisation massive des r&eacute;seaux sociaux pour communiquer sur ses produits.<br />\r\n						Les Stars actuelles sont :<br />\r\n						- Twitter (high tech et bloggers)<br />\r\n						- &nbsp;Facebook (jeunes &amp; CSP +)<br />\r\n						- Lindedin &amp; Viadeo (r&eacute;seaux Pro)<br />\r\n						- Myspace et Skyblog (Musiques &amp; jeunes)<br />\r\n						<br />\r\n						En revanche les Digg Likes g&eacute;n&eacute;riques sont &agrave; la peine, seuls les digg likes g&eacute;n&eacute;ralistes arrivent &agrave; faire changer une tendance &agrave; la baisse de ces outils Marketing pourtant tr&egrave;s utiles pour communiquer sur un &eacute;v&egrave;nement ou un article.<br />\r\n						<br />\r\n						Si vous souhaitez conna&icirc;tre tout de l&#39;actualit&eacute; Marketing du mois, veuillez noter :<br />\r\n						1 - Entreptrise- Marketing.fr qui offre tous les jours le meilleur du Marketing du Web<br />\r\n						2 - ConseilsMarketing.Fr avec des dossiers 1 fois par mois, et la pub du jour.<br />\r\n						3 - Jobs-MKG.com avec des offres d&#39;emplois sp&eacute;cialis&eacute;es dans le Marketing et la vente.<br />\r\n						<br />\r\n						Nous vous offrons &eacute;galement r&eacute;guli&egrave;rement des places gratuites pour de nombreuses conf&eacute;rences. Inscrivez vous &agrave; la newsletter pour en savoir plus !</div>\r\n						</td>\r\n					</tr>\r\n					<tr>\r\n						<td colspan=\"2\">&nbsp;</td>\r\n					</tr>\r\n					<tr>\r\n						<td colspan=\"2\">\r\n						<div class=\"footer\">Mod&egrave;le de newsletter par ConseilsMarketing.fr &copy; 2009<br />\r\n						Mentions l&eacute;gales | Conditions g&eacute;n&eacute;rales d&#39;utilisation | Contacts<br />\r\n						Vous recevez cette newsletter car vous &ecirc;tes inscrit(e) &agrave; la liste de diffusion du site ConseilsMarketing.fr</div>\r\n						</td>\r\n					</tr>\r\n					<tr>\r\n						<td><img alt=\"\" src=\"/htdocs/viewimage.php?modulepart=fckeditor&amp;file=image/logo_signature.png\" style=\"float:left; height:55px; line-height:20.8px; width:173px\" />\r\n						<div style=\"text-align: center;\"><br />\r\n						<br />\r\n						<br />\r\n						&nbsp;</div>\r\n\r\n						<div>follow us on&nbsp;</div>\r\n						</td>\r\n						<td rowspan=\"2\">Route de Tr&eacute;guier _&nbsp;22300 LANNION - FRANCE<br />\r\n						Tel. +33 (0)2 96 46 16 11 -&nbsp;<a href=\"www.seismowave.com\" style=\"line-height: 20.8px; text-align: center;\">www.seismowave.com</a></td>\r\n					</tr>\r\n					<tr>\r\n						<td><a href=\"https://www.facebook.com/pages/Seismo-WAVE/941113845955475\" style=\"line-height: 20.8px;\" target=\"_blank\"><img alt=\"\" src=\"/htdocs/viewimage.php?modulepart=fckeditor&amp;file=image/facebook.jpg\" style=\"height:38px; width:38px\" /></a>&nbsp;&nbsp;<a href=\"https://www.linkedin.com/company/seismo-wave\" style=\"line-height: 20.8px;\" target=\"_blank\"><img alt=\"\" src=\"/htdocs/viewimage.php?modulepart=fckeditor&amp;file=image/in.jpg\" style=\"height:38px; width:38px\" /></a>&nbsp;&nbsp;<a href=\"https://plus.google.com/+Seismowavesensor/posts\" style=\"line-height: 20.8px;\" target=\"_blank\"><img alt=\"\" src=\"/htdocs/viewimage.php?modulepart=fckeditor&amp;file=image/googleplus.jpg\" style=\"height:38px; width:38px\" />&nbsp;&nbsp;</a><a href=\"https://www.youtube.com/channel/UCkEXXPhG8dnFHCbfeuM8i5A/feed\" style=\"line-height: 20.8px;\" target=\"_blank\"><img alt=\"\" src=\"/htdocs/viewimage.php?modulepart=fckeditor&amp;file=image/utube.jpg\" style=\"height:38px; width:38px\" /></a></td>\r\n					</tr>\r\n				</tbody>\r\n			</table>\r\n			</td>\r\n		</tr>\r\n		<tr>\r\n			<td>&nbsp;</td>\r\n		</tr>\r\n	</tbody>\r\n</table>\r\n\r\n<div>&nbsp;</div>','ffffff','',NULL,NULL,'seismowave@groupe-glemot.com','','no-reply@seismowave.com',NULL,'2015-09-03 18:35:36',NULL,NULL,NULL,1,NULL,NULL,NULL,NULL,NULL,NULL,NULL),(5,0,'Happy new Year 2016',1,'Happy New Year 2016','Dear&nbsp;__FIRSTNAME__<br />\r\n<br />\r\nSeismo Wave team wishes you a happy new year 2016<br />\r\n<img alt=\"\" src=\"/htdocs/viewimage.php?modulepart=fckeditor&amp;file=image/Voeux2016.jpg\" style=\"height:845px; width:600px\" /><br />\r\n<br />\r\nBest regards<br />\r\n&nbsp;<br />\r\n. . . . . . . . . . . . . . . . . . . . . . . . . .<br />\r\nNathalie <strong>OLIVIER </strong><br />\r\nMarketing &amp; Sales Manager<br />\r\n&nbsp;<br />\r\n<br />\r\nRoute de Tr&eacute;guier<br />\r\n22300 LANNION - FRANCE<br />\r\nTel. +33 (0)2 96 46 16 11<br />\r\n<a href=\"www.seismowave.com\">www.seismowave.com</a><br />\r\n&nbsp;','','',NULL,1,'seismowave@groupe-glemot.com','','no-reply@seismowave.com',NULL,'2015-12-15 16:45:42',NULL,NULL,NULL,1,NULL,NULL,NULL,NULL,NULL,NULL,NULL),(6,3,'Merry Christmas 2016',1,'Merry Christmas','<div style=\"text-align: center;\"><strong>Dear __FIRSTNAME__ &nbsp;__LASTNAME_</strong><br />\r\n&nbsp;</div>\r\n\r\n<h2 style=\"text-align:center\"><strong>Seismo Wave wishes you a Merry Christmas</strong></h2>\r\n\r\n<div style=\"text-align: center;\"><br />\r\n<em><img alt=\"\" src=\"/htdocs/viewimage.php?modulepart=fckeditor&amp;file=image/MERRY_CHRISTMASfdrouge2016.jpg\" style=\"height:600px; width:600px\" /></em></div>\r\n<br />\r\n<br />\r\nBest regards<br />\r\n&nbsp;<br />\r\n. . . . . . . . . . . . . . . . . . . . . . . . . .<br />\r\nNathalie <strong>OLIVIER </strong><br />\r\nMarketing &amp; Sales Manager<br />\r\n<br />\r\n&nbsp;<br />\r\n<img alt=\"\" src=\"/htdocs/viewimage.php?modulepart=fckeditor&amp;file=image/logo_signature.png\" style=\"height:55px; width:173px\" /><br />\r\n<a href=\"https://www.facebook.com/pages/Seismo-WAVE/941113845955475\" target=\"_blank\"><img alt=\"\" src=\"/htdocs/viewimage.php?modulepart=fckeditor&amp;file=image/facebook.jpg\" style=\"height:38px; width:38px\" /></a>&nbsp; <a href=\"https://www.linkedin.com/company/seismo-wave\" target=\"_blank\"><img alt=\"\" src=\"/htdocs/viewimage.php?modulepart=fckeditor&amp;file=image/in.jpg\" style=\"height:38px; width:38px\" /></a>&nbsp; <a href=\"https://plus.google.com/+Seismowavesensor/posts\" target=\"_blank\"><img alt=\"\" src=\"/htdocs/viewimage.php?modulepart=fckeditor&amp;file=image/googleplus.jpg\" style=\"height:38px; width:38px\" />&nbsp; </a><a href=\"https://www.youtube.com/channel/UCkEXXPhG8dnFHCbfeuM8i5A/feed\" target=\"_blank\"><img alt=\"\" src=\"/htdocs/viewimage.php?modulepart=fckeditor&amp;file=image/utube.jpg\" style=\"height:38px; width:38px\" /></a><br />\r\nRoute de Tr&eacute;guier<br />\r\n22300 LANNION - FRANCE<br />\r\nTel. +33 (0)2 96 46 16 11<br />\r\n<a href=\"www.seismowave.com\">www.seismowave.com</a><br />\r\n<br />\r\n&nbsp;','','',NULL,2,'seismowave@groupe-glemot.com','','no-reply@seismowave.com',NULL,'2015-12-18 16:33:01','2015-12-18 16:48:36',NULL,'2015-12-18 16:51:59',1,1,NULL,NULL,NULL,NULL,NULL,NULL),(8,3,'Merry Christmas 2016 24 Déc. 2015',1,'Merry Christmas','<div style=\"text-align: center;\"><strong>Dear __FIRSTNAME__&nbsp;</strong><br />\r\n&nbsp;</div>\r\n\r\n<h2 style=\"text-align:center\"><strong>Seismo Wave wishes you and your family a Merry Christmas</strong></h2>\r\n\r\n<p style=\"text-align: center;\">May this joyful season greet you with health and happiness<br />\r\n&nbsp;</p>\r\n\r\n<div style=\"text-align: center;\"><br />\r\n<em><img alt=\"\" src=\"/htdocs/viewimage.php?modulepart=fckeditor&amp;file=image/MERRY_CHRISTMASfdrouge2016.jpg\" style=\"height:600px; width:600px\" /></em></div>\r\n<br />\r\n<br />\r\nBest regards<br />\r\n&nbsp;<br />\r\n. . . . . . . . . . . . . . . . . . . . . . . . . .<br />\r\nNathalie <strong>OLIVIER </strong><br />\r\nMarketing &amp; Sales Manager<br />\r\n<br />\r\n&nbsp;<br />\r\n<img alt=\"\" src=\"/htdocs/viewimage.php?modulepart=fckeditor&amp;file=image/logo_signature.png\" style=\"height:55px; width:173px\" /><br />\r\n<a href=\"https://www.facebook.com/pages/Seismo-WAVE/941113845955475\" target=\"_blank\"><img alt=\"\" src=\"/htdocs/viewimage.php?modulepart=fckeditor&amp;file=image/facebook.jpg\" style=\"height:38px; width:38px\" /></a>&nbsp; <a href=\"https://www.linkedin.com/company/seismo-wave\" target=\"_blank\"><img alt=\"\" src=\"/htdocs/viewimage.php?modulepart=fckeditor&amp;file=image/in.jpg\" style=\"height:38px; width:38px\" /></a>&nbsp; <a href=\"https://plus.google.com/+Seismowavesensor/posts\" target=\"_blank\"><img alt=\"\" src=\"/htdocs/viewimage.php?modulepart=fckeditor&amp;file=image/googleplus.jpg\" style=\"height:38px; width:38px\" />&nbsp; </a><a href=\"https://www.youtube.com/channel/UCkEXXPhG8dnFHCbfeuM8i5A/feed\" target=\"_blank\"><img alt=\"\" src=\"/htdocs/viewimage.php?modulepart=fckeditor&amp;file=image/utube.jpg\" style=\"height:38px; width:38px\" /></a><br />\r\nRoute de Tr&eacute;guier<br />\r\n22300 LANNION - FRANCE<br />\r\nTel. +33 (0)2 96 46 16 11<br />\r\n<a href=\"www.seismowave.com\">www.seismowave.com</a><br />\r\n<br />\r\n&nbsp;','','',NULL,25,'seismowave@groupe-glemot.com','','no-reply@seismowave.com',NULL,'2015-12-24 11:27:35','2015-12-24 11:31:07',NULL,'2015-12-24 11:33:04',1,1,NULL,NULL,NULL,NULL,NULL,NULL),(9,3,'Copie de Merry Christmas 2016 24 Déc. 2015 24 Déc. 2015',1,'Merry Christmas','<div style=\"text-align: center;\"><strong>Dear ISAIAH</strong></div>\r\n\r\n<h2 style=\"text-align:center\"><strong>Seismo Wave wishes you and your family a Merry Christmas</strong></h2>\r\n\r\n<p style=\"text-align:center\">May this joyful season greet you with health and happiness<br />\r\n&nbsp;</p>\r\n\r\n<div style=\"text-align: center;\"><br />\r\n<em><img alt=\"\" src=\"/htdocs/viewimage.php?modulepart=fckeditor&amp;file=image/MERRY_CHRISTMASfdrouge2016.jpg\" style=\"height:600px; width:600px\" /></em></div>\r\n<br />\r\n<br />\r\nBest regards<br />\r\n&nbsp;<br />\r\n. . . . . . . . . . . . . . . . . . . . . . . . . .<br />\r\nNathalie <strong>OLIVIER </strong><br />\r\nMarketing &amp; Sales Manager<br />\r\n<br />\r\n&nbsp;<br />\r\n<img alt=\"\" src=\"/htdocs/viewimage.php?modulepart=fckeditor&amp;file=image/logo_signature.png\" style=\"height:55px; width:173px\" /><br />\r\n<a href=\"https://www.facebook.com/pages/Seismo-WAVE/941113845955475\" target=\"_blank\"><img alt=\"\" src=\"/htdocs/viewimage.php?modulepart=fckeditor&amp;file=image/facebook.jpg\" style=\"height:38px; width:38px\" /></a>&nbsp; <a href=\"https://www.linkedin.com/company/seismo-wave\" target=\"_blank\"><img alt=\"\" src=\"/htdocs/viewimage.php?modulepart=fckeditor&amp;file=image/in.jpg\" style=\"height:38px; width:38px\" /></a>&nbsp; <a href=\"https://plus.google.com/+Seismowavesensor/posts\" target=\"_blank\"><img alt=\"\" src=\"/htdocs/viewimage.php?modulepart=fckeditor&amp;file=image/googleplus.jpg\" style=\"height:38px; width:38px\" />&nbsp; </a><a href=\"https://www.youtube.com/channel/UCkEXXPhG8dnFHCbfeuM8i5A/feed\" target=\"_blank\"><img alt=\"\" src=\"/htdocs/viewimage.php?modulepart=fckeditor&amp;file=image/utube.jpg\" style=\"height:38px; width:38px\" /></a><br />\r\nRoute de Tr&eacute;guier<br />\r\n22300 LANNION - FRANCE<br />\r\nTel. +33 (0)2 96 46 16 11<br />\r\n<a href=\"www.seismowave.com\">www.seismowave.com</a><br />\r\n<br />\r\n&nbsp;','','',NULL,1,'seismowave@groupe-glemot.com','','no-reply@seismowave.com',NULL,'2015-12-24 11:39:58','2015-12-24 11:43:11',NULL,'2015-12-24 11:43:19',1,1,NULL,NULL,NULL,NULL,NULL,NULL),(10,1,'happy new year 2016',1,'Happy New Year 2016','<div style=\"text-align: center;\"><span style=\"font-family:lucida sans unicode,lucida grande,sans-serif\"><strong><span style=\"color:rgb(36, 40, 42); font-size:small\">Dear </span>__FIRSTNAME__&nbsp;__LASTNAME__<br />\r\n<br />\r\n<span style=\"color:rgb(36, 40, 42); font-size:small\">BEST WISHES 2016 from SEISMO WAVE<br />\r\n<br />\r\n<br />\r\nI hope 2016 is a year of great happiness and success for you. Have a wonderful new year!&nbsp;</span></strong></span><br />\r\n<br />\r\n<img alt=\"\" src=\"/htdocs/viewimage.php?modulepart=fckeditor&amp;file=image/Voeux20162.jpg\" style=\"height:608px; width:432px\" /><br />\r\n<span style=\"font-family:lucida sans unicode,lucida grande,sans-serif\"><span style=\"font-size:16px\"><strong>MONITORING FOR PREVENTION</strong></span><br />\r\n<span style=\"color:#cc0000\"><strong><span style=\"font-size:16px\">INFRASOUND SENSORS</span></strong></span></span><br />\r\n<br />\r\n<span style=\"font-family:lucida sans unicode,lucida grande,sans-serif\">Best regards<br />\r\n&nbsp;<br />\r\n. . . . . . . . . . . . . . . . . . . . . . . . . .<br />\r\nNathalie&nbsp;<strong>OLIVIER&nbsp;</strong><br />\r\nMarketing &amp; Sales Manager</span><br />\r\n<br />\r\n&nbsp;<br />\r\n<img alt=\"\" src=\"/htdocs/viewimage.php?modulepart=fckeditor&amp;file=image/logo_signature.png\" style=\"height:55px; line-height:20.8px; width:173px\" /><br />\r\n<a href=\"https://www.facebook.com/pages/Seismo-WAVE/941113845955475\" style=\"line-height: 20.8px;\" target=\"_blank\"><img alt=\"\" src=\"/htdocs/viewimage.php?modulepart=fckeditor&amp;file=image/facebook.jpg\" style=\"height:38px; width:38px\" /></a>&nbsp;&nbsp;<a href=\"https://www.linkedin.com/company/seismo-wave\" style=\"line-height: 20.8px;\" target=\"_blank\"><img alt=\"\" src=\"/htdocs/viewimage.php?modulepart=fckeditor&amp;file=image/in.jpg\" style=\"height:38px; width:38px\" /></a>&nbsp;&nbsp;<a href=\"https://plus.google.com/+Seismowavesensor/posts\" style=\"line-height: 20.8px;\" target=\"_blank\"><img alt=\"\" src=\"/htdocs/viewimage.php?modulepart=fckeditor&amp;file=image/googleplus.jpg\" style=\"height:38px; width:38px\" /></a>&nbsp;<a href=\"https://www.youtube.com/channel/UCkEXXPhG8dnFHCbfeuM8i5A/feed\" style=\"line-height: 20.8px;\" target=\"_blank\"><img alt=\"\" src=\"/htdocs/viewimage.php?modulepart=fckeditor&amp;file=image/utube.jpg\" style=\"height:38px; width:38px\" /></a><br />\r\nRoute de Tr&eacute;guier<br />\r\n22300 LANNION - FRANCE<br />\r\nTel. +33 (0)2 96 46 16 11<br />\r\n<a href=\"www.seismowave.com\" style=\"line-height: 20.8px;\">www.seismowave.com</a></div>','ffffff','',NULL,94,'seismowave@groupe-glemot.com','','no-reply@seismowave.com',NULL,'2016-01-05 11:20:11','2016-01-05 15:24:57',NULL,'2016-01-05 15:24:21',1,1,NULL,NULL,NULL,NULL,NULL,NULL),(11,0,'Copie de Copie de Merry Christmas 2016 24 Déc. 2015 24 Déc. ',1,'Merry Christmas','<div style=\"text-align: center;\"><strong>Dear ISAIAH</strong></div>\r\n\r\n<h2 style=\"text-align:center\"><strong>Seismo Wave wishes you and your family a Merry Christmas</strong></h2>\r\n\r\n<p style=\"text-align:center\">May this joyful season greet you with health and happiness<br />\r\n </p>\r\n\r\n<div style=\"text-align: center;\"><br />\r\n<em><img alt=\"\" src=\"/htdocs/viewimage.php?modulepart=fckeditor&file=image/MERRY_CHRISTMASfdrouge2016.jpg\" style=\"height:600px; width:600px\" /></em></div>\r\n<br />\r\n<br />\r\nBest regards<br />\r\n <br />\r\n. . . . . . . . . . . . . . . . . . . . . . . . . .<br />\r\nNathalie <strong>OLIVIER </strong><br />\r\nMarketing & Sales Manager<br />\r\n<br />\r\n <br />\r\n<img alt=\"\" src=\"/htdocs/viewimage.php?modulepart=fckeditor&file=image/logo_signature.png\" style=\"height:55px; width:173px\" /><br />\r\n<a href=\"https://www.facebook.com/pages/Seismo-WAVE/941113845955475\" target=\"_blank\"><img alt=\"\" src=\"/htdocs/viewimage.php?modulepart=fckeditor&file=image/facebook.jpg\" style=\"height:38px; width:38px\" /></a>  <a href=\"https://www.linkedin.com/company/seismo-wave\" target=\"_blank\"><img alt=\"\" src=\"/htdocs/viewimage.php?modulepart=fckeditor&file=image/in.jpg\" style=\"height:38px; width:38px\" /></a>  <a href=\"https://plus.google.com/+Seismowavesensor/posts\" target=\"_blank\"><img alt=\"\" src=\"/htdocs/viewimage.php?modulepart=fckeditor&file=image/googleplus.jpg\" style=\"height:38px; width:38px\" />  </a><a href=\"https://www.youtube.com/channel/UCkEXXPhG8dnFHCbfeuM8i5A/feed\" target=\"_blank\"><img alt=\"\" src=\"/htdocs/viewimage.php?modulepart=fckeditor&file=image/utube.jpg\" style=\"height:38px; width:38px\" /></a><br />\r\nRoute de Tréguier<br />\r\n22300 LANNION - FRANCE<br />\r\nTel. +33 (0)2 96 46 16 11<br />\r\n<a href=\"www.seismowave.com\">www.seismowave.com</a><br />\r\n<br />\r\n ','','',NULL,NULL,'seismowave@groupe-glemot.com','','no-reply@seismowave.com',NULL,'2016-01-05 11:23:26',NULL,NULL,NULL,1,NULL,NULL,NULL,NULL,NULL,NULL,NULL),(12,3,'Our new exclusive agent in China',1,'Our new exclusive agent in China','<br />\r\n<br />\r\n&nbsp;\r\n<table align=\"center\" border=\"0\" cellpadding=\"0\" cellspacing=\"0\" class=\"table-border\" style=\"line-height:20.8px; width:780px\">\r\n	<tbody>\r\n		<tr>\r\n			<td>&nbsp;</td>\r\n		</tr>\r\n		<tr>\r\n			<td>\r\n			<table align=\"center\" border=\"0\" cellpadding=\"0\" cellspacing=\"0\" style=\"width:730px\">\r\n				<tbody>\r\n					<tr>\r\n						<td style=\"text-align:center\"><img alt=\"\" src=\"/htdocs/viewimage.php?modulepart=fckeditor&amp;file=image/logo_signature.png\" style=\"height:55px; line-height:20.8px; width:173px\" /><br />\r\n						<br />\r\n						<span style=\"font-size:18px\"><span style=\"font-family:verdana,geneva,sans-serif\"><strong><span style=\"font-size:16px\">MONITORING FOR PREVENTION</span></strong></span></span></td>\r\n						<td><img src=\"/htdocs/viewimage.php?modulepart=fckeditor&amp;file=image/cap_chine2.jpg\" style=\"height:218px; line-height:20.8px; width:550px\" /></td>\r\n					</tr>\r\n					<tr>\r\n						<td colspan=\"2\" style=\"background-color:rgb(153, 0, 0)\">&nbsp;</td>\r\n					</tr>\r\n					<tr>\r\n						<td colspan=\"2\">&nbsp;</td>\r\n					</tr>\r\n				</tbody>\r\n			</table>\r\n\r\n			<table align=\"center\" border=\"0\" cellpadding=\"0\" cellspacing=\"0\" style=\"width:730px\">\r\n				<tbody>\r\n					<tr>\r\n						<td>&nbsp;\r\n						<div class=\"body\"><span style=\"font-family:verdana,geneva,sans-serif\">Dear&nbsp;__FIRSTNAME__&nbsp;__LASTNAME__<br />\r\n						<br />\r\n						Seismo Wave is very glad to announce you that <strong>a sole agent agreement</strong> with Beijing Cesmovy Science and Tecnology Co , Ldt as been concluded for <strong>China territory</strong>.<br />\r\n						<br />\r\n						By now, your contact is&nbsp;<strong>Jinge YANG</strong>, for sales and quotation.<br />\r\n						<br />\r\n						Address: No. 1-1319, G district Wankeziyuan, Xiaotunxilu, Fengtai District, Beijing.<br />\r\n						Cell phone: +86-13811666580<br />\r\n						Phone:+86-010-67231922<br />\r\n						Fax: +86-010-67231922<br />\r\n						Mail:&nbsp;<a href=\"mailto:cesmovy@126.com\" style=\"line-height: 20.8px;\">cesmovy@126.com</a><br />\r\n						<br />\r\n						<br />\r\n						Jinge YANG and I are now collaborating to ensure you the best services in advising on products, sales and after sale , installation and training<em>.</em><br />\r\n						<br />\r\n						Kind regards<br />\r\n						<strong>Nathalie OLIVIER and Jinge YANG </strong>&nbsp;-<br />\r\n						SEISMO WAVE /&nbsp;Beijing Cesmovy Science and Tecnology Co</span><br />\r\n						<br />\r\n						<br />\r\n						<br />\r\n						&nbsp;</div>\r\n						</td>\r\n					</tr>\r\n					<tr>\r\n						<td style=\"background-color:rgb(153, 0, 0)\">&nbsp;</td>\r\n					</tr>\r\n				</tbody>\r\n			</table>\r\n\r\n			<table align=\"center\" border=\"0\" cellpadding=\"0\" cellspacing=\"0\" style=\"width:730px\">\r\n				<tbody>\r\n					<tr>\r\n						<td style=\"text-align:center\"><br />\r\n						<img alt=\"\" src=\"/htdocs/viewimage.php?modulepart=fckeditor&amp;file=image/logo_signature.png\" style=\"height:55px; line-height:20.8px; width:173px\" /><br />\r\n						<a href=\"https://www.facebook.com/pages/Seismo-WAVE/941113845955475\" style=\"line-height: 20.8px;\" target=\"_blank\"><img alt=\"\" src=\"/htdocs/viewimage.php?modulepart=fckeditor&amp;file=image/facebook.jpg\" style=\"height:38px; width:38px\" /></a>&nbsp;&nbsp;<a href=\"https://www.linkedin.com/company/seismo-wave\" style=\"line-height: 20.8px;\" target=\"_blank\"><img alt=\"\" src=\"/htdocs/viewimage.php?modulepart=fckeditor&amp;file=image/in.jpg\" style=\"height:38px; width:38px\" /></a>&nbsp;&nbsp;<a href=\"https://plus.google.com/+Seismowavesensor/posts\" style=\"line-height: 20.8px;\" target=\"_blank\"><img alt=\"\" src=\"/htdocs/viewimage.php?modulepart=fckeditor&amp;file=image/googleplus.jpg\" style=\"height:38px; width:38px\" /></a>&nbsp;<a href=\"https://www.youtube.com/channel/UCkEXXPhG8dnFHCbfeuM8i5A/feed\" style=\"line-height: 20.8px;\" target=\"_blank\"><img alt=\"\" src=\"/htdocs/viewimage.php?modulepart=fckeditor&amp;file=image/utube.jpg\" style=\"height:38px; width:38px\" /></a><br />\r\n						&nbsp;</td>\r\n						<td style=\"text-align:center\"><span style=\"font-family:verdana,geneva,sans-serif\">Route de Tr&eacute;guier -&nbsp;22300 LANNION - FRANCE</span><br />\r\n						<span style=\"font-family:verdana,geneva,sans-serif\">Tel. +33 (0)2 96 46 16 11 -&nbsp;</span><a href=\"www.seismowave.com\" style=\"font-family: verdana, geneva, sans-serif; line-height: 20.8px; text-align: center;\">www.seismowave.com</a></td>\r\n					</tr>\r\n				</tbody>\r\n			</table>\r\n			</td>\r\n		</tr>\r\n	</tbody>\r\n</table>\r\n<br />\r\n<span style=\"color:#FFFFFF\"><em>__CHECK_READ__</em></span>','','',NULL,5,'seismowave@groupe-glemot.com','','no-reply@seismowave.com',NULL,'2016-06-08 18:14:18','2016-06-20 14:08:16',NULL,'2016-06-20 14:08:54',1,1,NULL,NULL,NULL,NULL,NULL,NULL),(13,3,'happy new year 2017',1,'Happy New Year 2016','<div style=\"text-align: center;\"><span style=\"font-family:lucida sans unicode,lucida grande,sans-serif\"><span style=\"color:rgb(36, 40, 42); font-size:small\">Dear </span>__FIRSTNAME__&nbsp;__LASTNAME__<br />\r\n<br />\r\n<strong><span style=\"color:rgb(36, 40, 42); font-size:small\">BEST WISHES 2017 from SEISMO WAVE<br />\r\n<br />\r\n<br />\r\nI hope 2017 is a year of great happiness and success for you.<br />\r\nHave a wonderful new year!&nbsp;</span></strong></span><br />\r\n<br />\r\n<img alt=\"\" src=\"/htdocs/viewimage.php?modulepart=fckeditor&amp;file=image/Voeux2017V2.jpg\" style=\"height:289px; width:289px\" /><br />\r\n<span style=\"font-family:lucida sans unicode,lucida grande,sans-serif\"><span style=\"font-size:16px\"><strong>MONITORING FOR PREVENTION</strong></span><br />\r\n<br />\r\n<span style=\"color:#cc0000\"><strong><span style=\"font-size:16px\">INFRASOUND SENSORS, WNRS,<br />\r\nSEISMIC SENSORS, DIGITIZERS</span></strong></span></span><br />\r\n<br />\r\n<span style=\"font-family:lucida sans unicode,lucida grande,sans-serif\">Best regards</span><br />\r\n<br />\r\n<span style=\"color:rgb(0, 0, 0); font-family:arial,sans-serif; font-size:12px\">Come</span><span style=\"color:rgb(12, 12, 12); font-family:arial,sans-serif; font-size:12px\">&nbsp;vi</span><span style=\"color:rgb(24, 24, 24); font-family:arial,sans-serif; font-size:12px\">sit</span><span style=\"color:rgb(12, 12, 12); font-family:arial,sans-serif; font-size:12px\">&nbsp;us at</span><span style=\"color:rgb(24, 24, 24); font-family:arial,sans-serif; font-size:12px\">&nbsp;bo</span><span style=\"color:rgb(36, 36, 36); font-family:arial,sans-serif; font-size:12px\">oth # 2</span><span style=\"font-family:arial,sans-serif; font-size:12px\">4</span><span style=\"font-family:lucida sans unicode,lucida grande,sans-serif\">​ EGU &nbsp;2017&nbsp;<br />\r\n. . . . . . . . . . . . . . . . . . . . . . . . . .<br />\r\nNathalie&nbsp;<strong>OLIVIER&nbsp;</strong><br />\r\nMarketing &amp; Sales Manager</span><br />\r\n<br />\r\n&nbsp;<br />\r\n<img alt=\"\" src=\"/htdocs/viewimage.php?modulepart=fckeditor&amp;file=image/logo_signature.png\" style=\"height:55px; line-height:20.8px; width:173px\" /><br />\r\n<a href=\"https://www.facebook.com/pages/Seismo-WAVE/941113845955475\" style=\"line-height: 20.8px;\" target=\"_blank\"><img alt=\"\" src=\"/htdocs/viewimage.php?modulepart=fckeditor&amp;file=image/facebook.jpg\" style=\"height:38px; width:38px\" /></a>&nbsp;&nbsp;<a href=\"https://www.linkedin.com/company/seismo-wave\" style=\"line-height: 20.8px;\" target=\"_blank\"><img alt=\"\" src=\"/htdocs/viewimage.php?modulepart=fckeditor&amp;file=image/in.jpg\" style=\"height:38px; width:38px\" /></a>&nbsp;&nbsp;<a href=\"https://plus.google.com/+Seismowavesensor/posts\" style=\"line-height: 20.8px;\" target=\"_blank\"><img alt=\"\" src=\"/htdocs/viewimage.php?modulepart=fckeditor&amp;file=image/googleplus.jpg\" style=\"height:38px; width:38px\" /></a>&nbsp;<a href=\"https://www.youtube.com/channel/UCkEXXPhG8dnFHCbfeuM8i5A/feed\" style=\"line-height: 20.8px;\" target=\"_blank\"><img alt=\"\" src=\"/htdocs/viewimage.php?modulepart=fckeditor&amp;file=image/utube.jpg\" style=\"height:38px; width:38px\" /></a><br />\r\n<span style=\"font-family:arial,helvetica,sans-serif\">Route de Tr&eacute;guier<br />\r\n22300 LANNION - FRANCE<br />\r\nTel. +33 (0)2 96 46 16 11<br />\r\n<a href=\"www.seismowave.com\" style=\"line-height: 20.8px;\">www.seismowave.com</a></span></div>','ffffff','',NULL,118,'seismowave@groupe-glemot.com','','no-reply@seismowave.com',NULL,'2017-01-05 11:17:59','2017-01-05 15:27:00',NULL,'2017-01-05 15:28:34',1,1,NULL,NULL,NULL,NULL,NULL,NULL),(14,3,'Enquête',1,'Seismo Wave: Survey for a portable infrasound station','<br />\r\n<br />\r\n&nbsp;\r\n<table align=\"center\" border=\"0\" cellpadding=\"0\" cellspacing=\"0\" class=\"table-border\" style=\"line-height:20.8px; width:780px\">\r\n	<tbody>\r\n		<tr>\r\n			<td>&nbsp;</td>\r\n		</tr>\r\n		<tr>\r\n			<td>\r\n			<table align=\"center\" border=\"0\" cellpadding=\"0\" cellspacing=\"0\" style=\"width:730px\">\r\n				<tbody>\r\n					<tr>\r\n						<td style=\"text-align:center\"><span style=\"font-family:arial,helvetica,sans-serif\"><img alt=\"\" src=\"/htdocs/viewimage.php?modulepart=fckeditor&amp;file=image/Bandeau.png\" style=\"height:121px; width:800px\" /><br />\r\n						<u><span style=\"font-size:20px\"><strong><a href=\"https://docs.google.com/forms/d/e/1FAIpQLSd94DxPgfQ1sYoc8GDlkKQHFU3JVpPQh5PWcxbMF4DtCPKaMg/viewform?c=0&amp;w=1\"><span style=\"color:#B22222\">Enter the survey</span></a></strong></span></u></span></td>\r\n						<td>&nbsp;</td>\r\n					</tr>\r\n					<tr>\r\n						<td style=\"text-align:center\"><img alt=\"\" src=\"/htdocs/viewimage.php?modulepart=fckeditor&amp;file=image/PISkit.png\" style=\"height:476px; width:800px\" /></td>\r\n					</tr>\r\n				</tbody>\r\n			</table>\r\n\r\n			<table align=\"center\" border=\"0\" cellpadding=\"0\" cellspacing=\"0\" style=\"width:730px\">\r\n				<tbody>\r\n					<tr>\r\n						<td>&nbsp;\r\n						<div class=\"body\"><span style=\"font-size:14px\"><span style=\"font-family:arial,helvetica,sans-serif\">Dear participants,</span><br />\r\n						<br />\r\n						<span style=\"color:rgba(0, 0, 0, 0.870588); font-family:roboto,robotodraft,helvetica,arial,sans-serif\">As announced during the Arise 2 meeting at Prague, SEISMO WAVE are working on designing a temporary portable infrasound station. In order to meet your expectations, we need to know your needs. This is why we kindly ask you if you could just take a few minutes to fill in this form.<br />\r\n						Feel free to add any comment that you think may be useful for our research and development.</span><br />\r\n						<br />\r\n						<span style=\"color:rgba(0, 0, 0, 0.870588); font-family:roboto,robotodraft,helvetica,arial,sans-serif\">Thank you very much for granting us some of your time.</span><br />\r\n						<br />\r\n						<span style=\"color:rgba(0, 0, 0, 0.870588); font-family:roboto,robotodraft,helvetica,arial,sans-serif\">You can get in touch with us by email:&nbsp;</span><a href=\"mailto:m.escudier@enviroearth.fr\" style=\"font-family: Roboto, RobotoDraft, Helvetica, Arial, sans-serif; white-space: pre-wrap;\">m.escudier@enviroearth.fr</a><span style=\"color:rgba(0, 0, 0, 0.870588); font-family:roboto,robotodraft,helvetica,arial,sans-serif\">&nbsp;and&nbsp;</span><a href=\"mailto:marketing@seismowave.com\" style=\"font-family: Roboto, RobotoDraft, Helvetica, Arial, sans-serif; white-space: pre-wrap;\">marketing@seismowave.com</a><br />\r\n						<br />\r\n						<span style=\"color:rgba(0, 0, 0, 0.870588); font-family:roboto,robotodraft,helvetica,arial,sans-serif\">Marc ESCUDIER and Nathalie OLIVIER<br />\r\n						<br />\r\n						To enter the survey, follow&nbsp;</span><br />\r\n						<span style=\"font-family:arial,helvetica,sans-serif\"><a href=\"https://docs.google.com/forms/d/e/1FAIpQLSd94DxPgfQ1sYoc8GDlkKQHFU3JVpPQh5PWcxbMF4DtCPKaMg/viewform?c=0&amp;w=1\">https://docs.google.com/forms/d/e/1FAIpQLSd94DxPgfQ1sYoc8GDlkKQHFU3JVpPQh5PWcxbMF4DtCPKaMg/viewform?c=0&amp;w=1</a></span></span><br />\r\n						&nbsp;</div>\r\n						</td>\r\n					</tr>\r\n					<tr>\r\n						<td style=\"background-color:rgb(153, 0, 0)\">&nbsp;</td>\r\n					</tr>\r\n				</tbody>\r\n			</table>\r\n\r\n			<table align=\"center\" border=\"0\" cellpadding=\"0\" cellspacing=\"0\" style=\"width:730px\">\r\n				<tbody>\r\n					<tr>\r\n						<td style=\"text-align:center\"><br />\r\n						<img alt=\"\" src=\"/htdocs/viewimage.php?modulepart=fckeditor&amp;file=image/logo_signature.png\" style=\"height:55px; line-height:20.8px; width:173px\" /><br />\r\n						<a href=\"https://www.facebook.com/pages/Seismo-WAVE/941113845955475\" style=\"line-height: 20.8px;\" target=\"_blank\"><img alt=\"\" src=\"/htdocs/viewimage.php?modulepart=fckeditor&amp;file=image/facebook.jpg\" style=\"height:38px; width:38px\" /></a>&nbsp;&nbsp;<a href=\"https://www.linkedin.com/company/seismo-wave\" style=\"line-height: 20.8px;\" target=\"_blank\"><img alt=\"\" src=\"/htdocs/viewimage.php?modulepart=fckeditor&amp;file=image/in.jpg\" style=\"height:38px; width:38px\" /></a>&nbsp;&nbsp;<a href=\"https://plus.google.com/+Seismowavesensor/posts\" style=\"line-height: 20.8px;\" target=\"_blank\"><img alt=\"\" src=\"/htdocs/viewimage.php?modulepart=fckeditor&amp;file=image/googleplus.jpg\" style=\"height:38px; width:38px\" /></a>&nbsp;<a href=\"https://www.youtube.com/channel/UCkEXXPhG8dnFHCbfeuM8i5A/feed\" style=\"line-height: 20.8px;\" target=\"_blank\"><img alt=\"\" src=\"/htdocs/viewimage.php?modulepart=fckeditor&amp;file=image/utube.jpg\" style=\"height:38px; width:38px\" /></a><br />\r\n						&nbsp;</td>\r\n						<td style=\"text-align:center\"><span style=\"font-family:verdana,geneva,sans-serif\">Route de Tr&eacute;guier -&nbsp;22300 LANNION - FRANCE</span><br />\r\n						<span style=\"font-family:verdana,geneva,sans-serif\">Tel. +33 (0)2 96 46 16 11 -&nbsp;</span><a href=\"www.seismowave.com\" style=\"font-family: verdana, geneva, sans-serif; line-height: 20.8px; text-align: center;\">www.seismowave.com</a></td>\r\n					</tr>\r\n				</tbody>\r\n			</table>\r\n			</td>\r\n		</tr>\r\n	</tbody>\r\n</table>\r\n<br />\r\n<span style=\"color:#FFFFFF\"><em>__CHECK_READ__</em></span><br />\r\n&nbsp;','','',NULL,146,'seismowave@groupe-glemot.com','','no-reply@seismowave.com',NULL,'2017-03-13 17:20:08','2017-03-14 13:55:56',NULL,'2017-03-14 13:57:40',1,1,NULL,NULL,NULL,NULL,NULL,NULL),(15,3,'Enquête 15 Mars 2017-envoi adresses en erreur',1,'Seismo Wave: Survey for a portable infrasound station','<br />\r\n<br />\r\n \r\n<table align=\"center\" border=\"0\" cellpadding=\"0\" cellspacing=\"0\" class=\"table-border\" style=\"line-height:20.8px; width:780px\">\r\n	<tbody>\r\n		<tr>\r\n			<td> </td>\r\n		</tr>\r\n		<tr>\r\n			<td>\r\n			<table align=\"center\" border=\"0\" cellpadding=\"0\" cellspacing=\"0\" style=\"width:730px\">\r\n				<tbody>\r\n					<tr>\r\n						<td style=\"text-align:center\"><span style=\"font-family:arial,helvetica,sans-serif\"><img alt=\"\" src=\"/htdocs/viewimage.php?modulepart=fckeditor&file=image/Bandeau.png\" style=\"height:121px; width:800px\" /><br />\r\n						<u><span style=\"font-size:20px\"><strong><a href=\"https://docs.google.com/forms/d/e/1FAIpQLSd94DxPgfQ1sYoc8GDlkKQHFU3JVpPQh5PWcxbMF4DtCPKaMg/viewform?c=0&w=1\"><span style=\"color:#B22222\">Enter the survey</span></a></strong></span></u></span></td>\r\n						<td> </td>\r\n					</tr>\r\n					<tr>\r\n						<td style=\"text-align:center\"><img alt=\"\" src=\"/htdocs/viewimage.php?modulepart=fckeditor&file=image/PISkit.png\" style=\"height:476px; width:800px\" /></td>\r\n					</tr>\r\n				</tbody>\r\n			</table>\r\n\r\n			<table align=\"center\" border=\"0\" cellpadding=\"0\" cellspacing=\"0\" style=\"width:730px\">\r\n				<tbody>\r\n					<tr>\r\n						<td> \r\n						<div class=\"body\"><span style=\"font-size:14px\"><span style=\"font-family:arial,helvetica,sans-serif\">Dear participants,</span><br />\r\n						<br />\r\n						<span style=\"color:rgba(0, 0, 0, 0.870588); font-family:roboto,robotodraft,helvetica,arial,sans-serif\">As announced during the Arise 2 meeting at Prague, SEISMO WAVE are working on designing a temporary portable infrasound station. In order to meet your expectations, we need to know your needs. This is why we kindly ask you if you could just take a few minutes to fill in this form.<br />\r\n						Feel free to add any comment that you think may be useful for our research and development.</span><br />\r\n						<br />\r\n						<span style=\"color:rgba(0, 0, 0, 0.870588); font-family:roboto,robotodraft,helvetica,arial,sans-serif\">Thank you very much for granting us some of your time.</span><br />\r\n						<br />\r\n						<span style=\"color:rgba(0, 0, 0, 0.870588); font-family:roboto,robotodraft,helvetica,arial,sans-serif\">You can get in touch with us by email: </span><a href=\"mailto:m.escudier@enviroearth.fr\" style=\"font-family: Roboto, RobotoDraft, Helvetica, Arial, sans-serif; white-space: pre-wrap;\">m.escudier@enviroearth.fr</a><span style=\"color:rgba(0, 0, 0, 0.870588); font-family:roboto,robotodraft,helvetica,arial,sans-serif\"> and </span><a href=\"mailto:marketing@seismowave.com\" style=\"font-family: Roboto, RobotoDraft, Helvetica, Arial, sans-serif; white-space: pre-wrap;\">marketing@seismowave.com</a><br />\r\n						<br />\r\n						<span style=\"color:rgba(0, 0, 0, 0.870588); font-family:roboto,robotodraft,helvetica,arial,sans-serif\">Marc ESCUDIER and Nathalie OLIVIER<br />\r\n						<br />\r\n						To enter the survey, follow </span><br />\r\n						<span style=\"font-family:arial,helvetica,sans-serif\"><a href=\"https://docs.google.com/forms/d/e/1FAIpQLSd94DxPgfQ1sYoc8GDlkKQHFU3JVpPQh5PWcxbMF4DtCPKaMg/viewform?c=0&w=1\">https://docs.google.com/forms/d/e/1FAIpQLSd94DxPgfQ1sYoc8GDlkKQHFU3JVpPQh5PWcxbMF4DtCPKaMg/viewform?c=0&w=1</a></span></span><br />\r\n						 </div>\r\n						</td>\r\n					</tr>\r\n					<tr>\r\n						<td style=\"background-color:rgb(153, 0, 0)\"> </td>\r\n					</tr>\r\n				</tbody>\r\n			</table>\r\n\r\n			<table align=\"center\" border=\"0\" cellpadding=\"0\" cellspacing=\"0\" style=\"width:730px\">\r\n				<tbody>\r\n					<tr>\r\n						<td style=\"text-align:center\"><br />\r\n						<img alt=\"\" src=\"/htdocs/viewimage.php?modulepart=fckeditor&file=image/logo_signature.png\" style=\"height:55px; line-height:20.8px; width:173px\" /><br />\r\n						<a href=\"https://www.facebook.com/pages/Seismo-WAVE/941113845955475\" style=\"line-height: 20.8px;\" target=\"_blank\"><img alt=\"\" src=\"/htdocs/viewimage.php?modulepart=fckeditor&file=image/facebook.jpg\" style=\"height:38px; width:38px\" /></a>  <a href=\"https://www.linkedin.com/company/seismo-wave\" style=\"line-height: 20.8px;\" target=\"_blank\"><img alt=\"\" src=\"/htdocs/viewimage.php?modulepart=fckeditor&file=image/in.jpg\" style=\"height:38px; width:38px\" /></a>  <a href=\"https://plus.google.com/+Seismowavesensor/posts\" style=\"line-height: 20.8px;\" target=\"_blank\"><img alt=\"\" src=\"/htdocs/viewimage.php?modulepart=fckeditor&file=image/googleplus.jpg\" style=\"height:38px; width:38px\" /></a> <a href=\"https://www.youtube.com/channel/UCkEXXPhG8dnFHCbfeuM8i5A/feed\" style=\"line-height: 20.8px;\" target=\"_blank\"><img alt=\"\" src=\"/htdocs/viewimage.php?modulepart=fckeditor&file=image/utube.jpg\" style=\"height:38px; width:38px\" /></a><br />\r\n						 </td>\r\n						<td style=\"text-align:center\"><span style=\"font-family:verdana,geneva,sans-serif\">Route de Tréguier - 22300 LANNION - FRANCE</span><br />\r\n						<span style=\"font-family:verdana,geneva,sans-serif\">Tel. +33 (0)2 96 46 16 11 - </span><a href=\"www.seismowave.com\" style=\"font-family: verdana, geneva, sans-serif; line-height: 20.8px; text-align: center;\">www.seismowave.com</a></td>\r\n					</tr>\r\n				</tbody>\r\n			</table>\r\n			</td>\r\n		</tr>\r\n	</tbody>\r\n</table>\r\n<br />\r\n<span style=\"color:#FFFFFF\"><em>__CHECK_READ__</em></span><br />\r\n ','','',NULL,3,'seismowave@groupe-glemot.com','','no-reply@seismowave.com',NULL,'2017-03-15 10:01:54','2017-03-15 10:25:38',NULL,'2017-03-15 10:25:44',1,1,NULL,NULL,NULL,NULL,NULL,NULL);

--
-- Table structure for table `llx_mailing_cibles`
--

CREATE TABLE `llx_mailing_cibles` (
  `rowid` int(11) NOT NULL AUTO_INCREMENT,
  `fk_mailing` int(11) NOT NULL,
  `fk_contact` int(11) NOT NULL,
  `lastname` varchar(50) DEFAULT NULL,
  `firstname` varchar(50) DEFAULT NULL,
  `email` varchar(160) NOT NULL,
  `other` varchar(255) DEFAULT NULL,
  `tag` varchar(128) DEFAULT NULL,
  `statut` smallint(6) NOT NULL DEFAULT '0',
  `source_url` varchar(160) DEFAULT NULL,
  `source_id` int(11) DEFAULT NULL,
  `source_type` varchar(16) DEFAULT NULL,
  `date_envoi` datetime DEFAULT NULL,
  PRIMARY KEY (`rowid`),
  UNIQUE KEY `uk_mailing_cibles` (`fk_mailing`,`email`),
  KEY `idx_mailing_cibles_email` (`email`)
) ENGINE=InnoDB AUTO_INCREMENT=577 DEFAULT CHARSET=utf8;

--
-- Dumping data for table `llx_mailing_cibles`
--

INSERT INTO `llx_mailing_cibles` (`rowid`, `fk_mailing`, `fk_contact`, `lastname`, `firstname`, `email`, `other`, `tag`, `statut`, `source_url`, `source_id`, `source_type`, `date_envoi`) VALUES (1,1,0,'','','marketing@groupe-glemot.com','','73333baee62ae39bca809feb724987f3',0,'',NULL,'file',NULL),(6,2,0,'','','marketing@groupe-glemot.com','','f885a06317f11dd8920f4f3e7fd90d65',1,'',NULL,'file','2015-08-26 14:24:04'),(7,5,0,'','','marketing@groupe-glemot.com','','5a3e6ac76c4d2e0baf02bcdd9f851dee',0,'',NULL,'file',NULL),(8,6,45,'Ribeiro','Pédro','informatique@art-men.com','ThirdParty=Art-Men;UserTitle=Monsieur','f2342e1dc3ae4fcfda6277a82234627b',1,'<a href=\"/htdocs/contact/card.php?id=45\"><img src=\"/htdocs/theme/bureau2crea/img/object_contact.png\" border=\"0\" alt=\"\" title=\"\"></a>',45,'contact','2015-12-18 16:51:59'),(9,6,44,'Baillon','Lionel','lionel.baillon@art-men.com','ThirdParty=Art-Men;UserTitle=','1cfbb5bdc02a9972d166ec427db255f1',1,'<a href=\"/htdocs/contact/card.php?id=44\"><img src=\"/htdocs/theme/bureau2crea/img/object_contact.png\" border=\"0\" alt=\"\" title=\"\"></a>',44,'contact','2015-12-18 16:51:59'),(60,8,40,'CASELLI','Alberto T.','atcaselli@unrn.edu.ar','ThirdParty=Laboratorio de Estudio y Seguimiento de Volcanes Activos;UserTitle=Monsieur','155227af9afd0d959235916e834fed4f',1,'<a href=\"/htdocs/contact/card.php?id=40\"><img src=\"/htdocs/theme/bureau2crea/img/object_contact.png\" border=\"0\" alt=\"\" title=\"\"></a>',40,'contact','2015-12-24 11:31:17'),(61,8,22,'BASTIEN','Patrick','bastienp@ldeo.columbia.edu','ThirdParty=Columbia University;UserTitle=Monsieur','27fc0f17f78c38d6374cbcc9d579e7b3',1,'<a href=\"/htdocs/contact/card.php?id=22\"><img src=\"/htdocs/theme/bureau2crea/img/object_contact.png\" border=\"0\" alt=\"\" title=\"\"></a>',22,'contact','2015-12-24 11:31:17'),(62,8,6,'TAISNE','Benoit','BTaisne@ntu.edu.sg','ThirdParty=Earth Observatory of Singapore;UserTitle=Monsieur','48d376d2960fe0b4c15db1f666ed9804',1,'<a href=\"/htdocs/contact/card.php?id=6\"><img src=\"/htdocs/theme/bureau2crea/img/object_contact.png\" border=\"0\" alt=\"\" title=\"\"></a>',6,'contact','2015-12-24 11:31:17'),(63,8,42,'PERRIER','Debra A.','dperrier@olemiss.edu','ThirdParty=THE UNIVERSITY OF MISSISSIPPI;UserTitle=Madame','09a7b5efe17e4003ae2377f39cb8bf40',1,'<a href=\"/htdocs/contact/card.php?id=42\"><img src=\"/htdocs/theme/bureau2crea/img/object_contact.png\" border=\"0\" alt=\"\" title=\"\"></a>',42,'contact','2015-12-24 11:31:17'),(64,8,34,'GUO','Quan','guoquan@mail.ioa.ac.cn','ThirdParty=Institute of acoustics, chinese academy of sciences;UserTitle=Monsieur','b4ef1a7fd54a08711eb846762d1facbd',1,'<a href=\"/htdocs/contact/card.php?id=34\"><img src=\"/htdocs/theme/bureau2crea/img/object_contact.png\" border=\"0\" alt=\"\" title=\"\"></a>',34,'contact','2015-12-24 11:31:17'),(65,8,20,'SMIRNOV','Alexandr','infra.smirnoff@gmail.com','ThirdParty=Institute of Geophysical Researches / Ministry of Energetics;UserTitle=Monsieur','44f47c69698a3769cee935966beaeb9f',1,'<a href=\"/htdocs/contact/card.php?id=20\"><img src=\"/htdocs/theme/bureau2crea/img/object_contact.png\" border=\"0\" alt=\"\" title=\"\"></a>',20,'contact','2015-12-24 11:31:17'),(66,8,33,'KERANEN','Jukka','Jukka.Keranen@ttl.fi','ThirdParty=Finnish Institute of Occupational Health;UserTitle=Monsieur','6c1cab6000cbfa2620411771f1e73274',1,'<a href=\"/htdocs/contact/card.php?id=33\"><img src=\"/htdocs/theme/bureau2crea/img/object_contact.png\" border=\"0\" alt=\"\" title=\"\"></a>',33,'contact','2015-12-24 11:31:17'),(67,8,14,'LE MAILLOT','MAXIME','lemaillot@enviroconsult.fr','ThirdParty=ENVIRO CONSULT;UserTitle=Monsieur','a8930f5d93e44ec990746a7a785a80a5',1,'<a href=\"/htdocs/contact/card.php?id=14\"><img src=\"/htdocs/theme/bureau2crea/img/object_contact.png\" border=\"0\" alt=\"\" title=\"\"></a>',14,'contact','2015-12-24 11:31:17'),(68,8,30,'TARVAINEN','Matti','Matti.Tarvainen@helsinki.fi','ThirdParty=Department of Geosciences and Geosciences Institute of Seism;UserTitle=Monsieur','c660f2ca3261f864f832959b512015b3',1,'<a href=\"/htdocs/contact/card.php?id=30\"><img src=\"/htdocs/theme/bureau2crea/img/object_contact.png\" border=\"0\" alt=\"\" title=\"\"></a>',30,'contact','2015-12-24 11:31:17'),(69,8,12,'MURAYAMA','Takahiko','murayama@jwa.or.jp','ThirdParty=JAPAN WEATHER ASSOCIATION;UserTitle=Monsieur','9e1ba3852db3756c34d913fa21d7d35c',1,'<a href=\"/htdocs/contact/card.php?id=12\"><img src=\"/htdocs/theme/bureau2crea/img/object_contact.png\" border=\"0\" alt=\"\" title=\"\"></a>',12,'contact','2015-12-24 11:31:17'),(70,8,10,'WANG','Peter','peter_igpcea@126.com','ThirdParty=Institute of Geophysics, China earthquake Administration;UserTitle=Monsieur','f311c5c4edaa528677240f8b4380f53b',1,'<a href=\"/htdocs/contact/card.php?id=10\"><img src=\"/htdocs/theme/bureau2crea/img/object_contact.png\" border=\"0\" alt=\"\" title=\"\"></a>',10,'contact','2015-12-24 11:32:25'),(71,8,35,'MATOZA','Robin','rmatoza@ucsd.edu','ThirdParty=Institute of Geophysics and Planetary;UserTitle=Monsieur','26e5916fb794b58600a56a0ade3eabd0',1,'<a href=\"/htdocs/contact/card.php?id=35\"><img src=\"/htdocs/theme/bureau2crea/img/object_contact.png\" border=\"0\" alt=\"\" title=\"\"></a>',35,'contact','2015-12-24 11:32:25'),(72,8,31,'OI','Takuma','takuma102634@me.com','ThirdParty=Okinawa Institute of Science and Technology;UserTitle=Monsieur','a02fd51b960a15ca2a912742b15afe21',1,'<a href=\"/htdocs/contact/card.php?id=31\"><img src=\"/htdocs/theme/bureau2crea/img/object_contact.png\" border=\"0\" alt=\"\" title=\"\"></a>',31,'contact','2015-12-24 11:32:25'),(73,8,37,'PIPHER','Theresa','tpipher@dawnbreaker.com','ThirdParty=Dawnbreaker, Inc.;UserTitle=Madame','39ebd1807f6d3d9b398c0888a8c7289c',1,'<a href=\"/htdocs/contact/card.php?id=37\"><img src=\"/htdocs/theme/bureau2crea/img/object_contact.png\" border=\"0\" alt=\"\" title=\"\"></a>',37,'contact','2015-12-24 11:32:25'),(74,8,21,'WOM YOUNG','KIM','wykim@ldeo.columbia.edu','ThirdParty=Columbia University;UserTitle=Monsieur','d0769d416ee153fd0bf8efad5624e57d',1,'<a href=\"/htdocs/contact/card.php?id=21\"><img src=\"/htdocs/theme/bureau2crea/img/object_contact.png\" border=\"0\" alt=\"\" title=\"\"></a>',21,'contact','2015-12-24 11:32:25'),(75,8,8,'KRAMER','Alfred','alfred.kramer@CTBTO.ORG','ThirdParty=CTBTO;UserTitle=Monsieur','8a700b505e1602e654a93b41bccd7e10',1,'<a href=\"/htdocs/contact/card.php?id=8\"><img src=\"/htdocs/theme/bureau2crea/img/object_contact.png\" border=\"0\" alt=\"\" title=\"\"></a>',8,'contact','2015-12-24 11:32:25'),(76,8,26,'DOURY','Benoit','benoit.doury@ctbto.org','ThirdParty=CTBTO;UserTitle=Monsieur','d3ebf3251b9ceb692988d047350d5fa7',1,'<a href=\"/htdocs/contact/card.php?id=26\"><img src=\"/htdocs/theme/bureau2crea/img/object_contact.png\" border=\"0\" alt=\"\" title=\"\"></a>',26,'contact','2015-12-24 11:32:25'),(77,8,13,'FURUYA','Grace','gfuruya@soest.hawaii.edu','ThirdParty=Hawaii Institute of Geophysics & Planetology;UserTitle=Madame','79a0144cbe767a8b3ea369ea83e9b321',1,'<a href=\"/htdocs/contact/card.php?id=13\"><img src=\"/htdocs/theme/bureau2crea/img/object_contact.png\" border=\"0\" alt=\"\" title=\"\"></a>',13,'contact','2015-12-24 11:32:25'),(78,8,29,'MACLEOD','Gordon A.','gordon.macleod@ctbto.org','ThirdParty=CTBTO;UserTitle=Monsieur','003f4c1492a363b58ec36220cfc85468',1,'<a href=\"/htdocs/contact/card.php?id=29\"><img src=\"/htdocs/theme/bureau2crea/img/object_contact.png\" border=\"0\" alt=\"\" title=\"\"></a>',29,'contact','2015-12-24 11:32:25'),(79,8,27,'MARTY','Julien','julien.marty@ctbto.org','ThirdParty=CTBTO;UserTitle=Monsieur','fb430fff1867a359b1580e8d8b43acd7',1,'<a href=\"/htdocs/contact/card.php?id=27\"><img src=\"/htdocs/theme/bureau2crea/img/object_contact.png\" border=\"0\" alt=\"\" title=\"\"></a>',27,'contact','2015-12-24 11:32:25'),(80,8,25,'JUSKO','Marian','marian.jusko@ctbto.org','ThirdParty=CTBTO;UserTitle=Monsieur','cf073f6b374b13cac08005af6c97981f',1,'<a href=\"/htdocs/contact/card.php?id=25\"><img src=\"/htdocs/theme/bureau2crea/img/object_contact.png\" border=\"0\" alt=\"\" title=\"\"></a>',25,'contact','2015-12-24 11:33:04'),(81,8,1,'GARCES','Milton','milton@isla.hawaii.edu','ThirdParty=Hawaii Institute of Geophysics & Planetology;UserTitle=Monsieur','e031b7126445e96ca94959fe7294b272',1,'<a href=\"/htdocs/contact/card.php?id=1\"><img src=\"/htdocs/theme/bureau2crea/img/object_contact.png\" border=\"0\" alt=\"\" title=\"\"></a>',1,'contact','2015-12-24 11:33:04'),(82,8,23,'SYMONS','Neil','npsymon@sandia.gov','ThirdParty=Sandia National Laboratories;UserTitle=','9f66f94da423aeb2021d7ecea878eff8',1,'<a href=\"/htdocs/contact/card.php?id=23\"><img src=\"/htdocs/theme/bureau2crea/img/object_contact.png\" border=\"0\" alt=\"\" title=\"\"></a>',23,'contact','2015-12-24 11:33:04'),(83,8,28,'MARTYSEVICH','Pavel','pavel.martysevich@ctbto.org','ThirdParty=CTBTO;UserTitle=Monsieur','e8ff4c26835faabef499e5f0c1277cc5',1,'<a href=\"/htdocs/contact/card.php?id=28\"><img src=\"/htdocs/theme/bureau2crea/img/object_contact.png\" border=\"0\" alt=\"\" title=\"\"></a>',28,'contact','2015-12-24 11:33:04'),(84,8,9,'Rembold','Randy','rkrembo@sandia.gov','ThirdParty=Sandia National Laboratories;UserTitle=Monsieur','c681a2da49097a7da2fb154efba8220a',1,'<a href=\"/htdocs/contact/card.php?id=9\"><img src=\"/htdocs/theme/bureau2crea/img/object_contact.png\" border=\"0\" alt=\"\" title=\"\"></a>',9,'contact','2015-12-24 11:33:04'),(85,9,0,'','','isaiah.tumwikirize@gmail.com','','22386acd4e3b01e485269f6181f59887',1,'',NULL,'file','2015-12-24 11:43:19'),(117,10,0,'Ting LI ','LIN','mulas62@gmail.com','','cdfd1cd1905dfa8f7cc67591b4917157',0,'',NULL,'file','2016-01-05 15:24:03'),(118,10,0,'FISHER','Tomas','fischer@natur.cuni.cz','','6b5ead5cab078e885ba7b6bb65cf16ac',0,'',NULL,'file','2016-01-05 15:23:19'),(119,10,0,'ER RAKI','Salah','s.erraki@gmail.com','','1880ef30a2d12b724e2e8e0972803b70',0,'',NULL,'file','2016-01-05 15:24:12'),(120,10,0,'EVANGELIDIS','Christos','cevan@noa.gr','','649ee3f74aa5e530402ecd7c75be0348',0,'',NULL,'file','2016-01-05 15:22:46'),(121,10,0,'FAZIO','Marco','marco.fazio@port.ac.uk','','fa1ca05311bf4a479cb24979bb4314c2',0,'',NULL,'file','2016-01-05 15:23:48'),(122,10,0,'Eliasson','Lars','lars.eliasson@irf.se','','9d2418fbb31caecd868f1f3c38eb7ec1',0,'',NULL,'file','2016-01-05 15:23:35'),(123,10,0,'EL GABRY','Mohamed','elgabrymn@yahoo.com','','5f2caca45e8b35faffe8a0483ecc2ae7',0,'',NULL,'file','2016-01-05 15:23:19'),(124,10,0,'DERKX','Fran','francois.derkx@ifsttar.fr','','e3537d4821bbf699d4d50a1d70cd948d',0,'',NULL,'file','2016-01-05 15:23:19'),(125,10,0,'SARIA','David','david.saria@irap.omp.eu','','76a748c59a13a357e4a2c1b27c13034c',0,'',NULL,'file','2016-01-05 15:22:46'),(126,10,0,'SHWETHA ','HR','hrshwetha81@gmail.com','','53b78b7d85f1275a4a3f86fbf4ca5905',0,'',NULL,'file','2016-01-05 15:23:25'),(127,10,0,'Silveira','Gra','mdsilveira@fc.ul.pt','','2cce38f93ec8a577bd27317e8e6b7ea8',0,'',NULL,'file','2016-01-05 15:23:48'),(128,10,0,'P','Irmina','i.poeschl@ic-group.org','','1d4eb81140917519761d79d09b6db44f',0,'',NULL,'file','2016-01-05 15:23:25'),(129,10,0,'DIMITROVA','Liliya','lidim@geophys.bas.bg','','dbadbe47221a28f102b1814e364bb54b',0,'',NULL,'file','2016-01-05 15:23:48'),(130,10,0,'Martin SANCHEZ','Domingo','domingoalfonso.martin@upm.es','','855998f945c054906308dc4875b13014',0,'',NULL,'file','2016-01-05 15:23:19'),(131,10,0,'VOGT','Katharina','vogt@iem.at','','dd24613ea0d26e4ee958700267aa721a',0,'',NULL,'file',NULL),(132,10,0,'KWAERNA','Tormod','tormod@norsar.no','','3c39b88eb6f14991d42c00616d066b06',0,'',NULL,'file','2016-01-05 15:24:21'),(133,10,0,'Abanco','Claudia','cabanco@worldsensing.com','','15e048598ee514ae965cec53aa03badc',0,'',NULL,'file','2016-01-05 15:22:46'),(134,10,0,'SD HONG','Daniel','daniel.hong@oceantech.co.kr','','974330f9f5f6e446ff751d98bc79e18f',0,'',NULL,'file','2016-01-05 15:22:46'),(135,10,0,'STRASER','Valentino','valentino.straser@alice.it','','f6a3e642677e4b29971eea8607f3cf9d',0,'',NULL,'file','2016-01-05 15:24:21'),(136,10,0,'DYKOWSKI','Przemyslaw','przemyslaw.dykowski@igik.edu.pl','','b790cf9ca6e27dfb16ff94516127e358',0,'',NULL,'file','2016-01-05 15:24:12'),(137,10,0,'WOOD','Alan','alan.wood@ntu.ac.UK','','862eef44487f384733a38ed9b2379cb6',0,'',NULL,'file','2016-01-05 15:22:38'),(138,10,0,'Karami','','karami.uqam@gmail.com','','b3b3dae3ffd256922ff304aa84646b01',0,'',NULL,'file','2016-01-05 15:23:35'),(139,10,0,'Mejni','Chourouk','chourouk.mejni@gmail.com','','a5c76b4c2e573869afcfc3ab58dbf933',0,'',NULL,'file','2016-01-05 15:22:46'),(140,10,0,'opsuslova','','opsuslova@gmail.com','','5887953329cea5b0bafb4fb68726693e',0,'',NULL,'file','2016-01-05 15:24:03'),(141,10,0,'VOLK','Meike','meike.volk@ucdconnect.IE','','03b775e9315ac754f06ce371af8621e8',0,'',NULL,'file','2016-01-05 15:24:03'),(142,10,0,'LEOPOLD','Philip','philip.leopold@ait.ac.at','','30eb6c59bdcd0eb0de87e1931b3b56f0',0,'',NULL,'file','2016-01-05 15:24:12'),(143,10,0,'MURYONO','Leonardus','muryono@gmail.com','','ae340a6114c3b9af3a5cfb3f2ee0c2b5',0,'',NULL,'file','2016-01-05 15:24:03'),(144,10,0,'KHEMIRI','Lofti','ndc-tn@gnet.tn','','46dc587e14bfdef265e258b80b55bc3d',0,'',NULL,'file','2016-01-05 15:24:03'),(145,10,0,'NADA','Ahmed','ahmed.nada@nada-eg.net','','1c64db2801c5e1e12cc8653ef8b04780',0,'',NULL,'file','2016-01-05 15:22:38'),(146,10,0,'PUZAS','Andrius','andrius.puzas@ftmc.lt','','007fb4cf6db4c185c1c108c3838ae58f',0,'',NULL,'file','2016-01-05 15:22:38'),(147,10,0,'AGREBI','Abdelwaheb','agrebimannou@yahoo.fr','','9c5468a513719e23bd4f5f2493cccc66',0,'',NULL,'file','2016-01-05 15:22:38'),(148,10,0,'Dalnoki-veress','Ferenc Jacob Rolf','jdalnokiveress@miis.edu','','abd1a0cdf24b00d1ecca2997c39566f3',0,'',NULL,'file','2016-01-05 15:23:35'),(149,10,0,'ARONOV','Vladislav','centr@cgm.org.by','','67785f3665fed869d75c284aedf3b071',0,'',NULL,'file','2016-01-05 15:22:46'),(150,10,0,'Chedikn Beye','Aboubaker','abeye@aims-senegal.org','','725a6c9a71a1b0394991249845d65e9e',0,'',NULL,'file','2016-01-05 15:22:38'),(151,10,0,'E. Amponsah','Paulina','p.amponsah@gaecgh.org','','81816bcdd733be1d841e702a11c5ccdb',0,'',NULL,'file','2016-01-05 15:24:12'),(152,10,40,'CASELLI','Alberto T.','atcaselli@unrn.edu.ar','ThirdParty=Laboratorio de Estudio y Seguimiento de Volcanes Activos;UserTitle=Monsieur','ac18406b37c1fd37e643162b468a3a63',0,'<a href=\"/htdocs/contact/card.php?id=40\"><img src=\"/htdocs/theme/bureau2crea/img/object_contact.png\" border=\"0\" alt=\"\" title=\"\"></a>',40,'contact','2016-01-05 15:22:38'),(153,10,22,'BASTIEN','Patrick','bastienp@ldeo.columbia.edu','ThirdParty=Columbia University;UserTitle=Monsieur','d28583759951de5f5512294b7b4e11e6',0,'<a href=\"/htdocs/contact/card.php?id=22\"><img src=\"/htdocs/theme/bureau2crea/img/object_contact.png\" border=\"0\" alt=\"\" title=\"\"></a>',22,'contact','2016-01-05 15:22:38'),(154,10,6,'TAISNE','Benoit','BTaisne@ntu.edu.sg','ThirdParty=Earth Observatory of Singapore;UserTitle=Monsieur','b3d95767b1efd997e068828ebd82e943',0,'<a href=\"/htdocs/contact/card.php?id=6\"><img src=\"/htdocs/theme/bureau2crea/img/object_contact.png\" border=\"0\" alt=\"\" title=\"\"></a>',6,'contact','2016-01-05 15:22:46'),(155,10,42,'PERRIER','Debra A.','dperrier@olemiss.edu','ThirdParty=THE UNIVERSITY OF MISSISSIPPI;UserTitle=Madame','75b0c5eae038c726933ede8a0dfe35b9',0,'<a href=\"/htdocs/contact/card.php?id=42\"><img src=\"/htdocs/theme/bureau2crea/img/object_contact.png\" border=\"0\" alt=\"\" title=\"\"></a>',42,'contact','2016-01-05 15:23:19'),(156,10,34,'GUO','Quan','guoquan@mail.ioa.ac.cn','ThirdParty=Institute of acoustics, chinese academy of sciences;UserTitle=Monsieur','6c4a54f2fcc5da6185b55fbaf87a4004',0,'<a href=\"/htdocs/contact/card.php?id=34\"><img src=\"/htdocs/theme/bureau2crea/img/object_contact.png\" border=\"0\" alt=\"\" title=\"\"></a>',34,'contact','2016-01-05 15:23:25'),(157,10,20,'SMIRNOV','Alexandr','infra.smirnoff@gmail.com','ThirdParty=Institute of Geophysical Researches / Ministry of Energetics;UserTitle=Monsieur','a0631309a34168c8bcf7a3abce75e30f',0,'<a href=\"/htdocs/contact/card.php?id=20\"><img src=\"/htdocs/theme/bureau2crea/img/object_contact.png\" border=\"0\" alt=\"\" title=\"\"></a>',20,'contact','2016-01-05 15:23:25'),(158,10,74,'Tumwikirize','Isaiah','isaiah.tumwikirize@gmail.com','ThirdParty=MINISTRY OF ENERGY AND MINERALS DEVELOPMENT;UserTitle=','9f23d42231acffc35fd21c1dc99ee610',0,'<a href=\"/htdocs/contact/card.php?id=74\"><img src=\"/htdocs/theme/bureau2crea/img/object_contact.png\" border=\"0\" alt=\"\" title=\"\"></a>',74,'contact','2016-01-05 15:23:35'),(159,10,33,'KERANEN','Jukka','Jukka.Keranen@ttl.fi','ThirdParty=Finnish Institute of Occupational Health;UserTitle=Monsieur','6b485c5242d0ca8ef9ab0d0c5939862e',0,'<a href=\"/htdocs/contact/card.php?id=33\"><img src=\"/htdocs/theme/bureau2crea/img/object_contact.png\" border=\"0\" alt=\"\" title=\"\"></a>',33,'contact','2016-01-05 15:23:35'),(160,10,14,'LE MAILLOT','MAXIME','lemaillot@enviroconsult.fr','ThirdParty=ENVIRO CONSULT;UserTitle=Monsieur','9767a9488d91f7824c4fb0575ca9c886',0,'<a href=\"/htdocs/contact/card.php?id=14\"><img src=\"/htdocs/theme/bureau2crea/img/object_contact.png\" border=\"0\" alt=\"\" title=\"\"></a>',14,'contact','2016-01-05 15:23:48'),(161,10,30,'TARVAINEN','Matti','matti.tarvainen@helsinki.fi','ThirdParty=Department of Geosciences and Geosciences Institute of Seism;UserTitle=Monsieur','05a1be6d11e310a10056d636426775d7',0,'<a href=\"/htdocs/contact/card.php?id=30\"><img src=\"/htdocs/theme/bureau2crea/img/object_contact.png\" border=\"0\" alt=\"\" title=\"\"></a>',30,'contact','2016-01-05 15:23:48'),(162,10,12,'MURAYAMA','Takahiko','murayama@jwa.or.jp','ThirdParty=JAPAN WEATHER ASSOCIATION;UserTitle=Monsieur','d79545925da2f2e0eedaed4cb03a0fb7',0,'<a href=\"/htdocs/contact/card.php?id=12\"><img src=\"/htdocs/theme/bureau2crea/img/object_contact.png\" border=\"0\" alt=\"\" title=\"\"></a>',12,'contact','2016-01-05 15:24:03'),(163,10,70,'DECHERF','Olivier','o.decherf@enviroconsult.fr','ThirdParty=ENVIRO CONSULT;UserTitle=Monsieur','3b6e678e053dece344ef15eec835fbd8',0,'<a href=\"/htdocs/contact/card.php?id=70\"><img src=\"/htdocs/theme/bureau2crea/img/object_contact.png\" border=\"0\" alt=\"\" title=\"\"></a>',70,'contact','2016-01-05 15:24:03'),(164,10,10,'WANG','Peter','peter_igpcea@126.com','ThirdParty=Institute of Geophysics, China earthquake Administration;UserTitle=Monsieur','b00aa67a5d480d0cef7647a5ac5a3dff',0,'<a href=\"/htdocs/contact/card.php?id=10\"><img src=\"/htdocs/theme/bureau2crea/img/object_contact.png\" border=\"0\" alt=\"\" title=\"\"></a>',10,'contact','2016-01-05 15:24:12'),(165,10,35,'MATOZA','Robin','rmatoza@ucsd.edu','ThirdParty=Institute of Geophysics and Planetary;UserTitle=Monsieur','bf8cde7a8decedca3f7a6c1813e45433',0,'<a href=\"/htdocs/contact/card.php?id=35\"><img src=\"/htdocs/theme/bureau2crea/img/object_contact.png\" border=\"0\" alt=\"\" title=\"\"></a>',35,'contact','2016-01-05 15:24:12'),(166,10,31,'OI','Takuma','takuma102634@me.com','ThirdParty=Okinawa Institute of Science and Technology;UserTitle=Monsieur','14603054fcf15943fe0e68a51683fb2f',0,'<a href=\"/htdocs/contact/card.php?id=31\"><img src=\"/htdocs/theme/bureau2crea/img/object_contact.png\" border=\"0\" alt=\"\" title=\"\"></a>',31,'contact','2016-01-05 15:24:21'),(167,10,37,'PIPHER','Theresa','tpipher@dawnbreaker.com','ThirdParty=Dawnbreaker, Inc.;UserTitle=Madame','447ab61db6b2fc421a3483adea5caf5c',0,'<a href=\"/htdocs/contact/card.php?id=37\"><img src=\"/htdocs/theme/bureau2crea/img/object_contact.png\" border=\"0\" alt=\"\" title=\"\"></a>',37,'contact','2016-01-05 15:24:21'),(168,10,21,'WOM YOUNG','KIM','wykim@ldeo.columbia.edu','ThirdParty=Columbia University;UserTitle=Monsieur','5f848a1af9cf5ea68fac132d7fe87b8f',0,'<a href=\"/htdocs/contact/card.php?id=21\"><img src=\"/htdocs/theme/bureau2crea/img/object_contact.png\" border=\"0\" alt=\"\" title=\"\"></a>',21,'contact',NULL),(169,10,47,'YANG','Jinge','yangjinge_cnic@126.com','ThirdParty=CNIC;UserTitle=','8ecb2a68b596e1943e9bbbb38f9fb29f',0,'<a href=\"/htdocs/contact/card.php?id=47\"><img src=\"/htdocs/theme/bureau2crea/img/object_contact.png\" border=\"0\" alt=\"\" title=\"\"></a>',47,'contact',NULL),(170,10,8,'KRAMER','Alfred','alfred.kramer@CTBTO.ORG','ThirdParty=CTBTO;UserTitle=Monsieur','21e7f276f405a354c6096148739f9c16',0,'<a href=\"/htdocs/contact/card.php?id=8\"><img src=\"/htdocs/theme/bureau2crea/img/object_contact.png\" border=\"0\" alt=\"\" title=\"\"></a>',8,'contact','2016-01-05 15:22:38'),(171,10,26,'DOURY','Benoit','benoit.doury@ctbto.org','ThirdParty=CTBTO;UserTitle=Monsieur','8cb5d47dfd51b3ae66a10d736e158a7d',0,'<a href=\"/htdocs/contact/card.php?id=26\"><img src=\"/htdocs/theme/bureau2crea/img/object_contact.png\" border=\"0\" alt=\"\" title=\"\"></a>',26,'contact','2016-01-05 15:22:46'),(172,10,13,'FURUYA','Grace','gfuruya@soest.hawaii.edu','ThirdParty=Hawaii Institute of Geophysics & Planetology;UserTitle=Madame','0afaee7bbde77b4fa85c589469258638',0,'<a href=\"/htdocs/contact/card.php?id=13\"><img src=\"/htdocs/theme/bureau2crea/img/object_contact.png\" border=\"0\" alt=\"\" title=\"\"></a>',13,'contact','2016-01-05 15:23:25'),(173,10,29,'MACLEOD','Gordon A.','gordon.macleod@ctbto.org','ThirdParty=CTBTO;UserTitle=Monsieur','eaba7de5e68f3146d781a9077ed3f6c8',0,'<a href=\"/htdocs/contact/card.php?id=29\"><img src=\"/htdocs/theme/bureau2crea/img/object_contact.png\" border=\"0\" alt=\"\" title=\"\"></a>',29,'contact','2016-01-05 15:23:25'),(174,10,27,'MARTY','Julien','julien.marty@ctbto.org','ThirdParty=CTBTO;UserTitle=Monsieur','50cc4b46ad8dc6c7ae8225e628203766',0,'<a href=\"/htdocs/contact/card.php?id=27\"><img src=\"/htdocs/theme/bureau2crea/img/object_contact.png\" border=\"0\" alt=\"\" title=\"\"></a>',27,'contact','2016-01-05 15:23:35'),(175,10,73,'ROCHE','Laurence','laurence.roche@CTBTO.ORG','ThirdParty=CTBTO;UserTitle=Madame','4d39f44c32ba8b32f02c633fdbb13231',0,'<a href=\"/htdocs/contact/card.php?id=73\"><img src=\"/htdocs/theme/bureau2crea/img/object_contact.png\" border=\"0\" alt=\"\" title=\"\"></a>',73,'contact','2016-01-05 15:23:48'),(176,10,72,'SCOTT-HERON','Loverne','loverne.scott-heron@CTBTO.ORG','ThirdParty=CTBTO;UserTitle=Monsieur','890061f7acac1051c651a8106d7e4330',0,'<a href=\"/htdocs/contact/card.php?id=72\"><img src=\"/htdocs/theme/bureau2crea/img/object_contact.png\" border=\"0\" alt=\"\" title=\"\"></a>',72,'contact','2016-01-05 15:23:48'),(177,10,25,'JUSKO','Marian','marian.jusko@ctbto.org','ThirdParty=CTBTO;UserTitle=Monsieur','8620c7bb1b2880abaebbde30e82c9247',0,'<a href=\"/htdocs/contact/card.php?id=25\"><img src=\"/htdocs/theme/bureau2crea/img/object_contact.png\" border=\"0\" alt=\"\" title=\"\"></a>',25,'contact','2016-01-05 15:23:48'),(178,10,1,'GARCES','Milton','milton@isla.hawaii.edu','ThirdParty=Hawaii Institute of Geophysics & Planetology;UserTitle=Monsieur','970f6d6b3eaf202960cc8561b3b1ce72',0,'<a href=\"/htdocs/contact/card.php?id=1\"><img src=\"/htdocs/theme/bureau2crea/img/object_contact.png\" border=\"0\" alt=\"\" title=\"\"></a>',1,'contact','2016-01-05 15:24:03'),(179,10,23,'SYMONS','Neil','npsymon@sandia.gov','ThirdParty=Sandia National Laboratories;UserTitle=','5a1f4322e108f39a0bbf249cc3827491',0,'<a href=\"/htdocs/contact/card.php?id=23\"><img src=\"/htdocs/theme/bureau2crea/img/object_contact.png\" border=\"0\" alt=\"\" title=\"\"></a>',23,'contact','2016-01-05 15:24:03'),(180,10,28,'MARTYSEVICH','Pavel','pavel.martysevich@ctbto.org','ThirdParty=CTBTO;UserTitle=Monsieur','013071325fc80246a99943b67dbe5c60',0,'<a href=\"/htdocs/contact/card.php?id=28\"><img src=\"/htdocs/theme/bureau2crea/img/object_contact.png\" border=\"0\" alt=\"\" title=\"\"></a>',28,'contact','2016-01-05 15:24:12'),(181,10,9,'Rembold','Randy','rkrembo@sandia.gov','ThirdParty=Sandia National Laboratories;UserTitle=Monsieur','dabb50dafe2e4b3fe5120de5e86826bf',0,'<a href=\"/htdocs/contact/card.php?id=9\"><img src=\"/htdocs/theme/bureau2crea/img/object_contact.png\" border=\"0\" alt=\"\" title=\"\"></a>',9,'contact','2016-01-05 15:24:12'),(182,10,71,'STAROVOIT','Yuri','yuri.starovoit@ctbto.org','ThirdParty=CTBTO;UserTitle=Monsieur','d8076865720efe585b6bcf8b4ebaf8d1',0,'<a href=\"/htdocs/contact/card.php?id=71\"><img src=\"/htdocs/theme/bureau2crea/img/object_contact.png\" border=\"0\" alt=\"\" title=\"\"></a>',71,'contact',NULL),(183,10,62,'Le Pichon','Alexis','alexis.le-pichon@cea.fr','ThirdParty=CEA-DAM;UserTitle=Monsieur','818d22c1074cb1af862507f587ab0f37',0,'<a href=\"/htdocs/contact/card.php?id=62\"><img src=\"/htdocs/theme/bureau2crea/img/object_contact.png\" border=\"0\" alt=\"\" title=\"\"></a>',62,'contact','2016-01-05 15:22:38'),(184,10,54,'GUILPART','Bénédicte','benedicte.guilpart@cea.fr','ThirdParty=CEA-DAM;UserTitle=Madame','8c37226e59ccb466183d88d34ada85f5',0,'<a href=\"/htdocs/contact/card.php?id=54\"><img src=\"/htdocs/theme/bureau2crea/img/object_contact.png\" border=\"0\" alt=\"\" title=\"\"></a>',54,'contact','2016-01-05 15:22:38'),(185,10,59,'MILLET','Christophe','christophe.millet@cea.fr','ThirdParty=CEA-DAM;UserTitle=Monsieur','dec8367959ddbc7b04b35768b6261fd0',0,'<a href=\"/htdocs/contact/card.php?id=59\"><img src=\"/htdocs/theme/bureau2crea/img/object_contact.png\" border=\"0\" alt=\"\" title=\"\"></a>',59,'contact','2016-01-05 15:22:46'),(186,10,69,'BLANC','Elisabeth','elisabeth.blanc@cea.fr','ThirdParty=CEA-DAM;UserTitle=Madame','b84a8840d01fadde09c8b37ecc0c8ad8',0,'<a href=\"/htdocs/contact/card.php?id=69\"><img src=\"/htdocs/theme/bureau2crea/img/object_contact.png\" border=\"0\" alt=\"\" title=\"\"></a>',69,'contact','2016-01-05 15:23:19'),(187,10,3,'Fluteau','Frédéric','fluteau@ipgp.fr','ThirdParty=IPGP;UserTitle=Monsieur','3f3a5d361e351e9b664c5388290ee8e0',0,'<a href=\"/htdocs/contact/card.php?id=3\"><img src=\"/htdocs/theme/bureau2crea/img/object_contact.png\" border=\"0\" alt=\"\" title=\"\"></a>',3,'contact','2016-01-05 15:23:19'),(188,10,65,'GUILLOIS','Françis','francis.guillois@cea.fr','ThirdParty=CEA-DAM;UserTitle=Monsieur','45a8075a7854f2eb602f3075876477a9',0,'<a href=\"/htdocs/contact/card.php?id=65\"><img src=\"/htdocs/theme/bureau2crea/img/object_contact.png\" border=\"0\" alt=\"\" title=\"\"></a>',65,'contact','2016-01-05 15:23:19'),(189,10,58,'LARSONNIER','Franck','franck.larsonnier@cea.fr','ThirdParty=CEA-DAM;UserTitle=Monsieur','35ac5c9827aee78be89f97044b8eb2eb',0,'<a href=\"/htdocs/contact/card.php?id=58\"><img src=\"/htdocs/theme/bureau2crea/img/object_contact.png\" border=\"0\" alt=\"\" title=\"\"></a>',58,'contact','2016-01-05 15:23:19'),(190,10,52,'CHAIGNEAU','François','francois.chaigneau@cea.fr','ThirdParty=CEA-DAM;UserTitle=Monsieur','9e7a1df406ecd2438808c24096eb7a31',0,'<a href=\"/htdocs/contact/card.php?id=52\"><img src=\"/htdocs/theme/bureau2crea/img/object_contact.png\" border=\"0\" alt=\"\" title=\"\"></a>',52,'contact','2016-01-05 15:23:19'),(191,10,51,'LARDE','Frédéric','frederic.larde@cea.fr','ThirdParty=CEA-DAM;UserTitle=Monsieur','adc81de6b0f8f77eb60977fa689a65f2',0,'<a href=\"/htdocs/contact/card.php?id=51\"><img src=\"/htdocs/theme/bureau2crea/img/object_contact.png\" border=\"0\" alt=\"\" title=\"\"></a>',51,'contact','2016-01-05 15:23:25'),(192,10,50,'GUINOIS','Ghislaine','ghislaine.guinois@cea.fr','ThirdParty=CEA-DAM;UserTitle=','d732a328f570b4a6c97577fe311f1cc1',0,'<a href=\"/htdocs/contact/card.php?id=50\"><img src=\"/htdocs/theme/bureau2crea/img/object_contact.png\" border=\"0\" alt=\"\" title=\"\"></a>',50,'contact','2016-01-05 15:23:25'),(193,10,60,'NIEF','Guillaume','guillaume.nief@cea.fr','ThirdParty=CEA-DAM;UserTitle=Monsieur','86f5bbf12e7f1b36a084191fe48f24ed',0,'<a href=\"/htdocs/contact/card.php?id=60\"><img src=\"/htdocs/theme/bureau2crea/img/object_contact.png\" border=\"0\" alt=\"\" title=\"\"></a>',60,'contact','2016-01-05 15:23:25'),(194,10,66,'LE BLANC','Jean-Baptiste','Jean-Baptiste.LEBLANC@CEA.FR','ThirdParty=CEA-DAM;UserTitle=Monsieur','7a4cd824415f05cbf57adb68dcf0c05b',0,'<a href=\"/htdocs/contact/card.php?id=66\"><img src=\"/htdocs/theme/bureau2crea/img/object_contact.png\" border=\"0\" alt=\"\" title=\"\"></a>',66,'contact','2016-01-05 15:23:35'),(195,10,67,'RIVIERE','John','john.riviere@cea.fr','ThirdParty=CEA-DAM;UserTitle=Monsieur','66b3eeed2bb28d0b09283c873c43a92d',0,'<a href=\"/htdocs/contact/card.php?id=67\"><img src=\"/htdocs/theme/bureau2crea/img/object_contact.png\" border=\"0\" alt=\"\" title=\"\"></a>',67,'contact','2016-01-05 15:23:35'),(196,10,68,'PROCOT','Julie','julie.procot@cea.fr','ThirdParty=CEA-DAM;UserTitle=Madame','9166a0e89ac527d6aec714622ddaae42',0,'<a href=\"/htdocs/contact/card.php?id=68\"><img src=\"/htdocs/theme/bureau2crea/img/object_contact.png\" border=\"0\" alt=\"\" title=\"\"></a>',68,'contact','2016-01-05 15:23:35'),(197,10,63,'VERGOZ','Julien','julien.vergoz@cea.fr','ThirdParty=CEA-DAM;UserTitle=Monsieur','0a3de5c0da91b882f153517897fe3b36',0,'<a href=\"/htdocs/contact/card.php?id=63\"><img src=\"/htdocs/theme/bureau2crea/img/object_contact.png\" border=\"0\" alt=\"\" title=\"\"></a>',63,'contact','2016-01-05 15:23:35'),(198,10,55,'BOSCA','Laurent','laurent.bosca@cea.fr','ThirdParty=CEA-DAM;UserTitle=Monsieur','81a418dd6be65b9bb11a27a84f3fcb2b',0,'<a href=\"/htdocs/contact/card.php?id=55\"><img src=\"/htdocs/theme/bureau2crea/img/object_contact.png\" border=\"0\" alt=\"\" title=\"\"></a>',55,'contact','2016-01-05 15:23:48'),(199,10,48,'BRACHET','Nicolas','nicolas.brachet@cea.fr','ThirdParty=CEA-DAM;UserTitle=Monsieur','002319ef00c232a29862da7454b6391b',0,'<a href=\"/htdocs/contact/card.php?id=48\"><img src=\"/htdocs/theme/bureau2crea/img/object_contact.png\" border=\"0\" alt=\"\" title=\"\"></a>',48,'contact','2016-01-05 15:24:03'),(200,10,61,'MILLIER','Philippe','philippe.millier@cea.fr','ThirdParty=CEA-DAM;UserTitle=Monsieur','bd0bcd273608b793ac108894bf13b9c3',0,'<a href=\"/htdocs/contact/card.php?id=61\"><img src=\"/htdocs/theme/bureau2crea/img/object_contact.png\" border=\"0\" alt=\"\" title=\"\"></a>',61,'contact','2016-01-05 15:24:12'),(201,10,57,'GAILLARD','Pierre','pierre.gaillard@cea.fr','ThirdParty=CEA-DAM;UserTitle=Monsieur','f21e2d121583eec5f6cf42432c08d715',0,'<a href=\"/htdocs/contact/card.php?id=57\"><img src=\"/htdocs/theme/bureau2crea/img/object_contact.png\" border=\"0\" alt=\"\" title=\"\"></a>',57,'contact','2016-01-05 15:24:12'),(202,10,64,'OLIVIER','Serge','serge.olivier@cea.fr','ThirdParty=CEA-DAM;UserTitle=Monsieur','b51708f0de26f122779fe7cc12589342',0,'<a href=\"/htdocs/contact/card.php?id=64\"><img src=\"/htdocs/theme/bureau2crea/img/object_contact.png\" border=\"0\" alt=\"\" title=\"\"></a>',64,'contact','2016-01-05 15:24:21'),(203,10,56,'DENIS','Stephane','stephane.denis@cea.fr','ThirdParty=CEA-DAM;UserTitle=Monsieur','4f17895a97aed6f1022c99c79be137ee',0,'<a href=\"/htdocs/contact/card.php?id=56\"><img src=\"/htdocs/theme/bureau2crea/img/object_contact.png\" border=\"0\" alt=\"\" title=\"\"></a>',56,'contact','2016-01-05 15:24:21'),(204,10,53,'HERITIER','Thierry','thierry.heritier@cea.fr','ThirdParty=CEA-DAM;UserTitle=Monsieur','b2f1b391d672657a2a1979fa45b5510e',0,'<a href=\"/htdocs/contact/card.php?id=53\"><img src=\"/htdocs/theme/bureau2crea/img/object_contact.png\" border=\"0\" alt=\"\" title=\"\"></a>',53,'contact','2016-01-05 15:24:21'),(205,10,49,'FLAVIN','Valérie','valerie.flavin@cea.fr','ThirdParty=CEA-DAM;UserTitle=Madame','75ed50c2e4d334358adb9cb3eef7a310',0,'<a href=\"/htdocs/contact/card.php?id=49\"><img src=\"/htdocs/theme/bureau2crea/img/object_contact.png\" border=\"0\" alt=\"\" title=\"\"></a>',49,'contact','2016-01-05 15:24:21'),(206,10,2,'VERGNIOLLE','Sylvie','vergniolle@ipgp.fr','ThirdParty=IPGP;UserTitle=','17c3e7feb58a9fbf53f5f30a47e511ad',0,'<a href=\"/htdocs/contact/card.php?id=2\"><img src=\"/htdocs/theme/bureau2crea/img/object_contact.png\" border=\"0\" alt=\"\" title=\"\"></a>',2,'contact','2016-01-05 15:24:21'),(207,10,32,'CHEN','Jian','chenjian@nssc.ac.cn','ThirdParty=National Space Science Center;UserTitle=Madame','609df794c823530829826aa22e4a346c',0,'<a href=\"/htdocs/contact/card.php?id=32\"><img src=\"/htdocs/theme/bureau2crea/img/object_contact.png\" border=\"0\" alt=\"\" title=\"\"></a>',32,'contact','2016-01-05 15:22:46'),(208,10,41,'BONDAR','Istvan','ibondar2014@gmail.com','ThirdParty=Kövesligethy Radó Seismological Observatory;UserTitle=Docteur','5a8c67bfc2af91fc8d42dd9512b8e3d7',0,'<a href=\"/htdocs/contact/card.php?id=41\"><img src=\"/htdocs/theme/bureau2crea/img/object_contact.png\" border=\"0\" alt=\"\" title=\"\"></a>',41,'contact','2016-01-05 15:23:25'),(209,10,38,'Lemperger','Istvan','Lemperger.Istvan@csfk.mta.hu','ThirdParty=MTA CSFK GGI;UserTitle=Monsieur','3c2db325e53bcd76306cdc97439f2d0c',0,'<a href=\"/htdocs/contact/card.php?id=38\"><img src=\"/htdocs/theme/bureau2crea/img/object_contact.png\" border=\"0\" alt=\"\" title=\"\"></a>',38,'contact','2016-01-05 15:23:48'),(210,10,39,'VARGA','Peter','varga@seismology.hu','ThirdParty=MTA CSFK GGI;UserTitle=','52ccb337f82742b78b2b7b4850d91837',0,'<a href=\"/htdocs/contact/card.php?id=39\"><img src=\"/htdocs/theme/bureau2crea/img/object_contact.png\" border=\"0\" alt=\"\" title=\"\"></a>',39,'contact','2016-01-05 15:24:21'),(214,12,34,'GUO','Quan','guoquan@mail.ioa.ac.cn','ThirdParty=Institute of acoustics, chinese academy of sciences;UserTitle=Monsieur','4cd59583aa12d65714625cfb9caa9ea7',2,'<a href=\"/htdocs/contact/card.php?id=34\"><img src=\"/htdocs/theme/bureau2crea/img/object_contact.png\" border=\"0\" alt=\"\" title=\"\"></a>',34,'contact','2016-06-20 14:08:54'),(223,12,10,'WANG','Peter','peter_igpcea@126.com','ThirdParty=Institute of Geophysics, China earthquake Administration;UserTitle=Monsieur','65222bf68d8720488a41646dd20b8f45',2,'<a href=\"/htdocs/contact/card.php?id=10\"><img src=\"/htdocs/theme/bureau2crea/img/object_contact.png\" border=\"0\" alt=\"\" title=\"\"></a>',10,'contact','2016-06-20 14:08:54'),(234,12,32,'CHEN','Jian','chenjian@nssc.ac.cn','ThirdParty=National Space Science Center;UserTitle=Monsieur','e7e6511ff303fc0a247c3ff51fa5650d',2,'<a href=\"/htdocs/contact/card.php?id=32\"><img src=\"/htdocs/theme/bureau2crea/img/object_contact.png\" border=\"0\" alt=\"\" title=\"\"></a>',32,'contact','2016-06-20 14:08:54'),(284,12,82,'WEI','SU','suweidc@hotmail.com','ThirdParty=Institute of Geophysics, China earthquake Administration;UserTitle=','5a2f88818e3e89961aa9d3c5eb530884',2,'<a href=\"/htdocs/contact/card.php?id=82\"><img src=\"/htdocs/theme/bureau2crea/img/object_contact.png\" border=\"0\" alt=\"\" title=\"\"></a>',82,'contact','2016-06-20 14:08:54'),(290,12,0,'YANG','Jinge','cesmovy@126.com','','8489f7ea917a8fd814b4dcc1186b4a35',1,'',NULL,'file','2016-06-20 14:08:54'),(291,13,0,'Ting LI ','LIN','mulas62@gmail.com','','03db41bb7dcda5159aacd0d698878d5c',1,'',NULL,'file','2017-01-05 15:28:18'),(292,13,0,'FISHER','Tomas','fischer@natur.cuni.cz','','67ae2c26ee0669a60195a38c2fd6cca4',1,'',NULL,'file','2017-01-05 15:27:40'),(293,13,0,'ER RAKI','Salah','s.erraki@gmail.com','','56c7ff0f2b1d44f40af77de49a8ba499',1,'',NULL,'file','2017-01-05 15:28:26'),(294,13,0,'EVANGELIDIS','Christos','cevan@noa.gr','','006e08af192774ea733bdc41c2d74582',1,'',NULL,'file','2017-01-05 15:27:24'),(295,13,0,'FAZIO','Marco','marco.fazio@port.ac.uk','','d7002ee25df0e213b53f53b7aed6cb05',1,'',NULL,'file','2017-01-05 15:28:18'),(296,13,0,'Eliasson','Lars','lars.eliasson@irf.se','','8b77ad841d5f9bf67d8af0a34c2b34d0',1,'',NULL,'file','2017-01-05 15:28:15'),(297,13,0,'EL GABRY','Mohamed','elgabrymn@yahoo.com','','2746c15108c8aac227fdb07bdc0af309',1,'',NULL,'file','2017-01-05 15:27:40'),(298,13,0,'DERKX','Fran','francois.derkx@ifsttar.fr','','9b5eee27683fb4b1c6006f41e0aa640f',1,'',NULL,'file','2017-01-05 15:27:40'),(299,13,0,'SARIA','David','david.saria@irap.omp.eu','','ed046e1473959c8a9be6b9c0ac5da163',1,'',NULL,'file','2017-01-05 15:27:35'),(300,13,0,'SHWETHA ','HR','hrshwetha81@gmail.com','','7a1985a86aa0e3f5c33f06dcfc5fe013',1,'',NULL,'file','2017-01-05 15:28:03'),(301,13,0,'Silveira','Gra','mdsilveira@fc.ul.pt','','0c319e3da76f13313df0002da859c62a',1,'',NULL,'file','2017-01-05 15:28:18'),(302,13,0,'P','Irmina','i.poeschl@ic-group.org','','6e136a58a43372f73eebd0f8147f054f',1,'',NULL,'file','2017-01-05 15:28:03'),(303,13,0,'DIMITROVA','Liliya','lidim@geophys.bas.bg','','19ed3c299b6b346c4600722c9031a6db',1,'',NULL,'file','2017-01-05 15:28:15'),(304,13,0,'Martin SANCHEZ','Domingo','domingoalfonso.martin@upm.es','','00e35b1fa3e0d86a58277ab1d5455152',1,'',NULL,'file','2017-01-05 15:27:35'),(305,13,0,'VOGT','Katharina','vogt@iem.at','','a19344aca32c025d94e0ff17484e1053',1,'',NULL,'file','2017-01-05 15:28:34'),(306,13,0,'KWAERNA','Tormod','tormod@norsar.no','','064d1283b33d08df8ec51e97ec224c37',1,'',NULL,'file','2017-01-05 15:28:30'),(307,13,0,'Abanco','Claudia','cabanco@worldsensing.com','','a09e0e5a95b403c5e6ecaa6f375ed97d',1,'',NULL,'file','2017-01-05 15:27:24'),(308,13,0,'SD HONG','Daniel','daniel.hong@oceantech.co.kr','','87e30254ae4de2647017266c6d89d719',1,'',NULL,'file','2017-01-05 15:27:35'),(309,13,0,'STRASER','Valentino','valentino.straser@alice.it','','dae72a5b51c4c1679955b47413e31853',1,'',NULL,'file','2017-01-05 15:28:30'),(310,13,0,'DYKOWSKI','Przemyslaw','przemyslaw.dykowski@igik.edu.pl','','858e700675b7cac5fe871d67d9de7f4c',1,'',NULL,'file','2017-01-05 15:28:26'),(311,13,0,'WOOD','Alan','alan.wood@ntu.ac.UK','','d791c667f3fd1613859ec37d82cecdd9',1,'',NULL,'file','2017-01-05 15:27:19'),(312,13,0,'Karami','','karami.uqam@gmail.com','','8d54a1f436612f040d9a1b7f47d8dbdb',1,'',NULL,'file','2017-01-05 15:28:15'),(313,13,0,'Mejni','Chourouk','chourouk.mejni@gmail.com','','993d0066bd3ddc1b35e3fe93096a39be',1,'',NULL,'file','2017-01-05 15:27:35'),(314,13,0,'opsuslova','','opsuslova@gmail.com','','b303110a13e63dcc99282980b2664da8',1,'',NULL,'file','2017-01-05 15:28:22'),(315,13,0,'VOLK','Meike','meike.volk@ucdconnect.IE','','c529248801b7a24e73feef2f3f4d5b66',1,'',NULL,'file','2017-01-05 15:28:18'),(316,13,0,'LEOPOLD','Philip','philip.leopold@ait.ac.at','','0e647c68bc402bef2919a5be9e51457f',1,'',NULL,'file','2017-01-05 15:28:26'),(317,13,0,'MURYONO','Leonardus','muryono@gmail.com','','1b1d98c56a23db8459a6157c3c4acc71',1,'',NULL,'file','2017-01-05 15:28:22'),(318,13,0,'KHEMIRI','Lofti','ndc-tn@gnet.tn','','85eabbcd8e14057888ae993b8c691b21',1,'',NULL,'file','2017-01-05 15:28:22'),(319,13,0,'NADA','Ahmed','ahmed.nada@nada-eg.net','','518a4e70293ec6b194bbb30c7cd7af6f',1,'',NULL,'file','2017-01-05 15:27:19'),(320,13,0,'PUZAS','Andrius','andrius.puzas@ftmc.lt','','24353cdac4564e966e2b1f4294ac2011',1,'',NULL,'file','2017-01-05 15:27:19'),(321,13,0,'AGREBI','Abdelwaheb','agrebimannou@yahoo.fr','','ee50d55fd57aac5962a0c479837d2d0c',1,'',NULL,'file','2017-01-05 15:27:19'),(322,13,0,'Dalnoki-veress','Ferenc Jacob Rolf','jdalnokiveress@miis.edu','','a51882b38fe5c1d238e4789604115ca0',1,'',NULL,'file','2017-01-05 15:28:11'),(323,13,0,'ARONOV','Vladislav','centr@cgm.org.by','','cf3af9b3172302abaab837ebfd21ee0a',1,'',NULL,'file','2017-01-05 15:27:24'),(324,13,0,'Chedikn Beye','Aboubaker','abeye@aims-senegal.org','','f59ed1d76be950096282c334583679fc',1,'',NULL,'file','2017-01-05 15:27:19'),(325,13,0,'E. Amponsah','Paulina','p.amponsah@gaecgh.org','','186a49ea5cb4940544d51b1fbff4a7c7',1,'',NULL,'file','2017-01-05 15:28:22'),(326,13,40,'CASELLI','Alberto T.','atcaselli@unrn.edu.ar','ThirdParty=Laboratorio de Estudio y Seguimiento de Volcanes Activos;UserTitle=Monsieur','f8450491bead33f18dccc110d506f0bc',1,'<a href=\"/htdocs/contact/card.php?id=40\"><img src=\"/htdocs/theme/bureau2crea/img/object_contact.png\" border=\"0\" alt=\"\" title=\"\"></a>',40,'contact','2017-01-05 15:27:19'),(327,13,22,'BASTIEN','Patrick','bastienp@ldeo.columbia.edu','ThirdParty=Columbia University;UserTitle=Monsieur','85861ee6de25875dd42fa5a336dabe0b',1,'<a href=\"/htdocs/contact/card.php?id=22\"><img src=\"/htdocs/theme/bureau2crea/img/object_contact.png\" border=\"0\" alt=\"\" title=\"\"></a>',22,'contact','2017-01-05 15:27:24'),(328,13,6,'TAISNE','Benoit','BTaisne@ntu.edu.sg','ThirdParty=Earth Observatory of Singapore;UserTitle=Monsieur','b6caed42ebdc6fdc2ce7497930fa3af3',1,'<a href=\"/htdocs/contact/card.php?id=6\"><img src=\"/htdocs/theme/bureau2crea/img/object_contact.png\" border=\"0\" alt=\"\" title=\"\"></a>',6,'contact','2017-01-05 15:27:24'),(329,13,42,'PERRIER','Debra A.','dperrier@olemiss.edu','ThirdParty=THE UNIVERSITY OF MISSISSIPPI;UserTitle=Madame','563cc43cabd12c13a3358a202bd6faae',1,'<a href=\"/htdocs/contact/card.php?id=42\"><img src=\"/htdocs/theme/bureau2crea/img/object_contact.png\" border=\"0\" alt=\"\" title=\"\"></a>',42,'contact','2017-01-05 15:27:35'),(330,13,34,'GUO','Quan','guoquan@mail.ioa.ac.cn','ThirdParty=Institute of acoustics, chinese academy of sciences;UserTitle=Monsieur','110dcbf6630160e195818c3835055e03',1,'<a href=\"/htdocs/contact/card.php?id=34\"><img src=\"/htdocs/theme/bureau2crea/img/object_contact.png\" border=\"0\" alt=\"\" title=\"\"></a>',34,'contact','2017-01-05 15:28:03'),(331,13,20,'SMIRNOV','Alexandr','infra.smirnoff@gmail.com','ThirdParty=Institute of Geophysical Researches / Ministry of Energetics;UserTitle=Monsieur','404d88d79456f7c4c6c8ce3788c301b9',1,'<a href=\"/htdocs/contact/card.php?id=20\"><img src=\"/htdocs/theme/bureau2crea/img/object_contact.png\" border=\"0\" alt=\"\" title=\"\"></a>',20,'contact','2017-01-05 15:28:11'),(332,13,74,'Tumwikirize','Isaiah','isaiah.tumwikirize@gmail.com','ThirdParty=MINISTRY OF ENERGY AND MINERALS DEVELOPMENT;UserTitle=','30e176853da3ee4691402d36d1acc3c6',1,'<a href=\"/htdocs/contact/card.php?id=74\"><img src=\"/htdocs/theme/bureau2crea/img/object_contact.png\" border=\"0\" alt=\"\" title=\"\"></a>',74,'contact','2017-01-05 15:28:11'),(333,13,33,'KERANEN','Jukka','Jukka.Keranen@ttl.fi','ThirdParty=Finnish Institute of Occupational Health;UserTitle=Monsieur','05e4b29af54a1b3fca33680ed02a4d78',1,'<a href=\"/htdocs/contact/card.php?id=33\"><img src=\"/htdocs/theme/bureau2crea/img/object_contact.png\" border=\"0\" alt=\"\" title=\"\"></a>',33,'contact','2017-01-05 15:28:11'),(334,13,14,'LE MAILLOT','MAXIME','lemaillot@enviroconsult.fr','ThirdParty=ENVIRO CONSULT;UserTitle=Monsieur','1ce4d86186230bfe1e18d7cfb4318854',1,'<a href=\"/htdocs/contact/card.php?id=14\"><img src=\"/htdocs/theme/bureau2crea/img/object_contact.png\" border=\"0\" alt=\"\" title=\"\"></a>',14,'contact','2017-01-05 15:28:15'),(335,13,30,'TARVAINEN','Matti','matti.tarvainen@helsinki.fi','ThirdParty=Department of Geosciences and Geosciences Institute of Seism;UserTitle=Monsieur','859dbaba2640167bf5c0cb563314c0b2',1,'<a href=\"/htdocs/contact/card.php?id=30\"><img src=\"/htdocs/theme/bureau2crea/img/object_contact.png\" border=\"0\" alt=\"\" title=\"\"></a>',30,'contact','2017-01-05 15:28:18'),(336,13,12,'MURAYAMA','Takahiko','murayama@jwa.or.jp','ThirdParty=JAPAN WEATHER ASSOCIATION;UserTitle=Monsieur','34d8762fbecf9b9430409783e8f30f6b',1,'<a href=\"/htdocs/contact/card.php?id=12\"><img src=\"/htdocs/theme/bureau2crea/img/object_contact.png\" border=\"0\" alt=\"\" title=\"\"></a>',12,'contact','2017-01-05 15:28:18'),(337,13,70,'DECHERF','Olivier','o.decherf@enviroconsult.fr','ThirdParty=ENVIRO CONSULT;UserTitle=Monsieur','ed8bbd181ed57dc2b8f9ca89daa40105',1,'<a href=\"/htdocs/contact/card.php?id=70\"><img src=\"/htdocs/theme/bureau2crea/img/object_contact.png\" border=\"0\" alt=\"\" title=\"\"></a>',70,'contact','2017-01-05 15:28:22'),(338,13,10,'WANG','Peter','peter_igpcea@126.com','ThirdParty=Institute of Geophysics, China earthquake Administration;UserTitle=Monsieur','b2dc1cb1ab81c60318035ebaeb4bd77f',1,'<a href=\"/htdocs/contact/card.php?id=10\"><img src=\"/htdocs/theme/bureau2crea/img/object_contact.png\" border=\"0\" alt=\"\" title=\"\"></a>',10,'contact','2017-01-05 15:28:22'),(339,13,35,'MATOZA','Robin','rmatoza@ucsd.edu','ThirdParty=Institute of Geophysics and Planetary;UserTitle=Monsieur','55677ac829703efd8eea00fe86189b71',1,'<a href=\"/htdocs/contact/card.php?id=35\"><img src=\"/htdocs/theme/bureau2crea/img/object_contact.png\" border=\"0\" alt=\"\" title=\"\"></a>',35,'contact','2017-01-05 15:28:26'),(340,13,31,'OI','Takuma','takuma102634@me.com','ThirdParty=Okinawa Institute of Science and Technology;UserTitle=Monsieur','95ca4c081777bbd66cfc06e03c29217a',1,'<a href=\"/htdocs/contact/card.php?id=31\"><img src=\"/htdocs/theme/bureau2crea/img/object_contact.png\" border=\"0\" alt=\"\" title=\"\"></a>',31,'contact','2017-01-05 15:28:30'),(341,13,37,'PIPHER','Theresa','tpipher@dawnbreaker.com','ThirdParty=Dawnbreaker, Inc.;UserTitle=Madame','d5e8ba453beed1e8c89baec8ea6185d8',1,'<a href=\"/htdocs/contact/card.php?id=37\"><img src=\"/htdocs/theme/bureau2crea/img/object_contact.png\" border=\"0\" alt=\"\" title=\"\"></a>',37,'contact','2017-01-05 15:28:30'),(342,13,21,'WOM YOUNG','KIM','wykim@ldeo.columbia.edu','ThirdParty=Columbia University;UserTitle=Monsieur','4249d9a3416316da8edbd573f38a08f5',1,'<a href=\"/htdocs/contact/card.php?id=21\"><img src=\"/htdocs/theme/bureau2crea/img/object_contact.png\" border=\"0\" alt=\"\" title=\"\"></a>',21,'contact','2017-01-05 15:28:34'),(343,13,47,'YANG','Jinge','yangjinge_cnic@126.com','ThirdParty=CNIC;UserTitle=','453a56763e0a35de3a5d5e40ab2f8b65',1,'<a href=\"/htdocs/contact/card.php?id=47\"><img src=\"/htdocs/theme/bureau2crea/img/object_contact.png\" border=\"0\" alt=\"\" title=\"\"></a>',47,'contact','2017-01-05 15:28:34'),(344,13,8,'KRAMER','Alfred','alfred.kramer@CTBTO.ORG','ThirdParty=CTBTO;UserTitle=Monsieur','10bd36a3c810fea67b787421cf4f95f2',1,'<a href=\"/htdocs/contact/card.php?id=8\"><img src=\"/htdocs/theme/bureau2crea/img/object_contact.png\" border=\"0\" alt=\"\" title=\"\"></a>',8,'contact','2017-01-05 15:27:19'),(345,13,26,'DOURY','Benoit','benoit.doury@ctbto.org','ThirdParty=CTBTO;UserTitle=Monsieur','39dfb3d7e3964492b9ab62cf728f5114',1,'<a href=\"/htdocs/contact/card.php?id=26\"><img src=\"/htdocs/theme/bureau2crea/img/object_contact.png\" border=\"0\" alt=\"\" title=\"\"></a>',26,'contact','2017-01-05 15:27:24'),(346,13,13,'FURUYA','Grace','gfuruya@soest.hawaii.edu','ThirdParty=Hawaii Institute of Geophysics & Planetology;UserTitle=Madame','57b721bdfaa91d3f6f7b01636a8572ac',1,'<a href=\"/htdocs/contact/card.php?id=13\"><img src=\"/htdocs/theme/bureau2crea/img/object_contact.png\" border=\"0\" alt=\"\" title=\"\"></a>',13,'contact','2017-01-05 15:28:03'),(347,13,29,'MACLEOD','Gordon A.','gordon.macleod@ctbto.org','ThirdParty=CTBTO;UserTitle=Monsieur','9849c16aa6e65412dfa6b0678f8c3779',1,'<a href=\"/htdocs/contact/card.php?id=29\"><img src=\"/htdocs/theme/bureau2crea/img/object_contact.png\" border=\"0\" alt=\"\" title=\"\"></a>',29,'contact','2017-01-05 15:28:03'),(348,13,27,'MARTY','Julien','julien.marty@ctbto.org','ThirdParty=CTBTO;UserTitle=Monsieur','2c4df94f381328f02d6294a0ef8afc89',1,'<a href=\"/htdocs/contact/card.php?id=27\"><img src=\"/htdocs/theme/bureau2crea/img/object_contact.png\" border=\"0\" alt=\"\" title=\"\"></a>',27,'contact','2017-01-05 15:28:15'),(349,13,73,'ROCHE','Laurence','laurence.roche@CTBTO.ORG','ThirdParty=CTBTO;UserTitle=Madame','7bc3bed3374e995d4f0fe84341bde191',1,'<a href=\"/htdocs/contact/card.php?id=73\"><img src=\"/htdocs/theme/bureau2crea/img/object_contact.png\" border=\"0\" alt=\"\" title=\"\"></a>',73,'contact','2017-01-05 15:28:15'),(350,13,72,'SCOTT-HERON','Loverne','loverne.scott-heron@CTBTO.ORG','ThirdParty=CTBTO;UserTitle=Monsieur','aa9e521ac038ded84987fe589ef605d2',1,'<a href=\"/htdocs/contact/card.php?id=72\"><img src=\"/htdocs/theme/bureau2crea/img/object_contact.png\" border=\"0\" alt=\"\" title=\"\"></a>',72,'contact','2017-01-05 15:28:18'),(351,13,25,'JUSKO','Marian','marian.jusko@ctbto.org','ThirdParty=CTBTO;UserTitle=Monsieur','28786ac7347a6f5e1cd434bb72bd0f44',1,'<a href=\"/htdocs/contact/card.php?id=25\"><img src=\"/htdocs/theme/bureau2crea/img/object_contact.png\" border=\"0\" alt=\"\" title=\"\"></a>',25,'contact','2017-01-05 15:28:18'),(352,13,1,'GARCES','Milton','milton@isla.hawaii.edu','ThirdParty=Hawaii Institute of Geophysics & Planetology;UserTitle=Monsieur','574c043e4cac3d427278c8f0d010d13d',1,'<a href=\"/htdocs/contact/card.php?id=1\"><img src=\"/htdocs/theme/bureau2crea/img/object_contact.png\" border=\"0\" alt=\"\" title=\"\"></a>',1,'contact','2017-01-05 15:28:18'),(353,13,23,'SYMONS','Neil','npsymon@sandia.gov','ThirdParty=Sandia National Laboratories;UserTitle=','65a313e306d0228d97f8306544d4fc11',1,'<a href=\"/htdocs/contact/card.php?id=23\"><img src=\"/htdocs/theme/bureau2crea/img/object_contact.png\" border=\"0\" alt=\"\" title=\"\"></a>',23,'contact','2017-01-05 15:28:22'),(354,13,28,'MARTYSEVICH','Pavel','pavel.martysevich@ctbto.org','ThirdParty=CTBTO;UserTitle=Monsieur','c637ed5a3b20ce234b084c05fa206d52',1,'<a href=\"/htdocs/contact/card.php?id=28\"><img src=\"/htdocs/theme/bureau2crea/img/object_contact.png\" border=\"0\" alt=\"\" title=\"\"></a>',28,'contact','2017-01-05 15:28:22'),(355,13,9,'Rembold','Randy','rkrembo@sandia.gov','ThirdParty=Sandia National Laboratories;UserTitle=Monsieur','0c6da760c6bebba96d2f4664d9d10be2',1,'<a href=\"/htdocs/contact/card.php?id=9\"><img src=\"/htdocs/theme/bureau2crea/img/object_contact.png\" border=\"0\" alt=\"\" title=\"\"></a>',9,'contact','2017-01-05 15:28:26'),(356,13,71,'STAROVOIT','Yuri','yuri.starovoit@ctbto.org','ThirdParty=CTBTO;UserTitle=Monsieur','aa66aacf15fdda683ad45e87fc745a5c',1,'<a href=\"/htdocs/contact/card.php?id=71\"><img src=\"/htdocs/theme/bureau2crea/img/object_contact.png\" border=\"0\" alt=\"\" title=\"\"></a>',71,'contact','2017-01-05 15:28:34'),(357,13,62,'Le Pichon','Alexis','alexis.le-pichon@cea.fr','ThirdParty=CEA-DAM;UserTitle=Monsieur','60a7c8856ea98d99670d03bab056510e',1,'<a href=\"/htdocs/contact/card.php?id=62\"><img src=\"/htdocs/theme/bureau2crea/img/object_contact.png\" border=\"0\" alt=\"\" title=\"\"></a>',62,'contact','2017-01-05 15:27:19'),(358,13,54,'GUILPART','Bénédicte','benedicte.guilpart@cea.fr','ThirdParty=CEA-DAM;UserTitle=Madame','c7b9ac9b37c3efeee8c19d4813c7f52b',1,'<a href=\"/htdocs/contact/card.php?id=54\"><img src=\"/htdocs/theme/bureau2crea/img/object_contact.png\" border=\"0\" alt=\"\" title=\"\"></a>',54,'contact','2017-01-05 15:27:24'),(359,13,59,'MILLET','Christophe','christophe.millet@cea.fr','ThirdParty=CEA-DAM;UserTitle=Monsieur','23030c7d1412302b9f8bf02efb3ba978',1,'<a href=\"/htdocs/contact/card.php?id=59\"><img src=\"/htdocs/theme/bureau2crea/img/object_contact.png\" border=\"0\" alt=\"\" title=\"\"></a>',59,'contact','2017-01-05 15:27:35'),(360,13,69,'BLANC','Elisabeth','elisabeth.blanc@cea.fr','ThirdParty=CEA-DAM;UserTitle=Madame','142049845ef334e52901e8360534ba89',1,'<a href=\"/htdocs/contact/card.php?id=69\"><img src=\"/htdocs/theme/bureau2crea/img/object_contact.png\" border=\"0\" alt=\"\" title=\"\"></a>',69,'contact','2017-01-05 15:27:40'),(361,13,3,'Fluteau','Frédéric','fluteau@ipgp.fr','ThirdParty=IPGP;UserTitle=Monsieur','55c6433eeca6f371859ad5dc2dfcbbc0',1,'<a href=\"/htdocs/contact/card.php?id=3\"><img src=\"/htdocs/theme/bureau2crea/img/object_contact.png\" border=\"0\" alt=\"\" title=\"\"></a>',3,'contact','2017-01-05 15:27:40'),(362,13,65,'GUILLOIS','Françis','francis.guillois@cea.fr','ThirdParty=CEA-DAM;UserTitle=Monsieur','2dc6ecfe67b09f47ae770ed38e562221',1,'<a href=\"/htdocs/contact/card.php?id=65\"><img src=\"/htdocs/theme/bureau2crea/img/object_contact.png\" border=\"0\" alt=\"\" title=\"\"></a>',65,'contact','2017-01-05 15:27:40'),(363,13,58,'LARSONNIER','Franck','franck.larsonnier@cea.fr','ThirdParty=CEA-DAM;UserTitle=Monsieur','e8548c2635905d9a0791ae7020d135b0',1,'<a href=\"/htdocs/contact/card.php?id=58\"><img src=\"/htdocs/theme/bureau2crea/img/object_contact.png\" border=\"0\" alt=\"\" title=\"\"></a>',58,'contact','2017-01-05 15:27:40'),(364,13,52,'CHAIGNEAU','François','francois.chaigneau@cea.fr','ThirdParty=CEA-DAM;UserTitle=Monsieur','701b9140460eab4d819e6c4e5f42a47e',1,'<a href=\"/htdocs/contact/card.php?id=52\"><img src=\"/htdocs/theme/bureau2crea/img/object_contact.png\" border=\"0\" alt=\"\" title=\"\"></a>',52,'contact','2017-01-05 15:27:40'),(365,13,51,'LARDE','Frédéric','frederic.larde@cea.fr','ThirdParty=CEA-DAM;UserTitle=Monsieur','e6a087fc1c6c08677dd1730b48dccf94',1,'<a href=\"/htdocs/contact/card.php?id=51\"><img src=\"/htdocs/theme/bureau2crea/img/object_contact.png\" border=\"0\" alt=\"\" title=\"\"></a>',51,'contact','2017-01-05 15:27:40'),(366,13,50,'GUINOIS','Ghislaine','ghislaine.guinois@cea.fr','ThirdParty=CEA-DAM;UserTitle=','941add8a32a616e00fe37879b8e8eabc',1,'<a href=\"/htdocs/contact/card.php?id=50\"><img src=\"/htdocs/theme/bureau2crea/img/object_contact.png\" border=\"0\" alt=\"\" title=\"\"></a>',50,'contact','2017-01-05 15:28:03'),(367,13,60,'NIEF','Guillaume','guillaume.nief@cea.fr','ThirdParty=CEA-DAM;UserTitle=Monsieur','0790b1f8630eba33435e692060c5a839',1,'<a href=\"/htdocs/contact/card.php?id=60\"><img src=\"/htdocs/theme/bureau2crea/img/object_contact.png\" border=\"0\" alt=\"\" title=\"\"></a>',60,'contact','2017-01-05 15:28:03'),(368,13,66,'LE BLANC','Jean-Baptiste','Jean-Baptiste.LEBLANC@CEA.FR','ThirdParty=CEA-DAM;UserTitle=Monsieur','013518e649fa83ef6b5d0996c75ca71b',1,'<a href=\"/htdocs/contact/card.php?id=66\"><img src=\"/htdocs/theme/bureau2crea/img/object_contact.png\" border=\"0\" alt=\"\" title=\"\"></a>',66,'contact','2017-01-05 15:28:11'),(369,13,67,'RIVIERE','John','john.riviere@cea.fr','ThirdParty=CEA-DAM;UserTitle=Monsieur','df2e77861f427e65626f8f024fa879c7',1,'<a href=\"/htdocs/contact/card.php?id=67\"><img src=\"/htdocs/theme/bureau2crea/img/object_contact.png\" border=\"0\" alt=\"\" title=\"\"></a>',67,'contact','2017-01-05 15:28:11'),(370,13,68,'PROCOT','Julie','julie.procot@cea.fr','ThirdParty=CEA-DAM;UserTitle=Madame','8bf92c9f17185a9ff67676ae9208f1cd',1,'<a href=\"/htdocs/contact/card.php?id=68\"><img src=\"/htdocs/theme/bureau2crea/img/object_contact.png\" border=\"0\" alt=\"\" title=\"\"></a>',68,'contact','2017-01-05 15:28:15'),(371,13,63,'VERGOZ','Julien','julien.vergoz@cea.fr','ThirdParty=CEA-DAM;UserTitle=Monsieur','c1ee8f43bf5836b7e81907cf5bece174',1,'<a href=\"/htdocs/contact/card.php?id=63\"><img src=\"/htdocs/theme/bureau2crea/img/object_contact.png\" border=\"0\" alt=\"\" title=\"\"></a>',63,'contact','2017-01-05 15:28:15'),(372,13,55,'BOSCA','Laurent','laurent.bosca@cea.fr','ThirdParty=CEA-DAM;UserTitle=Monsieur','c516c005827d6f38a2b949bda8c6103f',1,'<a href=\"/htdocs/contact/card.php?id=55\"><img src=\"/htdocs/theme/bureau2crea/img/object_contact.png\" border=\"0\" alt=\"\" title=\"\"></a>',55,'contact','2017-01-05 15:28:15'),(373,13,48,'BRACHET','Nicolas','nicolas.brachet@cea.fr','ThirdParty=CEA-DAM;UserTitle=Monsieur','06ff8cb8ab9ad59b7fd05cc5fe37b267',1,'<a href=\"/htdocs/contact/card.php?id=48\"><img src=\"/htdocs/theme/bureau2crea/img/object_contact.png\" border=\"0\" alt=\"\" title=\"\"></a>',48,'contact','2017-01-05 15:28:22'),(374,13,61,'MILLIER','Philippe','philippe.millier@cea.fr','ThirdParty=CEA-DAM;UserTitle=Monsieur','f73856d8ab440af6c2b9801ee8f0e2ed',1,'<a href=\"/htdocs/contact/card.php?id=61\"><img src=\"/htdocs/theme/bureau2crea/img/object_contact.png\" border=\"0\" alt=\"\" title=\"\"></a>',61,'contact','2017-01-05 15:28:26'),(375,13,57,'GAILLARD','Pierre','pierre.gaillard@cea.fr','ThirdParty=CEA-DAM;UserTitle=Monsieur','6087ee906fd431ad0a5f9deb65c6b0f5',1,'<a href=\"/htdocs/contact/card.php?id=57\"><img src=\"/htdocs/theme/bureau2crea/img/object_contact.png\" border=\"0\" alt=\"\" title=\"\"></a>',57,'contact','2017-01-05 15:28:26'),(376,13,64,'OLIVIER','Serge','serge.olivier@cea.fr','ThirdParty=CEA-DAM;UserTitle=Monsieur','6ae190acabd4bf3b4bda3129034b950a',1,'<a href=\"/htdocs/contact/card.php?id=64\"><img src=\"/htdocs/theme/bureau2crea/img/object_contact.png\" border=\"0\" alt=\"\" title=\"\"></a>',64,'contact','2017-01-05 15:28:30'),(377,13,56,'DENIS','Stephane','stephane.denis@cea.fr','ThirdParty=CEA-DAM;UserTitle=Monsieur','635f87560c1cfd4e52993b663f88ae70',1,'<a href=\"/htdocs/contact/card.php?id=56\"><img src=\"/htdocs/theme/bureau2crea/img/object_contact.png\" border=\"0\" alt=\"\" title=\"\"></a>',56,'contact','2017-01-05 15:28:30'),(378,13,53,'HERITIER','Thierry','thierry.heritier@cea.fr','ThirdParty=CEA-DAM;UserTitle=Monsieur','6fd3834c18b1cadc52270bbe9fcef73f',1,'<a href=\"/htdocs/contact/card.php?id=53\"><img src=\"/htdocs/theme/bureau2crea/img/object_contact.png\" border=\"0\" alt=\"\" title=\"\"></a>',53,'contact','2017-01-05 15:28:30'),(379,13,49,'FLAVIN','Valérie','valerie.flavin@cea.fr','ThirdParty=CEA-DAM;UserTitle=Madame','dc232545d92dc915311e1a85c05b216d',1,'<a href=\"/htdocs/contact/card.php?id=49\"><img src=\"/htdocs/theme/bureau2crea/img/object_contact.png\" border=\"0\" alt=\"\" title=\"\"></a>',49,'contact','2017-01-05 15:28:34'),(380,13,2,'VERGNIOLLE','Sylvie','vergniolle@ipgp.fr','ThirdParty=IPGP;UserTitle=','9187096753770dbc8068783ae0a28056',1,'<a href=\"/htdocs/contact/card.php?id=2\"><img src=\"/htdocs/theme/bureau2crea/img/object_contact.png\" border=\"0\" alt=\"\" title=\"\"></a>',2,'contact','2017-01-05 15:28:34'),(381,13,32,'CHEN','Jian','chenjian@nssc.ac.cn','ThirdParty=National Space Science Center;UserTitle=Madame','e2b18b9a835342b1136948faab30c507',1,'<a href=\"/htdocs/contact/card.php?id=32\"><img src=\"/htdocs/theme/bureau2crea/img/object_contact.png\" border=\"0\" alt=\"\" title=\"\"></a>',32,'contact','2017-01-05 15:27:35'),(382,13,41,'BONDAR','Istvan','ibondar2014@gmail.com','ThirdParty=Kövesligethy Radó Seismological Observatory;UserTitle=Docteur','cb5cb6f862f18d14727a0321d64e7bcd',1,'<a href=\"/htdocs/contact/card.php?id=41\"><img src=\"/htdocs/theme/bureau2crea/img/object_contact.png\" border=\"0\" alt=\"\" title=\"\"></a>',41,'contact','2017-01-05 15:28:11'),(383,13,38,'Lemperger','Istvan','Lemperger.Istvan@csfk.mta.hu','ThirdParty=MTA CSFK GGI;UserTitle=Monsieur','04677a711218c9fe40e26889b1307341',1,'<a href=\"/htdocs/contact/card.php?id=38\"><img src=\"/htdocs/theme/bureau2crea/img/object_contact.png\" border=\"0\" alt=\"\" title=\"\"></a>',38,'contact','2017-01-05 15:28:15'),(384,13,39,'VARGA','Peter','varga@seismology.hu','ThirdParty=MTA CSFK GGI;UserTitle=','259f2b133d3c714341a9c6fff8772931',1,'<a href=\"/htdocs/contact/card.php?id=39\"><img src=\"/htdocs/theme/bureau2crea/img/object_contact.png\" border=\"0\" alt=\"\" title=\"\"></a>',39,'contact','2017-01-05 15:28:34'),(385,13,0,'NUNEZ','Andres','anunez47@ucmerced.edu','','acbbfafd870476e2392d2be8c8075b0b',1,'',NULL,'file','2017-01-05 15:27:19'),(386,13,0,'HIDAYAT','Dannie','dhidayat@ntu.edu.sg','','09f1d8a4003584df9ae7470da64e4801',1,'',NULL,'file','2017-01-05 15:27:35'),(387,13,0,'DILLON','Timothy','timothy.dillon@ndus.edu','','075d319b9e644a0a910904606fc6510f',1,'',NULL,'file','2017-01-05 15:28:30'),(388,13,0,'VENANZI','Philip','philv@aftac.gov','','05dd8514afdc08fa10de3134739516c7',1,'',NULL,'file','2017-01-05 15:28:26'),(389,13,0,'Terrill W.','Ray','rayte@state.gov','','8292ce187709df065f2d2fc3735c2360',1,'',NULL,'file','2017-01-05 15:28:26'),(390,13,0,'EVERS','Laslo','evers@knmi.nl','','412883c386b2b3cfdc3c18630fb1bd76',1,'',NULL,'file','2017-01-05 15:27:40'),(391,13,0,'GREEN','David','dgreen@blacknest.gov.uk','','51c580880f8e544acf4d4888c4b6c519',1,'',NULL,'file','2017-01-05 15:27:35'),(392,13,0,'NIPRESS','Alexandra','alex@blacknest.gov.uk','','f3f0700aa51c2070041cd3196509ddea',1,'',NULL,'file','2017-01-05 15:27:19'),(393,13,0,'FEE','David','dfee@gi.alaska.edu','','2dc119780da6770edcf7c60a7d575311',1,'',NULL,'file','2017-01-05 15:27:35'),(394,13,0,'MARCILLO','Omar','omarcillo@lanl.gov','','a2b91eec834475366d098ffec9a86f21',1,'',NULL,'file','2017-01-05 15:28:22'),(395,13,0,'Santos Jovero','Jhoanna Paula ','JoveroJPS@ntu.edu.sg','','3789cdb62145cd36605a732a62fd1381',1,'',NULL,'file','2017-01-05 15:28:11'),(396,13,0,'PEYCHAUD','Jérémy','j.peychaud@enviroearth.fr','','9cc601def619e660bf07b94f9e5fd0b8',1,'',NULL,'file','2017-01-05 15:28:11'),(397,13,0,'ESCUDIER','Marc','m.escudier@enviroearth.fr','','d9defe055d69c89090a68787710dcc2a',1,'',NULL,'file','2017-01-05 15:28:18'),(398,13,0,'RAMBOLAMANANA','Gérard','g_rambolamanana@yahoo.fr','','00407e3dc41882e66357722c64db8a45',1,'',NULL,'file','2017-01-05 15:28:03'),(399,13,0,'TIENDREBEOGO','Emile','t.emile@cnrst.bf','','2b8f657ef5e1f41dae12f55e0f0299c4',1,'',NULL,'file','2017-01-05 15:28:30'),(400,13,0,'WEI','SU','suweidc@hotmail.com','','d2fbf33fb9d8b4ff9247e86cc0df1a12',1,'',NULL,'file','2017-01-05 15:28:30'),(401,13,0,'NOUVEL','Guy','guy.nouvel@intradef.gouv.fr','','cb81f4dff8ebdb0c67546b0fc088ed8c',1,'',NULL,'file','2017-01-05 15:28:03'),(402,13,0,'SZABO','Gyuri','Gyuri.Szabo@t-online.de','','aa9835e1405d05019367dc236e8171fd',1,'',NULL,'file','2017-01-05 15:28:03'),(403,13,0,'MERCHANT','Bion John','bjmerch@sandia.gov','','a84c88c7a0c98f72d79c3b84bc17f7ce',1,'',NULL,'file','2017-01-05 15:27:24'),(404,13,0,'FIGUERES','Vincent','vincfig@gmail.com','','784b4fbb11d587f9ec172b3cc5f702f3',1,'',NULL,'file','2017-01-05 15:28:34'),(405,13,0,'LEE','Seok-tae','seoktae.rhee@gmail.com','','8e664f0c2b54e3896f2e692a61426598',1,'',NULL,'file','2017-01-05 15:28:26'),(406,13,0,'DELAGE','Cédric','c.delage@fedd.fr','','c567ccedffcf34ee27ffd35e1332a47c',1,'',NULL,'file','2017-01-05 15:27:24'),(407,13,0,'JAMET','Cédric','c.jamet@fedd.fr','','250dcb5209c0e8cc9a175493d6c89030',1,'',NULL,'file','2017-01-05 15:27:24'),(408,13,0,'ROBERTSON','James','james.robertson@ctbto.org','','5e80cf989c3dcf0e68cc92e60bbd7654',1,'',NULL,'file','2017-01-05 15:28:11'),(409,14,40,'CASELLI','Alberto T.','atcaselli@unrn.edu.ar','ThirdParty=Laboratorio de Estudio y Seguimiento de Volcanes Activos;UserTitle=Monsieur','7cc902827d8e10f442e6bab341135fe6',2,'<a href=\"/htdocs/contact/card.php?id=40\"><img src=\"/htdocs/theme/md/img/object_contact.png\" border=\"0\" alt=\"\" title=\"\"></a>',40,'contact','2017-03-14 13:56:15'),(410,14,22,'BASTIEN','Patrick','bastienp@ldeo.columbia.edu','ThirdParty=Columbia University;UserTitle=Monsieur','cccad4c9432ca4ce1776878ae28eac04',1,'<a href=\"/htdocs/contact/card.php?id=22\"><img src=\"/htdocs/theme/md/img/object_contact.png\" border=\"0\" alt=\"\" title=\"\"></a>',22,'contact','2017-03-14 13:56:15'),(411,14,34,'GUO','Quan','guoquan@mail.ioa.ac.cn','ThirdParty=Institute of acoustics, chinese academy of sciences;UserTitle=Monsieur','778f25dff26dc3b923f0e694d9b41e98',1,'<a href=\"/htdocs/contact/card.php?id=34\"><img src=\"/htdocs/theme/md/img/object_contact.png\" border=\"0\" alt=\"\" title=\"\"></a>',34,'contact','2017-03-14 13:56:31'),(412,14,41,'BONDAR','Istvan','ibondar2014@gmail.com','ThirdParty=Kövesligethy Radó Seismological Observatory;UserTitle=Docteur','83106da64b38e6c6bf76e4a610c4ab24',2,'<a href=\"/htdocs/contact/card.php?id=41\"><img src=\"/htdocs/theme/md/img/object_contact.png\" border=\"0\" alt=\"\" title=\"\"></a>',41,'contact','2017-03-14 13:56:36'),(413,14,20,'SMIRNOV','Alexandr','infra.smirnoff@gmail.com','ThirdParty=Institute of Geophysical Researches / Ministry of Energetics;UserTitle=Monsieur','3be7af2ec83c1850fe93d0a359a894a6',2,'<a href=\"/htdocs/contact/card.php?id=20\"><img src=\"/htdocs/theme/md/img/object_contact.png\" border=\"0\" alt=\"\" title=\"\"></a>',20,'contact','2017-03-14 13:56:36'),(414,14,74,'Tumwikirize','Isaiah','isaiah.tumwikirize@gmail.com','ThirdParty=MINISTRY OF ENERGY AND MINERALS DEVELOPMENT;UserTitle=','78348251312e056c7a95fa6c0fd9a1fd',2,'<a href=\"/htdocs/contact/card.php?id=74\"><img src=\"/htdocs/theme/md/img/object_contact.png\" border=\"0\" alt=\"\" title=\"\"></a>',74,'contact','2017-03-14 13:56:36'),(415,14,33,'KERANEN','Jukka','Jukka.Keranen@ttl.fi','ThirdParty=Finnish Institute of Occupational Health;UserTitle=Monsieur','57c6879527e5ec3234ae5ca252d95039',1,'<a href=\"/htdocs/contact/card.php?id=33\"><img src=\"/htdocs/theme/md/img/object_contact.png\" border=\"0\" alt=\"\" title=\"\"></a>',33,'contact','2017-03-14 13:56:40'),(416,14,38,'Lemperger','Istvan','Lemperger.Istvan@csfk.mta.hu','ThirdParty=MTA CSFK GGI;UserTitle=Monsieur','d63461a2ce9310af5f718b73cdbb6213',1,'<a href=\"/htdocs/contact/card.php?id=38\"><img src=\"/htdocs/theme/md/img/object_contact.png\" border=\"0\" alt=\"\" title=\"\"></a>',38,'contact','2017-03-14 13:56:44'),(417,14,30,'TARVAINEN','Matti','matti.tarvainen@helsinki.fi','ThirdParty=Department of Geosciences and Geosciences Institute of Seism;UserTitle=Monsieur','c3d5fc1aef0529afaed278db0297e8d5',1,'<a href=\"/htdocs/contact/card.php?id=30\"><img src=\"/htdocs/theme/md/img/object_contact.png\" border=\"0\" alt=\"\" title=\"\"></a>',30,'contact','2017-03-14 13:56:49'),(418,14,36,'LIN','Ting Li','mulas62@gmail.com','ThirdParty=National Cheng Kung University;UserTitle=Monsieur','95791985aafcd33ca3f0cbdf81f9ada6',2,'<a href=\"/htdocs/contact/card.php?id=36\"><img src=\"/htdocs/theme/md/img/object_contact.png\" border=\"0\" alt=\"\" title=\"\"></a>',36,'contact','2017-03-14 13:56:55'),(419,14,12,'MURAYAMA','Takahiko','murayama@jwa.or.jp','ThirdParty=JAPAN WEATHER ASSOCIATION;UserTitle=Monsieur','bbdccf42ef59dbab343b1b3c81a8955e',1,'<a href=\"/htdocs/contact/card.php?id=12\"><img src=\"/htdocs/theme/md/img/object_contact.png\" border=\"0\" alt=\"\" title=\"\"></a>',12,'contact','2017-03-14 13:56:55'),(420,14,10,'WANG','Peter','peter_igpcea@126.com','ThirdParty=Institute of Geophysics, China earthquake Administration;UserTitle=Monsieur','f0576b7690aa73b18e9e76f81f7ed248',2,'<a href=\"/htdocs/contact/card.php?id=10\"><img src=\"/htdocs/theme/md/img/object_contact.png\" border=\"0\" alt=\"\" title=\"\"></a>',10,'contact','2017-03-14 13:56:59'),(421,14,35,'MATOZA','Robin','rmatoza@ucsd.edu','ThirdParty=Institute of Geophysics and Planetary;UserTitle=Monsieur','199d0b1bbe4dd246e4e629d85fe6dda4',1,'<a href=\"/htdocs/contact/card.php?id=35\"><img src=\"/htdocs/theme/md/img/object_contact.png\" border=\"0\" alt=\"\" title=\"\"></a>',35,'contact','2017-03-14 13:57:08'),(422,14,82,'WEI','SU','suweidc@hotmail.com','ThirdParty=Institute of Geophysics, China earthquake Administration;UserTitle=','a981f605d93a83cd8b0ec672f93c0dac',2,'<a href=\"/htdocs/contact/card.php?id=82\"><img src=\"/htdocs/theme/md/img/object_contact.png\" border=\"0\" alt=\"\" title=\"\"></a>',82,'contact','2017-03-14 13:57:12'),(423,14,31,'OI','Takuma','takuma102634@me.com','ThirdParty=Okinawa Institute of Science and Technology;UserTitle=Monsieur','7d10498db24c0304c9bc33a6142e34a6',2,'<a href=\"/htdocs/contact/card.php?id=31\"><img src=\"/htdocs/theme/md/img/object_contact.png\" border=\"0\" alt=\"\" title=\"\"></a>',31,'contact','2017-03-14 13:57:12'),(424,14,37,'PIPHER','Theresa','tpipher@dawnbreaker.com','ThirdParty=Dawnbreaker, Inc.;UserTitle=Madame','0ca6b868a4a3c6447cc30bd35c28b84c',1,'<a href=\"/htdocs/contact/card.php?id=37\"><img src=\"/htdocs/theme/md/img/object_contact.png\" border=\"0\" alt=\"\" title=\"\"></a>',37,'contact','2017-03-14 13:57:12'),(425,14,39,'VARGA','Peter','varga@seismology.hu','ThirdParty=MTA CSFK GGI;UserTitle=','42153ac6613c751eb7c33bde83907d34',2,'<a href=\"/htdocs/contact/card.php?id=39\"><img src=\"/htdocs/theme/md/img/object_contact.png\" border=\"0\" alt=\"\" title=\"\"></a>',39,'contact','2017-03-14 13:57:12'),(426,14,21,'WOM YOUNG','KIM','wykim@ldeo.columbia.edu','ThirdParty=Columbia University;UserTitle=Monsieur','584976583c37ab4f96dd9d43a1f3f24d',1,'<a href=\"/htdocs/contact/card.php?id=21\"><img src=\"/htdocs/theme/md/img/object_contact.png\" border=\"0\" alt=\"\" title=\"\"></a>',21,'contact','2017-03-14 13:57:40'),(427,14,83,'BOYER','Daniel','administration@lsbb.eu','ThirdParty=C.N.R.S;UserTitle=Monsieur','8d389d5aa9cc43b6ff8f38ca00cfddf3',2,'<a href=\"/htdocs/contact/card.php?id=83\"><img src=\"/htdocs/theme/md/img/object_contact.png\" border=\"0\" alt=\"\" title=\"\"></a>',83,'contact','2017-03-14 13:56:07'),(428,14,62,'Le Pichon','Alexis','alexis.le-pichon@cea.fr','ThirdParty=CEA-DAM;UserTitle=Monsieur','bd772eaf5f6441cecc620f1c2ad69ca3',1,'<a href=\"/htdocs/contact/card.php?id=62\"><img src=\"/htdocs/theme/md/img/object_contact.png\" border=\"0\" alt=\"\" title=\"\"></a>',62,'contact','2017-03-14 13:56:07'),(429,14,8,'KRAMER','Alfred','alfred.kramer@CTBTO.ORG','ThirdParty=CTBTO;UserTitle=Monsieur','7c83ba92f1fd991e40682bbd89adeab3',1,'<a href=\"/htdocs/contact/card.php?id=8\"><img src=\"/htdocs/theme/md/img/object_contact.png\" border=\"0\" alt=\"\" title=\"\"></a>',8,'contact','2017-03-14 13:56:07'),(430,14,54,'GUILPART','Bénédicte','benedicte.guilpart@cea.fr','ThirdParty=CEA-DAM;UserTitle=Madame','4c458b931775a11bf364ac0dc9cbf98a',1,'<a href=\"/htdocs/contact/card.php?id=54\"><img src=\"/htdocs/theme/md/img/object_contact.png\" border=\"0\" alt=\"\" title=\"\"></a>',54,'contact','2017-03-14 13:56:15'),(431,14,26,'DOURY','Benoit','benoit.doury@ctbto.org','ThirdParty=CTBTO;UserTitle=Monsieur','fb3c458ca5b4cb6324bafaec43fd6f27',2,'<a href=\"/htdocs/contact/card.php?id=26\"><img src=\"/htdocs/theme/md/img/object_contact.png\" border=\"0\" alt=\"\" title=\"\"></a>',26,'contact','2017-03-14 13:56:15'),(432,14,6,'TAISNE','Benoit','BTaisne@ntu.edu.sg','ThirdParty=Earth Observatory of Singapore;UserTitle=Monsieur','76057977ad2d59b2d597318f0e4ca13c',1,'<a href=\"/htdocs/contact/card.php?id=6\"><img src=\"/htdocs/theme/md/img/object_contact.png\" border=\"0\" alt=\"\" title=\"\"></a>',6,'contact','2017-03-14 13:56:15'),(434,14,87,'YANG','Jinge','cesmovy@126.com','ThirdParty=Cesmovy Science And Technology Co., Limited;UserTitle=Monsieur','afc277f199cc0d19a0d8a075dc3ef823',2,'<a href=\"/htdocs/contact/card.php?id=87\"><img src=\"/htdocs/theme/md/img/object_contact.png\" border=\"0\" alt=\"\" title=\"\"></a>',87,'contact','2017-03-14 13:56:21'),(435,14,32,'CHEN','Jian','chenjian@nssc.ac.cn','ThirdParty=National Space Science Center;UserTitle=Monsieur','1405831ceaa1bf0accc57be431066dc9',2,'<a href=\"/htdocs/contact/card.php?id=32\"><img src=\"/htdocs/theme/md/img/object_contact.png\" border=\"0\" alt=\"\" title=\"\"></a>',32,'contact','2017-03-14 13:56:21'),(438,14,69,'BLANC','Elisabeth','elisabeth.blanc@cea.fr','ThirdParty=CEA-DAM;UserTitle=Madame','7642bd42b11314a68a76f858d76913ec',1,'<a href=\"/htdocs/contact/card.php?id=69\"><img src=\"/htdocs/theme/md/img/object_contact.png\" border=\"0\" alt=\"\" title=\"\"></a>',69,'contact','2017-03-14 13:56:25'),(439,14,3,'Fluteau','Frédéric','fluteau@ipgp.fr','ThirdParty=IPGP;UserTitle=Monsieur','7ae5152c556846cb3567c3970d8cfe04',2,'<a href=\"/htdocs/contact/card.php?id=3\"><img src=\"/htdocs/theme/md/img/object_contact.png\" border=\"0\" alt=\"\" title=\"\"></a>',3,'contact','2017-03-14 13:56:31'),(441,14,58,'LARSONNIER','Franck','franck.larsonnier@cea.fr','ThirdParty=CEA-DAM;UserTitle=Monsieur','0cf7555ecaf6bec63d643d35e2981239',1,'<a href=\"/htdocs/contact/card.php?id=58\"><img src=\"/htdocs/theme/md/img/object_contact.png\" border=\"0\" alt=\"\" title=\"\"></a>',58,'contact','2017-03-14 13:56:31'),(444,14,13,'FURUYA','Grace','gfuruya@soest.hawaii.edu','ThirdParty=Hawaii Institute of Geophysics & Planetology;UserTitle=Madame','49b42b08d404f9e109658774203ba4a1',1,'<a href=\"/htdocs/contact/card.php?id=13\"><img src=\"/htdocs/theme/md/img/object_contact.png\" border=\"0\" alt=\"\" title=\"\"></a>',13,'contact','2017-03-14 13:56:31'),(446,14,29,'MACLEOD','Gordon A.','gordon.macleod@ctbto.org','ThirdParty=CTBTO;UserTitle=Monsieur','058ea9f1940c8e27bf6cef7f100c606e',1,'<a href=\"/htdocs/contact/card.php?id=29\"><img src=\"/htdocs/theme/md/img/object_contact.png\" border=\"0\" alt=\"\" title=\"\"></a>',29,'contact','2017-03-14 13:56:31'),(447,14,60,'NIEF','Guillaume','guillaume.nief@cea.fr','ThirdParty=CEA-DAM;UserTitle=Monsieur','66a4ad82c2318b103c13a5cb98057b0f',1,'<a href=\"/htdocs/contact/card.php?id=60\"><img src=\"/htdocs/theme/md/img/object_contact.png\" border=\"0\" alt=\"\" title=\"\"></a>',60,'contact','2017-03-14 13:56:31'),(448,14,79,'Hanlei','','hanlei@cnic.genertec.com.cn','ThirdParty=CNIC;UserTitle=Monsieur','052dacd46bfb965dfcd2bd8873def91e',2,'<a href=\"/htdocs/contact/card.php?id=79\"><img src=\"/htdocs/theme/md/img/object_contact.png\" border=\"0\" alt=\"\" title=\"\"></a>',79,'contact','2017-03-14 13:56:36'),(449,14,84,'ROBERTSON','James','james.robertson@ctbto.org','ThirdParty=CTBTO;UserTitle=Monsieur','c714e39e05bc960318f70f46d009f695',2,'<a href=\"/htdocs/contact/card.php?id=84\"><img src=\"/htdocs/theme/md/img/object_contact.png\" border=\"0\" alt=\"\" title=\"\"></a>',84,'contact','2017-03-14 13:56:36'),(450,14,66,'LE BLANC','Jean-Baptiste','Jean-Baptiste.LEBLANC@CEA.FR','ThirdParty=CEA-DAM;UserTitle=Monsieur','a70fb55dd534e57bd9373be4c6b4c173',1,'<a href=\"/htdocs/contact/card.php?id=66\"><img src=\"/htdocs/theme/md/img/object_contact.png\" border=\"0\" alt=\"\" title=\"\"></a>',66,'contact','2017-03-14 13:56:40'),(451,14,67,'RIVIERE','John','john.riviere@cea.fr','ThirdParty=CEA-DAM;UserTitle=Monsieur','8dd1e1dcf459558134c58c57f7336437',1,'<a href=\"/htdocs/contact/card.php?id=67\"><img src=\"/htdocs/theme/md/img/object_contact.png\" border=\"0\" alt=\"\" title=\"\"></a>',67,'contact','2017-03-14 13:56:40'),(453,14,27,'MARTY','Julien','julien.marty@ctbto.org','ThirdParty=CTBTO;UserTitle=Monsieur','e4ad6e6800d8ebf89146c7afb15d3093',2,'<a href=\"/htdocs/contact/card.php?id=27\"><img src=\"/htdocs/theme/md/img/object_contact.png\" border=\"0\" alt=\"\" title=\"\"></a>',27,'contact','2017-03-14 13:56:40'),(454,14,63,'VERGOZ','Julien','julien.vergoz@cea.fr','ThirdParty=CEA-DAM;UserTitle=Monsieur','a4175d07f49ff7d57dc4d47e80e7f77c',2,'<a href=\"/htdocs/contact/card.php?id=63\"><img src=\"/htdocs/theme/md/img/object_contact.png\" border=\"0\" alt=\"\" title=\"\"></a>',63,'contact','2017-03-14 13:56:40'),(456,14,55,'BOSCA','Laurent','laurent.bosca@cea.fr','ThirdParty=CEA-DAM;UserTitle=Monsieur','f82647042882f8a564a0fabdcbe76786',2,'<a href=\"/htdocs/contact/card.php?id=55\"><img src=\"/htdocs/theme/md/img/object_contact.png\" border=\"0\" alt=\"\" title=\"\"></a>',55,'contact','2017-03-14 13:56:44'),(459,14,25,'JUSKO','Marian','marian.jusko@ctbto.org','ThirdParty=CTBTO;UserTitle=Monsieur','169549eaf03e1addefee259aa0637d24',1,'<a href=\"/htdocs/contact/card.php?id=25\"><img src=\"/htdocs/theme/md/img/object_contact.png\" border=\"0\" alt=\"\" title=\"\"></a>',25,'contact','2017-03-14 13:56:49'),(460,14,1,'GARCES','Milton','milton@isla.hawaii.edu','ThirdParty=Hawaii Institute of Geophysics & Planetology;UserTitle=Monsieur','ebbe934a4ac7dc8fb3c7741c5f66df04',2,'<a href=\"/htdocs/contact/card.php?id=1\"><img src=\"/htdocs/theme/md/img/object_contact.png\" border=\"0\" alt=\"\" title=\"\"></a>',1,'contact','2017-03-14 13:56:55'),(461,14,48,'BRACHET','Nicolas','nicolas.brachet@cea.fr','ThirdParty=CEA-DAM;UserTitle=Monsieur','128163053cf5be83e79113b93dce3f04',1,'<a href=\"/htdocs/contact/card.php?id=48\"><img src=\"/htdocs/theme/md/img/object_contact.png\" border=\"0\" alt=\"\" title=\"\"></a>',48,'contact','2017-03-14 13:56:55'),(462,14,23,'SYMONS','Neil','npsymon@sandia.gov','ThirdParty=Sandia National Laboratories;UserTitle=','91ace0e1fecb8df2f47807a5a2b1096d',2,'<a href=\"/htdocs/contact/card.php?id=23\"><img src=\"/htdocs/theme/md/img/object_contact.png\" border=\"0\" alt=\"\" title=\"\"></a>',23,'contact','2017-03-14 13:56:59'),(463,14,70,'DECHERF','Olivier','o.decherf@enviroconsult.fr','ThirdParty=ENVIRO EARTH;UserTitle=Monsieur','d018a00ee20d548a9eead57382c5e4a9',1,'<a href=\"/htdocs/contact/card.php?id=70\"><img src=\"/htdocs/theme/md/img/object_contact.png\" border=\"0\" alt=\"\" title=\"\"></a>',70,'contact','2017-03-14 13:56:59'),(464,14,28,'MARTYSEVICH','Pavel','pavel.martysevich@ctbto.org','ThirdParty=CTBTO;UserTitle=Monsieur','069e644233957dfee362802c30ae8127',1,'<a href=\"/htdocs/contact/card.php?id=28\"><img src=\"/htdocs/theme/md/img/object_contact.png\" border=\"0\" alt=\"\" title=\"\"></a>',28,'contact','2017-03-14 13:56:59'),(465,14,61,'MILLIER','Philippe','philippe.millier@cea.fr','ThirdParty=CEA-DAM;UserTitle=Monsieur','dbdbb6807b5df37fc3d43eecb548f579',1,'<a href=\"/htdocs/contact/card.php?id=61\"><img src=\"/htdocs/theme/md/img/object_contact.png\" border=\"0\" alt=\"\" title=\"\"></a>',61,'contact','2017-03-14 13:57:04'),(466,14,57,'GAILLARD','Pierre','pierre.gaillard@cea.fr','ThirdParty=CEA-DAM;UserTitle=Monsieur','7dba9512ddce78856a4ab99901446fe7',1,'<a href=\"/htdocs/contact/card.php?id=57\"><img src=\"/htdocs/theme/md/img/object_contact.png\" border=\"0\" alt=\"\" title=\"\"></a>',57,'contact','2017-03-14 13:57:04'),(467,14,88,'MIALLE','Pierrick','pierrick.mialle@ctbto.org','ThirdParty=CTBTO;UserTitle=Monsieur','c36de378cdf5170130c09cc02dcc5aec',1,'<a href=\"/htdocs/contact/card.php?id=88\"><img src=\"/htdocs/theme/md/img/object_contact.png\" border=\"0\" alt=\"\" title=\"\"></a>',88,'contact','2017-03-14 13:57:04'),(468,14,9,'Rembold','Randy','rkrembo@sandia.gov','ThirdParty=Sandia National Laboratories;UserTitle=Monsieur','36a75ac6e12557b5fbd2b0251b104703',1,'<a href=\"/htdocs/contact/card.php?id=9\"><img src=\"/htdocs/theme/md/img/object_contact.png\" border=\"0\" alt=\"\" title=\"\"></a>',9,'contact','2017-03-14 13:57:08'),(469,14,86,'LEE','Seok-tae','seoktae.rhee@gmail.com','ThirdParty=KITValley INC.;UserTitle=Monsieur','6076b712297ff8397e645c8051b5cc1b',2,'<a href=\"/htdocs/contact/card.php?id=86\"><img src=\"/htdocs/theme/md/img/object_contact.png\" border=\"0\" alt=\"\" title=\"\"></a>',86,'contact','2017-03-14 13:57:08'),(470,14,64,'OLIVIER','Serge','serge.olivier@cea.fr','ThirdParty=CEA-DAM;UserTitle=Monsieur','97bed9a274094d7cd5942607a460eb08',1,'<a href=\"/htdocs/contact/card.php?id=64\"><img src=\"/htdocs/theme/md/img/object_contact.png\" border=\"0\" alt=\"\" title=\"\"></a>',64,'contact','2017-03-14 13:57:08'),(471,14,56,'DENIS','Stephane','stephane.denis@cea.fr','ThirdParty=CEA-DAM;UserTitle=Monsieur','a678b029ddb2d88d25accbc42d213994',2,'<a href=\"/htdocs/contact/card.php?id=56\"><img src=\"/htdocs/theme/md/img/object_contact.png\" border=\"0\" alt=\"\" title=\"\"></a>',56,'contact','2017-03-14 13:57:08'),(473,14,49,'FLAVIN','Valérie','valerie.flavin@cea.fr','ThirdParty=CEA-DAM;UserTitle=Madame','3da54c1fd4cd297b21a4b8aa4c1ad06c',1,'<a href=\"/htdocs/contact/card.php?id=49\"><img src=\"/htdocs/theme/md/img/object_contact.png\" border=\"0\" alt=\"\" title=\"\"></a>',49,'contact','2017-03-14 13:57:12'),(474,14,2,'VERGNIOLLE','Sylvie','vergniolle@ipgp.fr','ThirdParty=IPGP;UserTitle=','eb04d654fa4a56db4900a7a68aa39105',1,'<a href=\"/htdocs/contact/card.php?id=2\"><img src=\"/htdocs/theme/md/img/object_contact.png\" border=\"0\" alt=\"\" title=\"\"></a>',2,'contact','2017-03-14 13:57:40'),(475,14,47,'YANG','Jinge','yangjinge_cnic@126.com','ThirdParty=CNIC;UserTitle=','16a911d737f56e0c557a5111ce78607f',2,'<a href=\"/htdocs/contact/card.php?id=47\"><img src=\"/htdocs/theme/md/img/object_contact.png\" border=\"0\" alt=\"\" title=\"\"></a>',47,'contact','2017-03-14 13:57:40'),(476,14,71,'STAROVOIT','Yuri','yuri.starovoit@ctbto.org','ThirdParty=CTBTO;UserTitle=Monsieur','97613480d6d6f63d53d7632405cb6194',1,'<a href=\"/htdocs/contact/card.php?id=71\"><img src=\"/htdocs/theme/md/img/object_contact.png\" border=\"0\" alt=\"\" title=\"\"></a>',71,'contact','2017-03-14 13:57:40'),(478,14,0,'FISHER','Tomas','fischer@natur.cuni.cz','','fc1da566024e4260af2bb4b0f3b6081f',1,'',NULL,'file','2017-03-14 13:56:31'),(479,14,0,'ER RAKI','Salah','s.erraki@gmail.com','','1249fa12436f3721ddde3130032fb477',2,'',NULL,'file','2017-03-14 13:57:08'),(480,14,0,'EVANGELIDIS','Christos','cevan@noa.gr','','6ffe25c32e07e58ed93d7f6342a59cbd',2,'',NULL,'file','2017-03-14 13:56:21'),(481,14,0,'FAZIO','Marco','marco.fazio@port.ac.uk','','7bd0263adb49afe9ab94330e2e6e53b7',2,'',NULL,'file','2017-03-14 13:56:49'),(482,14,0,'Eliasson','Lars','lars.eliasson@irf.se','','0b66ef8a55d067c3c44feb4507a05d5e',1,'',NULL,'file','2017-03-14 13:56:44'),(483,14,0,'EL GABRY','Mohamed','elgabrymn@yahoo.com','','ffb096344694fe12648d6f9fa944886a',1,'',NULL,'file','2017-03-14 13:56:25'),(484,14,0,'DERKX','Fran','francois.derkx@ifsttar.fr','','4fd5f8f43ae110cc9554b89b1eb15524',2,'',NULL,'file','2017-03-14 13:56:31'),(485,14,0,'SARIA','David','david.saria@irap.omp.eu','','883d58c7f25e7af26294204c9ced742a',1,'',NULL,'file','2017-03-14 13:56:25'),(486,14,0,'SHWETHA ','HR','hrshwetha81@gmail.com','','c4487469d6f753fba063ccc951ee3b70',1,'',NULL,'file','2017-03-14 13:56:36'),(487,14,0,'Silveira','Gra','mdsilveira@fc.ul.pt','','efe6938b88e7ec413d12bd994b4bbb5e',2,'',NULL,'file','2017-03-14 13:56:49'),(488,14,0,'POSCHL','Irmina','i.poeschl@ic-group.org','','ff58c117e72338ffac79abdb06f4ea13',1,'',NULL,'file','2017-03-14 13:56:36'),(489,14,0,'DIMITROVA','Liliya','lidim@geophys.bas.bg','','f55941e1ff92b04c9117cc55ff039a35',1,'',NULL,'file','2017-03-14 13:56:49'),(490,14,0,'Martin SANCHEZ','Domingo','domingoalfonso.martin@upm.es','','b85df3d7fbfda0e134c97173478c3672',1,'',NULL,'file','2017-03-14 13:56:25'),(491,14,0,'VOGT','Katharina','vogt@iem.at','','e335543531c60e0e383b0af5e8610a69',2,'',NULL,'file','2017-03-14 13:57:40'),(492,14,0,'KWAERNA','Tormod','tormod@norsar.no','','2e3e5b18d0d65964d90da5a9449f80e6',1,'',NULL,'file','2017-03-14 13:57:12'),(493,14,0,'Abanco','Claudia','cabanco@worldsensing.com','','2086f473945f5ce779124a3b1b46fcb2',2,'',NULL,'file','2017-03-14 13:56:21'),(494,14,0,'SD HONG','Daniel','daniel.hong@oceantech.co.kr','','969e8f9c6432145c3ea61440cf7ab551',2,'',NULL,'file','2017-03-14 13:56:21'),(495,14,0,'STRASER','Valentino','valentino.straser@alice.it','','ff84f28f783295b98e1105d0de27960c',1,'',NULL,'file','2017-03-14 13:57:12'),(496,14,0,'DYKOWSKI','Przemyslaw','przemyslaw.dykowski@igik.edu.pl','','c92afda74beb8d1894f57cafaa6024db',1,'',NULL,'file','2017-03-14 13:57:04'),(497,14,0,'WOOD','Alan','alan.wood@ntu.ac.UK','','b607e7e4965c03c039cd13af463c80c9',1,'',NULL,'file','2017-03-14 13:56:07'),(498,14,0,'Karami','','karami.uqam@gmail.com','','b056f1d4d0a9adaed8b26598280f4767',2,'',NULL,'file','2017-03-14 13:56:44'),(499,14,0,'Mejni','Chourouk','chourouk.mejni@gmail.com','','3eb540e53764c934fa2544c868baadd3',1,'',NULL,'file','2017-03-14 13:56:21'),(500,14,0,'opsuslova','','opsuslova@gmail.com','','e0bdef7e9499aebdf09113b23cf1b409',2,'',NULL,'file','2017-03-14 13:56:59'),(501,14,0,'VOLK','Meike','meike.volk@ucdconnect.IE','','b47a99f76f5914a65b77185cbdb099e0',1,'',NULL,'file','2017-03-14 13:56:55'),(502,14,0,'LEOPOLD','Philip','philip.leopold@ait.ac.at','','1ad4c65d434563bb9147751d06cdca5d',1,'',NULL,'file','2017-03-14 13:57:04'),(503,14,0,'MURYONO','Leonardus','muryono@gmail.com','','749bd25c17b7a0600e5f9c1b202ddff1',2,'',NULL,'file','2017-03-14 13:56:55'),(504,14,0,'KHEMIRI','Lofti','ndc-tn@gnet.tn','','6e915d808928c15b0f21def811268c36',1,'',NULL,'file','2017-03-14 13:56:55'),(505,14,0,'NADA','Ahmed','ahmed.nada@nada-eg.net','','db1f2d2cd31ff005f4e89e3ea6520f0d',2,'',NULL,'file','2017-03-14 13:56:07'),(506,14,0,'PUZAS','Andrius','andrius.puzas@ftmc.lt','','b95a79088fce69e6c4f533240de15225',2,'',NULL,'file','2017-03-14 13:56:15'),(507,14,0,'AGREBI','Abdelwaheb','agrebimannou@yahoo.fr','','a5a250f1303b5fe50822eb872a7bfbae',1,'',NULL,'file','2017-03-14 13:56:07'),(508,14,0,'Dalnoki-veress','Ferenc Jacob Rolf','jdalnokiveress@miis.edu','','f2d9ac17d588448ef5bd282f152732a1',1,'',NULL,'file','2017-03-14 13:56:40'),(509,14,0,'ARONOV','Vladislav','centr@cgm.org.by','','41ae9fbf1746fdbcec9cd339f787ccaa',1,'',NULL,'file','2017-03-14 13:56:21'),(510,14,0,'Chedikn Beye','Aboubaker','abeye@aims-senegal.org','','93a19b842ca334021906285708199d29',1,'',NULL,'file','2017-03-14 13:56:07'),(511,14,0,'E. Amponsah','Paulina','p.amponsah@gaecgh.org','','a14ed63a9596dbaed06a9926b7c547d5',1,'',NULL,'file','2017-03-14 13:56:59'),(512,14,0,'Abrahamsen','Malin','malin@andoyaspace.no','','265424517cef94b96e47790606fd4af9',1,'',NULL,'file','2017-03-14 13:56:49'),(513,14,0,'Assink','Jelle','assink@knmi.nl','','e851214f787fa55143623fc70ba9ce31',2,'',NULL,'file','2017-03-14 13:56:15'),(514,14,0,'Belova','Evgenia','belova@irf.se','','edfae4f5c9aa18938f615dc6eafea272',2,'',NULL,'file','2017-03-14 13:56:15'),(516,14,0,'Blixt','M?rten','marten.blixt@norsar.no','','3b4f5f446194e085068aab71367904cc',2,'',NULL,'file','2017-03-14 13:56:49'),(518,14,0,'Campus','Paola','paola.campus@unifi.it','','3338438d56acc3fcd0f3e70dd018fd4c',1,'',NULL,'file','2017-03-14 13:56:59'),(519,14,0,'Charlton-Perez','Andrew','a.j.charlton-perez@reading.ac.uk','','b81af0736217f321f4e307d7ec87a266',2,'',NULL,'file','2017-03-14 13:56:07'),(520,14,0,'Chum','Jaroslav','jachu@ufa.cas.cz','','8f6619db48f876e9bd320311ce128525',1,'',NULL,'file','2017-03-14 13:56:36'),(521,14,0,'Czanik','Csenge','csengecz@gmail.com','','a8d3f73b5d7b29afd14dc948f9383df7',2,'',NULL,'file','2017-03-14 13:56:21'),(522,14,0,'Escudier','Marc','m.escudier@enviroearth.fr','','3e344c41510624a186b380fdbaca9c53',1,'',NULL,'file','2017-03-14 13:56:49'),(523,14,0,'Espy','Patrick','patrick.espy@ntnu.no','','3f54c358095a2ba70988a626a0c6d533',2,'',NULL,'file','2017-03-14 13:56:59'),(524,14,0,'Frobert','Laurent','laurent.frobert@emsc-csem.org','','a9c7215dfa681ca8127b5c78dcbfaf09',1,'',NULL,'file','2017-03-14 13:56:44'),(525,14,0,'Gausa','Michael','michael@andoyaspace.no','','2782d88a4affb67cb64ef42047169f0e',1,'',NULL,'file','2017-03-14 13:56:55'),(526,14,0,'Ghica','Daniela','daniela_ghica@yahoo.com','','00d96770f6f7e85a844ac65f287cb959',1,'',NULL,'file','2017-03-14 13:56:25'),(527,14,0,'Gibbons','Steven J.','steven@norsar.no','','0530eeb45787aef7be6a6644073a125c',2,'',NULL,'file','2017-03-14 13:57:12'),(528,14,0,'Hagen','Jonas','jonas.hagen@iap.unibe.ch','','b20791f4dba7dc08b22b1a7adde84317',1,'',NULL,'file','2017-03-14 13:56:40'),(529,14,0,'Hauchecorne','Alain','alain.hauchecorne@latmos.ipsl.fr','','2cdb184e565a2a27be690c318b5f3fd3',2,'',NULL,'file','2017-03-14 13:56:07'),(530,14,0,'Hibbins','Robert','robert.hibbins@ntnu.no','','20baabfaf1c75178050d7eeb9624e58b',1,'',NULL,'file','2017-03-14 13:57:08'),(531,14,0,'Hildebrand','Jens','hildebrand@iap-kborn.de','','ad4a1eb64d9ba620c53bf7ac51ac1bce',1,'',NULL,'file','2017-03-14 13:56:36'),(532,14,0,'Hupe','Patrick','patrick.hupe@bgr.de','','9231d85d0fd9e805372ccbb3155abaee',2,'',NULL,'file','2017-03-14 13:56:59'),(533,14,0,'Husson','Philippe','philippe.husson@meteo.fr','','bd8a1c971317769d852a66456ef6dbb4',2,'',NULL,'file','2017-03-14 13:57:04'),(534,14,0,'Keckhut','Philippe','philippe.keckhut@latmos.ipsl.fr','','a0af1c06287e7b7273d89fcf7b8d9ccb',1,'',NULL,'file','2017-03-14 13:57:04'),(535,14,0,'Kero','Johan','kero@irf.se','','ad7eba0cdf5e1b80af8493cb667726ce',2,'',NULL,'file','2017-03-14 13:56:44'),(536,14,0,'Kouba','Daniel','kouba@ufa.cas.cz','','d34625b5342c1ef0d983510f26815193',1,'',NULL,'file','2017-03-14 13:56:44'),(537,14,0,'Kouck','Knizova','pkn@ufa.cas.cz','','f05580472206ad420e25df555b88a712',2,'',NULL,'file','2017-03-14 13:57:04'),(538,14,0,'Kozubek','Michal','kom@ufa.cas.cz','','a6cb27effda595137ec8fa6b3e54cb23',1,'',NULL,'file','2017-03-14 13:56:44'),(539,14,0,'Kshevetskii','Sergey','SPKshev@gmail.com','','87ed9dce2d4ba042dbb8bff13290d65e',1,'',NULL,'file','2017-03-14 13:57:08'),(540,14,0,'Kulichkov','Sergey','snik1953@gmail.com','','ec3209045eedb75d8aec1c426b8d743c',2,'',NULL,'file','2017-03-14 13:57:08'),(541,14,0,'Kurdyaeva','Yulia','kamenokamen@mail.ru','','ab3cf435c5454f169d1afa7d42860fc6',2,'',NULL,'file','2017-03-14 13:56:40'),(542,14,0,'Lastovika','Jan','jla@ufa.cas.cz','','2e53e04d5d8736c28aa038af1e58ca26',1,'',NULL,'file','2017-03-14 13:56:40'),(544,14,0,'Marchetti','Emanuele','emanuele.marchetti@unifi.it','','2caa312403bb4db32df36776c86b2a9d',1,'',NULL,'file','2017-03-14 13:56:25'),(545,14,0,'Marlton','Graeme','graeme.marlton@reading.ac.uk','','0f0650cf6fb9087fb0732593ed19e298',1,'',NULL,'file','2017-03-14 13:56:31'),(546,14,0,'Mejri','Chourouk','Ndc-tn-chourouk.mejri@gnet.tn','','084f89671668714cd9db16a98b4e9388',1,'',NULL,'file','2017-03-14 13:56:55'),(548,14,0,'Naima','Friha','NDC-TN-NAIMA.FRIHA@gnet.tn','','4dfe1461f07c0dac66323bb234f1b2ed',1,'',NULL,'file','2017-03-14 13:56:55'),(549,14,0,'Olivier','Natalie','marketing@seismowave.com','','1127fe25407e48fc66976eeb10b8a75f',2,'',NULL,'file','2017-03-14 13:56:49'),(550,14,0,'Pol','Katy','Katy.POL-TIREAU@cea.fr','','155477bbd0d1bbd83f7ed25cf6527a0a',1,'',NULL,'file','2017-03-14 13:56:44'),(551,14,0,'Rejfek','Lubos','rejfek@ufa.cas.cz','','11597a3b5dc1b8b4c5c3d38d120ab97e',1,'',NULL,'file','2017-03-14 13:57:08'),(552,14,0,'Shaw-Taberlet','Jennifer','jennifer.shawtaberlet@wavestone.com','','040ff52e61a3d5cbd8f9bb8bf80998ba',1,'',NULL,'file','2017-03-14 13:56:40'),(553,14,0,'cindelarova','Tereza','tersin@ufa.cas.cz','','87578d35f89dc7eae8a87f18f07406a6',1,'',NULL,'file','2017-03-14 13:57:12'),(554,14,0,'Turunen','Esa','esa.turunen@sgo.fi','','82528cf498aa67adcb79ca6115ed4314',1,'',NULL,'file','2017-03-14 13:56:25'),(555,14,0,'Wallenstein','Nicolau','nicolau.mb.wallenstein@azores.gov.pt','','7306dbbb4321fb65bfc7cbdf3d7b06f1',1,'',NULL,'file','2017-03-14 13:56:59'),(556,14,0,'LASLO','Evers','evers@knmi.nl','','e0d58d124f3bddd44253354ca93df102',1,'',NULL,'file','2017-03-14 13:56:31'),(557,14,0,'CERANNA','Lars','lars.ceranna@bgr.de','','e7838d1a87552fe6427693abbdd2cd4e',1,'',NULL,'file','2017-03-14 13:56:44'),(558,14,0,'PILGER','Christoph','christoph.pilger@bgr.de','','a1e2339c303003321908c209e36b2b9a',1,'',NULL,'file','2017-03-14 13:56:21'),(559,14,0,'NUNEZ','Andres','anunez47@ucmerced.edu','','b9ff1eac22e11c4bcc7385dd83d45075',1,'',NULL,'file','2017-03-14 13:56:15'),(560,14,0,'VENANZI','Philip','philv@afrac.gov','','eee30878b5b3d1e5d683e4942e0d99c5',1,'',NULL,'file','2017-03-14 13:57:04'),(561,14,0,'RAY','Terrill W.','rayte@state.gov','','c65aded3ab710280dbb85daccc950ea0',1,'',NULL,'file','2017-03-14 13:57:04'),(562,14,0,'HIDAYAT','Dannie','dhidayat@ntu.edu.sg','','fa5be4145a0883eb36f513a7e3779e7f',2,'',NULL,'file','2017-03-14 13:56:25'),(563,14,0,'DILLON','Timothy','timothy.dillon@ndus.edu','','1195f00bc2f67b0e79201d9d08fc9f9e',1,'',NULL,'file','2017-03-14 13:57:12'),(564,14,0,'MERCHANT','Bion John','bjmerch@sandia.gov','','5faca4327c28ccaf40eb65c32dc10a1c',2,'',NULL,'file','2017-03-14 13:56:15'),(565,14,0,'FEE','David','dfee@gi.alaska.edu','','fe01806b3e0cf73d9a07911e5fb6fcd2',1,'',NULL,'file','2017-03-14 13:56:25'),(566,14,0,'GREEN','David','dgreen@blacknest.gov.uk','','724143aae76c7922f8e200a120b62515',1,'',NULL,'file','2017-03-14 13:56:25'),(568,14,0,'RAMBOLAMANANA','Gerard','g_rambolamanana@yahoo.fr','','ecbffc83cbc96d840926b16c07736d4e',2,'',NULL,'file','2017-03-14 13:56:36'),(569,14,0,'FIGUERES','Vincent','vincfig@gmail.com','','8c709425054a43fd9bcbad89028ae03c',2,'',NULL,'file','2017-03-14 13:57:40'),(570,14,0,'Nippress','Alexandra ','alex@blacknest.gov.uk','','56e7da2d2553ac3f1e50895c1210cc9d',1,'',NULL,'file','2017-03-14 13:56:07'),(572,14,0,'Le MAILLOT','Maxime','m.lemaillot@enviroearth.fr','','c9604aeb4fdd18b2cdd29f2f9f99f4e5',1,'',NULL,'file','2017-03-14 13:56:49'),(573,14,0,'GHICA,Daniela','','daniela@infp.ro','','112875253d951fbd3814949ea36dba40',2,'',NULL,'file','2017-03-14 13:56:21'),(574,15,0,'MATOZA','Robin','matoza@geol.ucsb.edu','','bb54f5e61e2abf58496c7bfc6e7f98a7',2,'',NULL,'file','2017-03-15 10:25:44'),(575,15,0,'VENANZI','Philip','philv@aftac.gov','','6a0b7efcac25ce1d1bc83b8036791b0a',1,'',NULL,'file','2017-03-15 10:25:44'),(576,15,0,'Mejri','Chourouk','Ndc-tn-chourouk.mejri@gnet.tn','','5f245bf0460005c47ccd4af9e5b818e9',1,'',NULL,'file','2017-03-15 10:25:44');

--
-- Table structure for table `llx_menu`
--

CREATE TABLE `llx_menu` (
  `rowid` int(11) NOT NULL AUTO_INCREMENT,
  `menu_handler` varchar(16) NOT NULL,
  `entity` int(11) NOT NULL DEFAULT '1',
  `module` varchar(64) DEFAULT NULL,
  `type` varchar(4) NOT NULL,
  `mainmenu` varchar(100) NOT NULL,
  `leftmenu` varchar(100) DEFAULT NULL,
  `fk_menu` int(11) NOT NULL,
  `fk_mainmenu` varchar(24) DEFAULT NULL,
  `fk_leftmenu` varchar(24) DEFAULT NULL,
  `position` int(11) NOT NULL,
  `url` varchar(255) NOT NULL,
  `target` varchar(100) DEFAULT NULL,
  `titre` varchar(255) NOT NULL,
  `langs` varchar(100) DEFAULT NULL,
  `level` smallint(6) DEFAULT NULL,
  `perms` varchar(255) DEFAULT NULL,
  `enabled` varchar(255) DEFAULT '1',
  `usertype` int(11) NOT NULL DEFAULT '0',
  `tms` timestamp NOT NULL DEFAULT CURRENT_TIMESTAMP ON UPDATE CURRENT_TIMESTAMP,
  PRIMARY KEY (`rowid`),
  UNIQUE KEY `idx_menu_uk_menu` (`menu_handler`,`fk_menu`,`position`,`url`,`entity`),
  KEY `idx_menu_menuhandler_type` (`menu_handler`,`type`)
) ENGINE=InnoDB AUTO_INCREMENT=15731 DEFAULT CHARSET=utf8;

--
-- Dumping data for table `llx_menu`
--

INSERT INTO `llx_menu` (`rowid`, `menu_handler`, `entity`, `module`, `type`, `mainmenu`, `leftmenu`, `fk_menu`, `fk_mainmenu`, `fk_leftmenu`, `position`, `url`, `target`, `titre`, `langs`, `level`, `perms`, `enabled`, `usertype`, `tms`) VALUES (1,'all',1,'margin','left','accountancy','margins',-1,'accountancy',NULL,100,'/margin/index.php','','Margins','margins',NULL,'1','$conf->margin->enabled',2,'2013-08-01 08:00:05'),(10508,'all',1,'agenda','top','agenda',NULL,0,NULL,NULL,100,'/comm/action/index.php','','Agenda','agenda',NULL,'$user->rights->agenda->myactions->read','$conf->agenda->enabled',2,'2016-01-27 12:41:59'),(10509,'all',1,'agenda','left','agenda',NULL,10508,NULL,NULL,100,'/comm/action/index.php?mainmenu=agenda&amp;leftmenu=agenda','','Actions','agenda',NULL,'$user->rights->agenda->myactions->read','$conf->agenda->enabled',2,'2016-01-27 12:41:59'),(10510,'all',1,'agenda','left','agenda',NULL,10509,NULL,NULL,101,'/comm/action/card.php?mainmenu=agenda&amp;leftmenu=agenda&amp;action=create','','NewAction','commercial',NULL,'($user->rights->agenda->myactions->create||$user->rights->agenda->allactions->create)','$conf->agenda->enabled',2,'2016-01-27 12:41:59'),(10511,'all',1,'agenda','left','agenda',NULL,10509,NULL,NULL,102,'/comm/action/index.php?mainmenu=agenda&amp;leftmenu=agenda','','Agenda','agenda',NULL,'$user->rights->agenda->myactions->read','$conf->agenda->enabled',2,'2016-01-27 12:41:59'),(10512,'all',1,'agenda','left','agenda',NULL,10511,NULL,NULL,103,'/comm/action/index.php?mainmenu=agenda&amp;leftmenu=agenda&amp;status=todo&amp;filter=mine','','MenuToDoMyActions','agenda',NULL,'$user->rights->agenda->myactions->read','$conf->agenda->enabled',2,'2016-01-27 12:41:59'),(10513,'all',1,'agenda','left','agenda',NULL,10511,NULL,NULL,104,'/comm/action/index.php?mainmenu=agenda&amp;leftmenu=agenda&amp;status=done&amp;filter=mine','','MenuDoneMyActions','agenda',NULL,'$user->rights->agenda->myactions->read','$conf->agenda->enabled',2,'2016-01-27 12:41:59'),(10514,'all',1,'agenda','left','agenda',NULL,10511,NULL,NULL,105,'/comm/action/index.php?mainmenu=agenda&amp;leftmenu=agenda&amp;status=todo','','MenuToDoActions','agenda',NULL,'$user->rights->agenda->allactions->read','$user->rights->agenda->allactions->read',2,'2016-01-27 12:41:59'),(10515,'all',1,'agenda','left','agenda',NULL,10511,NULL,NULL,106,'/comm/action/index.php?mainmenu=agenda&amp;leftmenu=agenda&amp;status=done','','MenuDoneActions','agenda',NULL,'$user->rights->agenda->allactions->read','$user->rights->agenda->allactions->read',2,'2016-01-27 12:41:59'),(10516,'all',1,'agenda','left','agenda',NULL,10509,NULL,NULL,112,'/comm/action/listactions.php?mainmenu=agenda&amp;leftmenu=agenda','','List','agenda',NULL,'$user->rights->agenda->myactions->read','$conf->agenda->enabled',2,'2016-01-27 12:41:59'),(10517,'all',1,'agenda','left','agenda',NULL,10516,NULL,NULL,113,'/comm/action/listactions.php?mainmenu=agenda&amp;leftmenu=agenda&amp;status=todo&amp;filter=mine','','MenuToDoMyActions','agenda',NULL,'$user->rights->agenda->myactions->read','$conf->agenda->enabled',2,'2016-01-27 12:41:59'),(10518,'all',1,'agenda','left','agenda',NULL,10516,NULL,NULL,114,'/comm/action/listactions.php?mainmenu=agenda&amp;leftmenu=agenda&amp;status=done&amp;filter=mine','','MenuDoneMyActions','agenda',NULL,'$user->rights->agenda->myactions->read','$conf->agenda->enabled',2,'2016-01-27 12:41:59'),(10519,'all',1,'agenda','left','agenda',NULL,10516,NULL,NULL,115,'/comm/action/listactions.php?mainmenu=agenda&amp;leftmenu=agenda&amp;status=todo','','MenuToDoActions','agenda',NULL,'$user->rights->agenda->allactions->read','$user->rights->agenda->allactions->read',2,'2016-01-27 12:41:59'),(10520,'all',1,'agenda','left','agenda',NULL,10516,NULL,NULL,116,'/comm/action/listactions.php?mainmenu=agenda&amp;leftmenu=agenda&amp;status=done','','MenuDoneActions','agenda',NULL,'$user->rights->agenda->allactions->read','$user->rights->agenda->allactions->read',2,'2016-01-27 12:41:59'),(10521,'all',1,'agenda','left','agenda',NULL,10509,NULL,NULL,120,'/comm/action/rapport/index.php?mainmenu=agenda&amp;leftmenu=agenda','','Reportings','agenda',NULL,'$user->rights->agenda->allactions->read','$conf->agenda->enabled',2,'2016-01-27 12:41:59'),(10522,'all',1,'ecm','top','ecm',NULL,0,NULL,NULL,100,'/ecm/index.php','','MenuECM','ecm',NULL,'$user->rights->ecm->read || $user->rights->ecm->upload || $user->rights->ecm->setup','$conf->ecm->enabled',2,'2016-01-27 12:41:59'),(10523,'all',1,'ecm','left','ecm','ecm',-1,'ecm',NULL,101,'/ecm/index.php?mainmenu=ecm&leftmenu=ecm','','ECMArea','ecm',NULL,'$user->rights->ecm->read || $user->rights->ecm->upload','$user->rights->ecm->read || $user->rights->ecm->upload',2,'2016-01-27 12:41:59'),(10524,'all',1,'ecm','left','ecm','ecm_manual',-1,'ecm','ecm',102,'/ecm/index.php?action=file_manager&mainmenu=ecm&leftmenu=ecm','','ECMSectionsManual','ecm',NULL,'$user->rights->ecm->read || $user->rights->ecm->upload','$user->rights->ecm->read || $user->rights->ecm->upload',2,'2016-01-27 12:41:59'),(10525,'all',1,'ecm','left','ecm',NULL,-1,'ecm','ecm',103,'/ecm/index_auto.php?action=file_manager&mainmenu=ecm&leftmenu=ecm','','ECMSectionsAuto','ecm',NULL,'$user->rights->ecm->read || $user->rights->ecm->upload','$user->rights->ecm->read || $user->rights->ecm->upload',2,'2016-01-27 12:41:59'),(10526,'all',1,'opensurvey','left','tools','opensurvey',-1,'tools',NULL,200,'/opensurvey/index.php?mainmenu=tools&leftmenu=opensurvey','','Survey','opensurvey',NULL,'','$conf->opensurvey->enabled',0,'2016-01-27 12:42:00'),(10527,'all',1,'opensurvey','left','tools','opensurvey_new',-1,'tools','opensurvey',210,'/opensurvey/wizard/index.php','','NewSurvey','opensurvey',NULL,'$user->rights->opensurvey->write','$conf->opensurvey->enabled',0,'2016-01-27 12:42:00'),(10528,'all',1,'opensurvey','left','tools','opensurvey_list',-1,'tools','opensurvey',220,'/opensurvey/list.php','','List','opensurvey',NULL,'','$conf->opensurvey->enabled',0,'2016-01-27 12:42:00'),(10529,'auguria',1,'','top','home','',0,NULL,NULL,10,'/index.php?mainmenu=home&amp;leftmenu=','','Home','',-1,'','1',2,'2016-01-27 12:42:00'),(10530,'auguria',1,'societe|fournisseur','top','companies','',0,NULL,NULL,20,'/societe/index.php?mainmenu=companies&amp;leftmenu=','','ThirdParties','companies',-1,'$user->rights->societe->lire || $user->rights->societe->contact->lire','( ! empty($conf->societe->enabled) && (empty($conf->global->SOCIETE_DISABLE_PROSPECTS) || empty($conf->global->SOCIETE_DISABLE_CUSTOMERS))) || ! empty($conf->fournisseur->enabled)',2,'2016-01-27 12:42:00'),(10531,'auguria',1,'product|service','top','products','',0,NULL,NULL,30,'/product/index.php?mainmenu=products&amp;leftmenu=','','Products/Services','products',-1,'$user->rights->produit->lire||$user->rights->service->lire','$conf->product->enabled || $conf->service->enabled',0,'2016-01-27 12:42:00'),(10533,'auguria',1,'propal|commande|fournisseur|contrat|ficheinter','top','commercial','',0,NULL,NULL,40,'/comm/index.php?mainmenu=commercial&amp;leftmenu=','','Commercial','commercial',-1,'$user->rights->societe->lire || $user->rights->societe->contact->lire','$conf->propal->enabled || $conf->commande->enabled || $conf->fournisseur->enabled || $conf->contrat->enabled || $conf->ficheinter->enabled',2,'2016-01-27 12:42:00'),(10534,'auguria',1,'comptabilite|accounting|facture|deplacement|don|tax|salaries|loa','top','accountancy','',0,NULL,NULL,50,'/compta/index.php?mainmenu=accountancy&amp;leftmenu=','','MenuFinancial','compta',-1,'$user->rights->compta->resultat->lire || $user->rights->accounting->plancompte->lire || $user->rights->facture->lire|| $user->rights->deplacement->lire || $user->rights->don->lire || $user->rights->tax->charges->lire || $user->rights->salaries->read || $u','$conf->comptabilite->enabled || $conf->accounting->enabled || $conf->facture->enabled || $conf->deplacement->enabled || $conf->don->enabled  || $conf->tax->enabled || $conf->salaries->enabled || $conf->loan->enabled',2,'2016-01-27 12:42:00'),(10535,'auguria',1,'projet','top','project','',0,NULL,NULL,70,'/projet/index.php?mainmenu=project&amp;leftmenu=','','Projects','projects',-1,'$user->rights->projet->lire','$conf->projet->enabled',2,'2016-01-27 12:42:00'),(10536,'auguria',1,'mailing|export|import|opensurvey','top','tools','',0,NULL,NULL,90,'/core/tools.php?mainmenu=tools&amp;leftmenu=','','Tools','other',-1,'$user->rights->mailing->lire || $user->rights->export->lire || $user->rights->import->run || $user->rights->opensurvey->read','$conf->mailing->enabled || $conf->export->enabled || $conf->import->enabled || $conf->opensurvey->enabled',2,'2016-01-27 12:42:00'),(10541,'auguria',1,'adherent','top','members','',0,NULL,NULL,110,'/adherents/index.php?mainmenu=members&amp;leftmenu=','','Members','members',-1,'$user->rights->adherent->lire','$conf->adherent->enabled',2,'2016-01-27 12:42:00'),(10542,'auguria',1,'banque|prelevement','top','bank','',0,NULL,NULL,60,'/compta/bank/index.php?mainmenu=bank&amp;leftmenu=bank','','MenuBankCash','banks',-1,'$user->rights->banque->lire || $user->rights->prelevement->bons->lire','$conf->banque->enabled || $conf->prelevement->enabled',0,'2016-01-27 12:42:00'),(10543,'auguria',1,'hrm','top','hrm','',0,NULL,NULL,80,'/compta/hrm.php?mainmenu=hrm&amp;leftmenu=','','HRM','holiday',-1,'$user->rights->holiday->write || $user->rights->deplacement->lire || $user->rights->expensereport->lire','$conf->holiday->enabled || $conf->deplacement->enabled || $conf->expensereport->enabled',0,'2016-01-27 12:42:00'),(10628,'auguria',1,'','left','home','setup',10529,NULL,NULL,0,'/admin/index.php?leftmenu=setup','','Setup','admin',0,'','$user->admin',2,'2016-01-27 12:42:00'),(10629,'auguria',1,'','left','home','',10628,NULL,NULL,1,'/admin/company.php?leftmenu=setup','','MenuCompanySetup','admin',1,'','$leftmenu==\"setup\"',2,'2016-01-27 12:42:00'),(10630,'auguria',1,'','left','home','',10628,NULL,NULL,4,'/admin/ihm.php?leftmenu=setup','','GUISetup','admin',1,'','$leftmenu==\"setup\"',2,'2016-01-27 12:42:00'),(10631,'auguria',1,'','left','home','',10628,NULL,NULL,2,'/admin/modules.php?leftmenu=setup','','Modules','admin',1,'','$leftmenu==\"setup\"',2,'2016-01-27 12:42:00'),(10632,'auguria',1,'','left','home','',10628,NULL,NULL,6,'/admin/boxes.php?leftmenu=setup','','Boxes','admin',1,'','$leftmenu==\"setup\"',2,'2016-01-27 12:42:00'),(10633,'auguria',1,'','left','home','',10628,NULL,NULL,3,'/admin/menus.php?leftmenu=setup','','Menus','admin',1,'','$leftmenu==\"setup\"',2,'2016-01-27 12:42:00'),(10634,'auguria',1,'','left','home','',10628,NULL,NULL,7,'/admin/delais.php?leftmenu=setup','','Alerts','admin',1,'','$leftmenu==\"setup\"',2,'2016-01-27 12:42:00'),(10635,'auguria',1,'','left','home','',10628,NULL,NULL,10,'/admin/pdf.php?leftmenu=setup','','PDF','admin',1,'','$leftmenu==\"setup\"',2,'2016-01-27 12:42:00'),(10636,'auguria',1,'','left','home','',10628,NULL,NULL,8,'/admin/security_other.php?leftmenu=setup','','Security','admin',1,'','$leftmenu==\"setup\"',2,'2016-01-27 12:42:00'),(10637,'auguria',1,'','left','home','',10628,NULL,NULL,11,'/admin/mails.php?leftmenu=setup','','Emails','admin',1,'','$leftmenu==\"setup\"',2,'2016-01-27 12:42:00'),(10638,'auguria',1,'','left','home','',10628,NULL,NULL,9,'/admin/limits.php?leftmenu=setup','','MenuLimits','admin',1,'','$leftmenu==\"setup\"',2,'2016-01-27 12:42:00'),(10639,'auguria',1,'','left','home','',10628,NULL,NULL,13,'/admin/dict.php?leftmenu=setup','','Dictionary','admin',1,'','$leftmenu==\"setup\"',2,'2016-01-27 12:42:00'),(10640,'auguria',1,'','left','home','',10628,NULL,NULL,14,'/admin/const.php?leftmenu=setup','','OtherSetup','admin',1,'','$leftmenu==\"setup\"',2,'2016-01-27 12:42:00'),(10641,'auguria',1,'','left','home','',10628,NULL,NULL,12,'/admin/sms.php?leftmenu=setup','','SMS','admin',1,'','$leftmenu==\"setup\"',2,'2016-01-27 12:42:00'),(10642,'auguria',1,'','left','home','',10628,NULL,NULL,4,'/admin/translation.php?leftmenu=setup','','Translation','admin',1,'','$leftmenu==\"setup\"',2,'2016-01-27 12:42:00'),(10729,'auguria',1,'','left','home','',10828,NULL,NULL,0,'/admin/system/dolibarr.php?leftmenu=admintools','','InfoDolibarr','admin',1,'','$leftmenu==\"admintools\"',2,'2016-01-27 12:42:00'),(10730,'auguria',1,'','left','home','',10729,NULL,NULL,2,'/admin/system/modules.php?leftmenu=admintools','','Modules','admin',2,'','$leftmenu==\"admintools\"',2,'2016-01-27 12:42:00'),(10731,'auguria',1,'','left','home','',10729,NULL,NULL,3,'/admin/triggers.php?leftmenu=admintools','','Triggers','admin',2,'','$leftmenu==\"admintools\"',2,'2016-01-27 12:42:00'),(10733,'auguria',1,'','left','home','',10828,NULL,NULL,1,'/admin/system/browser.php?leftmenu=admintools','','InfoBrowser','admin',1,'','$leftmenu==\"admintools\"',2,'2016-01-27 12:42:00'),(10734,'auguria',1,'','left','home','',10828,NULL,NULL,2,'/admin/system/os.php?leftmenu=admintools','','InfoOS','admin',1,'','$leftmenu==\"admintools\"',2,'2016-01-27 12:42:00'),(10735,'auguria',1,'','left','home','',10828,NULL,NULL,3,'/admin/system/web.php?leftmenu=admintools','','InfoWebServer','admin',1,'','$leftmenu==\"admintools\"',2,'2016-01-27 12:42:00'),(10736,'auguria',1,'','left','home','',10828,NULL,NULL,4,'/admin/system/phpinfo.php?leftmenu=admintools','','InfoPHP','admin',1,'','$leftmenu==\"admintools\"',2,'2016-01-27 12:42:00'),(10738,'auguria',1,'','left','home','',10828,NULL,NULL,5,'/admin/system/database.php?leftmenu=admintools','','InfoDatabase','admin',1,'','$leftmenu==\"admintools\"',2,'2016-01-27 12:42:00'),(10828,'auguria',1,'','left','home','admintools',10529,NULL,NULL,2,'/admin/tools/index.php?leftmenu=admintools','','SystemTools','admin',0,'','$user->admin',2,'2016-01-27 12:42:00'),(10829,'auguria',1,'','left','home','',10828,NULL,NULL,6,'/admin/tools/dolibarr_export.php?leftmenu=admintools','','Backup','admin',1,'','$leftmenu==\"admintools\"',2,'2016-01-27 12:42:00'),(10830,'auguria',1,'','left','home','',10828,NULL,NULL,7,'/admin/tools/dolibarr_import.php?leftmenu=admintools','','Restore','admin',1,'','$leftmenu==\"admintools\"',2,'2016-01-27 12:42:00'),(10833,'auguria',1,'','left','home','',10828,NULL,NULL,8,'/admin/tools/update.php?leftmenu=admintools','','MenuUpgrade','admin',1,'','$leftmenu==\"admintools\"',2,'2016-01-27 12:42:00'),(10834,'auguria',1,'','left','home','',10828,NULL,NULL,9,'/admin/tools/eaccelerator.php?leftmenu=admintools','','EAccelerator','admin',1,'','$leftmenu==\"admintools\" && function_exists(\"eaccelerator_info\")',2,'2016-01-27 12:42:00'),(10835,'auguria',1,'','left','home','',10828,NULL,NULL,10,'/admin/tools/listevents.php?leftmenu=admintools','','Audit','admin',1,'','$leftmenu==\"admintools\"',2,'2016-01-27 12:42:00'),(10836,'auguria',1,'','left','home','',10828,NULL,NULL,11,'/admin/tools/listsessions.php?leftmenu=admintools','','Sessions','admin',1,'','$leftmenu==\"admintools\"',2,'2016-01-27 12:42:00'),(10837,'auguria',1,'','left','home','',10828,NULL,NULL,12,'/admin/tools/purge.php?leftmenu=admintools','','Purge','admin',1,'','$leftmenu==\"admintools\"',2,'2016-01-27 12:42:00'),(10838,'auguria',1,'','left','home','',10828,NULL,NULL,13,'/support/index.php?leftmenu=admintools','_blank','HelpCenter','help',1,'','$leftmenu==\"admintools\"',2,'2016-01-27 12:42:00'),(10839,'auguria',1,'','left','home','',10828,NULL,NULL,14,'/admin/system/about.php?leftmenu=admintools','','About','admin',1,'','$leftmenu==\"admintools\"',2,'2016-01-27 12:42:00'),(10928,'auguria',1,'','left','home','users',10529,NULL,NULL,4,'/user/home.php?leftmenu=users','','MenuUsersAndGroups','users',0,'','1',2,'2016-01-27 12:42:00'),(10929,'auguria',1,'','left','home','',10928,NULL,NULL,0,'/user/index.php?leftmenu=users','','Users','users',1,'$user->rights->user->user->lire || $user->admin','$leftmenu==\"users\"',2,'2016-01-27 12:42:00'),(10930,'auguria',1,'','left','home','',10929,NULL,NULL,0,'/user/card.php?leftmenu=users&amp;action=create','','NewUser','users',2,'$user->rights->user->user->creer || $user->admin','$leftmenu==\"users\"',2,'2016-01-27 12:42:00'),(10931,'auguria',1,'','left','home','',10928,NULL,NULL,1,'/user/group/index.php?leftmenu=users','','Groups','users',1,'($conf->global->MAIN_USE_ADVANCED_PERMS?$user->rights->user->group_advance->read:$user->rights->user->user->lire) || $user->admin','$leftmenu==\"users\"',2,'2016-01-27 12:42:00'),(10932,'auguria',1,'','left','home','',10931,NULL,NULL,0,'/user/group/card.php?leftmenu=users&amp;action=create','','NewGroup','users',2,'($conf->global->MAIN_USE_ADVANCED_PERMS?$user->rights->user->group_advance->write:$user->rights->user->user->creer) || $user->admin','$leftmenu==\"users\"',2,'2016-01-27 12:42:00'),(11028,'auguria',1,'','left','companies','thirdparties',10530,NULL,NULL,0,'/societe/index.php?leftmenu=thirdparties','','ThirdParty','companies',0,'$user->rights->societe->lire','$conf->societe->enabled',2,'2016-01-27 12:42:00'),(11029,'auguria',1,'','left','companies','',11028,NULL,NULL,0,'/societe/soc.php?action=create','','MenuNewThirdParty','companies',1,'$user->rights->societe->lire','$conf->societe->enabled',2,'2016-01-27 12:42:00'),(11030,'auguria',1,'','left','companies','',11028,NULL,NULL,0,'/societe/list.php?action=create','','List','companies',1,'$user->rights->societe->lire','$conf->societe->enabled',2,'2016-01-27 12:42:00'),(11031,'auguria',1,'','left','companies','',11028,NULL,NULL,5,'/fourn/list.php?leftmenu=suppliers','','ListSuppliersShort','suppliers',1,'$user->rights->societe->lire && $user->rights->fournisseur->lire','$conf->societe->enabled && $conf->fournisseur->enabled',2,'2016-01-27 12:42:00'),(11032,'auguria',1,'','left','companies','',11031,NULL,NULL,0,'/societe/soc.php?leftmenu=supplier&amp;action=create&amp;type=f','','NewSupplier','suppliers',2,'$user->rights->societe->creer','$conf->societe->enabled && $conf->fournisseur->enabled',2,'2016-01-27 12:42:00'),(11034,'auguria',1,'','left','companies','',11028,NULL,NULL,3,'/comm/prospect/list.php?leftmenu=prospects','','ListProspectsShort','companies',1,'$user->rights->societe->lire','$conf->societe->enabled',2,'2016-01-27 12:42:00'),(11035,'auguria',1,'','left','companies','',11034,NULL,NULL,0,'/societe/soc.php?leftmenu=prospects&amp;action=create&amp;type=p','','MenuNewProspect','companies',2,'$user->rights->societe->creer','$conf->societe->enabled',2,'2016-01-27 12:42:00'),(11037,'auguria',1,'','left','companies','',11028,NULL,NULL,4,'/comm/list.php?leftmenu=customers','','ListCustomersShort','companies',1,'$user->rights->societe->lire','$conf->societe->enabled',2,'2016-01-27 12:42:00'),(11038,'auguria',1,'','left','companies','',11037,NULL,NULL,0,'/societe/soc.php?leftmenu=customers&amp;action=create&amp;type=c','','MenuNewCustomer','companies',2,'$user->rights->societe->creer','$conf->societe->enabled',2,'2016-01-27 12:42:00'),(11128,'auguria',1,'','left','companies','contacts',10530,NULL,NULL,1,'/contact/list.php?leftmenu=contacts','','ContactsAddresses','companies',0,'$user->rights->societe->lire','$conf->societe->enabled',2,'2016-01-27 12:42:00'),(11129,'auguria',1,'','left','companies','',11128,NULL,NULL,0,'/contact/card.php?leftmenu=contacts&amp;action=create','','NewContactAddress','companies',1,'$user->rights->societe->creer','$conf->societe->enabled',2,'2016-01-27 12:42:00'),(11130,'auguria',1,'','left','companies','',11128,NULL,NULL,1,'/contact/list.php?leftmenu=contacts','','List','companies',1,'$user->rights->societe->lire','$conf->societe->enabled',2,'2016-01-27 12:42:00'),(11132,'auguria',1,'','left','companies','',11130,NULL,NULL,1,'/contact/list.php?leftmenu=contacts&amp;type=p','','ThirdPartyProspects','companies',2,'$user->rights->societe->contact->lire','$conf->societe->enabled',2,'2016-01-27 12:42:00'),(11133,'auguria',1,'','left','companies','',11130,NULL,NULL,2,'/contact/list.php?leftmenu=contacts&amp;type=c','','ThirdPartyCustomers','companies',2,'$user->rights->societe->contact->lire','$conf->societe->enabled',2,'2016-01-27 12:42:00'),(11134,'auguria',1,'','left','companies','',11130,NULL,NULL,3,'/contact/list.php?leftmenu=contacts&amp;type=f','','ThirdPartySuppliers','companies',2,'$user->rights->societe->contact->lire','$conf->societe->enabled && $conf->fournisseur->enabled',2,'2016-01-27 12:42:00'),(11135,'auguria',1,'','left','companies','',11130,NULL,NULL,4,'/contact/list.php?leftmenu=contacts&amp;type=o','','Others','companies',2,'$user->rights->societe->contact->lire','$conf->societe->enabled',2,'2016-01-27 12:42:00'),(11178,'auguria',1,'','left','companies','cat',10530,NULL,NULL,3,'/categories/index.php?leftmenu=cat&amp;type=1','','SuppliersCategoriesShort','categories',0,'$user->rights->categorie->lire','$conf->societe->enabled && $conf->categorie->enabled',2,'2016-01-27 12:42:00'),(11179,'auguria',1,'','left','companies','',11178,NULL,NULL,0,'/categories/card.php?action=create&amp;type=1','','NewCategory','categories',1,'$user->rights->categorie->creer','$conf->societe->enabled && $conf->categorie->enabled',2,'2016-01-27 12:42:00'),(11188,'auguria',1,'','left','companies','cat',10530,NULL,NULL,4,'/categories/index.php?leftmenu=cat&amp;type=2','','CustomersProspectsCategoriesShort','categories',0,'$user->rights->categorie->lire','$conf->fournisseur->enabled && $conf->categorie->enabled',2,'2016-01-27 12:42:00'),(11189,'auguria',1,'','left','companies','',11188,NULL,NULL,0,'/categories/card.php?action=create&amp;type=2','','NewCategory','categories',1,'$user->rights->categorie->creer','$conf->fournisseur->enabled && $conf->categorie->enabled',2,'2016-01-27 12:42:00'),(11198,'auguria',1,'','left','companies','cat',10530,NULL,NULL,3,'/categories/index.php?leftmenu=cat&amp;type=4','','ContactCategoriesShort','categories',0,'$user->rights->categorie->lire','$conf->societe->enabled && $conf->categorie->enabled',2,'2016-01-27 12:42:00'),(11199,'auguria',1,'','left','companies','',11198,NULL,NULL,0,'/categories/card.php?action=create&amp;type=4','','NewCategory','categories',1,'$user->rights->categorie->creer','$conf->societe->enabled && $conf->categorie->enabled',2,'2016-01-27 12:42:00'),(11628,'auguria',1,'','left','commercial','propals',10533,NULL,NULL,4,'/comm/propal/index.php?leftmenu=propals','','Prop','propal',0,'$user->rights->propale->lire','$conf->propal->enabled',2,'2016-01-27 12:42:00'),(11629,'auguria',1,'','left','commercial','',11628,NULL,NULL,0,'/comm/propal.php?action=create&amp;leftmenu=propals','','NewPropal','propal',1,'$user->rights->propale->creer','$conf->propal->enabled',2,'2016-01-27 12:42:00'),(11630,'auguria',1,'','left','commercial','',11628,NULL,NULL,1,'/comm/propal/list.php?leftmenu=propals','','List','propal',1,'$user->rights->propale->lire','$conf->propal->enabled',2,'2016-01-27 12:42:00'),(11631,'auguria',1,'','left','commercial','',11630,NULL,NULL,2,'/comm/propal/list.php?leftmenu=propals&amp;viewstatut=0','','PropalsDraft','propal',1,'$user->rights->propale->lire','$conf->propal->enabled && $leftmenu==\"propals\"',2,'2016-01-27 12:42:00'),(11632,'auguria',1,'','left','commercial','',11630,NULL,NULL,3,'/comm/propal/list.php?leftmenu=propals&amp;viewstatut=1','','PropalsOpened','propal',1,'$user->rights->propale->lire','$conf->propal->enabled && $leftmenu==\"propals\"',2,'2016-01-27 12:42:00'),(11633,'auguria',1,'','left','commercial','',11630,NULL,NULL,4,'/comm/propal/list.php?leftmenu=propals&amp;viewstatut=2','','PropalStatusSigned','propal',1,'$user->rights->propale->lire','$conf->propal->enabled && $leftmenu==\"propals\"',2,'2016-01-27 12:42:00'),(11634,'auguria',1,'','left','commercial','',11630,NULL,NULL,5,'/comm/propal/list.php?leftmenu=propals&amp;viewstatut=3','','PropalStatusNotSigned','propal',1,'$user->rights->propale->lire','$conf->propal->enabled && $leftmenu==\"propals\"',2,'2016-01-27 12:42:00'),(11635,'auguria',1,'','left','commercial','',11630,NULL,NULL,6,'/comm/propal/list.php?leftmenu=propals&amp;viewstatut=4','','PropalStatusBilled','propal',1,'$user->rights->propale->lire','$conf->propal->enabled && $leftmenu==\"propals\"',2,'2016-01-27 12:42:00'),(11638,'auguria',1,'','left','commercial','',11628,NULL,NULL,4,'/comm/propal/stats/index.php?leftmenu=propals','','Statistics','propal',1,'$user->rights->propale->lire','$conf->propal->enabled',2,'2016-01-27 12:42:00'),(11728,'auguria',1,'','left','commercial','orders',10533,NULL,NULL,5,'/commande/index.php?leftmenu=orders','','CustomersOrders','orders',0,'$user->rights->commande->lire','$conf->commande->enabled',2,'2016-01-27 12:42:00'),(11729,'auguria',1,'','left','commercial','',11728,NULL,NULL,0,'/commande/card.php?action=create&amp;leftmenu=orders','','NewOrder','orders',1,'$user->rights->commande->creer','$conf->commande->enabled',2,'2016-01-27 12:42:00'),(11730,'auguria',1,'','left','commercial','',11728,NULL,NULL,1,'/commande/list.php?leftmenu=orders','','List','orders',1,'$user->rights->commande->lire','$conf->commande->enabled',2,'2016-01-27 12:42:00'),(11731,'auguria',1,'','left','commercial','',11730,NULL,NULL,2,'/commande/list.php?leftmenu=orders&amp;viewstatut=0','','StatusOrderDraftShort','orders',1,'$user->rights->commande->lire','$conf->commande->enabled && $leftmenu==\"orders\"',2,'2016-01-27 12:42:00'),(11732,'auguria',1,'','left','commercial','',11730,NULL,NULL,3,'/commande/list.php?leftmenu=orders&amp;viewstatut=1','','StatusOrderValidated','orders',1,'$user->rights->commande->lire','$conf->commande->enabled && $leftmenu==\"orders\"',2,'2016-01-27 12:42:00'),(11733,'auguria',1,'','left','commercial','',11730,NULL,NULL,4,'/commande/list.php?leftmenu=orders&amp;viewstatut=2','','StatusOrderOnProcessShort','orders',1,'$user->rights->commande->lire','$conf->commande->enabled && $leftmenu==\"orders\"',2,'2016-01-27 12:42:00'),(11734,'auguria',1,'','left','commercial','',11730,NULL,NULL,5,'/commande/list.php?leftmenu=orders&amp;viewstatut=3','','StatusOrderToBill','orders',1,'$user->rights->commande->lire','$conf->commande->enabled && $leftmenu==\"orders\"',2,'2016-01-27 12:42:00'),(11735,'auguria',1,'','left','commercial','',11730,NULL,NULL,6,'/commande/list.php?leftmenu=orders&amp;viewstatut=4','','StatusOrderProcessed','orders',1,'$user->rights->commande->lire','$conf->commande->enabled && $leftmenu==\"orders\"',2,'2016-01-27 12:42:00'),(11736,'auguria',1,'','left','commercial','',11730,NULL,NULL,7,'/commande/list.php?leftmenu=orders&amp;viewstatut=-1','','StatusOrderCanceledShort','orders',1,'$user->rights->commande->lire','$conf->commande->enabled && $leftmenu==\"orders\"',2,'2016-01-27 12:42:00'),(11737,'auguria',1,'','left','commercial','',11728,NULL,NULL,4,'/commande/stats/index.php?leftmenu=orders','','Statistics','orders',1,'$user->rights->commande->lire','$conf->commande->enabled',2,'2016-01-27 12:42:00'),(11828,'auguria',1,'','left','commercial','sendings',10531,NULL,NULL,6,'/expedition/index.php?leftmenu=sendings','','Shipments','sendings',0,'$user->rights->expedition->lire','$conf->expedition->enabled',2,'2016-01-27 12:42:00'),(11829,'auguria',1,'','left','commercial','',11828,NULL,NULL,0,'/expedition/card.php?action=create2&leftmenu=sendings','','NewSending','sendings',1,'$user->rights->expedition->creer','$conf->expedition->enabled && $leftmenu==\"sendings\"',2,'2016-01-27 12:42:00'),(11830,'auguria',1,'','left','commercial','',11828,NULL,NULL,1,'/expedition/list.php?leftmenu=sendings','','List','sendings',1,'$user->rights->expedition->lire','$conf->expedition->enabled && $leftmenu==\"sendings\"',2,'2016-01-27 12:42:00'),(11831,'auguria',1,'','left','commercial','',11828,NULL,NULL,2,'/expedition/stats/index.php?leftmenu=sendings','','Statistics','sendings',1,'$user->rights->expedition->lire','$conf->expedition->enabled && $leftmenu==\"sendings\"',2,'2016-01-27 12:42:00'),(11928,'auguria',1,'','left','commercial','contracts',10533,NULL,NULL,7,'/contrat/index.php?leftmenu=contracts','','Contracts','contracts',0,'$user->rights->contrat->lire','$conf->contrat->enabled',2,'2016-01-27 12:42:00'),(11929,'auguria',1,'','left','commercial','',11928,NULL,NULL,0,'/contrat/card.php?&action=create&amp;leftmenu=contracts','','NewContract','contracts',1,'$user->rights->contrat->creer','$conf->contrat->enabled',2,'2016-01-27 12:42:00'),(11930,'auguria',1,'','left','commercial','',11928,NULL,NULL,1,'/contrat/list.php?leftmenu=contracts','','List','contracts',1,'$user->rights->contrat->lire','$conf->contrat->enabled',2,'2016-01-27 12:42:00'),(11931,'auguria',1,'','left','commercial','',11928,NULL,NULL,2,'/contrat/services.php?leftmenu=contracts','','MenuServices','contracts',1,'$user->rights->contrat->lire','$conf->contrat->enabled',2,'2016-01-27 12:42:00'),(11932,'auguria',1,'','left','commercial','',11931,NULL,NULL,0,'/contrat/services.php?leftmenu=contracts&amp;mode=0','','MenuInactiveServices','contracts',2,'$user->rights->contrat->lire','$conf->contrat->enabled&&$leftmenu==\"contracts\"',2,'2016-01-27 12:42:00'),(11933,'auguria',1,'','left','commercial','',11931,NULL,NULL,1,'/contrat/services.php?leftmenu=contracts&amp;mode=4','','MenuRunningServices','contracts',2,'$user->rights->contrat->lire','$conf->contrat->enabled&&$leftmenu==\"contracts\"',2,'2016-01-27 12:42:00'),(11934,'auguria',1,'','left','commercial','',11931,NULL,NULL,2,'/contrat/services.php?leftmenu=contracts&amp;mode=4&amp;filter=expired','','MenuExpiredServices','contracts',2,'$user->rights->contrat->lire','$conf->contrat->enabled&&$leftmenu==\"contracts\"',2,'2016-01-27 12:42:00'),(11935,'auguria',1,'','left','commercial','',11931,NULL,NULL,3,'/contrat/services.php?leftmenu=contracts&amp;mode=5','','MenuClosedServices','contracts',2,'$user->rights->contrat->lire','$conf->contrat->enabled&&$leftmenu==\"contracts\"',2,'2016-01-27 12:42:00'),(12028,'auguria',1,'','left','commercial','ficheinter',10533,NULL,NULL,8,'/fichinter/list.php?leftmenu=ficheinter','','Interventions','interventions',0,'$user->rights->ficheinter->lire','$conf->ficheinter->enabled',2,'2016-01-27 12:42:00'),(12029,'auguria',1,'','left','commercial','',12028,NULL,NULL,0,'/fichinter/card.php?action=create&amp;leftmenu=ficheinter','','NewIntervention','interventions',1,'$user->rights->ficheinter->creer','$conf->ficheinter->enabled',2,'2016-01-27 12:42:00'),(12030,'auguria',1,'','left','commercial','',12028,NULL,NULL,1,'/fichinter/list.php?leftmenu=ficheinter','','List','interventions',1,'$user->rights->ficheinter->lire','$conf->ficheinter->enabled',2,'2016-01-27 12:42:00'),(12128,'auguria',1,'','left','accountancy','supplier_bills',10534,NULL,NULL,3,'/fourn/facture/list.php?leftmenu=suppliers_bills','','BillsSuppliers','bills',0,'$user->rights->fournisseur->facture->lire','$conf->fournisseur->enabled',2,'2016-01-27 12:42:00'),(12129,'auguria',1,'','left','accountancy','',12128,NULL,NULL,0,'/fourn/facture/card.php?action=create&amp;leftmenu=suppliers_bills','','NewBill','bills',1,'$user->rights->fournisseur->facture->creer','$conf->fournisseur->enabled',2,'2016-01-27 12:42:00'),(12130,'auguria',1,'','left','accountancy','',12128,NULL,NULL,1,'/fourn/facture/impayees.php?leftmenu=suppliers_bills','','Unpaid','bills',1,'$user->rights->fournisseur->facture->lire','$conf->fournisseur->enabled',2,'2016-01-27 12:42:00'),(12131,'auguria',1,'','left','accountancy','',12128,NULL,NULL,2,'/fourn/facture/paiement.php?leftmenu=suppliers_bills','','Payments','bills',1,'$user->rights->fournisseur->facture->lire','$conf->fournisseur->enabled',2,'2016-01-27 12:42:00'),(12132,'auguria',1,'','left','accountancy','',12128,NULL,NULL,8,'/compta/facture/stats/index.php?leftmenu=customers_bills&mode=supplier','','Statistics','bills',1,'$user->rights->fournisseur->facture->lire','$conf->fournisseur->enabled',2,'2016-01-27 12:42:00'),(12228,'auguria',1,'','left','accountancy','customer_bills',10534,NULL,NULL,3,'/compta/facture/list.php?leftmenu=customers_bills','','BillsCustomers','bills',0,'$user->rights->facture->lire','$conf->facture->enabled',2,'2016-01-27 12:42:00'),(12229,'auguria',1,'','left','accountancy','',12228,NULL,NULL,3,'/compta/facture.php?action=create&amp;leftmenu=customers_bills','','NewBill','bills',1,'$user->rights->facture->creer','$conf->facture->enabled',2,'2016-01-27 12:42:00'),(12230,'auguria',1,'','left','accountancy','',12228,NULL,NULL,5,'/compta/facture/fiche-rec.php?leftmenu=customers_bills','','ListOfTemplates','bills',1,'$user->rights->facture->lire','$conf->facture->enabled',2,'2016-01-27 12:42:00'),(12231,'auguria',1,'','left','accountancy','',12228,NULL,NULL,7,'/compta/facture/mergepdftool.php?action=facturer&amp;leftmenu=customers_bills','','MergingPDFTool','bills',1,'$user->rights->facture->lire','$conf->facture->enabled',2,'2016-01-27 12:42:01'),(12232,'auguria',1,'','left','accountancy','',12228,NULL,NULL,6,'/compta/paiement/list.php?leftmenu=customers_bills','','Payments','bills',1,'$user->rights->facture->lire','$conf->facture->enabled',2,'2016-01-27 12:42:01'),(12233,'auguria',1,'','left','accountancy','',12228,NULL,NULL,4,'/compta/facture/list.php?leftmenu=customers_bills','','List','bills',1,'$user->rights->facture->lire','$conf->facture->enabled',2,'2016-01-27 12:42:00'),(12238,'auguria',1,'','left','accountancy','',12232,NULL,NULL,1,'/compta/paiement/rapport.php?leftmenu=customers_bills','','Reportings','bills',2,'$user->rights->facture->lire','$conf->facture->enabled',2,'2016-01-27 12:42:01'),(12239,'auguria',1,'','left','accountancy','checks',10542,NULL,NULL,9,'/compta/paiement/cheque/index.php?leftmenu=checks&amp;mainmenu=bank','','MenuChequeDeposits','bills',0,'$user->rights->banque->lire','! empty($conf->banque->enabled) && (! empty($conf->facture->enabled)) || ! empty($conf->global->MAIN_MENU_CHEQUE_DEPOSIT_ON)',2,'2016-01-27 12:42:01'),(12240,'auguria',1,'','left','accountancy','',12239,NULL,NULL,0,'/compta/paiement/cheque/card.php?leftmenu=checks&amp;action=new','','NewCheckDeposit','compta',1,'$user->rights->banque->lire','! empty($conf->banque->enabled) && (! empty($conf->facture->enabled)) || ! empty($conf->global->MAIN_MENU_CHEQUE_DEPOSIT_ON)',2,'2016-01-27 12:42:01'),(12241,'auguria',1,'','left','accountancy','',12239,NULL,NULL,1,'/compta/paiement/cheque/list.php?leftmenu=checks','','List','bills',1,'$user->rights->banque->lire','! empty($conf->banque->enabled) && (! empty($conf->facture->enabled)) || ! empty($conf->global->MAIN_MENU_CHEQUE_DEPOSIT_ON)',2,'2016-01-27 12:42:01'),(12242,'auguria',1,'','left','accountancy','',12228,NULL,NULL,8,'/compta/facture/stats/index.php?leftmenu=customers_bills','','Statistics','bills',1,'$user->rights->facture->lire','$conf->facture->enabled',2,'2016-01-27 12:42:01'),(12248,'auguria',1,'','left','accountancy','',12233,NULL,NULL,1,'/compta/facture/list.php?leftmenu=customers_bills&amp;search_status=0','','BillShortStatusDraft','bills',2,'$user->rights->facture->lire','$conf->facture->enabled',2,'2016-01-27 12:42:00'),(12249,'auguria',1,'','left','accountancy','',12233,NULL,NULL,2,'/compta/facture/list.php?leftmenu=customers_bills&amp;search_status=1','','BillShortStatusNotPaid','bills',2,'$user->rights->facture->lire','$conf->facture->enabled',2,'2016-01-27 12:42:00'),(12250,'auguria',1,'','left','accountancy','',12233,NULL,NULL,3,'/compta/facture/list.php?leftmenu=customers_bills&amp;search_status=2','','BillShortStatusPaid','bills',2,'$user->rights->facture->lire','$conf->facture->enabled',2,'2016-01-27 12:42:00'),(12251,'auguria',1,'','left','accountancy','',12233,NULL,NULL,4,'/compta/facture/list.php?leftmenu=customers_bills&amp;search_status=3','','BillShortStatusCanceled','bills',2,'$user->rights->facture->lire','$conf->facture->enabled',2,'2016-01-27 12:42:00'),(12428,'auguria',1,'','left','accountancy','orders',10534,NULL,NULL,3,'/commande/list.php?leftmenu=orders&amp;viewstatut=3','','MenuOrdersToBill','orders',0,'$user->rights->commande->lire','$conf->commande->enabled',0,'2016-01-27 12:42:01'),(12528,'auguria',1,'','left','accountancy','donations',10534,NULL,NULL,4,'/don/index.php?leftmenu=donations&amp;mainmenu=accountancy','','Donations','donations',0,'$user->rights->don->lire','$conf->don->enabled',2,'2016-01-27 12:42:01'),(12529,'auguria',1,'','left','accountancy','',12528,NULL,NULL,0,'/don/card.php?leftmenu=donations&amp;mainmenu=accountancy&amp;action=create','','NewDonation','donations',1,'$user->rights->don->creer','$conf->don->enabled && $leftmenu==\"donations\"',2,'2016-01-27 12:42:01'),(12530,'auguria',1,'','left','accountancy','',12528,NULL,NULL,1,'/don/list.php?leftmenu=donations&amp;mainmenu=accountancy','','List','donations',1,'$user->rights->don->lire','$conf->don->enabled && $leftmenu==\"donations\"',2,'2016-01-27 12:42:01'),(12628,'auguria',1,'','left','accountancy','tripsandexpenses',10543,NULL,NULL,5,'/compta/deplacement/index.php?leftmenu=tripsandexpenses','','TripsAndExpenses','trips',0,'$user->rights->deplacement->lire','$conf->deplacement->enabled',0,'2016-01-27 12:42:01'),(12629,'auguria',1,'','left','accountancy','',12628,NULL,NULL,1,'/compta/deplacement/card.php?action=create&amp;leftmenu=tripsandexpenses','','New','trips',1,'$user->rights->deplacement->creer','$conf->deplacement->enabled',0,'2016-01-27 12:42:01'),(12630,'auguria',1,'','left','accountancy','',12628,NULL,NULL,2,'/compta/deplacement/list.php?leftmenu=tripsandexpenses','','List','trips',1,'$user->rights->deplacement->lire','$conf->deplacement->enabled',0,'2016-01-27 12:42:01'),(12631,'auguria',1,'','left','accountancy','',12628,NULL,NULL,2,'/compta/deplacement/stats/index.php?leftmenu=tripsandexpenses','','Statistics','trips',1,'$user->rights->deplacement->lire','$conf->deplacement->enabled',0,'2016-01-27 12:42:01'),(12728,'auguria',1,'','left','accountancy','tax',10534,NULL,NULL,6,'/compta/charges/index.php?leftmenu=tax&amp;mainmenu=accountancy','','MenuSpecialExpenses','compta',0,'(! empty($conf->tax->enabled) && $user->rights->tax->charges->lire) || (! empty($conf->salaries->enabled) && $user->rights->salaries->read)','$conf->tax->enabled || $conf->salaries->enabled',0,'2016-01-27 12:42:01'),(12738,'auguria',1,'','left','accountancy','tax_sal',12728,NULL,NULL,1,'/compta/salaries/index.php?leftmenu=tax_salary&amp;mainmenu=accountancy','','Salaries','salaries',1,'$user->rights->salaries->read','$conf->salaries->enabled',0,'2016-01-27 12:42:01'),(12739,'auguria',1,'','left','accountancy','',12738,NULL,NULL,2,'/compta/salaries/card.php?leftmenu=tax_salary&amp;action=create','','NewPayment','companies',2,'$user->rights->salaries->write','$conf->salaries->enabled && $leftmenu==\"tax_salary\"',0,'2016-01-27 12:42:01'),(12740,'auguria',1,'','left','accountancy','',12738,NULL,NULL,3,'/compta/salaries/index.php?leftmenu=tax_salary','','Payments','companies',2,'$user->rights->salaries->read','$conf->salaries->enabled && $leftmenu==\"tax_salary\"',0,'2016-01-27 12:42:01'),(12748,'auguria',1,'','left','accountancy','tax_loan',12728,NULL,NULL,1,'/loan/index.php?leftmenu=tax_loan&amp;mainmenu=accountancy','','Loans','loan',1,'$user->rights->loan->read','$conf->loan->enabled',0,'2016-01-27 12:42:01'),(12749,'auguria',1,'','left','accountancy','',12748,NULL,NULL,2,'/loan/card.php?leftmenu=tax_loan&amp;action=create','','NewLoan','loan',2,'$user->rights->loan->write','$conf->loan->enabled && $leftmenu==\"tax_loan\"',0,'2016-01-27 12:42:01'),(12750,'auguria',1,'','left','accountancy','',12748,NULL,NULL,3,'/loan/index.php?leftmenu=tax_loan','','Payments','companies',2,'$user->rights->loan->read','$conf->loan->enabled && $leftmenu==\"tax_loan\"',0,'2016-01-27 12:42:01'),(12751,'auguria',1,'','left','accountancy','',12748,NULL,NULL,4,'/loan/calc.php?leftmenu=tax_loan','','Calculator','companies',2,'$user->rights->loan->calc','$conf->loan->enabled && $leftmenu==\"tax_loan\"',0,'2016-01-27 12:42:01'),(12778,'auguria',1,'','left','accountancy','tax_social',12728,NULL,NULL,1,'/compta/sociales/index.php?leftmenu=tax_social','','SocialContributions','',1,'$user->rights->tax->charges->lire','$conf->tax->enabled',0,'2016-01-27 12:42:01'),(12779,'auguria',1,'','left','accountancy','',12778,NULL,NULL,2,'/compta/sociales/charges.php?leftmenu=tax_social&amp;action=create','','MenuNewSocialContribution','',2,'$user->rights->tax->charges->creer','$conf->tax->enabled && $leftmenu==\"tax_social\"',0,'2016-01-27 12:42:01'),(12780,'auguria',1,'','left','accountancy','',12778,NULL,NULL,3,'/compta/charges/index.php?leftmenu=tax_social&amp;mainmenu=accountancy&amp;mode=sconly','','Payments','',2,'$user->rights->tax->charges->lire','$conf->tax->enabled && $leftmenu==\"tax_social\"',0,'2016-01-27 12:42:01'),(12828,'auguria',1,'','left','accountancy','tax_vat',12728,NULL,NULL,7,'/compta/tva/index.php?leftmenu=tax_vat&amp;mainmenu=accountancy','','VAT','companies',1,'$user->rights->tax->charges->lire','$conf->tax->enabled && empty($conf->global->TAX_DISABLE_VAT_MENUS)',0,'2016-01-27 12:42:01'),(12829,'auguria',1,'','left','accountancy','',12828,NULL,NULL,0,'/compta/tva/card.php?leftmenu=tax_vat&amp;action=create','','NewPayment','companies',2,'$user->rights->tax->charges->creer','$conf->tax->enabled && empty($conf->global->TAX_DISABLE_VAT_MENUS) && $leftmenu==\"tax_vat\"',0,'2016-01-27 12:42:01'),(12830,'auguria',1,'','left','accountancy','',12828,NULL,NULL,1,'/compta/tva/reglement.php?leftmenu=tax_vat','','Payments','companies',2,'$user->rights->tax->charges->lire','$conf->tax->enabled && empty($conf->global->TAX_DISABLE_VAT_MENUS) && $leftmenu==\"tax_vat\"',0,'2016-01-27 12:42:01'),(12831,'auguria',1,'','left','accountancy','',12828,NULL,NULL,2,'/compta/tva/clients.php?leftmenu=tax_vat','','ReportByCustomers','companies',2,'$user->rights->tax->charges->lire','$conf->tax->enabled && empty($conf->global->TAX_DISABLE_VAT_MENUS) && $leftmenu==\"tax_vat\"',0,'2016-01-27 12:42:01'),(12832,'auguria',1,'','left','accountancy','',12828,NULL,NULL,3,'/compta/tva/quadri_detail.php?leftmenu=tax_vat','','ReportByQuarter','companies',2,'$user->rights->tax->charges->lire','$conf->tax->enabled && empty($conf->global->TAX_DISABLE_VAT_MENUS) && $leftmenu==\"tax_vat\"',0,'2016-01-27 12:42:01'),(12928,'auguria',1,'','left','accountancy','ventil_customer',10534,NULL,NULL,8,'/accountancy/customer/index.php?leftmenu=ventil_customer','','CustomersVentilation','accountancy',0,'$user->rights->accounting->ventilation->read','$conf->accounting->enabled',0,'2016-01-27 12:42:01'),(12929,'auguria',1,'','left','accountancy','',12928,NULL,NULL,0,'/accountancy/customer/list.php','','ToDispatch','accountancy',1,'$user->rights->accounting->ventilation->dispatch','$conf->accounting->enabled && $leftmenu==\"ventil_customer\"',0,'2016-01-27 12:42:01'),(12930,'auguria',1,'','left','accountancy','',12928,NULL,NULL,1,'/accountancy/customer/lines.php','','Dispatched','accountancy',1,'$user->rights->accounting->ventilation->read','$conf->accounting->enabled && $leftmenu==\"ventil_customer\"',0,'2016-01-27 12:42:01'),(12938,'auguria',1,'','left','accountancy','ventil_supplier',10534,NULL,NULL,9,'/accountancy/supplier/index.php?leftmenu=ventil_supplier','','SuppliersVentilation','accountancy',0,'$user->rights->accounting->ventilation->read','$conf->accounting->enabled && $conf->fournisseur->enabled',0,'2016-01-27 12:42:01'),(12939,'auguria',1,'','left','accountancy','',12938,NULL,NULL,0,'/accountancy/supplier/list.php','','ToDispatch','accountancy',1,'$user->rights->accounting->ventilation->dispatch','$conf->accounting->enabled && $conf->fournisseur->enabled && $leftmenu==\"ventil_supplier\"',0,'2016-01-27 12:42:01'),(12940,'auguria',1,'','left','accountancy','',12938,NULL,NULL,1,'/accountancy/supplier/lines.php','','Dispatched','accountancy',1,'$user->rights->accounting->ventilation->read','$conf->accounting->enabled && $conf->fournisseur->enabled && $leftmenu==\"ventil_supplier\"',0,'2016-01-27 12:42:01'),(13028,'auguria',1,'','left','accountancy','withdraw',10542,NULL,NULL,9,'/compta/prelevement/index.php?leftmenu=withdraw&amp;mainmenu=bank','','StandingOrders','withdrawals',0,'$user->rights->prelevement->bons->lire','$conf->prelevement->enabled',2,'2016-01-27 12:42:01'),(13030,'auguria',1,'','left','accountancy','',13028,NULL,NULL,0,'/compta/prelevement/create.php?leftmenu=withdraw','','NewStandingOrder','withdrawals',1,'$user->rights->prelevement->bons->lire','$conf->prelevement->enabled && $leftmenu==\"withdraw\"',2,'2016-01-27 12:42:01'),(13031,'auguria',1,'','left','accountancy','',13028,NULL,NULL,2,'/compta/prelevement/bons.php?leftmenu=withdraw','','WithdrawalsReceipts','withdrawals',1,'$user->rights->prelevement->bons->lire','$conf->prelevement->enabled && $leftmenu==\"withdraw\"',2,'2016-01-27 12:42:01'),(13032,'auguria',1,'','left','accountancy','',13028,NULL,NULL,3,'/compta/prelevement/list.php?leftmenu=withdraw','','WithdrawalsLines','withdrawals',1,'$user->rights->prelevement->bons->lire','$conf->prelevement->enabled && $leftmenu==\"withdraw\"',2,'2016-01-27 12:42:01'),(13034,'auguria',1,'','left','accountancy','',13028,NULL,NULL,5,'/compta/prelevement/rejets.php?leftmenu=withdraw','','Rejects','withdrawals',1,'$user->rights->prelevement->bons->lire','$conf->prelevement->enabled && $leftmenu==\"withdraw\"',2,'2016-01-27 12:42:01'),(13035,'auguria',1,'','left','accountancy','',13028,NULL,NULL,6,'/compta/prelevement/stats.php?leftmenu=withdraw','','Statistics','withdrawals',1,'$user->rights->prelevement->bons->lire','$conf->prelevement->enabled && $leftmenu==\"withdraw\"',2,'2016-01-27 12:42:01'),(13128,'auguria',1,'','left','accountancy','bank',10542,NULL,NULL,1,'/compta/bank/index.php?leftmenu=bank&amp;mainmenu=bank','','MenuBankCash','banks',0,'$user->rights->banque->lire','$conf->banque->enabled',0,'2016-01-27 12:42:01'),(13129,'auguria',1,'','left','accountancy','',13128,NULL,NULL,0,'/compta/bank/card.php?action=create&amp;leftmenu=bank','','MenuNewFinancialAccount','banks',1,'$user->rights->banque->configurer','$conf->banque->enabled && ($leftmenu==\"bank\" || $leftmenu==\"checks\" || $leftmenu==\"withdraw\")',0,'2016-01-27 12:42:01'),(13130,'auguria',1,'','left','accountancy','',13128,NULL,NULL,1,'/compta/bank/categ.php?leftmenu=bank','','Rubriques','categories',1,'$user->rights->banque->configurer','$conf->banque->enabled && ($leftmenu==\"bank\" || $leftmenu==\"checks\" || $leftmenu==\"withdraw\")',0,'2016-01-27 12:42:01'),(13131,'auguria',1,'','left','accountancy','',13128,NULL,NULL,2,'/compta/bank/search.php?leftmenu=bank','','ListTransactions','banks',1,'$user->rights->banque->lire','$conf->banque->enabled && ($leftmenu==\"bank\" || $leftmenu==\"checks\" || $leftmenu==\"withdraw\")',0,'2016-01-27 12:42:01'),(13132,'auguria',1,'','left','accountancy','',13128,NULL,NULL,3,'/compta/bank/budget.php?leftmenu=bank','','ListTransactionsByCategory','banks',1,'$user->rights->banque->lire','$conf->banque->enabled && ($leftmenu==\"bank\" || $leftmenu==\"checks\" || $leftmenu==\"withdraw\")',0,'2016-01-27 12:42:01'),(13134,'auguria',1,'','left','accountancy','',13128,NULL,NULL,5,'/compta/bank/virement.php?leftmenu=bank','','BankTransfers','banks',1,'$user->rights->banque->transfer','$conf->banque->enabled && ($leftmenu==\"bank\" || $leftmenu==\"checks\" || $leftmenu==\"withdraw\")',0,'2016-01-27 12:42:01'),(13228,'auguria',1,'','left','accountancy','ca',10534,NULL,NULL,11,'/compta/resultat/index.php?leftmenu=ca&amp;mainmenu=accountancy','','Reportings','main',0,'$user->rights->compta->resultat->lire || $user->rights->accounting->comptarapport->lire','$conf->comptabilite->enabled || $conf->accounting->enabled',0,'2016-01-27 12:42:01'),(13229,'auguria',1,'','left','accountancy','',13228,NULL,NULL,0,'/compta/resultat/index.php?leftmenu=ca','','ReportInOut','main',1,'$user->rights->compta->resultat->lire || $user->rights->accounting->comptarapport->lire','$conf->comptabilite->enabled || $conf->accounting->enabled && $leftmenu==\"ca\"',0,'2016-01-27 12:42:01'),(13230,'auguria',1,'','left','accountancy','',13229,NULL,NULL,0,'/compta/resultat/clientfourn.php?leftmenu=ca','','ByCompanies','main',2,'$user->rights->compta->resultat->lire || $user->rights->accounting->comptarapport->lire','$conf->comptabilite->enabled || $conf->accounting->enabled && $leftmenu==\"ca\"',0,'2016-01-27 12:42:01'),(13231,'auguria',1,'','left','accountancy','',13228,NULL,NULL,1,'/compta/stats/index.php?leftmenu=ca','','ReportTurnover','main',1,'$user->rights->compta->resultat->lire || $user->rights->accounting->comptarapport->lire','$conf->comptabilite->enabled || $conf->accounting->enabled && $leftmenu==\"ca\"',0,'2016-01-27 12:42:01'),(13232,'auguria',1,'','left','accountancy','',13231,NULL,NULL,0,'/compta/stats/casoc.php?leftmenu=ca','','ByCompanies','main',2,'$user->rights->compta->resultat->lire || $user->rights->accounting->comptarapport->lire','$conf->comptabilite->enabled || $conf->accounting->enabled && $leftmenu==\"ca\"',0,'2016-01-27 12:42:01'),(13233,'auguria',1,'','left','accountancy','',13231,NULL,NULL,1,'/compta/stats/cabyuser.php?leftmenu=ca','','ByUsers','main',2,'$user->rights->compta->resultat->lire || $user->rights->accounting->comptarapport->lire','$conf->comptabilite->enabled || $conf->accounting->enabled && $leftmenu==\"ca\"',0,'2016-01-27 12:42:01'),(13234,'auguria',1,'','left','accountancy','',13228,NULL,NULL,1,'/compta/journal/sellsjournal.php?leftmenu=ca','','SellsJournal','main',1,'$user->rights->compta->resultat->lire || $user->rights->accounting->comptarapport->lire','$conf->comptabilite->enabled && $leftmenu==\"ca\"',0,'2016-01-27 12:42:01'),(13235,'auguria',1,'','left','accountancy','',13228,NULL,NULL,1,'/compta/journal/purchasesjournal.php?leftmenu=ca','','PurchasesJournal','main',1,'$user->rights->compta->resultat->lire || $user->rights->accounting->comptarapport->lire','$conf->comptabilite->enabled && $leftmenu==\"ca\"',0,'2016-01-27 12:42:01'),(13236,'auguria',1,'','left','accountancy','',13231,NULL,NULL,1,'/compta/stats/cabyprodserv.php?leftmenu=ca','','ByProductsAndServices','main',2,'$user->rights->compta->resultat->lire || $user->rights->accounting->comptarapport->lire','$conf->comptabilite->enabled || $conf->accounting->enabled && $leftmenu==\"ca\"',0,'2016-01-27 12:42:01'),(13248,'auguria',1,'','left','accountancy','bookkeeping',10534,NULL,NULL,12,'/accountancy/bookkeeping/list.php?leftmenu=bookkeeping','','Bookkeeping','accountancy',0,'$user->rights->accounting->mouvements->lire','$conf->accounting->enabled',0,'2016-01-27 12:42:01'),(13249,'auguria',1,'','left','accountancy','',13248,NULL,NULL,0,'/accountancy/bookkeeping/listbyyear.php','','ByYear','accountancy',1,'$user->rights->accounting->mouvements->lire','$conf->accounting->enabled && $leftmenu==\"bookkeeping\"',0,'2016-01-27 12:42:01'),(13250,'auguria',1,'','left','accountancy','',13248,NULL,NULL,1,'/accountancy/bookkeeping/balancebymonth.php','','AccountBalanceByMonth','accountancy',1,'$user->rights->accounting->mouvements->lire','$conf->accounting->enabled && $leftmenu==\"bookkeeping\"',0,'2016-01-27 12:42:01'),(13278,'auguria',1,'','left','home','',10534,NULL,NULL,20,'/accountancy/admin/fiscalyear.php?leftmenu=setup','','Fiscalyear','accountancy',1,'$user->rights->accounting->fiscalyear','$conf->accounting->enabled',2,'2016-01-27 12:42:01'),(13279,'auguria',1,'','left','home','',10534,NULL,NULL,21,'/accountancy/admin/account.php?mainmenu=accountancy','','Chartofaccounts','accountancy',1,'$user->rights->accounting->chartofaccount','$conf->accounting->enabled',2,'2016-01-27 12:42:01'),(13328,'auguria',1,'','left','products','product',10531,NULL,NULL,0,'/product/index.php?leftmenu=product&amp;type=0','','Products','products',0,'$user->rights->produit->lire','$conf->product->enabled',2,'2016-01-27 12:42:00'),(13329,'auguria',1,'','left','products','',13328,NULL,NULL,0,'/product/card.php?leftmenu=product&amp;action=create&amp;type=0','','NewProduct','products',1,'$user->rights->produit->creer','$conf->product->enabled',2,'2016-01-27 12:42:00'),(13330,'auguria',1,'','left','products','',13328,NULL,NULL,1,'/product/list.php?leftmenu=product&amp;type=0','','List','products',1,'$user->rights->produit->lire','$conf->product->enabled',2,'2016-01-27 12:42:00'),(13331,'auguria',1,'','left','products','',13328,NULL,NULL,4,'/product/reassort.php?type=0','','Stocks','products',1,'$user->rights->produit->lire && $user->rights->stock->lire','$conf->product->enabled',2,'2016-01-27 12:42:00'),(13332,'auguria',1,'','left','products','',13328,NULL,NULL,6,'/product/popuprop.php?leftmenu=stats&amp;type=0','','Statistics','main',1,'$user->rights->produit->lire','$conf->propal->enabled',2,'2016-01-27 12:42:00'),(13333,'auguria',1,'','left','products','',13328,NULL,NULL,5,'/product/reassortlot.php?type=0','','StocksByLotSerial','products',1,'$user->rights->produit->lire && $user->rights->stock->lire','$conf->productbatch->enabled',2,'2016-01-27 12:42:00'),(13428,'auguria',1,'','left','products','service',10531,NULL,NULL,1,'/product/index.php?leftmenu=service&amp;type=1','','Services','products',0,'$user->rights->service->lire','$conf->service->enabled',2,'2016-01-27 12:42:00'),(13429,'auguria',1,'','left','products','',13428,NULL,NULL,0,'/product/card.php?leftmenu=service&amp;action=create&amp;type=1','','NewService','products',1,'$user->rights->service->creer','$conf->service->enabled',2,'2016-01-27 12:42:00'),(13430,'auguria',1,'','left','products','',13428,NULL,NULL,1,'/product/list.php?leftmenu=service&amp;type=1','','List','products',1,'$user->rights->service->lire','$conf->service->enabled',2,'2016-01-27 12:42:00'),(13431,'auguria',1,'','left','products','',13428,NULL,NULL,5,'/product/popuprop.php?leftmenu=stats&amp;type=1','','Statistics','main',1,'$user->rights->service->lire','$conf->propal->enabled',2,'2016-01-27 12:42:00'),(13628,'auguria',1,'','left','products','stock',10531,NULL,NULL,3,'/product/stock/index.php?leftmenu=stock','','Stock','stocks',0,'$user->rights->stock->lire','$conf->stock->enabled',2,'2016-01-27 12:42:00'),(13629,'auguria',1,'','left','products','',13628,NULL,NULL,0,'/product/stock/card.php?action=create','','MenuNewWarehouse','stocks',1,'$user->rights->stock->creer','$conf->stock->enabled',2,'2016-01-27 12:42:00'),(13630,'auguria',1,'','left','products','',13628,NULL,NULL,1,'/product/stock/list.php','','List','stocks',1,'$user->rights->stock->lire','$conf->stock->enabled',2,'2016-01-27 12:42:00'),(13632,'auguria',1,'','left','products','',13628,NULL,NULL,3,'/product/stock/mouvement.php','','Movements','stocks',1,'$user->rights->stock->mouvement->lire','$conf->stock->enabled',2,'2016-01-27 12:42:00'),(13633,'auguria',1,'','left','products','',13628,NULL,NULL,4,'/product/stock/replenish.php','','Replenishments','stocks',1,'$user->rights->stock->mouvement->creer && $user->rights->fournisseur->lire','$conf->stock->enabled && $conf->fournisseur->enabled',2,'2016-01-27 12:42:00'),(13634,'auguria',1,'','left','products','',13628,NULL,NULL,5,'/product/stock/massstockmove.php','','StockTransfer','stocks',1,'$user->rights->stock->mouvement->creer','$conf->stock->enabled',2,'2016-01-27 12:42:00'),(13728,'auguria',1,'','left','products','cat',10531,NULL,NULL,4,'/categories/index.php?leftmenu=cat&amp;type=0','','Categories','categories',0,'$user->rights->categorie->lire','$conf->categorie->enabled',2,'2016-01-27 12:42:00'),(13729,'auguria',1,'','left','products','',13728,NULL,NULL,0,'/categories/card.php?action=create&amp;type=0','','NewCategory','categories',1,'$user->rights->categorie->creer','$conf->categorie->enabled',2,'2016-01-27 12:42:00'),(14128,'auguria',1,'','left','project','projects',10535,NULL,NULL,0,'/projet/index.php?leftmenu=projects','','Projects','projects',0,'$user->rights->projet->lire','$conf->projet->enabled',2,'2016-01-27 12:42:01'),(14129,'auguria',1,'','left','project','',14128,NULL,NULL,1,'/projet/card.php?leftmenu=projects&amp;action=create','','NewProject','projects',1,'$user->rights->projet->creer','$conf->projet->enabled',2,'2016-01-27 12:42:01'),(14130,'auguria',1,'','left','project','',14128,NULL,NULL,2,'/projet/list.php?leftmenu=projects','','List','projects',1,'$user->rights->projet->lire','$conf->projet->enabled',2,'2016-01-27 12:42:01'),(14138,'auguria',1,'','left','project','myprojects',10535,NULL,NULL,0,'/projet/index.php?leftmenu=projects&amp;mode=mine','','MyProjects','projects',0,'$user->rights->projet->lire','$conf->projet->enabled',2,'2016-01-27 12:42:01'),(14139,'auguria',1,'','left','project','',14138,NULL,NULL,1,'/projet/card.php?leftmenu=projects&amp;action=create&amp;mode=mine','','NewProject','projects',1,'$user->rights->projet->creer','$conf->projet->enabled',2,'2016-01-27 12:42:01'),(14140,'auguria',1,'','left','project','',14138,NULL,NULL,2,'/projet/list.php?leftmenu=projects&amp;mode=mine','','List','projects',1,'$user->rights->projet->lire','$conf->projet->enabled',2,'2016-01-27 12:42:01'),(14228,'auguria',1,'','left','project','',10535,NULL,NULL,0,'/projet/activity/index.php?leftmenu=projects','','Activities','projects',0,'$user->rights->projet->lire','$conf->projet->enabled',2,'2016-01-27 12:42:01'),(14229,'auguria',1,'','left','project','',14228,NULL,NULL,1,'/projet/tasks.php?leftmenu=projects&amp;action=create','','NewTask','projects',1,'$user->rights->projet->creer','$conf->projet->enabled',2,'2016-01-27 12:42:01'),(14230,'auguria',1,'','left','project','',14228,NULL,NULL,2,'/projet/tasks/index.php?leftmenu=projects','','List','projects',1,'$user->rights->projet->lire','$conf->projet->enabled',2,'2016-01-27 12:42:01'),(14231,'auguria',1,'','left','project','',14228,NULL,NULL,3,'/projet/activity/perweek.php?leftmenu=projects','','NewTimeSpent','projects',1,'$user->rights->projet->lire','$conf->projet->enabled',2,'2016-01-27 12:42:01'),(14328,'auguria',1,'','left','project','',10535,NULL,NULL,0,'/projet/activity/index.php?leftmenu=projects&amp;mode=mine','','MyActivities','projects',0,'$user->rights->projet->lire','$conf->projet->enabled',2,'2016-01-27 12:42:01'),(14329,'auguria',1,'','left','project','',14328,NULL,NULL,1,'/projet/tasks.php?leftmenu=projects&amp;action=create&amp;mode=mine','','NewTask','projects',1,'$user->rights->projet->creer','$conf->projet->enabled',2,'2016-01-27 12:42:01'),(14330,'auguria',1,'','left','project','',14328,NULL,NULL,2,'/projet/tasks/index.php?leftmenu=projects&amp;mode=mine','','List','projects',1,'$user->rights->projet->lire','$conf->projet->enabled',2,'2016-01-27 12:42:01'),(14331,'auguria',1,'','left','project','',14328,NULL,NULL,3,'/projet/activity/perweek.php?leftmenu=projects&amp;mode=mine','','NewTimeSpent','projects',1,'$user->rights->projet->lire','$conf->projet->enabled',2,'2016-01-27 12:42:01'),(14428,'auguria',1,'','left','tools','mailing',10536,NULL,NULL,0,'/comm/mailing/index.php?leftmenu=mailing','','EMailings','mails',0,'$user->rights->mailing->lire','$conf->mailing->enabled',0,'2016-01-27 12:42:01'),(14429,'auguria',1,'','left','tools','',14428,NULL,NULL,0,'/comm/mailing/card.php?leftmenu=mailing&amp;action=create','','NewMailing','mails',1,'$user->rights->mailing->creer','$conf->mailing->enabled',0,'2016-01-27 12:42:01'),(14430,'auguria',1,'','left','tools','',14428,NULL,NULL,1,'/comm/mailing/list.php?leftmenu=mailing','','List','mails',1,'$user->rights->mailing->lire','$conf->mailing->enabled',0,'2016-01-27 12:42:01'),(14628,'auguria',1,'','left','tools','export',10536,NULL,NULL,2,'/exports/index.php?leftmenu=export','','FormatedExport','exports',0,'$user->rights->export->lire','$conf->export->enabled',2,'2016-01-27 12:42:01'),(14629,'auguria',1,'','left','tools','',14628,NULL,NULL,0,'/exports/export.php?leftmenu=export','','NewExport','exports',1,'$user->rights->export->creer','$conf->export->enabled',2,'2016-01-27 12:42:01'),(14658,'auguria',1,'','left','tools','import',10536,NULL,NULL,2,'/imports/index.php?leftmenu=import','','FormatedImport','exports',0,'$user->rights->import->run','$conf->import->enabled',2,'2016-01-27 12:42:01'),(14659,'auguria',1,'','left','tools','',14658,NULL,NULL,0,'/imports/import.php?leftmenu=import','','NewImport','exports',1,'$user->rights->import->run','$conf->import->enabled',2,'2016-01-27 12:42:01'),(14728,'auguria',1,'','left','members','members',10541,NULL,NULL,0,'/adherents/index.php?leftmenu=members&amp;mainmenu=members','','Members','members',0,'$user->rights->adherent->lire','$conf->adherent->enabled',2,'2016-01-27 12:42:01'),(14729,'auguria',1,'','left','members','',14728,NULL,NULL,0,'/adherents/card.php?leftmenu=members&amp;action=create','','NewMember','members',1,'$user->rights->adherent->creer','$conf->adherent->enabled',2,'2016-01-27 12:42:01'),(14730,'auguria',1,'','left','members','',14728,NULL,NULL,1,'/adherents/list.php','','List','members',1,'$user->rights->adherent->lire','$conf->adherent->enabled',2,'2016-01-27 12:42:01'),(14731,'auguria',1,'','left','members','',14730,NULL,NULL,2,'/adherents/list.php?leftmenu=members&amp;statut=-1','','MenuMembersToValidate','members',2,'$user->rights->adherent->lire','$conf->adherent->enabled',2,'2016-01-27 12:42:01'),(14732,'auguria',1,'','left','members','',14730,NULL,NULL,3,'/adherents/list.php?leftmenu=members&amp;statut=1','','MenuMembersValidated','members',2,'$user->rights->adherent->lire','$conf->adherent->enabled',2,'2016-01-27 12:42:01'),(14733,'auguria',1,'','left','members','',14730,NULL,NULL,4,'/adherents/list.php?leftmenu=members&amp;statut=1&amp;filter=outofdate','','MenuMembersNotUpToDate','members',2,'$user->rights->adherent->lire','$conf->adherent->enabled',2,'2016-01-27 12:42:01'),(14734,'auguria',1,'','left','members','',14730,NULL,NULL,5,'/adherents/list.php?leftmenu=members&amp;statut=1&amp;filter=uptodate','','MenuMembersUpToDate','members',2,'$user->rights->adherent->lire','$conf->adherent->enabled',2,'2016-01-27 12:42:01'),(14735,'auguria',1,'','left','members','',14730,NULL,NULL,6,'/adherents/list.php?leftmenu=members&amp;statut=0','','MenuMembersResiliated','members',2,'$user->rights->adherent->lire','$conf->adherent->enabled',2,'2016-01-27 12:42:01'),(14736,'auguria',1,'','left','members','',14728,NULL,NULL,7,'/adherents/stats/geo.php?leftmenu=members&amp;mode=memberbycountry','','MenuMembersStats','members',1,'$user->rights->adherent->lire','$conf->adherent->enabled',2,'2016-01-27 12:42:01'),(14828,'auguria',1,'','left','members','',10541,NULL,NULL,1,'/adherents/index.php?leftmenu=members&amp;mainmenu=members','','Subscriptions','compta',0,'$user->rights->adherent->cotisation->lire','$conf->adherent->enabled',2,'2016-01-27 12:42:01'),(14829,'auguria',1,'','left','members','',14828,NULL,NULL,0,'/adherents/list.php?statut=-1&amp;leftmenu=accountancy&amp;mainmenu=members','','NewSubscription','compta',1,'$user->rights->adherent->cotisation->creer','$conf->adherent->enabled',2,'2016-01-27 12:42:01'),(14830,'auguria',1,'','left','members','',14828,NULL,NULL,1,'/adherents/cotisations.php?leftmenu=members','','List','compta',1,'$user->rights->adherent->cotisation->lire','$conf->adherent->enabled',2,'2016-01-27 12:42:01'),(14831,'auguria',1,'','left','members','',14828,NULL,NULL,7,'/adherents/stats/index.php?leftmenu=members','','MenuMembersStats','members',1,'$user->rights->adherent->lire','$conf->adherent->enabled',2,'2016-01-27 12:42:01'),(15028,'auguria',1,'','left','members','export',10541,NULL,NULL,3,'/adherents/index.php?leftmenu=export&amp;mainmenu=members','','Exports','members',0,'$user->rights->adherent->export','$conf->adherent->enabled',2,'2016-01-27 12:42:01'),(15029,'auguria',1,'','left','members','',15028,NULL,NULL,0,'/exports/index.php?leftmenu=export','','Datas','members',1,'$user->rights->adherent->export','$conf->adherent->enabled && $conf->export->enabled',2,'2016-01-27 12:42:01'),(15030,'auguria',1,'','left','members','',15028,NULL,NULL,1,'/adherents/htpasswd.php?leftmenu=export','','Filehtpasswd','members',1,'$user->rights->adherent->export','$conf->adherent->enabled',2,'2016-01-27 12:42:01'),(15031,'auguria',1,'','left','members','',15028,NULL,NULL,2,'/adherents/cartes/carte.php?leftmenu=export','','MembersCards','members',1,'$user->rights->adherent->export','$conf->adherent->enabled',2,'2016-01-27 12:42:01'),(15228,'auguria',1,'','left','members','setup',10541,NULL,NULL,5,'/adherents/type.php?leftmenu=setup&amp;mainmenu=members','','MembersTypes','members',0,'$user->rights->adherent->configurer','$conf->adherent->enabled',2,'2016-01-27 12:42:01'),(15229,'auguria',1,'','left','members','',15228,NULL,NULL,0,'/adherents/type.php?leftmenu=setup&amp;mainmenu=members&amp;action=create','','New','members',1,'$user->rights->adherent->configurer','$conf->adherent->enabled',2,'2016-01-27 12:42:01'),(15230,'auguria',1,'','left','members','',15228,NULL,NULL,1,'/adherents/type.php?leftmenu=setup&amp;mainmenu=members','','List','members',1,'$user->rights->adherent->configurer','$conf->adherent->enabled',2,'2016-01-27 12:42:01'),(15528,'auguria',1,'','left','hrm','hrm',10543,NULL,NULL,1,'/holiday/list.php?&leftmenu=hrm','','CPTitreMenu','holiday',0,'$user->rights->holiday->read','$conf->holiday->enabled',0,'2016-01-27 12:42:01'),(15529,'auguria',1,'','left','hrm','',15528,NULL,NULL,1,'/holiday/card.php?&action=request','','MenuAddCP','holiday',1,'$user->rights->holiday->write','$conf->holiday->enabled',0,'2016-01-27 12:42:01'),(15530,'auguria',1,'','left','hrm','',15528,NULL,NULL,1,'/holiday/list.php?&leftmenu=hrm','','List','holiday',1,'$user->rights->holiday->read','$conf->holiday->enabled',0,'2016-01-27 12:42:01'),(15531,'auguria',1,'','left','hrm','',15530,NULL,NULL,1,'/holiday/list.php?select_statut=2&leftmenu=hrm','','ListToApprove','trips',2,'$user->rights->holiday->read','$conf->holiday->enabled',0,'2016-01-27 12:42:01'),(15532,'auguria',1,'','left','hrm','',15528,NULL,NULL,2,'/holiday/define_holiday.php?&action=request','','MenuConfCP','holiday',1,'$user->rights->holiday->define_holiday','$conf->holiday->enabled',0,'2016-01-27 12:42:01'),(15533,'auguria',1,'','left','hrm','',15528,NULL,NULL,3,'/holiday/view_log.php?&action=request','','MenuLogCP','holiday',1,'$user->rights->holiday->define_holiday','$conf->holiday->enabled',0,'2016-01-27 12:42:01'),(15534,'auguria',1,'','left','hrm','',15528,NULL,NULL,4,'/holiday/month_report.php?&action=request','','MenuReportMonth','holiday',1,'$user->rights->holiday->define_holiday','$conf->holiday->enabled',0,'2016-01-27 12:42:01'),(15628,'auguria',1,'','left','commercial','orders_suppliers',10533,NULL,NULL,6,'/fourn/commande/index.php?leftmenu=orders_suppliers','','SuppliersOrders','orders',0,'$user->rights->fournisseur->commande->lire','$conf->fournisseur->enabled',2,'2016-01-27 12:42:00'),(15629,'auguria',1,'','left','commercial','',15628,NULL,NULL,0,'/fourn/commande/card.php?action=create&amp;leftmenu=orders_suppliers','','NewOrder','orders',1,'$user->rights->fournisseur->commande->creer','$conf->fournisseur->enabled',2,'2016-01-27 12:42:00'),(15630,'auguria',1,'','left','commercial','',15628,NULL,NULL,1,'/fourn/commande/list.php?leftmenu=orders_suppliers&amp;viewstatut=0','','List','orders',1,'$user->rights->fournisseur->commande->lire','$conf->fournisseur->enabled',2,'2016-01-27 12:42:00'),(15636,'auguria',1,'','left','commercial','',15628,NULL,NULL,7,'/commande/stats/index.php?leftmenu=orders_suppliers&amp;mode=supplier','','Statistics','orders',1,'$user->rights->fournisseur->commande->lire','$conf->fournisseur->enabled',2,'2016-01-27 12:42:00'),(15728,'auguria',1,'','left','members','cat',10541,NULL,NULL,3,'/categories/index.php?leftmenu=cat&amp;type=3','','MembersCategoriesShort','categories',0,'$user->rights->categorie->lire','$conf->adherent->enabled && $conf->categorie->enabled',2,'2016-01-27 12:42:01'),(15729,'auguria',1,'','left','members','',15728,NULL,NULL,0,'/categories/card.php?action=create&amp;type=3','','NewCategory','categories',1,'$user->rights->categorie->creer','$conf->adherent->enabled && $conf->categorie->enabled',2,'2016-01-27 12:42:01');

--
-- Table structure for table `llx_notify`
--

CREATE TABLE `llx_notify` (
  `rowid` int(11) NOT NULL AUTO_INCREMENT,
  `tms` timestamp NOT NULL DEFAULT CURRENT_TIMESTAMP ON UPDATE CURRENT_TIMESTAMP,
  `daten` datetime DEFAULT NULL,
  `fk_action` int(11) NOT NULL,
  `fk_soc` int(11) DEFAULT NULL,
  `type` varchar(16) DEFAULT 'email',
  `fk_contact` int(11) DEFAULT NULL,
  `fk_user` int(11) DEFAULT NULL,
  `objet_type` varchar(24) NOT NULL,
  `objet_id` int(11) NOT NULL,
  `email` varchar(255) DEFAULT NULL,
  PRIMARY KEY (`rowid`)
) ENGINE=InnoDB DEFAULT CHARSET=utf8;

--
-- Dumping data for table `llx_notify`
--


--
-- Table structure for table `llx_notify_def`
--

CREATE TABLE `llx_notify_def` (
  `rowid` int(11) NOT NULL AUTO_INCREMENT,
  `tms` timestamp NOT NULL DEFAULT CURRENT_TIMESTAMP ON UPDATE CURRENT_TIMESTAMP,
  `datec` date DEFAULT NULL,
  `fk_action` int(11) NOT NULL,
  `fk_soc` int(11) NOT NULL,
  `fk_contact` int(11) DEFAULT NULL,
  `fk_user` int(11) DEFAULT NULL,
  `type` varchar(16) DEFAULT 'email',
  PRIMARY KEY (`rowid`)
) ENGINE=InnoDB DEFAULT CHARSET=utf8;

--
-- Dumping data for table `llx_notify_def`
--


--
-- Table structure for table `llx_opensurvey_comments`
--

CREATE TABLE `llx_opensurvey_comments` (
  `id_comment` int(10) unsigned NOT NULL AUTO_INCREMENT,
  `id_sondage` char(16) NOT NULL,
  `comment` text NOT NULL,
  `tms` timestamp NOT NULL DEFAULT CURRENT_TIMESTAMP ON UPDATE CURRENT_TIMESTAMP,
  `usercomment` text,
  PRIMARY KEY (`id_comment`),
  KEY `idx_id_comment` (`id_comment`),
  KEY `idx_id_sondage` (`id_sondage`)
) ENGINE=InnoDB DEFAULT CHARSET=utf8;

--
-- Dumping data for table `llx_opensurvey_comments`
--


--
-- Table structure for table `llx_opensurvey_formquestions`
--

CREATE TABLE `llx_opensurvey_formquestions` (
  `rowid` int(11) NOT NULL AUTO_INCREMENT,
  `id_sondage` varchar(16) DEFAULT NULL,
  `question` text,
  `available_answers` text,
  PRIMARY KEY (`rowid`)
) ENGINE=InnoDB DEFAULT CHARSET=utf8;

--
-- Dumping data for table `llx_opensurvey_formquestions`
--


--
-- Table structure for table `llx_opensurvey_sondage`
--

CREATE TABLE `llx_opensurvey_sondage` (
  `id_sondage` varchar(16) NOT NULL,
  `commentaires` text,
  `mail_admin` varchar(128) DEFAULT NULL,
  `nom_admin` varchar(64) DEFAULT NULL,
  `fk_user_creat` int(11) DEFAULT NULL,
  `titre` text NOT NULL,
  `date_fin` datetime NOT NULL,
  `format` varchar(2) NOT NULL,
  `mailsonde` tinyint(4) NOT NULL DEFAULT '0',
  `tms` timestamp NOT NULL DEFAULT CURRENT_TIMESTAMP ON UPDATE CURRENT_TIMESTAMP,
  `sujet` text,
  `entity` int(11) NOT NULL DEFAULT '1',
  `allow_comments` tinyint(4) NOT NULL DEFAULT '1',
  `allow_spy` tinyint(4) NOT NULL DEFAULT '1',
  PRIMARY KEY (`id_sondage`),
  KEY `idx_date_fin` (`date_fin`)
) ENGINE=InnoDB DEFAULT CHARSET=utf8;

--
-- Dumping data for table `llx_opensurvey_sondage`
--


--
-- Table structure for table `llx_opensurvey_user_formanswers`
--

CREATE TABLE `llx_opensurvey_user_formanswers` (
  `fk_user_survey` int(11) NOT NULL,
  `fk_question` int(11) NOT NULL,
  `reponses` text
) ENGINE=InnoDB DEFAULT CHARSET=utf8;

--
-- Dumping data for table `llx_opensurvey_user_formanswers`
--


--
-- Table structure for table `llx_opensurvey_user_studs`
--

CREATE TABLE `llx_opensurvey_user_studs` (
  `id_users` int(11) NOT NULL AUTO_INCREMENT,
  `nom` varchar(64) NOT NULL,
  `id_sondage` varchar(16) NOT NULL,
  `reponses` varchar(100) NOT NULL,
  `tms` timestamp NOT NULL DEFAULT CURRENT_TIMESTAMP ON UPDATE CURRENT_TIMESTAMP,
  PRIMARY KEY (`id_users`),
  KEY `idx_opensurvey_user_studs_id_users` (`id_users`),
  KEY `idx_opensurvey_user_studs_nom` (`nom`),
  KEY `idx_opensurvey_user_studs_id_sondage` (`id_sondage`)
) ENGINE=InnoDB AUTO_INCREMENT=2 DEFAULT CHARSET=utf8;

--
-- Dumping data for table `llx_opensurvey_user_studs`
--


--
-- Table structure for table `llx_overwrite_trans`
--

CREATE TABLE `llx_overwrite_trans` (
  `rowid` int(11) NOT NULL AUTO_INCREMENT,
  `lang` varchar(5) DEFAULT NULL,
  `transkey` varchar(128) DEFAULT NULL,
  `transvalue` text,
  PRIMARY KEY (`rowid`)
) ENGINE=InnoDB DEFAULT CHARSET=utf8;

--
-- Dumping data for table `llx_overwrite_trans`
--


--
-- Table structure for table `llx_paiement`
--

CREATE TABLE `llx_paiement` (
  `rowid` int(11) NOT NULL AUTO_INCREMENT,
  `ref` varchar(30) NOT NULL DEFAULT '',
  `entity` int(11) NOT NULL DEFAULT '1',
  `datec` datetime DEFAULT NULL,
  `tms` timestamp NOT NULL DEFAULT CURRENT_TIMESTAMP ON UPDATE CURRENT_TIMESTAMP,
  `datep` datetime DEFAULT NULL,
  `amount` double(24,8) DEFAULT '0.00000000',
  `fk_paiement` int(11) NOT NULL,
  `num_paiement` varchar(50) DEFAULT NULL,
  `note` text,
  `fk_bank` int(11) NOT NULL DEFAULT '0',
  `fk_user_creat` int(11) DEFAULT NULL,
  `fk_user_modif` int(11) DEFAULT NULL,
  `statut` smallint(6) NOT NULL DEFAULT '0',
  `fk_export_compta` int(11) NOT NULL DEFAULT '0',
  PRIMARY KEY (`rowid`)
) ENGINE=InnoDB AUTO_INCREMENT=31 DEFAULT CHARSET=utf8;

--
-- Dumping data for table `llx_paiement`
--

INSERT INTO `llx_paiement` (`rowid`, `ref`, `entity`, `datec`, `tms`, `datep`, `amount`, `fk_paiement`, `num_paiement`, `note`, `fk_bank`, `fk_user_creat`, `fk_user_modif`, `statut`, `fk_export_compta`) VALUES (2,'',1,'2015-07-27 09:20:48','2015-07-27 07:20:48','2015-04-07 12:00:00',6066.00000000,2,'','',4,2,NULL,0,0),(3,'',1,'2015-12-03 11:48:27','2015-12-03 10:48:28','2015-09-09 12:00:00',63070.00000000,2,'','',6,2,NULL,0,0),(4,'',1,'2015-12-03 11:49:27','2015-12-03 10:49:27','2015-09-14 12:00:00',13500.00000000,2,'','',7,2,NULL,0,0),(5,'',1,'2015-12-03 11:50:16','2015-12-03 10:50:16','2015-06-01 12:00:00',56430.00000000,2,'','',8,2,NULL,0,0),(6,'',1,'2015-12-03 11:50:57','2015-12-03 10:50:57','2015-05-06 12:00:00',75708.00000000,2,'','',9,2,NULL,0,0),(7,'',1,'2015-12-03 11:52:16','2015-12-03 10:52:16','2015-04-07 12:00:00',6066.00000000,2,'','',10,2,NULL,0,0),(8,'',1,'2015-12-03 11:55:14','2015-12-03 10:55:14','2015-11-02 12:00:00',6166.00000000,2,'','',11,2,NULL,0,0),(9,'',1,'2015-12-03 11:56:25','2015-12-03 10:56:25','2015-09-09 12:00:00',32656.30000000,2,'','',12,2,NULL,0,0),(10,'',1,'2015-12-08 16:14:15','2015-12-08 15:14:16','2015-07-28 12:00:00',13152.00000000,2,'','',13,2,NULL,0,0),(11,'',1,'2016-03-21 10:04:26','2016-03-21 09:04:26','2016-03-18 12:00:00',3598.80000000,2,'','',14,2,NULL,0,0),(12,'',1,'2016-03-21 11:03:35','2016-03-21 10:03:35','2016-03-03 12:00:00',52252.50000000,2,'','',15,2,NULL,0,0),(13,'',1,'2016-06-21 16:52:54','2016-06-21 14:52:54','2016-05-31 12:00:00',46227.00000000,2,'','',16,2,NULL,0,0),(14,'PAY1609-0001',1,'2016-12-19 09:26:45','2016-12-19 08:26:45','2016-09-22 12:00:00',41618.40000000,2,'','',18,2,NULL,0,0),(15,'PAY1501-0002',1,'2017-02-14 15:17:27','2017-02-14 14:17:27','2015-01-25 12:00:00',18657.00000000,2,'','',19,2,NULL,0,0),(16,'PAY1701-0003',1,'2017-03-03 10:29:16','2017-03-03 09:29:16','2017-01-11 12:00:00',62427.60000000,2,'','',20,2,NULL,0,0),(17,'PAY1612-0004',1,'2017-03-03 10:30:18','2017-03-03 09:30:18','2016-12-15 12:00:00',1800.00000000,2,'','',21,2,NULL,0,0),(18,'PAY1606-0005',1,'2017-03-03 10:31:18','2017-03-03 09:31:18','2016-06-23 12:00:00',1896.00000000,2,'','',22,2,NULL,0,0),(19,'PAY1609-0006',1,'2017-03-03 10:33:15','2017-03-03 09:33:16','2016-09-01 12:00:00',948.00000000,2,'','',23,2,NULL,0,0),(20,'PAY1605-0007',1,'2017-03-03 10:33:36','2017-03-03 09:33:36','2016-05-31 12:00:00',948.00000000,2,'','',24,2,NULL,0,0),(21,'PAY1604-0008',1,'2017-03-03 10:34:29','2017-03-03 09:34:29','2016-04-27 12:00:00',121922.50000000,2,'','',25,2,NULL,0,0),(22,'PAY1604-0009',1,'2017-03-03 10:36:18','2017-03-03 09:36:18','2016-04-07 12:00:00',8778.20000000,2,'','',26,2,NULL,0,0),(23,'PAY1702-0010',1,'2017-03-03 10:39:10','2017-03-03 09:39:10','2017-02-14 12:00:00',1400.00000000,2,'','',27,2,NULL,0,0),(24,'PAY1703-0011',1,'2017-03-03 10:39:38','2017-03-03 09:39:38','2017-03-02 12:00:00',108690.00000000,2,'','',28,2,NULL,0,0),(25,'PAY1702-0012',1,'2017-03-03 10:46:24','2017-03-03 09:46:24','2017-02-07 12:00:00',18332.46000000,2,'','',29,2,NULL,0,0),(26,'PAY1702-0013',1,'2017-03-03 10:47:36','2017-03-03 09:47:36','2017-02-28 12:00:00',3372.00000000,2,'','',30,2,NULL,0,0),(27,'PAY1702-0014',1,'2017-03-03 10:58:14','2017-03-03 09:58:14','2017-02-28 12:00:00',1810.50000000,2,'','',31,2,NULL,0,0),(28,'PAY1702-0015',1,'2017-03-03 10:59:12','2017-03-03 09:59:12','2017-02-28 12:00:00',2612.70000000,2,'','',32,2,NULL,0,0),(29,'PAY1703-0016',1,'2017-03-16 09:02:47','2017-03-16 08:02:47','2017-03-14 12:00:00',13518.00000000,2,'','',33,2,NULL,0,0),(30,'PAY1703-0017',1,'2017-04-13 12:00:57','2017-04-13 10:00:57','2017-03-24 12:00:00',800.40000000,2,'','',34,2,NULL,0,0);

--
-- Table structure for table `llx_paiement_facture`
--

CREATE TABLE `llx_paiement_facture` (
  `rowid` int(11) NOT NULL AUTO_INCREMENT,
  `fk_paiement` int(11) DEFAULT NULL,
  `fk_facture` int(11) DEFAULT NULL,
  `amount` double(24,8) DEFAULT '0.00000000',
  PRIMARY KEY (`rowid`),
  UNIQUE KEY `uk_paiement_facture` (`fk_paiement`,`fk_facture`),
  KEY `idx_paiement_facture_fk_facture` (`fk_facture`),
  KEY `idx_paiement_facture_fk_paiement` (`fk_paiement`),
  CONSTRAINT `fk_paiement_facture_fk_facture` FOREIGN KEY (`fk_facture`) REFERENCES `llx_facture` (`rowid`),
  CONSTRAINT `fk_paiement_facture_fk_paiement` FOREIGN KEY (`fk_paiement`) REFERENCES `llx_paiement` (`rowid`)
) ENGINE=InnoDB AUTO_INCREMENT=33 DEFAULT CHARSET=utf8;

--
-- Dumping data for table `llx_paiement_facture`
--

INSERT INTO `llx_paiement_facture` (`rowid`, `fk_paiement`, `fk_facture`, `amount`) VALUES (2,2,16,6066.00000000),(3,3,14,63070.00000000),(4,4,7,13500.00000000),(5,5,10,56430.00000000),(6,6,5,75708.00000000),(7,7,4,6066.00000000),(8,8,16,6166.00000000),(9,9,18,32656.30000000),(10,10,1,13152.00000000),(11,11,19,3598.80000000),(12,12,20,52252.50000000),(13,13,31,46227.00000000),(14,14,32,41618.40000000),(15,15,45,18657.00000000),(16,16,38,62427.60000000),(17,17,33,1800.00000000),(18,18,30,1896.00000000),(19,19,29,948.00000000),(20,20,29,948.00000000),(21,21,24,121922.50000000),(22,22,23,8778.20000000),(23,23,44,1400.00000000),(24,24,43,108690.00000000),(25,25,36,18332.46000000),(26,26,34,1800.00000000),(27,26,39,1572.00000000),(28,27,46,1810.50000000),(29,28,47,2612.70000000),(30,29,46,5431.50000000),(31,29,47,8086.50000000),(32,30,48,800.40000000);

--
-- Table structure for table `llx_paiementcharge`
--

CREATE TABLE `llx_paiementcharge` (
  `rowid` int(11) NOT NULL AUTO_INCREMENT,
  `fk_charge` int(11) DEFAULT NULL,
  `datec` datetime DEFAULT NULL,
  `tms` timestamp NOT NULL DEFAULT CURRENT_TIMESTAMP ON UPDATE CURRENT_TIMESTAMP,
  `datep` datetime DEFAULT NULL,
  `amount` double DEFAULT '0',
  `fk_typepaiement` int(11) NOT NULL,
  `num_paiement` varchar(50) DEFAULT NULL,
  `note` text,
  `fk_bank` int(11) NOT NULL,
  `fk_user_creat` int(11) DEFAULT NULL,
  `fk_user_modif` int(11) DEFAULT NULL,
  PRIMARY KEY (`rowid`)
) ENGINE=InnoDB DEFAULT CHARSET=utf8;

--
-- Dumping data for table `llx_paiementcharge`
--


--
-- Table structure for table `llx_paiementfourn`
--

CREATE TABLE `llx_paiementfourn` (
  `rowid` int(11) NOT NULL AUTO_INCREMENT,
  `tms` timestamp NOT NULL DEFAULT CURRENT_TIMESTAMP ON UPDATE CURRENT_TIMESTAMP,
  `datec` datetime DEFAULT NULL,
  `datep` datetime DEFAULT NULL,
  `amount` double DEFAULT '0',
  `fk_user_author` int(11) DEFAULT NULL,
  `fk_paiement` int(11) NOT NULL,
  `num_paiement` varchar(50) DEFAULT NULL,
  `note` text,
  `fk_bank` int(11) NOT NULL,
  `statut` smallint(6) NOT NULL DEFAULT '0',
  PRIMARY KEY (`rowid`)
) ENGINE=InnoDB DEFAULT CHARSET=utf8;

--
-- Dumping data for table `llx_paiementfourn`
--


--
-- Table structure for table `llx_paiementfourn_facturefourn`
--

CREATE TABLE `llx_paiementfourn_facturefourn` (
  `rowid` int(11) NOT NULL AUTO_INCREMENT,
  `fk_paiementfourn` int(11) DEFAULT NULL,
  `fk_facturefourn` int(11) DEFAULT NULL,
  `amount` double(24,8) DEFAULT '0.00000000',
  PRIMARY KEY (`rowid`),
  UNIQUE KEY `uk_paiementfourn_facturefourn` (`fk_paiementfourn`,`fk_facturefourn`),
  KEY `idx_paiementfourn_facturefourn_fk_facture` (`fk_facturefourn`),
  KEY `idx_paiementfourn_facturefourn_fk_paiement` (`fk_paiementfourn`)
) ENGINE=InnoDB DEFAULT CHARSET=utf8;

--
-- Dumping data for table `llx_paiementfourn_facturefourn`
--


--
-- Table structure for table `llx_payment_donation`
--

CREATE TABLE `llx_payment_donation` (
  `rowid` int(11) NOT NULL AUTO_INCREMENT,
  `fk_donation` int(11) DEFAULT NULL,
  `datec` datetime DEFAULT NULL,
  `tms` timestamp NOT NULL DEFAULT CURRENT_TIMESTAMP ON UPDATE CURRENT_TIMESTAMP,
  `datep` datetime DEFAULT NULL,
  `amount` double DEFAULT '0',
  `fk_typepayment` int(11) NOT NULL,
  `num_payment` varchar(50) DEFAULT NULL,
  `note` text,
  `fk_bank` int(11) NOT NULL,
  `fk_user_creat` int(11) DEFAULT NULL,
  `fk_user_modif` int(11) DEFAULT NULL,
  PRIMARY KEY (`rowid`)
) ENGINE=InnoDB DEFAULT CHARSET=utf8;

--
-- Dumping data for table `llx_payment_donation`
--


--
-- Table structure for table `llx_payment_expensereport`
--

CREATE TABLE `llx_payment_expensereport` (
  `rowid` int(11) NOT NULL AUTO_INCREMENT,
  `fk_expensereport` int(11) DEFAULT NULL,
  `datec` datetime DEFAULT NULL,
  `tms` timestamp NOT NULL DEFAULT CURRENT_TIMESTAMP ON UPDATE CURRENT_TIMESTAMP,
  `datep` datetime DEFAULT NULL,
  `amount` double DEFAULT '0',
  `fk_typepayment` int(11) NOT NULL,
  `num_payment` varchar(50) DEFAULT NULL,
  `note` text,
  `fk_bank` int(11) NOT NULL,
  `fk_user_creat` int(11) DEFAULT NULL,
  `fk_user_modif` int(11) DEFAULT NULL,
  PRIMARY KEY (`rowid`)
) ENGINE=InnoDB DEFAULT CHARSET=utf8;

--
-- Dumping data for table `llx_payment_expensereport`
--


--
-- Table structure for table `llx_payment_loan`
--

CREATE TABLE `llx_payment_loan` (
  `rowid` int(11) NOT NULL AUTO_INCREMENT,
  `fk_loan` int(11) DEFAULT NULL,
  `datec` datetime DEFAULT NULL,
  `tms` timestamp NOT NULL DEFAULT CURRENT_TIMESTAMP ON UPDATE CURRENT_TIMESTAMP,
  `datep` datetime DEFAULT NULL,
  `amount_capital` double DEFAULT '0',
  `amount_insurance` double DEFAULT '0',
  `amount_interest` double DEFAULT '0',
  `fk_typepayment` int(11) NOT NULL,
  `num_payment` varchar(50) DEFAULT NULL,
  `note_private` text,
  `note_public` text,
  `fk_bank` int(11) NOT NULL,
  `fk_user_creat` int(11) DEFAULT NULL,
  `fk_user_modif` int(11) DEFAULT NULL,
  PRIMARY KEY (`rowid`)
) ENGINE=InnoDB DEFAULT CHARSET=utf8;

--
-- Dumping data for table `llx_payment_loan`
--


--
