-- Table structure for table `llx_commandedet`
--

CREATE TABLE `llx_commandedet` (
  `rowid` int(11) NOT NULL AUTO_INCREMENT,
  `fk_commande` int(11) NOT NULL,
  `fk_parent_line` int(11) DEFAULT NULL,
  `fk_product` int(11) DEFAULT NULL,
  `label` varchar(255) DEFAULT NULL,
  `description` text,
  `tva_tx` double(6,3) DEFAULT NULL,
  `localtax1_tx` double(6,3) DEFAULT '0.000',
  `localtax1_type` varchar(10) NOT NULL DEFAULT '0',
  `localtax2_tx` double(6,3) DEFAULT '0.000',
  `localtax2_type` varchar(10) NOT NULL DEFAULT '0',
  `qty` double DEFAULT NULL,
  `remise_percent` double DEFAULT '0',
  `remise` double DEFAULT '0',
  `fk_remise_except` int(11) DEFAULT NULL,
  `price` double DEFAULT NULL,
  `subprice` double(24,8) DEFAULT '0.00000000',
  `total_ht` double(24,8) DEFAULT '0.00000000',
  `total_tva` double(24,8) DEFAULT '0.00000000',
  `total_localtax1` double(24,8) DEFAULT '0.00000000',
  `total_localtax2` double(24,8) DEFAULT '0.00000000',
  `total_ttc` double(24,8) DEFAULT '0.00000000',
  `product_type` int(11) DEFAULT '0',
  `date_start` datetime DEFAULT NULL,
  `date_end` datetime DEFAULT NULL,
  `info_bits` int(11) DEFAULT '0',
  `buy_price_ht` double(24,8) DEFAULT '0.00000000',
  `fk_product_fournisseur_price` int(11) DEFAULT NULL,
  `special_code` int(10) unsigned DEFAULT '0',
  `rang` int(11) DEFAULT '0',
  `import_key` varchar(14) DEFAULT NULL,
  `fk_unit` int(11) DEFAULT NULL,
  PRIMARY KEY (`rowid`),
  KEY `idx_commandedet_fk_commande` (`fk_commande`),
  KEY `idx_commandedet_fk_product` (`fk_product`),
  KEY `fk_commandedet_fk_unit` (`fk_unit`),
  CONSTRAINT `fk_commandedet_fk_commande` FOREIGN KEY (`fk_commande`) REFERENCES `llx_commande` (`rowid`),
  CONSTRAINT `fk_commandedet_fk_unit` FOREIGN KEY (`fk_unit`) REFERENCES `llx_c_units` (`rowid`)
) ENGINE=InnoDB AUTO_INCREMENT=182 DEFAULT CHARSET=utf8;

--
-- Dumping data for table `llx_commandedet`
--

INSERT INTO `llx_commandedet` (`rowid`, `fk_commande`, `fk_parent_line`, `fk_product`, `label`, `description`, `tva_tx`, `localtax1_tx`, `localtax1_type`, `localtax2_tx`, `localtax2_type`, `qty`, `remise_percent`, `remise`, `fk_remise_except`, `price`, `subprice`, `total_ht`, `total_tva`, `total_localtax1`, `total_localtax2`, `total_ttc`, `product_type`, `date_start`, `date_end`, `info_bits`, `buy_price_ht`, `fk_product_fournisseur_price`, `special_code`, `rang`, `import_key`, `fk_unit`) VALUES (1,1,NULL,1,NULL,'',19.600,0.000,'0',0.000,'0',1,0,0,NULL,10400,10400.00000000,10400.00000000,2038.40000000,0.00000000,0.00000000,12438.40000000,0,NULL,NULL,0,8249.00000000,NULL,0,1,NULL,NULL),(2,1,NULL,3,NULL,'',19.600,0.000,'0',0.000,'0',1,0,0,NULL,140,140.00000000,140.00000000,27.44000000,0.00000000,0.00000000,167.44000000,0,NULL,NULL,0,100.00000000,3,0,2,NULL,NULL),(3,1,NULL,4,NULL,'',19.600,0.000,'0',0.000,'0',1,0,0,NULL,45,45.00000000,45.00000000,8.82000000,0.00000000,0.00000000,53.82000000,0,NULL,NULL,0,30.00000000,4,0,3,NULL,NULL),(4,1,NULL,6,NULL,'',19.600,0.000,'0',0.000,'0',1,0,0,NULL,110,110.00000000,110.00000000,21.56000000,0.00000000,0.00000000,131.56000000,0,NULL,NULL,0,70.00000000,NULL,0,4,NULL,NULL),(5,1,NULL,7,NULL,'',19.600,0.000,'0',0.000,'0',1,0,0,NULL,110,110.00000000,110.00000000,21.56000000,0.00000000,0.00000000,131.56000000,0,NULL,NULL,0,80.00000000,NULL,0,5,NULL,NULL),(6,1,NULL,5,NULL,'',19.600,0.000,'0',0.000,'0',1,0,0,NULL,155,155.00000000,155.00000000,30.38000000,0.00000000,0.00000000,185.38000000,0,NULL,NULL,0,155.00000000,5,0,6,NULL,NULL),(7,2,NULL,10,NULL,'Wrench designed to adjust the position of the magnet\r\n(Pays d\'origine: France)',20.000,0.000,'0',0.000,'0',1,100,55,NULL,0,55.00000000,0.00000000,0.00000000,0.00000000,0.00000000,0.00000000,0,NULL,NULL,0,28.65000000,21,0,1,NULL,NULL),(8,3,NULL,1,NULL,'Weight and Dimensions\r\nH 25 cm / Diam. 11 cm / Weight 3.4 Kg\r\nTransducer technical characteristics: \r\n- Bandwidth (f-3 db) : Pressure output : 0.01-28 HZ / Pressure derivative output : DC-28 Hz\r\n- BLDR [0.02;4] Hz 117 dB @ f<1.6 Hz  / 109 db @ f=4 Hz\r\n-Self noise < 10 dB under the LNM\r\nResolution [0.02;4] Hz  1.75 mPaRMS\r\nDefault sensitivity: \r\n- Pressure output: 20 mV/Pa \r\n- Pressure derivative output : 2 mV/Pa.s-1\r\nDigitizer technical characteristics :\r\nClipping Level & output range: \r\n- Pressure: ±min (12000 [Pa/s]/2.π.f[Hz] ; 1000[Pa])\r\n- Pressure derivative: ±10000 (Pa/s)\r\nSampling rate: 20, 50,100 Hz\r\nNominal sensitivity:  1,178 10-4 Pa/lsb or 1,178 10-5 Pa/s/lsb @ gain = 1\r\nBuilt in gain: 1, 2, 4, 8\r\nData storage: 1 Go / miniSEED\r\nPower requirements: 12 V DC (7-20V) / 70 mA @ 12 V',20.000,0.000,'0',0.000,'0',1,0,0,NULL,10600,10600.00000000,10600.00000000,2120.00000000,0.00000000,0.00000000,12720.00000000,0,NULL,NULL,0,8249.00000000,NULL,0,1,NULL,NULL),(9,3,NULL,3,NULL,'(Pays d\'origine: France)',20.000,0.000,'0',0.000,'0',1,0,0,NULL,145,145.00000000,145.00000000,29.00000000,0.00000000,0.00000000,174.00000000,0,NULL,NULL,0,100.00000000,NULL,0,2,NULL,NULL),(10,3,NULL,4,NULL,'(Pays d\'origine: France)',20.000,0.000,'0',0.000,'0',1,0,0,NULL,115,115.00000000,115.00000000,23.00000000,0.00000000,0.00000000,138.00000000,0,NULL,NULL,0,30.00000000,NULL,0,3,NULL,NULL),(11,3,NULL,6,NULL,'Full hemispherical coverage.\r\nBuilt-in high gain, low noise amplifier.\r\nRight-hand circular polarization (RHCP).\r\nAvailable in black or white\r\n3 V supply voltage\r\nDC supply via RF-connector.\r\nEMC tested to IEC 801 and IEC 255.\r\nTNC (female) connector',20.000,0.000,'0',0.000,'0',1,0,0,NULL,115,115.00000000,115.00000000,23.00000000,0.00000000,0.00000000,138.00000000,0,NULL,NULL,0,70.00000000,NULL,0,4,NULL,NULL),(12,3,NULL,7,NULL,'Capacity: 12Ah / Voltage: 12V / Technology: Lead Acid\r\nExternal Height: 97.5mm / External Width: 98mm\r\nExternal Depth: 151mm / Weight: 4kg\r\nBattery Terminals: Quick Connect\r\nCharge Current Max: 3A',20.000,0.000,'0',0.000,'0',1,0,0,NULL,115,115.00000000,115.00000000,23.00000000,0.00000000,0.00000000,138.00000000,0,NULL,NULL,0,80.00000000,NULL,0,5,NULL,NULL),(13,3,NULL,5,NULL,'(Pays d\'origine: France)',20.000,0.000,'0',0.000,'0',1,0,0,NULL,160,160.00000000,160.00000000,32.00000000,0.00000000,0.00000000,192.00000000,0,NULL,NULL,0,155.00000000,NULL,0,6,NULL,NULL),(14,4,NULL,2,NULL,'To refer to MB3a user manual',0.000,0.000,'0',0.000,'0',14,0,0,NULL,7990,7990.00000000,111860.00000000,0.00000000,0.00000000,0.00000000,111860.00000000,0,NULL,NULL,0,5388.25000000,NULL,0,1,NULL,NULL),(15,4,NULL,1,NULL,'To refer to MB3d user manual',0.000,0.000,'0',0.000,'0',5,0,0,NULL,11990,11990.00000000,59950.00000000,0.00000000,0.00000000,0.00000000,59950.00000000,0,NULL,NULL,0,8248.75000000,NULL,0,2,NULL,NULL),(16,4,NULL,6,NULL,'Flat-pack GPS-antenna for fixed installations.>\r\nFull hemispherical coverage.\r\nBuilt-in high gain, low noise amplifier.\r\nRight-hand circular polarization (RHCP).\r\nAvailable in black or white\r\n3 V \r\nDC supply via RF-connector.\r\nEMC tested to IEC 801 and IEC 255. / TNC (female) connector</div>',0.000,0.000,'0',0.000,'0',5,0,0,NULL,110,110.00000000,550.00000000,0.00000000,0.00000000,0.00000000,550.00000000,0,NULL,NULL,0,70.00000000,NULL,0,3,NULL,NULL),(17,4,NULL,3,NULL,'(Pays d\'origine: France) 3 meters\r\n3 pin Fischer connector to 2 wires1.5 mm²',0.000,0.000,'0',0.000,'0',29,0,0,NULL,232,232.00000000,6728.00000000,0.00000000,0.00000000,0.00000000,6728.00000000,0,NULL,NULL,0,154.70000000,NULL,0,4,NULL,NULL),(18,4,NULL,18,NULL,'10 m long<br />\r\nCoaxial TNC to TNC<br>\r\n(Pays d\'origine: France)',0.000,0.000,'0',0.000,'0',5,0,0,NULL,170,170.00000000,850.00000000,0.00000000,0.00000000,0.00000000,850.00000000,0,NULL,NULL,0,0.00000000,NULL,0,5,NULL,NULL),(19,4,NULL,17,NULL,'18 pin to USB<br />\r\n3 m long<br>\r\n(Pays d\'origine: France)',0.000,0.000,'0',0.000,'0',10,0,0,NULL,260,260.00000000,2600.00000000,0.00000000,0.00000000,0.00000000,2600.00000000,0,NULL,NULL,0,0.00000000,NULL,0,6,NULL,NULL),(20,4,NULL,16,NULL,'3 m long<br />\r\n18 pin to not wired<br>\r\n(Pays d\'origine: France)',0.000,0.000,'0',0.000,'0',24,0,0,NULL,260,260.00000000,6240.00000000,0.00000000,0.00000000,0.00000000,6240.00000000,0,NULL,NULL,0,0.00000000,NULL,0,7,NULL,NULL),(21,4,NULL,10,NULL,'Wrench designed to adjust the position of the magnet\r\n(Pays d\'origine: France)',0.000,0.000,'0',0.000,'0',10,0,0,NULL,55,55.00000000,550.00000000,0.00000000,0.00000000,0.00000000,550.00000000,0,NULL,NULL,0,28.65000000,NULL,0,8,NULL,NULL),(22,4,NULL,20,NULL,'18 pin connector to banana plugs. To connect between the analog module and a multimeter in order to adjust the magnet postion.\r\n(Pays d\'origine: France)',0.000,0.000,'0',0.000,'0',10,0,0,NULL,150,150.00000000,1500.00000000,0.00000000,0.00000000,0.00000000,1500.00000000,0,NULL,NULL,0,0.00000000,NULL,0,9,NULL,NULL),(23,4,NULL,12,NULL,'<table border=\"1\" cellpadding=\"0\" cellspacing=\"0\">\r\n	<tbody>\r\n		<tr>\r\n			<td style=\"width:177px;\">\r\n				<strong>Key Specifications </strong></td>\r\n			<td style=\"width:104px;\">\r\n				 </td>\r\n		</tr>\r\n		<tr>\r\n			<td style=\"width:177px;\">\r\n				Connector Series 1</td>\r\n			<td style=\"width:104px;\">\r\n				TNC</td>\r\n		</tr>\r\n		<tr>\r\n			<td style=\"width:177px;\">\r\n				Connector Gender 1</td>\r\n			<td style=\"width:104px;\">\r\n				Male</td>\r\n		</tr>\r\n		<tr>\r\n			<td style=\"width:177px;\">\r\n				Connector Polarity 1</td>\r\n			<td style=\"width:104px;\">\r\n				Standard</td>\r\n		</tr>\r\n		<tr>\r\n			<td style=\"width:177px;\">\r\n				Connector Impedance 1</td>\r\n			<td style=\"width:104px;\">\r\n				50 Ohm</td>\r\n		</tr>\r\n		<tr>\r\n			<td style=\"width:177px;\">\r\n				Connector Series 2</td>\r\n			<td style=\"width:104px;\">\r\n				TNC</td>\r\n		</tr>\r\n		<tr>\r\n			<td style=\"width:177px;\">\r\n				Connector Gender 2</td>\r\n			<td style=\"width:104px;\">\r\n				Male</td>\r\n		</tr>\r\n		<tr>\r\n			<td style=\"width:177px;\">\r\n				Connector Polarity 2</td>\r\n			<td style=\"width:104px;\">\r\n				Standard</td>\r\n		</tr>\r\n		<tr>\r\n			<td style=\"width:177px;\">\r\n				Connector Impedance 2</td>\r\n			<td style=\"width:104px;\">\r\n				50 Ohm</td>\r\n		</tr>\r\n		<tr>\r\n			<td style=\"width:177px;\">\r\n				Adapter Body Style</td>\r\n			<td style=\"width:104px;\">\r\n				Right Angle</td>\r\n		</tr>\r\n		<tr>\r\n			<td style=\"width:177px;\">\r\n				Connector Mount Method 1</td>\r\n			<td style=\"width:104px;\">\r\n				None</td>\r\n		</tr>\r\n		<tr>\r\n			<td style=\"width:177px;\">\r\n				Connector Body Material 1</td>\r\n			<td style=\"width:104px;\">\r\n				Brass</td>\r\n		</tr>\r\n		<tr>\r\n			<td style=\"width:177px;\">\r\n				Connector Body Plating 1</td>\r\n			<td style=\"width:104px;\">\r\n				Nickel</td>\r\n		</tr>\r\n		<tr>\r\n			<td style=\"width:177px;\">\r\n				Connector Mount Method 2</td>\r\n			<td style=\"width:104px;\">\r\n				None</td>\r\n		</tr>\r\n		<tr>\r\n			<td style=\"width:177px;\">\r\n				Connector Body Material 2</td>\r\n			<td style=\"width:104px;\">\r\n				Brass</td>\r\n		</tr>\r\n		<tr>\r\n			<td style=\"width:177px;\">\r\n				Connector Body Plating 2</td>\r\n			<td style=\"width:104px;\">\r\n				Nickel</td>\r\n		</tr>\r\n	</tbody>\r\n</table>\r\n <br>\r\n(Pays d\'origine: Etats-Unis)',0.000,0.000,'0',0.000,'0',5,0,0,NULL,90,90.00000000,450.00000000,0.00000000,0.00000000,0.00000000,450.00000000,0,NULL,NULL,0,47.00000000,NULL,0,10,NULL,NULL),(24,4,NULL,23,NULL,'ScrewPack Plastic tube with foam',0.000,0.000,'0',0.000,'0',11,0,0,NULL,130,130.00000000,1430.00000000,0.00000000,0.00000000,0.00000000,1430.00000000,0,NULL,NULL,0,0.00000000,NULL,0,11,NULL,NULL),(25,4,NULL,19,NULL,'PELICASE 1650  + adapted foam<br />\r\nInt Dim : L725 x W445 x D270 mm<br />\r\nExt Dim : L802 x W520 x D316 mm<br>\r\n(Pays d\'origine: France)',0.000,0.000,'0',0.000,'0',2,0,0,NULL,1250,1250.00000000,2500.00000000,0.00000000,0.00000000,0.00000000,2500.00000000,0,NULL,NULL,0,0.00000000,NULL,0,12,NULL,NULL),(26,5,NULL,26,NULL,'1 MB3d digital microbarometer with 4 silicone caps  / SEISMO WAVE\r\n1 Antenna 2000 B 3V / PROCOM\r\n1 GPS Cable (5m long) PR000183-CBL_5 / SEISMO WAVE\r\n1 12v Battery NP12-12  Made in TW Taiwan / YUASA\r\n1 Power Cable (3m long) PR000187-CBL_3 / SEISMO WAVE\r\n1 PC/USB cable (1,5m long) PR000188-CBL_1.5 / SEISMO WAVE\r\n \r\n1 Cd with Dionisos Software, 1 User-guide in pdf format / SEISMO WAVE\r\n1 calibration Certificate\r\n \r\n1 magnet wrench MU000384- / SEISMO WAVE\r\n1 suitcase with Foam 1430 / PELLICASE\r\n\r\n(Code douane: 9015801190 - Pays d\'origine: France)',0.000,0.000,'0',0.000,'0',1,0,0,NULL,11527,11527.00000000,11527.00000000,0.00000000,0.00000000,0.00000000,11527.00000000,0,NULL,NULL,0,7478.60000000,NULL,0,1,NULL,NULL),(27,5,NULL,27,NULL,'Direct transport',0.000,0.000,'0',0.000,'0',1,0,0,NULL,395,395.00000000,395.00000000,0.00000000,0.00000000,0.00000000,395.00000000,0,NULL,NULL,0,0.00000000,NULL,0,2,NULL,NULL),(28,5,NULL,21,NULL,'100% de la valeur déclarée soit 11527 €',0.000,0.000,'0',0.000,'0',1,0,0,NULL,210,210.00000000,210.00000000,0.00000000,0.00000000,0.00000000,210.00000000,1,NULL,NULL,0,0.00000000,NULL,0,3,NULL,NULL),(29,5,NULL,28,NULL,'Estimation of the duty and tax on FOB value.\r\nThis amount is a provision and will be adjusted once the final cost will be known',0.000,0.000,'0',0.000,'0',1,0,0,NULL,100,100.00000000,100.00000000,0.00000000,0.00000000,0.00000000,100.00000000,1,NULL,NULL,0,0.00000000,NULL,0,4,NULL,NULL),(30,6,NULL,2,NULL,'',0.000,0.000,'0',0.000,'0',3,0,0,NULL,10100,10100.00000000,30300.00000000,0.00000000,0.00000000,0.00000000,30300.00000000,0,NULL,NULL,0,5388.25000000,NULL,0,1,NULL,NULL),(31,6,NULL,16,NULL,'',0.000,0.000,'0',0.000,'0',3,0,0,NULL,302.1,302.10000000,906.30000000,0.00000000,0.00000000,0.00000000,906.30000000,0,NULL,NULL,0,0.00000000,NULL,0,2,NULL,NULL),(32,6,NULL,10,NULL,'',0.000,0.000,'0',0.000,'0',1,100,64,NULL,0,64.00000000,0.00000000,0.00000000,0.00000000,0.00000000,0.00000000,0,NULL,NULL,0,28.65000000,NULL,0,3,NULL,NULL),(33,6,NULL,20,NULL,'',0.000,0.000,'0',0.000,'0',1,100,175,NULL,0,175.00000000,0.00000000,0.00000000,0.00000000,0.00000000,0.00000000,0,NULL,NULL,0,0.00000000,NULL,0,4,NULL,NULL),(34,6,NULL,19,NULL,'',0.000,0.000,'0',0.000,'0',1,0,0,NULL,1450,1450.00000000,1450.00000000,0.00000000,0.00000000,0.00000000,1450.00000000,0,NULL,NULL,0,967.20000000,28,0,5,NULL,NULL),(35,7,NULL,2,NULL,'(Code douane: 9015.80.93.90 - Pays d\'origine: France)',0.000,0.000,'0',0.000,'0',18,0,0,NULL,8230,8230.00000000,148140.00000000,0.00000000,0.00000000,0.00000000,148140.00000000,0,NULL,NULL,0,4240.00000000,NULL,0,1,NULL,NULL),(36,7,NULL,16,NULL,'3 m long<br />\r\n18 pin to not wired<br>\r\n(Pays d\'origine: France)',0.000,0.000,'0',0.000,'0',20,0,0,NULL,275,275.00000000,5500.00000000,0.00000000,0.00000000,0.00000000,5500.00000000,0,NULL,NULL,0,183.84000000,NULL,0,6,NULL,NULL),(37,7,NULL,3,NULL,'(Pays d\'origine: France)',0.000,0.000,'0',0.000,'0',20,0,0,NULL,250,250.00000000,5000.00000000,0.00000000,0.00000000,0.00000000,5000.00000000,0,NULL,NULL,0,154.70000000,NULL,0,2,NULL,NULL),(38,7,NULL,20,NULL,'18 pin connector to banana plugs. To connect between the analog module and a multimeter in order to adjust the magnet postion.\r\n(Pays d\'origine: France)',0.000,0.000,'0',0.000,'0',3,0,0,NULL,250,250.00000000,750.00000000,0.00000000,0.00000000,0.00000000,750.00000000,0,NULL,NULL,0,164.99000000,NULL,0,4,NULL,NULL),(39,7,NULL,10,NULL,'Wrench designed to adjust the position of the magnet\r\n(Pays d\'origine: France)',0.000,0.000,'0',0.000,'0',3,0,0,NULL,55,55.00000000,165.00000000,0.00000000,0.00000000,0.00000000,165.00000000,0,NULL,NULL,0,28.65000000,NULL,0,3,NULL,NULL),(40,7,NULL,30,NULL,'sensor self-noise of the pressure output at 1Hz\r\n(Pays d\'origine: France)',0.000,0.000,'0',0.000,'0',18,0,0,NULL,140,140.00000000,2520.00000000,0.00000000,0.00000000,0.00000000,2520.00000000,1,NULL,NULL,0,70.00000000,NULL,0,7,NULL,NULL),(41,7,NULL,32,NULL,'Plots of the full frequency response obtained by the dynamic calibration of the amplitude and phase of the pressure output',0.000,0.000,'0',0.000,'0',18,0,0,NULL,300,300.00000000,5400.00000000,0.00000000,0.00000000,0.00000000,5400.00000000,1,NULL,NULL,0,180.00000000,NULL,0,8,NULL,NULL),(42,7,NULL,31,NULL,'Plots of the full frequency response obtained by the electrical sensor self-calibration capability for the amplitude and phase of the pressure output',0.000,0.000,'0',0.000,'0',18,0,0,NULL,180,180.00000000,3240.00000000,0.00000000,0.00000000,0.00000000,3240.00000000,1,NULL,NULL,0,90.00000000,NULL,0,9,NULL,NULL),(43,7,NULL,33,NULL,'printed technical user guide for MB3a\r\n(Pays d\'origine: France)',0.000,0.000,'0',0.000,'0',18,0,0,NULL,25,25.00000000,450.00000000,0.00000000,0.00000000,0.00000000,450.00000000,0,NULL,NULL,0,4.00000000,NULL,0,10,NULL,NULL),(44,7,NULL,19,NULL,'PELICASE 1650  + adapted foam<br />\r\nInt Dim : L725 x W445 x D270 mm<br />\r\nExt Dim : L802 x W520 x D316 mm<br>\r\n(Pays d\'origine: France)',0.000,0.000,'0',0.000,'0',1,0,0,NULL,1450,1450.00000000,1450.00000000,0.00000000,0.00000000,0.00000000,1450.00000000,0,NULL,NULL,0,895.00000000,NULL,0,5,NULL,NULL),(45,7,NULL,23,NULL,'(Pays d\'origine: France)',0.000,0.000,'0',0.000,'0',12,0,0,NULL,130,130.00000000,1560.00000000,0.00000000,0.00000000,0.00000000,1560.00000000,0,NULL,NULL,0,49.19000000,42,0,11,NULL,NULL),(46,8,NULL,2,NULL,'(Customs Code : 9015.80.93.90 - Country of origin : France)\r\nSerial number : MB3A00074',0.000,0.000,'0',0.000,'0',1,0,0,NULL,10089,10089.00000000,10089.00000000,0.00000000,0.00000000,0.00000000,10089.00000000,0,NULL,NULL,0,5388.25000000,NULL,0,1,NULL,NULL),(47,8,NULL,25,NULL,'PELICASE 1430  + adapted foam<br />\r\nDim. int : 344 x 146 x 297 mm<br />\r\nDim. ext : 430 x 244 x 341 mm<br>\r\n(Country of origin: France)',0.000,0.000,'0',0.000,'0',1,0,0,NULL,1405,1405.00000000,1405.00000000,0.00000000,0.00000000,0.00000000,1405.00000000,0,NULL,NULL,0,857.66000000,NULL,0,2,NULL,NULL),(48,8,NULL,10,NULL,'(Country of origin: France)',0.000,0.000,'0',0.000,'0',1,0,0,NULL,60,60.00000000,60.00000000,0.00000000,0.00000000,0.00000000,60.00000000,0,NULL,NULL,0,28.65000000,NULL,0,3,NULL,NULL),(49,8,NULL,20,NULL,'(Country of origin: France)',0.000,0.000,'0',0.000,'0',1,0,0,NULL,272,272.00000000,272.00000000,0.00000000,0.00000000,0.00000000,272.00000000,0,NULL,NULL,0,164.99000000,NULL,0,4,NULL,NULL),(50,8,NULL,21,NULL,'',0.000,0.000,'0',0.000,'0',1,0,0,NULL,170,170.00000000,170.00000000,0.00000000,0.00000000,0.00000000,170.00000000,1,NULL,NULL,0,103.96000000,NULL,0,5,NULL,NULL),(51,8,NULL,27,NULL,'to University, MS 38677',0.000,0.000,'0',0.000,'0',1,0,0,NULL,381,381.00000000,381.00000000,0.00000000,0.00000000,0.00000000,381.00000000,1,NULL,NULL,0,207.83000000,NULL,0,6,NULL,NULL),(53,10,NULL,2,NULL,'(Code douane: 9015.80.93.90 - Pays d\'origine: France)',0.000,0.000,'0',0.000,'0',5,5,442.5,NULL,8407.5,8850.00000000,42037.50000000,0.00000000,0.00000000,0.00000000,42037.50000000,0,NULL,NULL,0,5388.25000000,NULL,0,1,NULL,NULL),(54,10,NULL,16,NULL,'(Pays d\'origine: France)',0.000,0.000,'0',0.000,'0',5,5,13.75,NULL,261.25,275.00000000,1306.25000000,0.00000000,0.00000000,0.00000000,1306.25000000,0,NULL,NULL,0,183.84000000,NULL,0,2,NULL,NULL),(55,10,NULL,3,NULL,'(Pays d\'origine: France)',0.000,0.000,'0',0.000,'0',5,5,12.5,NULL,237.5,250.00000000,1187.50000000,0.00000000,0.00000000,0.00000000,1187.50000000,0,NULL,NULL,0,154.70000000,NULL,0,3,NULL,NULL),(56,10,NULL,20,NULL,'(Pays d\'origine: France)',0.000,0.000,'0',0.000,'0',1,5,12.5,NULL,237.5,250.00000000,237.50000000,0.00000000,0.00000000,0.00000000,237.50000000,0,NULL,NULL,0,164.99000000,NULL,0,4,NULL,NULL),(57,10,NULL,10,NULL,'(Pays d\'origine: France)',0.000,0.000,'0',0.000,'0',1,5,3,NULL,57,60.00000000,57.00000000,0.00000000,0.00000000,0.00000000,57.00000000,0,NULL,NULL,0,28.65000000,NULL,0,5,NULL,NULL),(58,10,NULL,19,NULL,'PELICASE 1650  + adapted foam<br />\r\nInt Dim : L725 x W445 x D270 mm<br />\r\nExt Dim : L802 x W520 x D316 mm<br>\r\n(Pays d\'origine: France)',0.000,0.000,'0',0.000,'0',1,5,72.5,NULL,1377.5,1450.00000000,1377.50000000,0.00000000,0.00000000,0.00000000,1377.50000000,0,NULL,NULL,0,967.20000000,NULL,0,6,NULL,NULL),(59,10,NULL,33,NULL,'technical user guide for MB3a\r\nIn English language\r\n(Pays d\'origine: France)',0.000,0.000,'0',0.000,'0',1,5,1.25,NULL,23.75,25.00000000,23.75000000,0.00000000,0.00000000,0.00000000,23.75000000,0,NULL,NULL,0,3.00000000,NULL,0,7,NULL,NULL),(60,11,NULL,1,NULL,'',0.000,0.000,'0',0.000,'0',4,0,0,NULL,12750,12750.00000000,51000.00000000,0.00000000,0.00000000,0.00000000,51000.00000000,0,NULL,NULL,0,8248.75000000,NULL,0,1,NULL,NULL),(61,11,NULL,6,NULL,'',0.000,0.000,'0',0.000,'0',4,0,0,NULL,112,112.00000000,448.00000000,0.00000000,0.00000000,0.00000000,448.00000000,0,NULL,NULL,0,70.00000000,NULL,0,2,NULL,NULL),(62,11,NULL,18,NULL,'',0.000,0.000,'0',0.000,'0',4,0,0,NULL,173,173.00000000,692.00000000,0.00000000,0.00000000,0.00000000,692.00000000,0,NULL,NULL,0,0.00000000,NULL,0,3,NULL,NULL),(63,11,NULL,3,NULL,'',0.000,0.000,'0',0.000,'0',4,0,0,NULL,255,255.00000000,1020.00000000,0.00000000,0.00000000,0.00000000,1020.00000000,0,NULL,NULL,0,154.70000000,NULL,0,4,NULL,NULL),(64,11,NULL,17,NULL,'',0.000,0.000,'0',0.000,'0',4,0,0,NULL,265,265.00000000,1060.00000000,0.00000000,0.00000000,0.00000000,1060.00000000,0,NULL,NULL,0,0.00000000,NULL,0,5,NULL,NULL),(66,11,NULL,10,NULL,'',0.000,0.000,'0',0.000,'0',1,0,0,NULL,60,60.00000000,60.00000000,0.00000000,0.00000000,0.00000000,60.00000000,0,NULL,NULL,0,28.65000000,NULL,0,8,NULL,NULL),(67,11,NULL,23,NULL,'',0.000,0.000,'0',0.000,'0',4,0,0,NULL,133,133.00000000,532.00000000,0.00000000,0.00000000,0.00000000,532.00000000,0,NULL,NULL,0,49.19000000,NULL,0,9,NULL,NULL),(68,11,NULL,35,NULL,'',0.000,0.000,'0',0.000,'0',1,0,0,NULL,6300,6300.00000000,6300.00000000,0.00000000,0.00000000,0.00000000,6300.00000000,0,NULL,NULL,0,3087.50000000,NULL,0,10,NULL,NULL),(69,11,NULL,34,NULL,'',0.000,0.000,'0',0.000,'0',4,0,0,NULL,8980,8980.00000000,35920.00000000,0.00000000,0.00000000,0.00000000,35920.00000000,0,NULL,NULL,0,4479.03000000,NULL,0,11,NULL,NULL),(76,11,NULL,30,NULL,'sensor self-noise of the pressure output on the bandwidth 0.02-4Hz',0.000,0.000,'0',0.000,'0',4,0,0,NULL,143,143.00000000,572.00000000,0.00000000,0.00000000,0.00000000,572.00000000,1,NULL,NULL,0,0.00000000,NULL,0,12,NULL,NULL),(77,11,NULL,31,NULL,'Plots of the full frequency response obtained by the electrical sensor self-calibration capability using an integrated MLS on the bandwidth 0.02-4Hz',0.000,0.000,'0',0.000,'0',4,0,0,NULL,400,400.00000000,1600.00000000,0.00000000,0.00000000,0.00000000,1600.00000000,1,NULL,NULL,0,0.00000000,NULL,0,13,NULL,NULL),(78,11,NULL,27,NULL,'Transport to SOPRON 9400',0.000,0.000,'0',0.000,'0',1,0,0,NULL,2800,2800.00000000,2800.00000000,0.00000000,0.00000000,0.00000000,2800.00000000,1,NULL,NULL,0,0.00000000,NULL,0,14,NULL,NULL),(79,11,NULL,21,NULL,'',0.000,0.000,'0',0.000,'0',1,0,0,NULL,982,982.00000000,982.00000000,0.00000000,0.00000000,0.00000000,982.00000000,1,NULL,NULL,0,0.00000000,NULL,0,15,NULL,NULL),(80,11,NULL,42,NULL,'',0.000,0.000,'0',0.000,'0',4,0,0,NULL,265,265.00000000,1060.00000000,0.00000000,0.00000000,0.00000000,1060.00000000,0,NULL,NULL,0,140.09000000,NULL,0,7,NULL,NULL),(81,12,NULL,1,NULL,'<strong>Delivered With Dionisos software, one technical user guide in english in pdf version (CD)</strong><br>\r\n(Code douane: 9015.80.93.90 - Pays d\'origine: France)',20.000,0.000,'0',0.000,'0',1,0,0,NULL,13120,13120.00000000,13120.00000000,2624.00000000,0.00000000,0.00000000,15744.00000000,0,NULL,NULL,0,0.00000000,NULL,0,1,NULL,NULL),(82,12,NULL,3,NULL,'(Code douane: 9015900000 80 - Pays d\'origine: France)\r\n3 pin Fischer connector to fast-on plugs',20.000,0.000,'0',0.000,'0',1,0,0,NULL,255,255.00000000,255.00000000,51.00000000,0.00000000,0.00000000,306.00000000,0,NULL,NULL,0,0.00000000,NULL,0,2,NULL,NULL),(83,12,NULL,42,NULL,'18 pin fischer connector to not wired',20.000,0.000,'0',0.000,'0',1,0,0,NULL,280,280.00000000,280.00000000,56.00000000,0.00000000,0.00000000,336.00000000,0,NULL,NULL,0,0.00000000,NULL,0,3,NULL,NULL),(84,12,NULL,17,NULL,'18 pin to USB<br />\r\n3 m long<br>\r\n(Pays d\'origine: France)',20.000,0.000,'0',0.000,'0',1,0,0,NULL,265,265.00000000,265.00000000,53.00000000,0.00000000,0.00000000,318.00000000,0,NULL,NULL,0,0.00000000,NULL,0,4,NULL,NULL),(88,12,NULL,23,NULL,'(Pays d\'origine: France)',20.000,0.000,'0',0.000,'0',1,0,0,NULL,133,133.00000000,133.00000000,26.60000000,0.00000000,0.00000000,159.60000000,0,NULL,NULL,0,0.00000000,NULL,0,8,NULL,NULL),(89,12,NULL,30,NULL,'Optionnal : sensor self-noise of the pressure output on the frequency range 0.075 to 10Hz\r\n(Pays d\'origine: France)',20.000,0.000,'0',0.000,'0',1,0,0,NULL,143,143.00000000,143.00000000,28.60000000,0.00000000,0.00000000,171.60000000,1,NULL,NULL,0,0.00000000,NULL,0,9,NULL,NULL),(90,12,NULL,31,NULL,'Optionnal : Plots of the full frequency response obtained by the electrical sensor self-calibration capability for the amplitude and phase of the pressure output from 0.075 to 10 HZ',20.000,0.000,'0',0.000,'0',1,0,0,NULL,184,184.00000000,184.00000000,36.80000000,0.00000000,0.00000000,220.80000000,1,NULL,NULL,0,0.00000000,NULL,0,10,NULL,NULL),(91,13,NULL,2,NULL,'(Code douane: 9015.80.93.90 - Pays d\'origine: France)',0.000,0.000,'0',0.000,'0',6,15,1448.25,NULL,8206.75,9655.00000000,49240.50000000,0.00000000,0.00000000,0.00000000,49240.50000000,0,NULL,NULL,0,0.00000000,NULL,0,1,NULL,NULL),(92,13,NULL,3,NULL,'(Code douane: 9015900000 80 - Pays d\'origine: France)',0.000,0.000,'0',0.000,'0',6,15,42,NULL,238,280.00000000,1428.00000000,0.00000000,0.00000000,0.00000000,1428.00000000,0,NULL,NULL,0,0.00000000,NULL,0,2,NULL,NULL),(93,13,NULL,16,NULL,'(Pays d\'origine: France)',0.000,0.000,'0',0.000,'0',6,15,46.2,NULL,261.8,308.00000000,1570.80000000,0.00000000,0.00000000,0.00000000,1570.80000000,0,NULL,NULL,0,0.00000000,NULL,0,3,NULL,NULL),(94,13,NULL,20,NULL,'(Pays d\'origine: France)',0.000,0.000,'0',0.000,'0',1,15,42,NULL,238,280.00000000,238.00000000,0.00000000,0.00000000,0.00000000,238.00000000,0,NULL,NULL,0,0.00000000,NULL,0,4,NULL,NULL),(95,13,NULL,10,NULL,'(Code douane: 9015.90 - Pays d\'origine: France)',0.000,0.000,'0',0.000,'0',1,15,9.9,NULL,56.1,66.00000000,56.10000000,0.00000000,0.00000000,0.00000000,56.10000000,0,NULL,NULL,0,0.00000000,NULL,0,5,NULL,NULL),(96,13,NULL,36,NULL,'(Pays d\'origine: France)',0.000,0.000,'0',0.000,'0',1,15,244.2,NULL,1383.8,1628.00000000,1383.80000000,0.00000000,0.00000000,0.00000000,1383.80000000,0,NULL,NULL,0,0.00000000,NULL,0,6,NULL,NULL),(97,13,NULL,23,NULL,'(Pays d\'origine: France)',0.000,0.000,'0',0.000,'0',6,15,21.9,NULL,124.1,146.00000000,744.60000000,0.00000000,0.00000000,0.00000000,744.60000000,0,NULL,NULL,0,0.00000000,NULL,0,7,NULL,NULL),(98,14,NULL,1,NULL,'Delivered with Dionisos software, one technical  user guide (EN) in pdf version (CD)\r\n(Code douane: 9015.80.93.90 - Pays d\'origine: France)',0.000,0.000,'0',0.000,'0',7,0,0,NULL,12600,12600.00000000,88200.00000000,0.00000000,0.00000000,0.00000000,88200.00000000,0,NULL,NULL,0,6657.00000000,NULL,0,1,NULL,NULL),(99,14,NULL,38,NULL,'OPTIONAL: technical user guide for MB3d (printed version)',0.000,0.000,'0',0.000,'0',7,0,0,NULL,61,61.00000000,427.00000000,0.00000000,0.00000000,0.00000000,427.00000000,0,NULL,NULL,0,8.00000000,NULL,0,2,NULL,NULL),(100,14,NULL,6,NULL,'Flat-pack GPS-antenna for fixed installations\r\n	Available in black or white, \r\n	3 V',0.000,0.000,'0',0.000,'0',7,0,0,NULL,112,112.00000000,784.00000000,0.00000000,0.00000000,0.00000000,784.00000000,0,NULL,NULL,0,0.00000000,NULL,0,3,NULL,NULL),(101,14,NULL,18,NULL,'10 m long<br />\r\nCoaxial TNC to TNC<br>\r\ngps<br>\r\n(Code douane: 9015900000 80 - Pays d\'origine: France)',0.000,0.000,'0',0.000,'0',7,0,0,NULL,173,173.00000000,1211.00000000,0.00000000,0.00000000,0.00000000,1211.00000000,0,NULL,NULL,0,0.00000000,NULL,0,4,NULL,NULL),(102,14,NULL,3,NULL,'3 pins Fischer connector at one end to fast-on plugs at the other end, 3m long (2X1.5 mm²)\r\n(Pays d\'origine: France)',0.000,0.000,'0',0.000,'0',7,0,0,NULL,255,255.00000000,1785.00000000,0.00000000,0.00000000,0.00000000,1785.00000000,0,NULL,NULL,0,166.33000000,NULL,0,5,NULL,NULL),(103,14,NULL,17,NULL,'18 pin to USB<br />\r\nRS232 serial port protocol\r\n3 m long<br>\r\nto plug the sensor on a PC equiped with Dionisos software. Allow to configure the sensor using Dionisos or using standard command (NMEA, SeedLink in terminal mode)\r\n(Pays d\'origine: France)',0.000,0.000,'0',0.000,'0',7,0,0,NULL,285,285.00000000,1995.00000000,0.00000000,0.00000000,0.00000000,1995.00000000,0,NULL,NULL,0,0.00000000,NULL,0,6,NULL,NULL),(104,14,NULL,42,NULL,'Cable for data transmission using serial port. One Fisher connector to one end and not connected to the other end (possibility to plug one DB9 plug or one RJ45 plug depending on the serial port server and the network configuration)\r\n3 m long',0.000,0.000,'0',0.000,'0',7,0,0,NULL,285,285.00000000,1995.00000000,0.00000000,0.00000000,0.00000000,1995.00000000,0,NULL,NULL,0,0.00000000,NULL,0,7,NULL,NULL),(105,14,NULL,10,NULL,'(Code douane: 9015.90 - Pays d\'origine: France)',0.000,0.000,'0',0.000,'0',1,0,0,NULL,60,60.00000000,60.00000000,0.00000000,0.00000000,0.00000000,60.00000000,0,NULL,NULL,0,28.65000000,NULL,0,8,NULL,NULL),(106,14,NULL,32,NULL,'OPTIONAL :\r\nPlots of the full frequency response obtained by the dynamic calibration of the\r\namplitude and phase of the pressure output (in excel format) between 0.075 to\r\n4 Hz',0.000,0.000,'0',0.000,'0',7,0,0,NULL,315,315.00000000,2205.00000000,0.00000000,0.00000000,0.00000000,2205.00000000,1,NULL,NULL,0,90.00000000,NULL,0,9,NULL,NULL),(107,14,NULL,30,NULL,'OPTIONAL: Plots of the sensor self-noise of the pressure output at 1Hz (in\r\nexcel format) between 10-2 to 4 Hz\r\n(Pays d\'origine: France)',0.000,0.000,'0',0.000,'0',7,0,0,NULL,143,143.00000000,1001.00000000,0.00000000,0.00000000,0.00000000,1001.00000000,1,NULL,NULL,0,70.00000000,NULL,0,10,NULL,NULL),(108,14,NULL,31,NULL,'OPTIONAL: Plots of the full frequency response obtained by the electrical\r\nsensor self-calibration capability for the amplitude and phase of the pressure\r\noutput (in excel format) between 0.075 to 4 Hz',0.000,0.000,'0',0.000,'0',7,0,0,NULL,525,525.00000000,3675.00000000,0.00000000,0.00000000,0.00000000,3675.00000000,1,NULL,NULL,0,150.00000000,NULL,0,11,NULL,NULL),(109,14,NULL,19,NULL,'(Last ref TMG-DET_3-73)<br />\r\nPELICASE 1650  + adapted foam<br />\r\nInt Dim : L725 x W445 x D270 mm<br />\r\nExt Dim : L802 x W520 x D316 mm<br>\r\n(Code douane: 9015.90 - Pays d\'origine: France)',0.000,0.000,'0',0.000,'0',1,0,0,NULL,1480,1480.00000000,1480.00000000,0.00000000,0.00000000,0.00000000,1480.00000000,0,NULL,NULL,0,967.20000000,NULL,0,12,NULL,NULL),(110,14,NULL,25,NULL,'PELICASE 1430  + adapted foam<br />\r\nDim. int : 344 x 146 x 297 mm<br />\r\nDim. ext : 430 x 244 x 341 mm<br>\r\n(Code douane: 9015.90 - Pays d\'origine: France)',0.000,0.000,'0',0.000,'0',1,0,0,NULL,898,898.00000000,898.00000000,0.00000000,0.00000000,0.00000000,898.00000000,0,NULL,NULL,0,296.00000000,NULL,0,13,NULL,NULL),(111,14,NULL,22,NULL,'From Lannion to singapore\r\n1 pelicase of  6 sensors and 6 antennas\r\n1 box with cables and accessories + 1  sensor',0.000,0.000,'0',0.000,'0',1,0,0,NULL,2500,2500.00000000,2500.00000000,0.00000000,0.00000000,0.00000000,2500.00000000,1,NULL,NULL,0,855.35000000,NULL,0,14,NULL,NULL),(112,14,NULL,21,NULL,'',0.000,0.000,'0',0.000,'0',1,0,0,NULL,1200,1200.00000000,1200.00000000,0.00000000,0.00000000,0.00000000,1200.00000000,1,NULL,NULL,0,806.84000000,NULL,0,15,NULL,NULL),(113,15,NULL,52,NULL,'Signal cable to connect Mb3a to DM24 Guralp<br />\r\n18 pin Fischer connector to Mil Circ Connector size 16 female 26 pin ITT cannon KPT06F-16-26S(or adaptable)\r\nShielded cable 9509.01152-BELDEN 9 pairs\r\n1.5 m long\r\nRemise à titre exceptionnelle\r\nPrix du transport en supplément',20.000,0.000,'0',0.000,'0',17,26.80412,130,NULL,355,485.00000000,6035.00000000,1207.00000000,0.00000000,0.00000000,7242.00000000,0,NULL,NULL,0,0.00000000,NULL,0,1,NULL,NULL),(126,17,NULL,44,NULL,'one MB3a sensor + calibration (self noise and electrical calibration and accoustical calibration [0,01-28 HZ] 40 pt + one 3m MB3a power cable + one 3m MB3a Signal cable (not wired) + one user manual (paper and electronic) (no package)\r\nLigne 1 FRD001',0.000,0.000,'0',0.000,'0',10,0,0,NULL,10498,10498.00000000,104980.00000000,0.00000000,0.00000000,0.00000000,104980.00000000,0,NULL,NULL,0,0.00000000,NULL,0,1,NULL,NULL),(127,17,NULL,45,NULL,'Compatible nozzle caps to seal the sensor\r\nset of 4\r\nLigne2 FRD001',0.000,0.000,'0',0.000,'0',10,0,0,NULL,299,299.00000000,2990.00000000,0.00000000,0.00000000,0.00000000,2990.00000000,0,NULL,NULL,0,0.00000000,NULL,0,2,NULL,NULL),(128,17,NULL,23,NULL,'Ligne1 FRD002\r\n(Pays d\'origine: France)',0.000,0.000,'0',0.000,'0',10,0,0,NULL,140,140.00000000,1400.00000000,0.00000000,0.00000000,0.00000000,1400.00000000,0,NULL,NULL,0,0.00000000,NULL,0,3,NULL,NULL),(129,17,NULL,27,NULL,'Ligne 3 FRD001',0.000,0.000,'0',0.000,'0',1,0,0,NULL,720,720.00000000,720.00000000,0.00000000,0.00000000,0.00000000,720.00000000,1,NULL,NULL,0,0.00000000,NULL,0,4,NULL,NULL),(130,18,NULL,1,NULL,'<strong>DIGITAL MICROBAROMETER SENSOR, delivered With Dionisos software, one technical user guide in english in pdf version (CD)</strong><br>\r\n(Code douane: 9015.80.93.90 - Pays d\'origine: France)',0.000,0.000,'0',0.000,'0',1,0,0,NULL,13120,13120.00000000,13120.00000000,0.00000000,0.00000000,0.00000000,13120.00000000,0,NULL,NULL,0,0.00000000,NULL,0,1,NULL,NULL),(131,18,NULL,17,NULL,'18 pin to USB<br />\r\n3 m long<br>\r\n(Pays d\'origine: France)',0.000,0.000,'0',0.000,'0',1,0,0,NULL,265,265.00000000,265.00000000,0.00000000,0.00000000,0.00000000,265.00000000,0,NULL,NULL,0,0.00000000,NULL,0,2,NULL,NULL),(132,18,NULL,6,NULL,'<div>Flat-pack GPS-antenna for fixed installations.</div>\r\n\r\n<div>Full hemispherical coverage.</div>\r\n\r\n<div>Built-in high gain, low noise amplifier.</div>\r\n\r\n<div>Right-hand circular polarization (RHCP).</div>\r\n\r\n<div>Available in black or white, see model survey.</div>\r\n\r\n<div>3 V </div>\r\n\r\n<div>DC supply via RF-connector.</div>\r\n\r\n<div>EMC tested to IEC 801 and IEC 255.</div>\r\n\r\n<div>Provided with TNC (female) connector.</div>',0.000,0.000,'0',0.000,'0',1,0,0,NULL,112,112.00000000,112.00000000,0.00000000,0.00000000,0.00000000,112.00000000,0,NULL,NULL,0,0.00000000,NULL,0,3,NULL,NULL),(133,18,NULL,18,NULL,'10 m long<br />\r\nCoaxial TNC to TNC<br>\r\n(Code douane: 9015900000 80 - Pays d\'origine: France)',0.000,0.000,'0',0.000,'0',1,0,0,NULL,180,180.00000000,180.00000000,0.00000000,0.00000000,0.00000000,180.00000000,0,NULL,NULL,0,0.00000000,NULL,0,4,NULL,NULL),(134,18,NULL,3,NULL,'(Code douane: 9015900000 80 - Pays d\'origine: France)',0.000,0.000,'0',0.000,'0',1,0,0,NULL,255,255.00000000,255.00000000,0.00000000,0.00000000,0.00000000,255.00000000,0,NULL,NULL,0,0.00000000,NULL,0,5,NULL,NULL),(135,18,NULL,42,NULL,'',0.000,0.000,'0',0.000,'0',1,0,0,NULL,280,280.00000000,280.00000000,0.00000000,0.00000000,0.00000000,280.00000000,0,NULL,NULL,0,0.00000000,NULL,0,6,NULL,NULL),(136,18,NULL,10,NULL,'(Code douane: 9015.90 - Pays d\'origine: France)',0.000,0.000,'0',0.000,'0',1,0,0,NULL,60,60.00000000,60.00000000,0.00000000,0.00000000,0.00000000,60.00000000,0,NULL,NULL,0,0.00000000,NULL,0,7,NULL,NULL),(137,18,NULL,49,NULL,'PELICASE 1430 &nbsp;+ adapted foam<br />\r\nDim. int&nbsp;: 344 x 146 x 297 mm<br />\r\nDim. ext&nbsp;: 430 x 244 x 341 mm',0.000,0.000,'0',0.000,'0',1,0,0,NULL,650,650.00000000,650.00000000,0.00000000,0.00000000,0.00000000,650.00000000,0,NULL,NULL,0,0.00000000,NULL,0,8,NULL,NULL),(138,18,NULL,51,NULL,'',0.000,0.000,'0',0.000,'0',8,0,0,NULL,170,170.00000000,1360.00000000,0.00000000,0.00000000,0.00000000,1360.00000000,0,NULL,NULL,0,0.00000000,NULL,0,9,NULL,NULL),(139,18,NULL,45,NULL,'Compatible nozzle caps to seal the sensor\r\n1 set of 4 caps',0.000,0.000,'0',0.000,'0',1,0,0,NULL,820,820.00000000,820.00000000,0.00000000,0.00000000,0.00000000,820.00000000,0,NULL,NULL,0,0.00000000,NULL,0,10,NULL,NULL),(140,18,NULL,27,NULL,'',0.000,0.000,'0',0.000,'0',1,0,0,NULL,700,700.00000000,700.00000000,0.00000000,0.00000000,0.00000000,700.00000000,1,NULL,NULL,0,0.00000000,NULL,0,11,NULL,NULL),(141,18,NULL,21,NULL,'',0.000,0.000,'0',0.000,'0',1,0,0,NULL,855,855.00000000,855.00000000,0.00000000,0.00000000,0.00000000,855.00000000,1,NULL,NULL,0,0.00000000,NULL,0,12,NULL,NULL),(142,19,NULL,53,NULL,'REP 16/14 Tamper Switch Cable to CMG_DM24M-S3 Digitizer\r\nLIYCY DIN47100 2X0,75 BLINDE TGL (3m)\r\nSPLIT END	to	MS3116F14-12P',20.000,0.000,'0',0.000,'0',9,0,0,NULL,248,248.00000000,2232.00000000,446.40000000,0.00000000,0.00000000,2678.40000000,0,NULL,NULL,0,0.00000000,NULL,0,1,NULL,NULL),(143,19,NULL,53,NULL,'REP 1615 / External Power cable, PMB to IEB\r\nCable H07RNF 2x1.5mm² Ø9.3 Noir  (5m)\r\nMS3106F16-10S	to	MS3106F16-10P',20.000,0.000,'0',0.000,'0',9,0,0,NULL,327,327.00000000,2943.00000000,588.60000000,0.00000000,0.00000000,3531.60000000,0,NULL,NULL,0,0.00000000,NULL,0,2,NULL,NULL),(144,19,NULL,53,NULL,'REP 1616 / External cable to digital meteorological station\r\nLIYCYP DIN 47100 BL GEN. 4X2X0,75 (10m)\r\nMS3116E12-8P	   to	SPLIT END',20.000,0.000,'0',0.000,'0',2,0,0,NULL,329,329.00000000,658.00000000,131.60000000,0.00000000,0.00000000,789.60000000,0,NULL,NULL,0,0.00000000,NULL,0,3,NULL,NULL),(145,19,NULL,53,NULL,'REP 1617 / WOII to Meteo Bob Cable\r\nUNITRONIC LIYCY 10X0,75  (10m) \r\nSPLIT END	to	MS3116F14-19P',20.000,0.000,'0',0.000,'0',2,0,0,NULL,358,358.00000000,716.00000000,143.20000000,0.00000000,0.00000000,859.20000000,0,NULL,NULL,0,0.00000000,NULL,0,4,NULL,NULL),(146,19,NULL,39,NULL,'un connecteur MS3116F14-19P\r\nConnecteur circulaire, MIL-DTL-26482 serie 1, Fiche droite 19 pin male',20.000,0.000,'0',0.000,'0',2,0,0,NULL,90,90.00000000,180.00000000,36.00000000,0.00000000,0.00000000,216.00000000,1,NULL,NULL,0,0.00000000,NULL,0,5,NULL,NULL),(147,19,NULL,53,NULL,'REP 1619 / PTB101B to Meteo Bob Cable\r\nLIYCY DIN47100 5X0,25 BLINDE TGL (1.5m)\r\nSPLITEND (d\'après datasheet c\'est un bornier )		MS3116F14-19P',20.000,0.000,'0',0.000,'0',2,0,0,NULL,266,266.00000000,532.00000000,106.40000000,0.00000000,0.00000000,638.40000000,0,NULL,NULL,0,0.00000000,NULL,0,6,NULL,NULL),(148,19,NULL,53,NULL,'REP 1620 / Meteo Bob Cable to CMG-DM24AM-S3 Digitizer\r\nLIYCY DIN47100 2X0,75 BLINDE TGL (1.5m)\r\nMS3116F14-19S	to	MS3116F-16-26P',20.000,0.000,'0',0.000,'0',2,0,0,NULL,462,462.00000000,924.00000000,184.80000000,0.00000000,0.00000000,1108.80000000,0,NULL,NULL,0,0.00000000,NULL,0,7,NULL,NULL),(149,19,NULL,53,NULL,'REP 1621 / External power Cable for Meteo Bob\r\nLIYCY DIN47100 2X0,75 BLINDE TGL (2m)\r\nMS3116F8-3S	to	SPLIT END',20.000,0.000,'0',0.000,'0',2,0,0,NULL,262,262.00000000,524.00000000,104.80000000,0.00000000,0.00000000,628.80000000,0,NULL,NULL,0,0.00000000,NULL,0,8,NULL,NULL),(150,19,NULL,53,NULL,'Cable multiconducteur blindé 10x0.75mm (au mètre)',20.000,0.000,'0',0.000,'0',10,0,0,NULL,5.7,5.70000000,57.00000000,11.40000000,0.00000000,0.00000000,68.40000000,0,NULL,NULL,0,57.00000000,NULL,0,9,NULL,NULL),(151,19,NULL,22,NULL,'Livraison St Cannat',20.000,0.000,'0',0.000,'0',1,0,0,NULL,50,50.00000000,50.00000000,10.00000000,0.00000000,0.00000000,60.00000000,1,NULL,NULL,0,50.00000000,NULL,0,10,NULL,NULL),(154,21,NULL,44,NULL,'one MB3a sensor + calibration (self noise and electrical calibration and accoustical calibration [0,01-28 HZ] 40 pt + one 3m MB3a power cable + one 3m MB3a Signal cable (not wired) + one user manual (paper and electronic) (no package)\r\nLigne 1 FRD003',0.000,0.000,'0',0.000,'0',10,0,0,NULL,10330,10330.00000000,103300.00000000,0.00000000,0.00000000,0.00000000,103300.00000000,0,NULL,NULL,0,0.00000000,NULL,0,1,NULL,NULL),(156,21,NULL,23,NULL,'Ligne1 FRD002\r\n(Pays d\'origine: France)',0.000,0.000,'0',0.000,'0',10,0,0,NULL,140,140.00000000,1400.00000000,0.00000000,0.00000000,0.00000000,1400.00000000,0,NULL,NULL,0,0.00000000,NULL,0,8,NULL,NULL),(157,21,NULL,27,NULL,'Ligne 3 FRD001',0.000,0.000,'0',0.000,'0',1,0,0,NULL,720,720.00000000,720.00000000,0.00000000,0.00000000,0.00000000,720.00000000,1,NULL,NULL,0,0.00000000,NULL,0,4,NULL,NULL),(158,21,NULL,44,NULL,'one MB3a sensor + calibration (self noise and electrical calibration and accoustical calibration [0,01-28 HZ] 40 pt + one 3m MB3a power cable + one 3m MB3a Signal cable (not wired) + one user manual (paper and electronic) (no package)\r\nLigne 2 FRD003',0.000,0.000,'0',0.000,'0',10,0,0,NULL,10330,10330.00000000,103300.00000000,0.00000000,0.00000000,0.00000000,103300.00000000,0,NULL,NULL,0,0.00000000,NULL,0,2,NULL,NULL),(159,21,NULL,44,NULL,'one MB3a sensor + calibration (self noise and electrical calibration and accoustical calibration [0,01-28 HZ] 40 pt + one 3m MB3a power cable + one 3m MB3a Signal cable (not wired) + one user manual (paper and electronic) (no package)\r\nLigne 3 FRD003',0.000,0.000,'0',0.000,'0',10,0,0,NULL,10330,10330.00000000,103300.00000000,0.00000000,0.00000000,0.00000000,103300.00000000,0,NULL,NULL,0,0.00000000,NULL,0,3,NULL,NULL),(160,21,NULL,27,NULL,'',0.000,0.000,'0',0.000,'0',1,0,0,NULL,720,720.00000000,720.00000000,0.00000000,0.00000000,0.00000000,720.00000000,1,NULL,NULL,0,0.00000000,NULL,0,6,NULL,NULL),(161,21,NULL,27,NULL,'',0.000,0.000,'0',0.000,'0',1,0,0,NULL,720,720.00000000,720.00000000,0.00000000,0.00000000,0.00000000,720.00000000,1,NULL,NULL,0,0.00000000,NULL,0,5,NULL,NULL),(163,21,NULL,23,NULL,'(Pays d\'origine: France)',0.000,0.000,'0',0.000,'0',10,0,0,NULL,140,140.00000000,1400.00000000,0.00000000,0.00000000,0.00000000,1400.00000000,0,NULL,NULL,0,0.00000000,NULL,0,9,NULL,NULL),(164,21,NULL,23,NULL,'(Pays d\'origine: France)',0.000,0.000,'0',0.000,'0',10,0,0,NULL,140,140.00000000,1400.00000000,0.00000000,0.00000000,0.00000000,1400.00000000,0,NULL,NULL,0,0.00000000,NULL,0,10,NULL,NULL),(165,22,NULL,53,NULL,'C4 Power Cable 2 m MS3116F-8-2-S vers Banana plugs 4mm rouge et noire câble H07RNF 2x1.5mm²  Noir non blindé',20.000,0.000,'0',0.000,'0',1,0,0,NULL,296,296.00000000,296.00000000,59.20000000,0.00000000,0.00000000,355.20000000,0,NULL,NULL,0,172.37000000,NULL,0,1,NULL,NULL),(166,22,NULL,53,NULL,'C5 Serial cable 2M MS3116F-8-3S vers DB9 femelle capot métal a viser , Cable 3x0.75mm² Blindé LIYCY',20.000,0.000,'0',0.000,'0',1,0,0,NULL,316,316.00000000,316.00000000,63.20000000,0.00000000,0.00000000,379.20000000,0,NULL,NULL,0,174.01000000,NULL,0,2,NULL,NULL),(167,22,NULL,27,NULL,'transport priority saint cannat',20.000,0.000,'0',0.000,'0',1,0,0,NULL,55,55.00000000,55.00000000,11.00000000,0.00000000,0.00000000,66.00000000,1,NULL,NULL,0,0.00000000,NULL,0,3,NULL,NULL),(168,23,NULL,44,NULL,'one MB3a sensor + calibration (self noise and electrical calibration and accoustical calibration [0,01-28 HZ] 40 pt + one 3m MB3a power cable + one 3m MB3a Signal cable (not wired) + one user manual (paper and electronic) (no package)',0.000,0.000,'0',0.000,'0',30,0,0,NULL,10330,10330.00000000,309900.00000000,0.00000000,0.00000000,0.00000000,309900.00000000,0,NULL,NULL,0,0.00000000,NULL,0,1,NULL,NULL),(169,23,NULL,27,NULL,'',0.000,0.000,'0',0.000,'0',3,0,0,NULL,700,700.00000000,2100.00000000,0.00000000,0.00000000,0.00000000,2100.00000000,1,NULL,NULL,0,0.00000000,NULL,0,2,NULL,NULL),(170,23,NULL,23,NULL,'(Pays d\'origine: France)',0.000,0.000,'0',0.000,'0',30,0,0,NULL,140,140.00000000,4200.00000000,0.00000000,0.00000000,0.00000000,4200.00000000,0,NULL,NULL,0,0.00000000,NULL,0,3,NULL,NULL),(171,23,NULL,10,NULL,'(Code douane: 9015.90 - Pays d\'origine: France)',0.000,0.000,'0',0.000,'0',10,0,0,NULL,63,63.00000000,630.00000000,0.00000000,0.00000000,0.00000000,630.00000000,0,NULL,NULL,0,0.00000000,NULL,0,4,NULL,NULL),(172,23,NULL,20,NULL,'(Pays d\'origine: France)',0.000,0.000,'0',0.000,'0',10,0,0,NULL,268,268.00000000,2680.00000000,0.00000000,0.00000000,0.00000000,2680.00000000,0,NULL,NULL,0,0.00000000,NULL,0,5,NULL,NULL),(173,23,NULL,36,NULL,'(Pays d\'origine: France)',0.000,0.000,'0',0.000,'0',2,0,0,NULL,1554,1554.00000000,3108.00000000,0.00000000,0.00000000,0.00000000,3108.00000000,0,NULL,NULL,0,0.00000000,NULL,0,6,NULL,NULL),(174,23,NULL,45,NULL,'Compatible nozzle caps to seal the sensor',0.000,0.000,'0',0.000,'0',100,0,0,NULL,57.75,57.75000000,5775.00000000,0.00000000,0.00000000,0.00000000,5775.00000000,0,NULL,NULL,0,0.00000000,NULL,0,7,NULL,NULL),(175,23,NULL,55,NULL,'',0.000,0.000,'0',0.000,'0',9,0,0,NULL,599,599.00000000,5391.00000000,0.00000000,0.00000000,0.00000000,5391.00000000,0,NULL,NULL,0,0.00000000,NULL,0,8,NULL,NULL),(176,23,NULL,56,NULL,'',0.000,0.000,'0',0.000,'0',9,0,0,NULL,305,305.00000000,2745.00000000,0.00000000,0.00000000,0.00000000,2745.00000000,0,NULL,NULL,0,0.00000000,NULL,0,9,NULL,NULL),(177,23,NULL,57,NULL,'',0.000,0.000,'0',0.000,'0',5,0,0,NULL,599,599.00000000,2995.00000000,0.00000000,0.00000000,0.00000000,2995.00000000,0,NULL,NULL,0,0.00000000,NULL,0,10,NULL,NULL),(178,23,NULL,58,NULL,'',0.000,0.000,'0',0.000,'0',20,0,0,NULL,294,294.00000000,5880.00000000,0.00000000,0.00000000,0.00000000,5880.00000000,0,NULL,NULL,0,0.00000000,NULL,0,11,NULL,NULL),(179,23,NULL,59,NULL,'PELICASE 1520  +standard foam for integration box <br />\r\nDim. int : 454 x 324 x 171 mm<br />\r\nDim. ext : 485 x 392 x 192 mm',0.000,0.000,'0',0.000,'0',5,0,0,NULL,567,567.00000000,2835.00000000,0.00000000,0.00000000,0.00000000,2835.00000000,0,NULL,NULL,0,0.00000000,NULL,0,12,NULL,NULL),(180,23,NULL,60,NULL,'',0.000,0.000,'0',0.000,'0',10,0,0,NULL,3189,3189.00000000,31890.00000000,0.00000000,0.00000000,0.00000000,31890.00000000,0,NULL,NULL,0,0.00000000,NULL,0,13,NULL,NULL),(181,23,NULL,61,NULL,'',0.000,0.000,'0',0.000,'0',10,0,0,NULL,2804,2804.00000000,28040.00000000,0.00000000,0.00000000,0.00000000,28040.00000000,0,NULL,NULL,0,0.00000000,NULL,0,14,NULL,NULL);

--
-- Table structure for table `llx_commandedet_extrafields`
--

CREATE TABLE `llx_commandedet_extrafields` (
  `rowid` int(11) NOT NULL AUTO_INCREMENT,
  `tms` timestamp NOT NULL DEFAULT CURRENT_TIMESTAMP ON UPDATE CURRENT_TIMESTAMP,
  `fk_object` int(11) NOT NULL,
  `import_key` varchar(14) DEFAULT NULL,
  `titrealpiroc` varchar(255) DEFAULT NULL,
  PRIMARY KEY (`rowid`),
  KEY `idx_commandedet_extrafields` (`fk_object`)
) ENGINE=InnoDB AUTO_INCREMENT=173 DEFAULT CHARSET=utf8;

--
-- Dumping data for table `llx_commandedet_extrafields`
--

INSERT INTO `llx_commandedet_extrafields` (`rowid`, `tms`, `fk_object`, `import_key`, `titrealpiroc`) VALUES (18,'2016-09-13 13:16:53',60,NULL,NULL),(19,'2016-09-13 13:17:20',61,NULL,NULL),(20,'2016-09-13 13:18:11',62,NULL,NULL),(21,'2016-09-13 13:18:34',63,NULL,NULL),(22,'2016-09-13 13:18:57',64,NULL,NULL),(24,'2016-09-13 13:19:41',67,NULL,NULL),(29,'2016-09-13 13:23:53',76,NULL,NULL),(34,'2016-09-13 13:31:25',77,NULL,NULL),(37,'2016-09-13 13:34:57',78,NULL,NULL),(38,'2016-09-13 13:35:19',79,NULL,NULL),(39,'2016-09-13 13:36:48',66,NULL,NULL),(40,'2016-09-13 14:03:37',68,NULL,NULL),(41,'2016-09-13 14:03:57',69,NULL,NULL),(45,'2016-11-15 14:31:18',80,NULL,NULL),(46,'2016-11-28 16:11:41',81,NULL,NULL),(47,'2016-11-28 16:11:41',82,NULL,NULL),(48,'2016-11-28 16:11:41',83,NULL,NULL),(49,'2016-11-28 16:11:41',84,NULL,NULL),(53,'2016-11-28 16:11:42',88,NULL,NULL),(54,'2016-11-28 16:11:42',89,NULL,NULL),(55,'2016-11-28 16:11:42',90,NULL,NULL),(59,'2016-12-09 08:58:49',94,NULL,NULL),(60,'2016-12-09 08:58:49',95,NULL,NULL),(61,'2016-12-09 08:58:49',96,NULL,NULL),(63,'2017-01-17 17:08:41',98,NULL,'SENSORS'),(64,'2017-01-17 17:08:41',99,NULL,NULL),(65,'2017-01-17 17:08:41',100,NULL,'GPS ACQUISITION'),(66,'2017-01-17 17:08:41',101,NULL,NULL),(67,'2017-01-17 17:08:41',102,NULL,'POWER AND SIGNAL CABLES'),(68,'2017-01-17 17:08:41',103,NULL,NULL),(69,'2017-01-17 17:08:41',104,NULL,NULL),(70,'2017-01-17 17:08:41',105,NULL,'ACCESSORIES'),(71,'2017-01-17 17:08:41',106,NULL,'METROLOGY'),(72,'2017-01-17 17:08:41',107,NULL,NULL),(73,'2017-01-17 17:08:41',108,NULL,NULL),(74,'2017-01-17 17:08:41',109,NULL,'PELICASES'),(75,'2017-01-17 17:08:41',110,NULL,NULL),(76,'2017-01-17 17:08:41',111,NULL,'TRANSPORT and INSURANCE'),(77,'2017-01-17 17:08:41',112,NULL,NULL),(78,'2017-01-18 09:18:22',113,NULL,NULL),(80,'2017-01-18 15:51:18',115,NULL,NULL),(81,'2017-01-18 15:51:18',116,NULL,NULL),(82,'2017-01-18 15:51:18',117,NULL,NULL),(83,'2017-01-18 15:51:18',118,NULL,NULL),(84,'2017-01-18 15:51:18',119,NULL,NULL),(85,'2017-01-18 15:51:18',120,NULL,NULL),(86,'2017-01-18 15:51:18',122,NULL,NULL),(87,'2017-01-18 15:51:18',123,NULL,NULL),(88,'2017-01-18 15:51:18',124,NULL,NULL),(89,'2017-01-18 15:51:18',125,NULL,NULL),(90,'2017-01-18 15:54:24',114,NULL,NULL),(91,'2017-01-19 08:35:38',126,NULL,NULL),(92,'2017-01-19 08:35:38',127,NULL,NULL),(93,'2017-01-19 08:35:38',128,NULL,NULL),(94,'2017-01-19 08:35:38',129,NULL,NULL),(95,'2017-01-19 15:27:03',130,NULL,NULL),(96,'2017-01-19 15:27:03',131,NULL,NULL),(97,'2017-01-19 15:27:03',132,NULL,NULL),(98,'2017-01-19 15:27:03',133,NULL,NULL),(99,'2017-01-19 15:27:03',134,NULL,NULL),(100,'2017-01-19 15:27:03',135,NULL,NULL),(101,'2017-01-19 15:27:03',136,NULL,NULL),(102,'2017-01-19 15:27:04',138,NULL,NULL),(103,'2017-01-19 15:27:04',139,NULL,NULL),(104,'2017-01-19 15:27:04',140,NULL,NULL),(105,'2017-01-19 15:27:04',141,NULL,NULL),(106,'2017-01-23 16:43:52',142,NULL,NULL),(107,'2017-01-23 16:43:52',143,NULL,NULL),(108,'2017-01-23 16:43:52',144,NULL,NULL),(109,'2017-01-23 16:43:52',145,NULL,NULL),(110,'2017-01-23 16:43:52',146,NULL,NULL),(111,'2017-01-23 16:43:52',147,NULL,NULL),(112,'2017-01-23 16:43:52',148,NULL,NULL),(113,'2017-01-23 16:43:52',149,NULL,NULL),(115,'2017-02-14 12:14:59',150,NULL,NULL),(117,'2017-02-14 12:16:46',151,NULL,NULL),(118,'2017-02-14 13:36:17',152,NULL,NULL),(119,'2017-02-14 13:36:17',153,NULL,NULL),(122,'2017-02-15 10:00:40',156,NULL,NULL),(126,'2017-02-15 14:55:41',157,NULL,NULL),(132,'2017-02-15 15:03:54',158,NULL,NULL),(133,'2017-02-15 15:04:15',154,NULL,NULL),(134,'2017-02-15 15:04:46',159,NULL,NULL),(138,'2017-02-15 16:05:40',161,NULL,NULL),(139,'2017-02-15 16:06:04',160,NULL,NULL),(142,'2017-02-15 16:07:32',163,NULL,NULL),(143,'2017-02-15 16:07:51',164,NULL,NULL),(144,'2017-02-17 15:25:45',165,NULL,NULL),(145,'2017-02-17 15:25:45',166,NULL,NULL),(146,'2017-02-17 15:25:45',167,NULL,NULL),(148,'2017-03-13 10:09:13',91,NULL,NULL),(149,'2017-03-13 10:09:31',92,NULL,NULL),(150,'2017-03-13 10:09:49',93,NULL,NULL),(151,'2017-03-13 10:10:09',97,NULL,NULL),(153,'2017-03-22 10:54:35',168,NULL,NULL),(155,'2017-03-22 10:55:31',169,NULL,NULL),(157,'2017-03-22 10:56:14',170,NULL,NULL),(159,'2017-03-22 10:57:16',171,NULL,NULL),(161,'2017-03-22 10:58:05',172,NULL,NULL),(163,'2017-03-22 11:00:28',173,NULL,NULL),(165,'2017-03-22 11:01:29',174,NULL,NULL),(166,'2017-03-22 13:56:19',175,NULL,NULL),(167,'2017-03-22 14:03:23',176,NULL,NULL),(168,'2017-03-22 14:12:34',177,NULL,NULL),(169,'2017-03-22 14:16:17',178,NULL,NULL),(170,'2017-03-22 14:19:51',179,NULL,NULL),(171,'2017-03-22 14:23:50',180,NULL,NULL),(172,'2017-03-22 14:25:13',181,NULL,NULL);

--
-- Table structure for table `llx_const`
--

CREATE TABLE `llx_const` (
  `rowid` int(11) NOT NULL AUTO_INCREMENT,
  `name` varchar(255) NOT NULL,
  `entity` int(11) NOT NULL DEFAULT '1',
  `value` text NOT NULL,
  `type` varchar(6) DEFAULT NULL,
  `visible` tinyint(4) NOT NULL DEFAULT '1',
  `note` text,
  `tms` timestamp NOT NULL DEFAULT CURRENT_TIMESTAMP ON UPDATE CURRENT_TIMESTAMP,
  PRIMARY KEY (`rowid`),
  UNIQUE KEY `uk_const` (`name`,`entity`)
) ENGINE=InnoDB AUTO_INCREMENT=1166 DEFAULT CHARSET=utf8;

--
-- Dumping data for table `llx_const`
--

INSERT INTO `llx_const` (`rowid`, `name`, `entity`, `value`, `type`, `visible`, `note`, `tms`) VALUES (2,'MAIN_FEATURES_LEVEL',0,'0','chaine',1,'Level of features to show (0=stable only, 1=stable+experimental, 2=stable+experimental+development','2013-08-01 07:48:50'),(3,'SYSLOG_HANDLERS',0,'[\"mod_syslog_file\"]','chaine',0,'Which logger to use','2013-08-01 07:48:50'),(4,'SYSLOG_FILE',0,'DOL_DATA_ROOT/dolibarr.log','chaine',0,'Directory where to write log file','2013-08-01 07:48:50'),(5,'SYSLOG_LEVEL',0,'7','chaine',0,'Level of debug info to show','2013-08-01 07:48:50'),(8,'MAIN_UPLOAD_DOC',0,'2048','chaine',0,'Max size for file upload (0 means no upload allowed)','2013-08-01 07:48:50'),(11,'MAIN_SIZE_LISTE_LIMIT',0,'25','chaine',0,'Longueur maximum des listes','2013-08-01 07:48:50'),(12,'MAIN_SHOW_WORKBOARD',0,'1','yesno',0,'Affichage tableau de bord de travail Dolibarr','2013-08-01 07:48:50'),(13,'MAIN_MENU_STANDARD',1,'eldy_menu.php','chaine',0,'Module de gestion de la barre de menu pour utilisateurs internes','2013-09-30 17:25:12'),(14,'MAIN_MENUFRONT_STANDARD',1,'eldy_menu.php','chaine',0,'Module de gestion de la barre de menu pour utilisateurs externes','2013-09-30 17:25:12'),(15,'MAIN_MENU_SMARTPHONE',1,'eldy_menu.php','chaine',0,'Module de gestion de la barre de menu smartphone pour utilisateurs internes','2013-09-30 17:25:12'),(16,'MAIN_MENUFRONT_SMARTPHONE',1,'eldy_menu.php','chaine',0,'Module de gestion de la barre de menu smartphone pour utilisateurs externes','2013-09-30 17:25:12'),(17,'MAIN_DELAY_ACTIONS_TODO',1,'7','chaine',0,'Tolérance de retard avant alerte (en jours) sur actions planifiées non réalisées','2013-08-01 07:48:50'),(18,'MAIN_DELAY_ORDERS_TO_PROCESS',1,'2','chaine',0,'Tolérance de retard avant alerte (en jours) sur commandes clients non traitées','2013-08-01 07:48:50'),(19,'MAIN_DELAY_SUPPLIER_ORDERS_TO_PROCESS',1,'7','chaine',0,'Tolérance de retard avant alerte (en jours) sur commandes fournisseurs non traitées','2013-08-01 07:48:50'),(20,'MAIN_DELAY_PROPALS_TO_CLOSE',1,'31','chaine',0,'Tolérance de retard avant alerte (en jours) sur propales à cloturer','2013-08-01 07:48:50'),(21,'MAIN_DELAY_PROPALS_TO_BILL',1,'7','chaine',0,'Tolérance de retard avant alerte (en jours) sur propales non facturées','2013-08-01 07:48:50'),(22,'MAIN_DELAY_CUSTOMER_BILLS_UNPAYED',1,'31','chaine',0,'Tolérance de retard avant alerte (en jours) sur factures client impayées','2013-08-01 07:48:50'),(23,'MAIN_DELAY_SUPPLIER_BILLS_TO_PAY',1,'2','chaine',0,'Tolérance de retard avant alerte (en jours) sur factures fournisseur impayées','2013-08-01 07:48:50'),(24,'MAIN_DELAY_NOT_ACTIVATED_SERVICES',1,'0','chaine',0,'Tolérance de retard avant alerte (en jours) sur services à activer','2013-08-01 07:48:50'),(25,'MAIN_DELAY_RUNNING_SERVICES',1,'0','chaine',0,'Tolérance de retard avant alerte (en jours) sur services expirés','2013-08-01 07:48:50'),(26,'MAIN_DELAY_MEMBERS',1,'31','chaine',0,'Tolérance de retard avant alerte (en jours) sur cotisations adhérent en retard','2013-08-01 07:48:50'),(27,'MAIN_DELAY_TRANSACTIONS_TO_CONCILIATE',1,'62','chaine',0,'Tolérance de retard avant alerte (en jours) sur rapprochements bancaires à faire','2013-08-01 07:48:50'),(28,'SOCIETE_NOLIST_COURRIER',0,'1','yesno',0,'Liste les fichiers du repertoire courrier','2013-08-01 07:48:50'),(53,'MAIN_INFO_SOCIETE_LOGO',1,'logo.png','chaine',0,'','2013-08-01 07:56:48'),(54,'MAIN_INFO_SOCIETE_LOGO_SMALL',1,'logo_small.png','chaine',0,'','2013-08-01 07:56:49'),(55,'MAIN_INFO_SOCIETE_LOGO_MINI',1,'logo_mini.png','chaine',0,'','2013-08-01 07:56:49'),(65,'SOCIETE_CODECLIENT_ADDON',1,'mod_codeclient_leopard','chaine',0,'Module to control third parties codes','2013-08-01 07:57:08'),(66,'SOCIETE_CODECOMPTA_ADDON',1,'mod_codecompta_panicum','chaine',0,'Module to control third parties codes','2013-08-01 07:57:08'),(69,'COMPANY_ADDON_PDF_ODT_PATH',1,'DOL_DATA_ROOT/doctemplates/thirdparties','chaine',0,NULL,'2013-08-01 07:57:08'),(71,'PROPALE_ADDON_PDF',1,'azur','chaine',0,'Nom du gestionnaire de generation des propales en PDF','2013-08-01 07:57:11'),(72,'PROPALE_ADDON',1,'mod_propale_marbre','chaine',0,'Nom du gestionnaire de numerotation des propales','2013-08-01 07:57:11'),(77,'COMMANDE_ADDON_PDF',1,'einstein','chaine',0,'Name of PDF model of order','2013-08-01 07:57:15'),(78,'COMMANDE_ADDON',1,'mod_commande_marbre','chaine',0,'Name of numbering numerotation rules of order','2013-08-01 07:57:15'),(79,'COMMANDE_ADDON_PDF_ODT_PATH',1,'DOL_DATA_ROOT/doctemplates/orders','chaine',0,NULL,'2013-08-01 07:57:15'),(81,'MAIN_MODULE_CONTRAT',1,'1',NULL,0,NULL,'2013-08-01 07:57:19'),(82,'CONTRACT_ADDON',1,'mod_contract_serpis','chaine',0,'Nom du gestionnaire de numerotation des contrats','2013-08-01 07:57:19'),(85,'MAIN_MODULE_FICHEINTER',1,'1',NULL,0,NULL,'2013-08-01 07:57:21'),(86,'FICHEINTER_ADDON_PDF',1,'soleil','chaine',0,NULL,'2013-08-01 07:57:22'),(87,'FICHEINTER_ADDON',1,'pacific','chaine',0,NULL,'2013-08-01 07:57:22'),(91,'EXPEDITION_ADDON_NUMBER',1,'mod_expedition_safor','chaine',0,'Nom du gestionnaire de numerotation des expeditions','2013-08-01 07:57:24'),(93,'LIVRAISON_ADDON_NUMBER',1,'mod_livraison_jade','chaine',0,'Nom du gestionnaire de numerotation des bons de reception','2013-09-30 17:25:12'),(96,'MAIN_MODULE_COMPTABILITE',1,'1',NULL,0,NULL,'2013-08-01 07:57:40'),(98,'FACTURE_ADDON_PDF',1,'crabe','chaine',0,'Name of PDF model of invoice','2013-08-01 07:57:40'),(99,'FACTURE_ADDON',1,'mod_facture_terre','chaine',0,'Name of numbering numerotation rules of invoice','2013-08-01 07:57:40'),(100,'FACTURE_ADDON_PDF_ODT_PATH',1,'DOL_DATA_ROOT/doctemplates/invoices','chaine',0,NULL,'2013-08-01 07:57:40'),(104,'PRODUCT_CODEPRODUCT_ADDON',1,'mod_codeproduct_leopard','chaine',0,'Module to control product codes','2013-08-01 07:58:16'),(106,'MAIN_MODULE_MAILING',1,'1',NULL,0,NULL,'2013-08-01 07:58:38'),(107,'MAIN_MODULE_EXPORT',1,'1',NULL,0,NULL,'2013-08-01 07:58:44'),(108,'MAIN_MODULE_IMPORT',1,'1',NULL,0,NULL,'2013-08-01 07:58:47'),(109,'MAIN_MODULE_MARGIN',1,'1',NULL,0,NULL,'2013-08-01 08:00:05'),(110,'MAIN_MODULE_MARGIN_TABS_0',1,'product:+margin:Margins:margins:$conf->margin->enabled:/margin/tabs/productMargins.php?id=__ID__','chaine',0,NULL,'2013-08-01 08:00:05'),(111,'MAIN_MODULE_MARGIN_TABS_1',1,'thirdparty:+margin:Margins:margins:$conf->margin->enabled && empty($user->societe_id):/margin/tabs/thirdpartyMargins.php?socid=__ID__','chaine',0,NULL,'2013-08-01 08:00:05'),(112,'MAIN_MODULE_PROPALE',1,'1',NULL,0,NULL,'2013-08-01 08:00:05'),(115,'MAIN_MODULE_CATEGORIE',1,'1',NULL,0,NULL,'2013-08-01 08:00:19'),(116,'MAIN_MODULE_FCKEDITOR',1,'1',NULL,0,NULL,'2013-08-01 08:00:24'),(117,'FCKEDITOR_ENABLE_SOCIETE',1,'1','yesno',0,'Activation fckeditor sur notes autres','2013-08-01 08:00:24'),(118,'FCKEDITOR_ENABLE_PRODUCTDESC',1,'1','yesno',0,'Activation fckeditor sur notes produits','2013-08-01 08:00:24'),(119,'FCKEDITOR_ENABLE_MAILING',1,'1','yesno',0,'Activation fckeditor sur emailing','2013-08-01 08:00:24'),(122,'COMMANDE_SUPPLIER_ADDON_PDF',1,'muscadet','chaine',0,NULL,'2013-08-01 08:02:32'),(123,'COMMANDE_SUPPLIER_ADDON',1,'mod_commande_fournisseur_muguet','chaine',0,NULL,'2013-08-01 08:02:32'),(124,'INVOICE_SUPPLIER_ADDON_PDF',1,'canelle','chaine',0,NULL,'2013-08-01 08:02:32'),(127,'MAIN_MODULE_BANQUE',1,'1',NULL,0,NULL,'2013-08-01 08:02:43'),(159,'COMMANDE_SUPPLIER_ADDON_NUMBER',1,'mod_commande_fournisseur_muguet','chaine',0,'Nom du gestionnaire de numerotation des commandes fournisseur','2013-09-30 17:27:23'),(160,'INVOICE_SUPPLIER_ADDON_NUMBER',1,'mod_facture_fournisseur_cactus','chaine',0,'Nom du gestionnaire de numerotation des factures fournisseur','2013-09-30 17:27:23'),(168,'MAIN_USE_CONNECT_TIMEOUT',1,'10','chaine',0,'','2013-09-30 18:07:59'),(169,'MAIN_USE_RESPONSE_TIMEOUT',1,'120','chaine',0,'','2013-09-30 18:07:59'),(170,'MAIN_PROXY_USE',1,'0','chaine',0,'','2013-09-30 18:07:59'),(171,'FCKEDITOR_ENABLE_MAIL',1,'1','chaine',0,'','2013-09-30 18:11:47'),(172,'FCKEDITOR_ENABLE_USERSIGN',1,'1','chaine',0,'','2013-09-30 18:11:51'),(173,'FCKEDITOR_TEST',1,'Test','chaine',0,'','2013-09-30 18:12:10'),(198,'PROPALE_ADDON_PDF_ODT_PATH',1,'DOL_DATA_ROOT/doctemplates/proposals','chaine',0,'','2014-02-28 13:17:59'),(202,'MAIN_SUBMODULE_EXPEDITION',1,'1','chaine',0,'','2014-06-13 12:24:32'),(206,'STOCK_CALCULATE_ON_SHIPMENT',1,'1','chaine',0,'','2014-06-13 12:36:09'),(207,'STOCK_CALCULATE_ON_SUPPLIER_DISPATCH_ORDER',1,'1','chaine',0,'','2014-06-13 12:36:26'),(210,'MAILING_EMAIL_UNSUBSCRIBE',1,'1','chaine',0,'','2014-08-18 12:46:58'),(217,'MAIN_VERSION_LAST_INSTALL',0,'3.4.0','chaine',0,'Dolibarr version when install','2014-10-02 12:23:16'),(245,'MAIN_SEARCHFORM_CONTACT',1,'1','chaine',0,'','2014-11-20 08:57:31'),(246,'MAIN_SEARCHFORM_SOCIETE',1,'1','chaine',0,'','2014-11-20 08:57:31'),(247,'MAIN_SEARCHFORM_PRODUITSERVICE',1,'1','chaine',0,'','2014-11-20 08:57:31'),(248,'MAIN_SEARCHFORM_ADHERENT',1,'0','chaine',0,'','2014-11-20 08:57:31'),(258,'ECM_AUTO_TREE_ENABLED',1,'1','chaine',0,'Auto tree is enabled by default','2014-12-11 09:59:20'),(259,'FACTURE_RIB_NUMBER',1,'2','chaine',0,'','2014-12-12 10:26:48'),(260,'FACTURE_CHQ_NUMBER',1,'-1','chaine',0,'','2014-12-12 10:26:50'),(262,'MAILING_LIMIT_SENDBYWEB',1,'10','chaine',1,'','2015-01-08 13:16:07'),(298,'MAIN_FIX_FOR_BUGGED_MTA',1,'1','chaine',1,'','2015-01-08 16:30:12'),(650,'MAIN_AGENDA_ACTIONAUTO_COMPANY_CREATE',1,'1','chaine',0,NULL,'2015-08-26 12:38:16'),(651,'MAIN_AGENDA_ACTIONAUTO_CONTRACT_VALIDATE',1,'1','chaine',0,NULL,'2015-08-26 12:38:16'),(652,'MAIN_AGENDA_ACTIONAUTO_PROPAL_VALIDATE',1,'1','chaine',0,NULL,'2015-08-26 12:38:16'),(653,'MAIN_AGENDA_ACTIONAUTO_PROPAL_SENTBYMAIL',1,'1','chaine',0,NULL,'2015-08-26 12:38:16'),(654,'MAIN_AGENDA_ACTIONAUTO_ORDER_VALIDATE',1,'1','chaine',0,NULL,'2015-08-26 12:38:16'),(655,'MAIN_AGENDA_ACTIONAUTO_ORDER_SENTBYMAIL',1,'1','chaine',0,NULL,'2015-08-26 12:38:16'),(656,'MAIN_AGENDA_ACTIONAUTO_BILL_VALIDATE',1,'1','chaine',0,NULL,'2015-08-26 12:38:16'),(657,'MAIN_AGENDA_ACTIONAUTO_BILL_PAYED',1,'1','chaine',0,NULL,'2015-08-26 12:38:16'),(658,'MAIN_AGENDA_ACTIONAUTO_BILL_CANCEL',1,'1','chaine',0,NULL,'2015-08-26 12:38:16'),(659,'MAIN_AGENDA_ACTIONAUTO_BILL_SENTBYMAIL',1,'1','chaine',0,NULL,'2015-08-26 12:38:16'),(660,'MAIN_AGENDA_ACTIONAUTO_ORDER_SUPPLIER_VALIDATE',1,'1','chaine',0,NULL,'2015-08-26 12:38:16'),(661,'MAIN_AGENDA_ACTIONAUTO_BILL_SUPPLIER_VALIDATE',1,'1','chaine',0,NULL,'2015-08-26 12:38:16'),(662,'MAIN_AGENDA_ACTIONAUTO_SHIPPING_VALIDATE',1,'1','chaine',0,NULL,'2015-08-26 12:38:16'),(663,'MAIN_AGENDA_ACTIONAUTO_SHIPPING_SENTBYMAIL',1,'1','chaine',0,NULL,'2015-08-26 12:38:16'),(664,'MAIN_AGENDA_ACTIONAUTO_BILL_UNVALIDATE',1,'1','chaine',0,NULL,'2015-08-26 12:38:16'),(665,'PROJECT_TASK_ADDON_PDF',1,'','chaine',0,'Name of PDF/ODT tasks manager class','2015-11-24 12:36:52'),(666,'PROJECT_TASK_ADDON',1,'mod_task_simple','chaine',0,'Name of Numbering Rule task manager class','2015-11-24 12:36:52'),(667,'PROJECT_TASK_ADDON_PDF_ODT_PATH',1,'DOL_DATA_ROOT/doctemplates/tasks','chaine',0,'','2015-11-24 12:36:52'),(669,'MAIN_AGENDA_ACTIONAUTO_COMPANY_SENTBYMAIL',1,'1','chaine',0,NULL,'2015-11-24 12:37:09'),(671,'SOCIETE_ADD_REF_IN_LIST',1,'','yesno',0,'Display customer ref into select list','2015-11-24 12:37:10'),(694,'MAIN_AGENDA_ACTIONAUTO_BILL_SUPPLIER_UNVALIDATE',1,'1','chaine',0,NULL,'2015-11-24 14:06:53'),(716,'MAIN_MODULE_PRODUCTBATCH',1,'1',NULL,0,NULL,'2015-11-24 15:00:11'),(718,'MAIN_MODULE_STOCK',1,'1',NULL,0,NULL,'2015-11-24 15:00:11'),(719,'MAIN_MODULE_PRODUCT',1,'1',NULL,0,NULL,'2015-11-24 15:00:11'),(720,'MAIN_MODULE_EXPEDITION',1,'1',NULL,0,NULL,'2015-11-24 15:00:12'),(721,'EXPEDITION_ADDON_PDF_ODT_PATH',1,'DOL_DATA_ROOT/doctemplates/shipment','chaine',0,NULL,'2015-11-24 15:00:12'),(722,'LIVRAISON_ADDON_PDF',1,'typhon','chaine',0,'Nom du gestionnaire de generation des bons de reception en PDF','2015-11-24 15:00:12'),(723,'LIVRAISON_ADDON_PDF_ODT_PATH',1,'DOL_DATA_ROOT/doctemplates/delivery','chaine',0,NULL,'2015-11-24 15:00:12'),(735,'MAIN_MODULE_INCOTERM',1,'1',NULL,0,NULL,'2015-11-24 15:01:32'),(736,'INCOTERM_ACTIVATE',1,'','chaine',0,'Description de INCOTERM_ACTIVATE','2015-11-24 15:01:32'),(777,'MAILING_EMAIL_FROM',1,'seismowave@groupe-glemot.com','chaine',0,'','2015-12-18 08:00:03'),(778,'MAILING_EMAIL_ERRORSTO',1,'no-reply@seismowave.com','chaine',0,'','2015-12-18 08:00:03'),(779,'MAIN_DISABLE_ALL_MAILS',1,'0','chaine',0,'','2015-12-18 13:51:35'),(780,'MAIN_MAIL_SENDMODE',1,'mail','chaine',0,'','2015-12-18 13:51:35'),(781,'MAIN_MAIL_SMTP_PORT',1,'587','chaine',0,'','2015-12-18 13:51:35'),(782,'MAIN_MAIL_SMTP_SERVER',1,'ns0.ovh.net','chaine',0,'','2015-12-18 13:51:35'),(783,'MAIN_MAIL_SMTPS_ID',1,'seismowave@groupe-glemot.com','chaine',0,'','2015-12-18 13:51:35'),(784,'MAIN_MAIL_SMTPS_PW',1,'gimilee22','chaine',0,'','2015-12-18 13:51:36'),(785,'MAIN_MAIL_EMAIL_FROM',1,'seismowave@groupe-glemot.com','chaine',0,'','2015-12-18 13:51:36'),(786,'MAIN_MAIL_ERRORS_TO',1,'no-reply@seismowave.com','chaine',0,'','2015-12-18 13:51:36'),(787,'MAIN_MAIL_AUTOCOPY_TO',1,'marketing@groupe-glemot.com','chaine',0,'','2015-12-18 13:51:36'),(830,'ACCOUNTING_MODE',1,'CREANCES-DETTES','chaine',0,'','2016-01-14 10:21:34'),(831,'MAIN_MODULE_AGENDA',1,'1',NULL,0,NULL,'2016-01-27 12:41:59'),(832,'MAIN_MODULE_COMMANDE',1,'1',NULL,0,NULL,'2016-01-27 12:41:59'),(833,'MAIN_MODULE_ECM',1,'1',NULL,0,NULL,'2016-01-27 12:41:59'),(834,'MAIN_MODULE_FACTURE',1,'1',NULL,0,NULL,'2016-01-27 12:41:59'),(835,'MAIN_MODULE_FOURNISSEUR',1,'1',NULL,0,NULL,'2016-01-27 12:41:59'),(836,'MAIN_MODULE_OPENSURVEY',1,'1',NULL,0,NULL,'2016-01-27 12:42:00'),(837,'MAIN_MODULE_SOCIETE',1,'1',NULL,0,NULL,'2016-01-27 12:42:00'),(838,'MAIN_MODULE_SERVICE',1,'1',NULL,0,NULL,'2016-01-27 12:42:00'),(839,'MAIN_MODULE_USER',0,'1',NULL,0,NULL,'2016-01-27 12:42:00'),(843,'MAIN_REMOVE_INSTALL_WARNING',1,'1','chaine',1,'','2016-01-27 15:00:07'),(844,'STOCK_SUPPORTS_SERVICES',1,'1','chaine',1,'BL sur services','2016-02-19 10:35:06'),(846,'EXPEDITION_ADDON_PDF',1,'rouget','chaine',0,'','2016-02-19 11:38:14'),(978,'PROPALE_VALIDITY_DURATION',1,'60','chaine',0,'','2016-03-23 09:12:20'),(979,'PROPALE_FREE_TEXT',1,'The sale and export of these goods are conditioned by the French administration authorization, based on the duly signed joined End User & Non Transfer Certificate, and is subject to our present general terms of delivery and sale.','chaine',0,'','2016-03-23 09:14:40'),(980,'MAIN_MODULE_ALPIROC',1,'1',NULL,0,NULL,'2016-03-25 11:07:39'),(981,'MAIN_MODULE_ALPIROC_MODELS',1,'1','chaine',0,NULL,'2016-03-25 11:07:39'),(982,'FACTURE_USE_PROFORMAT',1,'1','chaine',1,'facture proforma autorisée','2016-03-29 14:04:29'),(1026,'GENBARCODE_BARCODETYPE_THIRDPARTY',1,'14','chaine',0,'','2016-05-23 15:48:44'),(1027,'PRODUIT_DEFAULT_BARCODE_TYPE',1,'14','chaine',0,'','2016-05-23 15:48:47'),(1028,'BARCODE_PRODUCT_ADDON_NUM',1,'mod_barcode_product_standard','chaine',0,'','2016-05-23 15:49:19'),(1029,'BARCODE_STANDARD_PRODUCT_MASK',1,'000000','chaine',0,'','2016-05-23 15:50:20'),(1030,'USER_PASSWORD_PATTERN',1,'8;1;1;1;3;1','chaine',0,'','2016-07-07 09:51:20'),(1031,'MAIN_LOGEVENTS_USER_LOGIN',1,'1','chaine',0,'','2016-07-07 09:52:08'),(1032,'MAIN_LOGEVENTS_USER_LOGIN_FAILED',1,'1','chaine',0,'','2016-07-07 09:52:08'),(1033,'MAIN_LOGEVENTS_USER_CREATE',1,'1','chaine',0,'','2016-07-07 09:52:08'),(1034,'MAIN_LOGEVENTS_GROUP_CREATE',1,'1','chaine',0,'','2016-07-07 09:52:08'),(1035,'MAIN_ENABLE_LOG_TO_HTML',0,'0','chaine',1,'If this option is set to 1, it is possible to see log output at end of HTML sources by adding paramater logtohtml=1 on URL','2016-07-07 14:33:41'),(1036,'MAIN_DELAY_EXPENSEREPORTS_TO_PAY',1,'31','chaine',0,'Tolérance de retard avant alerte (en jours) sur les notes de frais impayées','2016-07-07 14:33:43'),(1038,'MAIN_VERSION_LAST_UPGRADE',0,'3.9.2','chaine',0,'Dolibarr version for last upgrade','2016-07-07 14:34:11'),(1040,'MAIN_MODULE_WORKFLOW',1,'1',NULL,0,NULL,'2016-07-07 14:37:24'),(1103,'MAIN_LANG_DEFAULT',1,'fr_FR','chaine',0,'','2016-07-12 09:54:06'),(1104,'MAIN_MULTILANGS',1,'1','chaine',0,'','2016-07-12 09:54:06'),(1105,'MAIN_THEME',1,'md','chaine',0,'','2016-07-12 09:54:06'),(1106,'THEME_ELDY_BACKTITLE1',1,'230,230,230','chaine',0,'','2016-07-12 09:54:06'),(1107,'MAIN_SIZE_LISTE_LIMIT',1,'25','chaine',0,'','2016-07-12 09:54:06'),(1108,'MAIN_SIZE_SHORTLISTE_LIMIT',1,'4','chaine',0,'','2016-07-12 09:54:06'),(1109,'MAIN_DISABLE_JAVASCRIPT',1,'0','chaine',0,'','2016-07-12 09:54:06'),(1110,'MAIN_BUTTON_HIDE_UNAUTHORIZED',1,'0','chaine',0,'','2016-07-12 09:54:06'),(1111,'MAIN_START_WEEK',1,'1','chaine',0,'','2016-07-12 09:54:06'),(1112,'MAIN_DEFAULT_WORKING_DAYS',1,'1-5','chaine',0,'','2016-07-12 09:54:06'),(1113,'MAIN_DEFAULT_WORKING_HOURS',1,'9-18','chaine',0,'','2016-07-12 09:54:06'),(1114,'MAIN_SHOW_LOGO',1,'0','chaine',0,'','2016-07-12 09:54:06'),(1115,'MAIN_FIRSTNAME_NAME_POSITION',1,'0','chaine',0,'','2016-07-12 09:54:06'),(1116,'MAIN_HELPCENTER_DISABLELINK',0,'0','chaine',0,'','2016-07-12 09:54:06'),(1117,'MAIN_HELP_DISABLELINK',0,'0','chaine',0,'','2016-07-12 09:54:06'),(1118,'MAIN_BUGTRACK_ENABLELINK',1,'0','chaine',0,'','2016-07-12 09:54:06'),(1119,'MAIN_MODULE_HOLIDAY',1,'1',NULL,0,NULL,'2016-08-16 14:10:34'),(1120,'MAIN_MODULE_HOLIDAY_TABS_0',1,'user:+paidholidays:CPTitreMenu:holiday:$user->rights->holiday->read:/holiday/list.php?mainmenu=holiday&id=__ID__','chaine',0,NULL,'2016-08-16 14:10:34'),(1122,'MAIN_INFO_SOCIETE_COUNTRY',1,'1:FR:France','chaine',0,'','2016-09-14 08:39:47'),(1123,'MAIN_INFO_SOCIETE_NOM',1,'SEISMO WAVE','chaine',0,'','2016-09-14 08:39:47'),(1124,'MAIN_INFO_SOCIETE_ADDRESS',1,'Route de Tréguier\r\nRospez','chaine',0,'','2016-09-14 08:39:47'),(1125,'MAIN_INFO_SOCIETE_TOWN',1,'LANNION','chaine',0,'','2016-09-14 08:39:47'),(1126,'MAIN_INFO_SOCIETE_ZIP',1,'22300','chaine',0,'','2016-09-14 08:39:47'),(1127,'MAIN_INFO_SOCIETE_STATE',1,'0','chaine',0,'','2016-09-14 08:39:47'),(1128,'MAIN_MONNAIE',1,'EUR','chaine',0,'','2016-09-14 08:39:47'),(1129,'MAIN_INFO_SOCIETE_TEL',1,'02 96 46 16 10','chaine',0,'','2016-09-14 08:39:47'),(1130,'MAIN_INFO_SOCIETE_FAX',1,'02 96 38 07 96','chaine',0,'','2016-09-14 08:39:47'),(1131,'MAIN_INFO_SOCIETE_MAIL',1,'seismowave@groupe-glemot.com','chaine',0,'','2016-09-14 08:39:47'),(1132,'MAIN_INFO_SOCIETE_WEB',1,'www.seismowave.com','chaine',0,'','2016-09-14 08:39:47'),(1133,'MAIN_INFO_SOCIETE_MANAGERS',1,'Robert GLEMOT','chaine',0,'','2016-09-14 08:39:48'),(1134,'MAIN_INFO_CAPITAL',1,'70000','chaine',0,'','2016-09-14 08:39:48'),(1135,'MAIN_INFO_SOCIETE_FORME_JURIDIQUE',1,'54','chaine',0,'','2016-09-14 08:39:48'),(1136,'MAIN_INFO_SIREN',1,'327 984 779','chaine',0,'','2016-09-14 08:39:48'),(1137,'MAIN_INFO_SIRET',1,'32798477900022','chaine',0,'','2016-09-14 08:39:48'),(1138,'MAIN_INFO_APE',1,'7112B','chaine',0,'','2016-09-14 08:39:48'),(1139,'MAIN_INFO_RCS',1,'Saint-Brieuc B 327 984 779','chaine',0,'','2016-09-14 08:39:48'),(1140,'MAIN_INFO_TVAINTRA',1,'FR 26 327984779','chaine',0,'','2016-09-14 08:39:48'),(1141,'SOCIETE_FISCAL_MONTH_START',1,'1','chaine',0,'','2016-09-14 08:39:48'),(1142,'FACTURE_TVAOPTION',1,'1','chaine',0,'','2016-09-14 08:39:48'),(1144,'BANK_ASK_PAYMENT_BANK_DURING_PROPOSAL',1,'1','chaine',0,'','2016-09-19 14:37:12'),(1155,'PRODUIT_LIMIT_SIZE',1,'100','chaine',0,'','2017-03-09 14:01:22'),(1156,'PRODUIT_MULTIPRICES_LIMIT',1,'5','chaine',0,'','2017-03-09 14:01:22'),(1157,'PRODUCT_PRICE_UNIQ',1,'0','chaine',0,'','2017-03-09 14:01:23'),(1158,'PRODUIT_MULTIPRICES',1,'1','chaine',0,'','2017-03-09 14:01:23'),(1159,'PRODUIT_CUSTOMER_PRICES',1,'0','chaine',0,'','2017-03-09 14:01:23'),(1160,'PRODUIT_SOUSPRODUITS',1,'1','chaine',0,'','2017-03-09 14:01:23'),(1161,'PRODUIT_DESC_IN_FORM',1,'0','chaine',0,'','2017-03-09 14:01:23'),(1162,'PRODUIT_TEXTS_IN_THIRDPARTY_LANGUAGE',1,'1','chaine',0,'','2017-03-09 14:01:23'),(1163,'PRODUIT_USE_SEARCH_TO_SELECT',1,'0','chaine',0,'','2017-03-09 14:01:23'),(1165,'SYSTEMTOOLS_MYSQLDUMP',1,'/usr/bin/mysqldump','chaine',0,'','2017-04-20 12:28:22');

--
-- Table structure for table `llx_contrat`
--

CREATE TABLE `llx_contrat` (
  `rowid` int(11) NOT NULL AUTO_INCREMENT,
  `ref` varchar(30) DEFAULT NULL,
  `ref_supplier` varchar(30) DEFAULT NULL,
  `ref_ext` varchar(30) DEFAULT NULL,
  `entity` int(11) NOT NULL DEFAULT '1',
  `tms` timestamp NOT NULL DEFAULT CURRENT_TIMESTAMP ON UPDATE CURRENT_TIMESTAMP,
  `datec` datetime DEFAULT NULL,
  `date_contrat` datetime DEFAULT NULL,
  `statut` smallint(6) DEFAULT '0',
  `mise_en_service` datetime DEFAULT NULL,
  `fin_validite` datetime DEFAULT NULL,
  `date_cloture` datetime DEFAULT NULL,
  `fk_soc` int(11) NOT NULL,
  `fk_projet` int(11) DEFAULT NULL,
  `fk_commercial_signature` int(11) DEFAULT NULL,
  `fk_commercial_suivi` int(11) DEFAULT NULL,
  `fk_user_author` int(11) NOT NULL DEFAULT '0',
  `fk_user_mise_en_service` int(11) DEFAULT NULL,
  `fk_user_cloture` int(11) DEFAULT NULL,
  `note_private` text,
  `note_public` text,
  `model_pdf` varchar(255) DEFAULT NULL,
  `import_key` varchar(14) DEFAULT NULL,
  `extraparams` varchar(255) DEFAULT NULL,
  `ref_customer` varchar(30) DEFAULT NULL,
  PRIMARY KEY (`rowid`),
  UNIQUE KEY `uk_contrat_ref` (`ref`,`entity`),
  KEY `idx_contrat_fk_soc` (`fk_soc`),
  KEY `idx_contrat_fk_user_author` (`fk_user_author`),
  CONSTRAINT `fk_contrat_fk_soc` FOREIGN KEY (`fk_soc`) REFERENCES `llx_societe` (`rowid`),
  CONSTRAINT `fk_contrat_user_author` FOREIGN KEY (`fk_user_author`) REFERENCES `llx_user` (`rowid`)
) ENGINE=InnoDB DEFAULT CHARSET=utf8;

--
-- Dumping data for table `llx_contrat`
--


--
-- Table structure for table `llx_contrat_extrafields`
--

CREATE TABLE `llx_contrat_extrafields` (
  `rowid` int(11) NOT NULL AUTO_INCREMENT,
  `tms` timestamp NOT NULL DEFAULT CURRENT_TIMESTAMP ON UPDATE CURRENT_TIMESTAMP,
  `fk_object` int(11) NOT NULL,
  `import_key` varchar(14) DEFAULT NULL,
  PRIMARY KEY (`rowid`)
) ENGINE=InnoDB DEFAULT CHARSET=utf8;

--
-- Dumping data for table `llx_contrat_extrafields`
--


--
-- Table structure for table `llx_contratdet`
--

CREATE TABLE `llx_contratdet` (
  `rowid` int(11) NOT NULL AUTO_INCREMENT,
  `tms` timestamp NOT NULL DEFAULT CURRENT_TIMESTAMP ON UPDATE CURRENT_TIMESTAMP,
  `fk_contrat` int(11) NOT NULL,
  `fk_product` int(11) DEFAULT NULL,
  `statut` smallint(6) DEFAULT '0',
  `label` text,
  `description` text,
  `fk_remise_except` int(11) DEFAULT NULL,
  `date_commande` datetime DEFAULT NULL,
  `date_ouverture_prevue` datetime DEFAULT NULL,
  `date_ouverture` datetime DEFAULT NULL,
  `date_fin_validite` datetime DEFAULT NULL,
  `date_cloture` datetime DEFAULT NULL,
  `tva_tx` double(6,3) DEFAULT '0.000',
  `localtax1_tx` double(6,3) DEFAULT '0.000',
  `localtax1_type` varchar(10) NOT NULL DEFAULT '0',
  `localtax2_tx` double(6,3) DEFAULT '0.000',
  `localtax2_type` varchar(10) NOT NULL DEFAULT '0',
  `qty` double NOT NULL,
  `remise_percent` double DEFAULT '0',
  `subprice` double(24,8) DEFAULT '0.00000000',
  `price_ht` double DEFAULT NULL,
  `remise` double DEFAULT '0',
  `total_ht` double(24,8) DEFAULT '0.00000000',
  `total_tva` double(24,8) DEFAULT '0.00000000',
  `total_localtax1` double(24,8) DEFAULT '0.00000000',
  `total_localtax2` double(24,8) DEFAULT '0.00000000',
  `total_ttc` double(24,8) DEFAULT '0.00000000',
  `product_type` int(11) DEFAULT '1',
  `info_bits` int(11) DEFAULT '0',
  `fk_product_fournisseur_price` int(11) DEFAULT NULL,
  `buy_price_ht` double(24,8) DEFAULT '0.00000000',
  `fk_user_author` int(11) NOT NULL DEFAULT '0',
  `fk_user_ouverture` int(11) DEFAULT NULL,
  `fk_user_cloture` int(11) DEFAULT NULL,
  `commentaire` text,
  `fk_unit` int(11) DEFAULT NULL,
  PRIMARY KEY (`rowid`),
  KEY `idx_contratdet_fk_contrat` (`fk_contrat`),
  KEY `idx_contratdet_fk_product` (`fk_product`),
  KEY `idx_contratdet_date_ouverture_prevue` (`date_ouverture_prevue`),
  KEY `idx_contratdet_date_ouverture` (`date_ouverture`),
  KEY `idx_contratdet_date_fin_validite` (`date_fin_validite`),
  KEY `fk_contratdet_fk_unit` (`fk_unit`),
  CONSTRAINT `fk_contratdet_fk_contrat` FOREIGN KEY (`fk_contrat`) REFERENCES `llx_contrat` (`rowid`),
  CONSTRAINT `fk_contratdet_fk_product` FOREIGN KEY (`fk_product`) REFERENCES `llx_product` (`rowid`),
  CONSTRAINT `fk_contratdet_fk_unit` FOREIGN KEY (`fk_unit`) REFERENCES `llx_c_units` (`rowid`)
) ENGINE=InnoDB DEFAULT CHARSET=utf8;

--
-- Dumping data for table `llx_contratdet`
--


--
-- Table structure for table `llx_contratdet_extrafields`
--

CREATE TABLE `llx_contratdet_extrafields` (
  `rowid` int(11) NOT NULL AUTO_INCREMENT,
  `tms` timestamp NOT NULL DEFAULT CURRENT_TIMESTAMP ON UPDATE CURRENT_TIMESTAMP,
  `fk_object` int(11) NOT NULL,
  `import_key` varchar(14) DEFAULT NULL,
  PRIMARY KEY (`rowid`),
  KEY `idx_contratdet_extrafields` (`fk_object`)
) ENGINE=InnoDB DEFAULT CHARSET=utf8;

--
-- Dumping data for table `llx_contratdet_extrafields`
--


--
-- Table structure for table `llx_contratdet_log`
--

CREATE TABLE `llx_contratdet_log` (
  `rowid` int(11) NOT NULL AUTO_INCREMENT,
  `tms` timestamp NOT NULL DEFAULT CURRENT_TIMESTAMP ON UPDATE CURRENT_TIMESTAMP,
  `fk_contratdet` int(11) NOT NULL,
  `date` datetime NOT NULL,
  `statut` smallint(6) NOT NULL,
  `fk_user_author` int(11) NOT NULL,
  `commentaire` text,
  PRIMARY KEY (`rowid`),
  KEY `idx_contratdet_log_fk_contratdet` (`fk_contratdet`),
  KEY `idx_contratdet_log_date` (`date`),
  CONSTRAINT `fk_contratdet_log_fk_contratdet` FOREIGN KEY (`fk_contratdet`) REFERENCES `llx_contratdet` (`rowid`)
) ENGINE=InnoDB DEFAULT CHARSET=utf8;

--
-- Dumping data for table `llx_contratdet_log`
--


--
-- Table structure for table `llx_cotisation`
--

CREATE TABLE `llx_cotisation` (
  `rowid` int(11) NOT NULL AUTO_INCREMENT,
  `tms` timestamp NOT NULL DEFAULT CURRENT_TIMESTAMP ON UPDATE CURRENT_TIMESTAMP,
  `datec` datetime DEFAULT NULL,
  `fk_adherent` int(11) DEFAULT NULL,
  `dateadh` datetime DEFAULT NULL,
  `datef` date DEFAULT NULL,
  `cotisation` double DEFAULT NULL,
  `fk_bank` int(11) DEFAULT NULL,
  `note` text,
  PRIMARY KEY (`rowid`),
  UNIQUE KEY `uk_cotisation` (`fk_adherent`,`dateadh`)
) ENGINE=InnoDB DEFAULT CHARSET=utf8;

--
-- Dumping data for table `llx_cotisation`
--


--
-- Table structure for table `llx_cronjob`
--

CREATE TABLE `llx_cronjob` (
  `rowid` int(11) NOT NULL AUTO_INCREMENT,
  `tms` timestamp NOT NULL DEFAULT CURRENT_TIMESTAMP ON UPDATE CURRENT_TIMESTAMP,
  `datec` datetime DEFAULT NULL,
  `jobtype` varchar(10) NOT NULL,
  `label` text NOT NULL,
  `command` varchar(255) DEFAULT NULL,
  `classesname` varchar(255) DEFAULT NULL,
  `objectname` varchar(255) DEFAULT NULL,
  `methodename` varchar(255) DEFAULT NULL,
  `params` text,
  `md5params` varchar(32) DEFAULT NULL,
  `module_name` varchar(255) DEFAULT NULL,
  `priority` int(11) DEFAULT '0',
  `datelastrun` datetime DEFAULT NULL,
  `datenextrun` datetime DEFAULT NULL,
  `datestart` datetime DEFAULT NULL,
  `dateend` datetime DEFAULT NULL,
  `datelastresult` datetime DEFAULT NULL,
  `lastresult` text,
  `lastoutput` text,
  `unitfrequency` int(11) NOT NULL DEFAULT '0',
  `frequency` int(11) NOT NULL DEFAULT '0',
  `nbrun` int(11) DEFAULT NULL,
  `status` int(11) NOT NULL DEFAULT '1',
  `fk_user_author` int(11) DEFAULT NULL,
  `fk_user_mod` int(11) DEFAULT NULL,
  `note` text,
  `libname` varchar(255) DEFAULT NULL,
  `entity` int(11) DEFAULT '0',
  `maxrun` int(11) NOT NULL DEFAULT '0',
  `autodelete` int(11) DEFAULT '0',
  `fk_mailing` int(11) DEFAULT NULL,
  PRIMARY KEY (`rowid`)
) ENGINE=InnoDB DEFAULT CHARSET=utf8;

--
-- Dumping data for table `llx_cronjob`
--


--
-- Table structure for table `llx_deplacement`
--

CREATE TABLE `llx_deplacement` (
  `rowid` int(11) NOT NULL AUTO_INCREMENT,
  `ref` varchar(30) DEFAULT NULL,
  `entity` int(11) NOT NULL DEFAULT '1',
  `datec` datetime NOT NULL,
  `tms` timestamp NOT NULL DEFAULT CURRENT_TIMESTAMP ON UPDATE CURRENT_TIMESTAMP,
  `dated` datetime DEFAULT NULL,
  `fk_user` int(11) NOT NULL,
  `fk_user_author` int(11) DEFAULT NULL,
  `fk_user_modif` int(11) DEFAULT NULL,
  `type` varchar(12) NOT NULL,
  `fk_statut` int(11) NOT NULL DEFAULT '1',
  `km` double DEFAULT NULL,
  `fk_soc` int(11) DEFAULT NULL,
  `fk_projet` int(11) DEFAULT '0',
  `note_private` text,
  `note_public` text,
  `extraparams` varchar(255) DEFAULT NULL,
  PRIMARY KEY (`rowid`)
) ENGINE=InnoDB DEFAULT CHARSET=utf8;

--
-- Dumping data for table `llx_deplacement`
--


--
-- Table structure for table `llx_document_generator`
--

CREATE TABLE `llx_document_generator` (
  `rowid` int(10) unsigned NOT NULL,
  `name` varchar(255) NOT NULL,
  `classfile` varchar(255) NOT NULL,
  `class` varchar(255) NOT NULL,
  PRIMARY KEY (`rowid`)
) ENGINE=InnoDB DEFAULT CHARSET=utf8;

--
-- Dumping data for table `llx_document_generator`
--


--
-- Table structure for table `llx_document_model`
--

CREATE TABLE `llx_document_model` (
  `rowid` int(11) NOT NULL AUTO_INCREMENT,
  `nom` varchar(50) DEFAULT NULL,
  `entity` int(11) NOT NULL DEFAULT '1',
  `type` varchar(20) NOT NULL,
  `libelle` varchar(255) DEFAULT NULL,
  `description` text,
  PRIMARY KEY (`rowid`),
  UNIQUE KEY `uk_document_model` (`nom`,`type`,`entity`)
) ENGINE=InnoDB AUTO_INCREMENT=38 DEFAULT CHARSET=utf8;

--
-- Dumping data for table `llx_document_model`
--

INSERT INTO `llx_document_model` (`rowid`, `nom`, `entity`, `type`, `libelle`, `description`) VALUES (3,'soleil',1,'ficheinter',NULL,NULL),(8,'azur',1,'propal',NULL,NULL),(27,'typhon',1,'delivery',NULL,NULL),(29,'einstein',1,'order',NULL,NULL),(30,'crabe',1,'invoice',NULL,NULL),(31,'muscadet',1,'order_supplier',NULL,NULL),(32,'generic_shipment_odt',1,'shipping','ODT templates','EXPEDITION_ADDON_PDF_ODT_PATH'),(33,'rouget',1,'shipping','rouget',NULL),(34,'generic_invoice_odt',1,'invoice','ODT/ODS templates','FACTURE_ADDON_PDF_ODT_PATH'),(35,'alpiroc',1,'propal',NULL,NULL),(36,'alpiroc_fact',1,'invoice',NULL,NULL),(37,'alpiroc_com',1,'order',NULL,NULL);

--
-- Table structure for table `llx_domain`
--

CREATE TABLE `llx_domain` (
  `rowid` int(11) NOT NULL AUTO_INCREMENT,
  `datec` datetime DEFAULT NULL,
  `label` varchar(255) DEFAULT NULL,
  `note` text,
  PRIMARY KEY (`rowid`)
) ENGINE=InnoDB DEFAULT CHARSET=utf8;

--
-- Dumping data for table `llx_domain`
--


--
-- Table structure for table `llx_don`
--

CREATE TABLE `llx_don` (
  `rowid` int(11) NOT NULL AUTO_INCREMENT,
  `ref` varchar(30) DEFAULT NULL,
  `entity` int(11) NOT NULL DEFAULT '1',
  `tms` timestamp NOT NULL DEFAULT CURRENT_TIMESTAMP ON UPDATE CURRENT_TIMESTAMP,
  `fk_statut` smallint(6) NOT NULL DEFAULT '0',
  `datec` datetime DEFAULT NULL,
  `datedon` datetime DEFAULT NULL,
  `amount` double DEFAULT '0',
  `fk_payment` int(11) DEFAULT NULL,
  `paid` smallint(6) NOT NULL DEFAULT '0',
  `firstname` varchar(50) DEFAULT NULL,
  `lastname` varchar(50) DEFAULT NULL,
  `societe` varchar(50) DEFAULT NULL,
  `address` text,
  `zip` varchar(10) DEFAULT NULL,
  `town` varchar(50) DEFAULT NULL,
  `country` varchar(50) DEFAULT NULL,
  `fk_country` int(11) NOT NULL,
  `email` varchar(255) DEFAULT NULL,
  `phone` varchar(24) DEFAULT NULL,
  `phone_mobile` varchar(24) DEFAULT NULL,
  `public` smallint(6) NOT NULL DEFAULT '1',
  `fk_projet` int(11) DEFAULT NULL,
  `fk_user_author` int(11) NOT NULL,
  `fk_user_valid` int(11) DEFAULT NULL,
  `note_private` text,
  `note_public` text,
  `model_pdf` varchar(255) DEFAULT NULL,
  `import_key` varchar(14) DEFAULT NULL,
  PRIMARY KEY (`rowid`)
) ENGINE=InnoDB DEFAULT CHARSET=utf8;

--
-- Dumping data for table `llx_don`
--


--
-- Table structure for table `llx_don_extrafields`
--

CREATE TABLE `llx_don_extrafields` (
  `rowid` int(11) NOT NULL AUTO_INCREMENT,
  `tms` timestamp NOT NULL DEFAULT CURRENT_TIMESTAMP ON UPDATE CURRENT_TIMESTAMP,
  `fk_object` int(11) NOT NULL,
  `import_key` varchar(14) DEFAULT NULL,
  PRIMARY KEY (`rowid`),
  KEY `idx_don_extrafields` (`fk_object`)
) ENGINE=InnoDB DEFAULT CHARSET=utf8;

--
-- Dumping data for table `llx_don_extrafields`
--


--
-- Table structure for table `llx_ecm_directories`
--

CREATE TABLE `llx_ecm_directories` (
  `rowid` int(11) NOT NULL AUTO_INCREMENT,
  `label` varchar(64) NOT NULL,
  `entity` int(11) NOT NULL DEFAULT '1',
  `fk_parent` int(11) DEFAULT NULL,
  `description` varchar(255) NOT NULL,
  `cachenbofdoc` int(11) NOT NULL DEFAULT '0',
  `fullpath` varchar(750) DEFAULT NULL,
  `extraparams` varchar(255) DEFAULT NULL,
  `date_c` datetime DEFAULT NULL,
  `date_m` timestamp NOT NULL DEFAULT CURRENT_TIMESTAMP ON UPDATE CURRENT_TIMESTAMP,
  `fk_user_c` int(11) DEFAULT NULL,
  `fk_user_m` int(11) DEFAULT NULL,
  `acl` text,
  PRIMARY KEY (`rowid`),
  UNIQUE KEY `uk_ecm_directories` (`label`,`fk_parent`,`entity`),
  KEY `idx_ecm_directories_fk_user_c` (`fk_user_c`),
  KEY `idx_ecm_directories_fk_user_m` (`fk_user_m`),
  CONSTRAINT `fk_ecm_directories_fk_user_c` FOREIGN KEY (`fk_user_c`) REFERENCES `llx_user` (`rowid`),
  CONSTRAINT `fk_ecm_directories_fk_user_m` FOREIGN KEY (`fk_user_m`) REFERENCES `llx_user` (`rowid`)
) ENGINE=InnoDB DEFAULT CHARSET=utf8;

--
-- Dumping data for table `llx_ecm_directories`
--


--
-- Table structure for table `llx_ecm_files`
--

CREATE TABLE `llx_ecm_files` (
  `rowid` int(11) NOT NULL AUTO_INCREMENT,
  `label` varchar(64) NOT NULL,
  `entity` int(11) NOT NULL DEFAULT '1',
  `filename` varchar(255) NOT NULL,
  `fullpath` varchar(750) NOT NULL,
  `fullpath_orig` varchar(2048) DEFAULT NULL,
  `description` text,
  `keywords` text,
  `cover` text,
  `extraparams` varchar(255) DEFAULT NULL,
  `date_c` datetime DEFAULT NULL,
  `date_m` timestamp NOT NULL DEFAULT CURRENT_TIMESTAMP ON UPDATE CURRENT_TIMESTAMP,
  `fk_user_c` int(11) DEFAULT NULL,
  `fk_user_m` int(11) DEFAULT NULL,
  `acl` text,
  PRIMARY KEY (`rowid`),
  UNIQUE KEY `uk_ecm_files` (`label`,`entity`)
) ENGINE=InnoDB DEFAULT CHARSET=utf8;

--
-- Dumping data for table `llx_ecm_files`
--


--
-- Table structure for table `llx_element_contact`
--

CREATE TABLE `llx_element_contact` (
  `rowid` int(11) NOT NULL AUTO_INCREMENT,
  `datecreate` datetime DEFAULT NULL,
  `statut` smallint(6) DEFAULT '5',
  `element_id` int(11) NOT NULL,
  `fk_c_type_contact` int(11) NOT NULL,
  `fk_socpeople` int(11) NOT NULL,
  PRIMARY KEY (`rowid`),
  UNIQUE KEY `idx_element_contact_idx1` (`element_id`,`fk_c_type_contact`,`fk_socpeople`),
  KEY `fk_element_contact_fk_c_type_contact` (`fk_c_type_contact`),
  KEY `idx_element_contact_fk_socpeople` (`fk_socpeople`),
  CONSTRAINT `fk_element_contact_fk_c_type_contact` FOREIGN KEY (`fk_c_type_contact`) REFERENCES `llx_c_type_contact` (`rowid`)
) ENGINE=InnoDB AUTO_INCREMENT=113 DEFAULT CHARSET=utf8;

--
-- Dumping data for table `llx_element_contact`
--

INSERT INTO `llx_element_contact` (`rowid`, `datecreate`, `statut`, `element_id`, `fk_c_type_contact`, `fk_socpeople`) VALUES (1,'2013-08-01 10:26:57',4,1,41,1),(4,'2013-09-12 15:43:18',4,7,41,3),(8,'2013-10-01 18:14:49',4,5,40,5),(9,'2013-10-01 18:17:24',4,5,41,5),(10,'2013-10-10 11:05:24',4,11,41,6),(13,'2014-06-19 14:38:03',4,1,60,7),(14,'2014-07-21 09:29:43',4,13,41,8),(15,'2014-07-22 17:05:38',4,14,41,9),(16,'2014-08-20 15:06:02',4,16,41,10),(17,'2014-10-23 14:16:09',4,3,101,7),(18,'2014-10-23 14:27:43',4,3,102,11),(19,'2014-10-23 14:28:07',4,3,100,7),(25,'2015-04-13 17:21:49',4,27,41,3),(27,'2015-05-04 09:59:54',4,7,60,7),(28,'2015-06-25 17:51:00',4,28,41,9),(29,'2015-07-13 15:53:51',4,31,41,8),(33,'2015-07-24 17:25:56',4,4,61,16),(34,'2015-07-24 17:31:39',4,16,61,16),(35,'2015-07-24 17:34:10',4,16,60,17),(36,'2015-07-24 17:42:56',4,4,60,17),(37,'2015-07-24 17:47:38',4,16,60,15),(38,'2015-07-24 17:56:57',4,5,100,17),(39,'2015-07-24 17:57:09',4,5,102,16),(40,'2015-07-27 10:29:24',4,6,102,18),(41,'2015-07-27 14:10:02',4,18,60,19),(42,'2015-08-26 13:52:17',4,32,41,20),(45,'2015-09-01 15:16:56',4,17,40,10),(46,'2015-09-08 11:56:15',4,33,41,38),(47,'2015-10-23 17:09:00',4,34,41,41),(48,'2015-11-13 12:02:57',4,35,41,32),(49,'2015-11-19 11:24:39',4,36,41,36),(50,'2015-11-23 11:49:53',4,37,41,36),(51,'2015-11-23 17:06:24',4,38,41,43),(52,'2016-01-06 18:00:41',4,39,41,6),(53,'2016-01-08 11:37:49',4,7,101,8),(54,'2016-01-08 11:37:50',4,7,101,72),(55,'2016-01-13 12:27:02',4,40,41,6),(56,'2016-01-28 09:42:14',4,8,101,43),(57,'2016-01-28 09:46:49',4,8,102,75),(58,'2016-01-28 09:48:58',4,8,100,76),(59,'2016-02-19 09:37:56',4,4,102,77),(67,'2016-02-22 15:24:09',4,19,60,76),(68,'2016-02-22 16:10:58',4,7,100,26),(71,'2016-02-24 14:05:08',4,20,60,78),(73,'2016-02-24 17:24:10',4,21,60,78),(75,'2016-02-25 09:49:11',4,22,60,78),(76,'2016-03-21 10:07:11',4,23,60,76),(78,'2016-04-06 15:48:50',4,48,41,1),(81,'2016-06-21 15:26:17',4,10,101,47),(82,'2016-06-23 16:13:01',4,51,41,20),(83,'2016-09-19 15:21:05',4,54,41,6),(85,'2016-11-29 11:21:53',4,35,60,85),(86,'2016-12-07 15:47:09',4,58,41,86),(87,'2016-12-09 09:58:49',4,13,101,87),(88,'2017-01-09 13:57:14',4,59,41,86),(89,'2017-01-17 18:08:41',4,14,101,6),(90,'2017-01-18 10:18:22',4,15,101,46),(92,'2017-01-19 16:27:03',4,18,101,86),(93,'2017-01-31 14:54:04',4,43,60,78),(94,'2017-02-02 10:36:05',4,44,60,78),(95,'2017-02-06 16:03:07',4,64,41,1),(97,'2017-02-14 11:49:43',4,66,41,46),(103,'2017-02-17 08:54:41',4,15,102,46),(104,'2017-02-17 08:59:07',4,19,102,89),(106,'2017-02-17 10:18:10',4,46,61,46),(107,'2017-02-17 10:29:11',4,47,61,89),(108,'2017-02-17 14:56:03',4,67,41,46),(109,'2017-02-17 16:25:45',4,22,101,46),(112,'2017-03-27 10:32:35',4,68,41,20);

--
-- Table structure for table `llx_element_element`
--

CREATE TABLE `llx_element_element` (
  `rowid` int(11) NOT NULL AUTO_INCREMENT,
  `fk_source` int(11) NOT NULL,
  `sourcetype` varchar(32) NOT NULL,
  `fk_target` int(11) NOT NULL,
  `targettype` varchar(32) NOT NULL,
  PRIMARY KEY (`rowid`),
  UNIQUE KEY `idx_element_element_idx1` (`fk_source`,`sourcetype`,`fk_target`,`targettype`),
  KEY `idx_element_element_fk_target` (`fk_target`)
) ENGINE=InnoDB AUTO_INCREMENT=128 DEFAULT CHARSET=utf8;

--
-- Dumping data for table `llx_element_element`
--

INSERT INTO `llx_element_element` (`rowid`, `fk_source`, `sourcetype`, `fk_target`, `targettype`) VALUES (6,1,'commande',1,'facture'),(2,1,'commande',1,'shipping'),(65,1,'order_supplier',23,'invoice_supplier'),(66,1,'order_supplier',24,'invoice_supplier'),(3,1,'shipping',1,'delivery'),(4,2,'commande',2,'shipping'),(64,2,'order_supplier',22,'invoice_supplier'),(5,2,'shipping',2,'delivery'),(18,3,'commande',5,'shipping'),(21,3,'commande',7,'facture'),(15,4,'commande',4,'shipping'),(17,4,'commande',5,'facture'),(23,4,'commande',7,'shipping'),(28,4,'commande',9,'shipping'),(27,4,'commande',10,'facture'),(29,4,'commande',10,'shipping'),(31,4,'commande',12,'shipping'),(35,4,'commande',14,'facture'),(16,4,'shipping',3,'delivery'),(39,5,'commande',15,'shipping'),(40,5,'commande',16,'facture'),(52,5,'order_supplier',8,'invoice_supplier'),(53,5,'order_supplier',9,'invoice_supplier'),(56,5,'order_supplier',12,'invoice_supplier'),(60,5,'order_supplier',16,'invoice_supplier'),(62,5,'order_supplier',18,'invoice_supplier'),(19,5,'shipping',4,'delivery'),(42,6,'commande',17,'shipping'),(43,6,'commande',18,'facture'),(74,7,'commande',20,'facture'),(75,7,'commande',21,'facture'),(76,7,'commande',22,'facture'),(86,7,'commande',24,'facture'),(83,7,'commande',26,'shipping'),(85,7,'commande',28,'shipping'),(51,7,'order_supplier',7,'invoice_supplier'),(57,7,'order_supplier',13,'invoice_supplier'),(59,7,'order_supplier',15,'invoice_supplier'),(63,7,'order_supplier',21,'invoice_supplier'),(72,8,'commande',19,'facture'),(82,8,'commande',23,'facture'),(81,8,'commande',25,'shipping'),(61,8,'order_supplier',17,'invoice_supplier'),(1,9,'propal',1,'commande'),(93,10,'commande',30,'shipping'),(95,10,'commande',31,'facture'),(50,10,'order_supplier',6,'invoice_supplier'),(54,10,'order_supplier',10,'invoice_supplier'),(97,11,'commande',32,'facture'),(105,11,'commande',32,'shipping'),(103,11,'commande',38,'facture'),(49,11,'order_supplier',5,'invoice_supplier'),(55,11,'order_supplier',11,'invoice_supplier'),(99,12,'commande',35,'facture'),(7,12,'propal',3,'commande'),(101,13,'commande',36,'facture'),(127,13,'commande',49,'facture'),(118,15,'commande',35,'shipping'),(121,15,'commande',46,'facture'),(48,16,'order_supplier',4,'invoice_supplier'),(112,17,'commande',43,'facture'),(113,17,'commande',44,'facture'),(46,17,'order_supplier',2,'invoice_supplier'),(116,18,'commande',34,'shipping'),(117,18,'commande',45,'facture'),(114,19,'commande',33,'shipping'),(120,19,'commande',37,'shipping'),(122,19,'commande',47,'facture'),(47,19,'order_supplier',3,'invoice_supplier'),(8,20,'propal',4,'commande'),(125,22,'commande',39,'shipping'),(126,22,'commande',48,'facture'),(45,22,'order_supplier',1,'invoice_supplier'),(78,22,'order_supplier',26,'invoice_supplier'),(13,22,'propal',6,'commande'),(12,23,'propal',4,'facture'),(9,23,'propal',5,'commande'),(77,26,'order_supplier',25,'invoice_supplier'),(94,30,'shipping',31,'facture'),(44,31,'propal',7,'commande'),(67,38,'propal',8,'commande'),(92,43,'propal',10,'commande'),(109,47,'propal',17,'commande'),(96,53,'propal',11,'commande'),(106,54,'propal',14,'commande'),(100,55,'propal',13,'commande'),(98,57,'propal',12,'commande'),(110,59,'propal',18,'commande'),(107,61,'propal',15,'commande'),(111,63,'propal',19,'commande'),(123,67,'propal',22,'commande');

--
-- Table structure for table `llx_element_lock`
--

CREATE TABLE `llx_element_lock` (
  `rowid` int(11) NOT NULL AUTO_INCREMENT,
  `fk_element` int(11) NOT NULL,
  `elementtype` varchar(32) NOT NULL,
  `datel` datetime DEFAULT NULL,
  `datem` datetime DEFAULT NULL,
  `sessionid` varchar(255) DEFAULT NULL,
  PRIMARY KEY (`rowid`)
) ENGINE=InnoDB DEFAULT CHARSET=utf8;

--
-- Dumping data for table `llx_element_lock`
--


--
-- Table structure for table `llx_element_resources`
--

CREATE TABLE `llx_element_resources` (
  `rowid` int(11) NOT NULL AUTO_INCREMENT,
  `resource_id` int(11) DEFAULT NULL,
  `resource_type` varchar(64) DEFAULT NULL,
  `element_id` int(11) DEFAULT NULL,
  `element_type` varchar(64) DEFAULT NULL,
  `busy` int(11) DEFAULT NULL,
  `mandatory` int(11) DEFAULT NULL,
  `fk_user_create` int(11) DEFAULT NULL,
  `tms` timestamp NOT NULL DEFAULT CURRENT_TIMESTAMP ON UPDATE CURRENT_TIMESTAMP,
  PRIMARY KEY (`rowid`),
  UNIQUE KEY `idx_element_resources_idx1` (`resource_id`,`resource_type`,`element_id`,`element_type`),
  KEY `idx_element_element_element_id` (`element_id`)
) ENGINE=InnoDB DEFAULT CHARSET=utf8;

--
-- Dumping data for table `llx_element_resources`
--


--
-- Table structure for table `llx_element_tag`
--

CREATE TABLE `llx_element_tag` (
  `rowid` int(11) NOT NULL AUTO_INCREMENT,
  `entity` int(11) NOT NULL DEFAULT '1',
  `lang` varchar(5) NOT NULL,
  `tag` varchar(255) NOT NULL,
  `fk_element` int(11) NOT NULL,
  `element` varchar(64) NOT NULL,
  PRIMARY KEY (`rowid`),
  UNIQUE KEY `uk_element_tag` (`entity`,`lang`,`tag`,`fk_element`,`element`)
) ENGINE=InnoDB DEFAULT CHARSET=utf8;

--
-- Dumping data for table `llx_element_tag`
--


--
-- Table structure for table `llx_entrepot`
--

CREATE TABLE `llx_entrepot` (
  `rowid` int(11) NOT NULL AUTO_INCREMENT,
  `datec` datetime DEFAULT NULL,
  `tms` timestamp NOT NULL DEFAULT CURRENT_TIMESTAMP ON UPDATE CURRENT_TIMESTAMP,
  `label` varchar(255) NOT NULL,
  `entity` int(11) NOT NULL DEFAULT '1',
  `description` text,
  `lieu` varchar(64) DEFAULT NULL,
  `address` varchar(255) DEFAULT NULL,
  `zip` varchar(10) DEFAULT NULL,
  `town` varchar(50) DEFAULT NULL,
  `fk_departement` int(11) DEFAULT NULL,
  `fk_pays` int(11) DEFAULT '0',
  `statut` tinyint(4) DEFAULT '1',
  `valo_pmp` float(12,4) DEFAULT NULL,
  `fk_user_author` int(11) DEFAULT NULL,
  `import_key` varchar(14) DEFAULT NULL,
  PRIMARY KEY (`rowid`),
  UNIQUE KEY `uk_entrepot_label` (`label`,`entity`)
) ENGINE=InnoDB AUTO_INCREMENT=2 DEFAULT CHARSET=utf8;

--
-- Dumping data for table `llx_entrepot`
--

INSERT INTO `llx_entrepot` (`rowid`, `datec`, `tms`, `label`, `entity`, `description`, `lieu`, `address`, `zip`, `town`, `fk_departement`, `fk_pays`, `statut`, `valo_pmp`, `fk_user_author`, `import_key`) VALUES (1,'2014-06-13 14:17:32','2014-06-13 12:17:32','PR-SA',1,'','Prolann Salle assemblage','route de Treguier - Rospez','22300','LANNION',NULL,1,1,NULL,1,NULL);

--
-- Table structure for table `llx_establishment`
--

CREATE TABLE `llx_establishment` (
  `rowid` int(11) NOT NULL AUTO_INCREMENT,
  `entity` int(11) NOT NULL DEFAULT '1',
  `name` varchar(50) DEFAULT NULL,
  `address` varchar(255) DEFAULT NULL,
  `zip` varchar(25) DEFAULT NULL,
  `town` varchar(50) DEFAULT NULL,
  `fk_state` int(11) DEFAULT '0',
  `fk_country` int(11) DEFAULT '0',
  `profid1` varchar(20) DEFAULT NULL,
  `profid2` varchar(20) DEFAULT NULL,
  `profid3` varchar(20) DEFAULT NULL,
  `phone` varchar(20) DEFAULT NULL,
  `fk_user_author` int(11) NOT NULL,
  `fk_user_mod` int(11) NOT NULL,
  `datec` datetime NOT NULL,
  `tms` timestamp NOT NULL DEFAULT CURRENT_TIMESTAMP ON UPDATE CURRENT_TIMESTAMP,
  `status` smallint(6) DEFAULT '1',
  PRIMARY KEY (`rowid`)
) ENGINE=InnoDB DEFAULT CHARSET=utf8;

--
-- Dumping data for table `llx_establishment`
--


--
-- Table structure for table `llx_event_element`
--

CREATE TABLE `llx_event_element` (
  `rowid` int(11) NOT NULL AUTO_INCREMENT,
  `fk_source` int(11) NOT NULL,
  `fk_target` int(11) NOT NULL,
  `targettype` varchar(32) NOT NULL,
  PRIMARY KEY (`rowid`)
) ENGINE=InnoDB DEFAULT CHARSET=utf8;

--
-- Dumping data for table `llx_event_element`
--


--
-- Table structure for table `llx_events`
--

CREATE TABLE `llx_events` (
  `rowid` int(11) NOT NULL AUTO_INCREMENT,
  `tms` timestamp NOT NULL DEFAULT CURRENT_TIMESTAMP ON UPDATE CURRENT_TIMESTAMP,
  `type` varchar(32) NOT NULL,
  `entity` int(11) NOT NULL DEFAULT '1',
  `dateevent` datetime DEFAULT NULL,
  `fk_user` int(11) DEFAULT NULL,
  `description` varchar(250) NOT NULL,
  `ip` varchar(32) NOT NULL,
  `user_agent` varchar(255) DEFAULT NULL,
  `fk_object` int(11) DEFAULT NULL,
  PRIMARY KEY (`rowid`),
  KEY `idx_events_dateevent` (`dateevent`)
) ENGINE=InnoDB AUTO_INCREMENT=237 DEFAULT CHARSET=utf8;

--
-- Dumping data for table `llx_events`
--

INSERT INTO `llx_events` (`rowid`, `tms`, `type`, `entity`, `dateevent`, `fk_user`, `description`, `ip`, `user_agent`, `fk_object`) VALUES (1,'2016-07-07 14:34:35','USER_LOGIN',1,'2016-07-07 16:34:35',1,'(UserLogged,Nathalie) - TZ=1;TZString=Europe/Paris;Screen=1366x667','109.190.151.217','Mozilla/5.0 (Windows NT 6.3; WOW64) AppleWebKit/537.36 (KHTML, like Gecko) Chrome/51.0.2704.103 Safari/537.36',NULL),(2,'2016-07-12 09:49:03','USER_LOGIN',1,'2016-07-12 11:49:03',1,'(UserLogged,Nathalie) - TZ=1;TZString=Europe/Paris;Screen=1366x667','109.190.151.217','Mozilla/5.0 (Windows NT 6.3; WOW64) AppleWebKit/537.36 (KHTML, like Gecko) Chrome/51.0.2704.103 Safari/537.36',NULL),(3,'2016-07-12 11:44:13','USER_LOGIN',1,'2016-07-12 13:44:13',1,'(UserLogged,Nathalie) - TZ=1;TZString=Europe/Paris;Screen=1366x667','109.190.151.217','Mozilla/5.0 (Windows NT 6.3; WOW64) AppleWebKit/537.36 (KHTML, like Gecko) Chrome/51.0.2704.103 Safari/537.36',NULL),(4,'2016-07-19 09:43:07','USER_LOGIN',1,'2016-07-19 11:43:07',1,'(UserLogged,Nathalie) - TZ=1;TZString=Europe/Paris;Screen=1366x667','109.190.151.217','Mozilla/5.0 (Windows NT 6.3; WOW64) AppleWebKit/537.36 (KHTML, like Gecko) Chrome/51.0.2704.103 Safari/537.36',NULL),(5,'2016-07-25 14:50:21','USER_LOGIN',1,'2016-07-25 16:50:21',1,'(UserLogged,Nathalie) - TZ=;TZString=;Screen=x','109.190.151.217','Mozilla/5.0 (Windows NT 6.3; WOW64) AppleWebKit/537.36 (KHTML, like Gecko) Chrome/51.0.2704.103 Safari/537.36',NULL),(6,'2016-07-26 08:32:52','USER_LOGIN',1,'2016-07-26 10:32:52',1,'(UserLogged,Nathalie) - TZ=1;TZString=Europe/Paris;Screen=1366x667','109.190.151.217','Mozilla/5.0 (Windows NT 6.3; WOW64) AppleWebKit/537.36 (KHTML, like Gecko) Chrome/52.0.2743.82 Safari/537.36',NULL),(7,'2016-07-26 09:14:48','USER_LOGIN',1,'2016-07-26 11:14:48',2,'(UserLogged,mmoreau) - TZ=1;TZString=Europe/Paris;Screen=1920x979','109.190.151.217','Mozilla/5.0 (Windows NT 6.3; WOW64) AppleWebKit/537.36 (KHTML, like Gecko) Chrome/52.0.2743.82 Safari/537.36',NULL),(8,'2016-07-26 09:19:45','USER_LOGIN',1,'2016-07-26 11:19:45',2,'(UserLogged,mmoreau) - TZ=1;TZString=Europe/Paris;Screen=1920x979','109.190.151.217','Mozilla/5.0 (Windows NT 6.3; WOW64) AppleWebKit/537.36 (KHTML, like Gecko) Chrome/52.0.2743.82 Safari/537.36',NULL),(9,'2016-07-26 14:21:27','USER_LOGIN',1,'2016-07-26 16:21:27',1,'(UserLogged,Nathalie) - TZ=;TZString=;Screen=x','109.190.151.217','Mozilla/5.0 (Windows NT 6.3; WOW64) AppleWebKit/537.36 (KHTML, like Gecko) Chrome/52.0.2743.82 Safari/537.36',NULL),(10,'2016-08-01 09:27:40','USER_LOGIN',1,'2016-08-01 11:27:40',2,'(UserLogged,mmoreau) - TZ=1;TZString=Europe/Paris;Screen=1920x979','109.190.151.217','Mozilla/5.0 (Windows NT 6.3; WOW64) AppleWebKit/537.36 (KHTML, like Gecko) Chrome/52.0.2743.82 Safari/537.36',NULL),(11,'2016-08-16 14:09:41','USER_LOGIN',1,'2016-08-16 16:09:41',1,'(UserLogged,Nathalie) - TZ=1;TZString=Europe/Paris;Screen=1366x667','109.190.151.217','Mozilla/5.0 (Windows NT 6.3; WOW64) AppleWebKit/537.36 (KHTML, like Gecko) Chrome/52.0.2743.116 Safari/537.36',NULL),(12,'2016-08-17 07:28:21','USER_LOGIN',1,'2016-08-17 09:28:21',1,'(UserLogged,Nathalie) - TZ=;TZString=;Screen=x','109.190.151.217','Mozilla/5.0 (Windows NT 6.3; WOW64) AppleWebKit/537.36 (KHTML, like Gecko) Chrome/52.0.2743.116 Safari/537.36',NULL),(13,'2016-08-18 14:28:18','USER_LOGIN',1,'2016-08-18 16:28:18',1,'(UserLogged,Nathalie) - TZ=1;TZString=Europe/Paris;Screen=1366x667','109.190.151.217','Mozilla/5.0 (Windows NT 6.3; WOW64) AppleWebKit/537.36 (KHTML, like Gecko) Chrome/52.0.2743.116 Safari/537.36',NULL),(14,'2016-08-29 08:42:20','USER_LOGIN',1,'2016-08-29 10:42:20',1,'(UserLogged,Nathalie) - TZ=;TZString=;Screen=x','109.190.151.217','Mozilla/5.0 (Windows NT 6.3; WOW64) AppleWebKit/537.36 (KHTML, like Gecko) Chrome/52.0.2743.116 Safari/537.36',NULL),(15,'2016-09-06 12:54:45','USER_LOGIN',1,'2016-09-06 14:54:45',1,'(UserLogged,Nathalie) - TZ=1;TZString=Europe/Paris;Screen=1366x667','109.190.151.217','Mozilla/5.0 (Windows NT 6.3; WOW64) AppleWebKit/537.36 (KHTML, like Gecko) Chrome/52.0.2743.116 Safari/537.36',NULL),(16,'2016-09-06 15:20:14','USER_LOGIN',1,'2016-09-06 17:20:14',1,'(UserLogged,Nathalie) - TZ=1;TZString=Europe/Paris;Screen=1366x667','109.190.151.217','Mozilla/5.0 (Windows NT 6.3; WOW64) AppleWebKit/537.36 (KHTML, like Gecko) Chrome/52.0.2743.116 Safari/537.36',NULL),(17,'2016-09-08 09:16:14','USER_LOGIN',1,'2016-09-08 11:16:14',1,'(UserLogged,Nathalie) - TZ=1;TZString=Europe/Paris;Screen=1366x623','109.190.151.217','Mozilla/5.0 (Windows NT 6.3; WOW64) AppleWebKit/537.36 (KHTML, like Gecko) Chrome/52.0.2743.116 Safari/537.36',NULL),(18,'2016-09-08 12:16:58','USER_LOGIN',1,'2016-09-08 14:16:58',1,'(UserLogged,Nathalie) - TZ=1;TZString=Europe/Paris;Screen=1366x623','109.190.151.217','Mozilla/5.0 (Windows NT 6.3; WOW64) AppleWebKit/537.36 (KHTML, like Gecko) Chrome/52.0.2743.116 Safari/537.36',NULL),(19,'2016-09-08 13:56:40','USER_LOGIN',1,'2016-09-08 15:56:40',1,'(UserLogged,Nathalie) - TZ=;TZString=;Screen=x','109.190.151.217','Mozilla/5.0 (Windows NT 6.3; WOW64) AppleWebKit/537.36 (KHTML, like Gecko) Chrome/52.0.2743.116 Safari/537.36',NULL),(20,'2016-09-09 08:40:07','USER_LOGIN',1,'2016-09-09 10:40:07',1,'(UserLogged,Nathalie) - TZ=1;TZString=Europe/Paris;Screen=1366x667','109.190.151.217','Mozilla/5.0 (Windows NT 6.3; WOW64) AppleWebKit/537.36 (KHTML, like Gecko) Chrome/52.0.2743.116 Safari/537.36',NULL),(21,'2016-09-12 08:04:42','USER_LOGIN',1,'2016-09-12 10:04:42',1,'(UserLogged,Nathalie) - TZ=1;TZString=Europe/Paris;Screen=1366x667','109.190.151.217','Mozilla/5.0 (Windows NT 6.3; WOW64) AppleWebKit/537.36 (KHTML, like Gecko) Chrome/52.0.2743.116 Safari/537.36',NULL),(22,'2016-09-12 12:19:54','USER_LOGIN',1,'2016-09-12 14:19:54',1,'(UserLogged,Nathalie) - TZ=1;TZString=Europe/Paris;Screen=1366x667','109.190.151.217','Mozilla/5.0 (Windows NT 6.3; WOW64) AppleWebKit/537.36 (KHTML, like Gecko) Chrome/52.0.2743.116 Safari/537.36',NULL),(23,'2016-09-12 14:51:19','USER_LOGIN',1,'2016-09-12 16:51:19',2,'(UserLogged,mmoreau) - TZ=;TZString=;Screen=x','109.190.151.217','Mozilla/5.0 (Windows NT 6.3; WOW64) AppleWebKit/537.36 (KHTML, like Gecko) Chrome/52.0.2743.116 Safari/537.36',NULL),(24,'2016-09-13 08:25:28','USER_LOGIN',1,'2016-09-13 10:25:28',1,'(UserLogged,Nathalie) - TZ=1;TZString=Europe/Paris;Screen=1366x667','109.190.151.217','Mozilla/5.0 (Windows NT 6.3; WOW64) AppleWebKit/537.36 (KHTML, like Gecko) Chrome/52.0.2743.116 Safari/537.36',NULL),(25,'2016-09-13 13:07:27','USER_LOGIN',1,'2016-09-13 15:07:27',2,'(UserLogged,mmoreau) - TZ=1;TZString=Europe/Paris;Screen=1920x979','109.190.151.217','Mozilla/5.0 (Windows NT 6.3; WOW64) AppleWebKit/537.36 (KHTML, like Gecko) Chrome/52.0.2743.116 Safari/537.36',NULL),(26,'2016-09-13 13:54:29','USER_LOGIN',1,'2016-09-13 15:54:29',1,'(UserLogged,Nathalie) - TZ=1;TZString=Europe/Paris;Screen=1366x667','109.190.151.217','Mozilla/5.0 (Windows NT 6.3; WOW64) AppleWebKit/537.36 (KHTML, like Gecko) Chrome/52.0.2743.116 Safari/537.36',NULL),(27,'2016-09-13 15:11:37','USER_LOGIN',1,'2016-09-13 17:11:37',1,'(UserLogged,Nathalie) - TZ=1;TZString=Europe/Paris;Screen=1366x667','109.190.151.217','Mozilla/5.0 (Windows NT 6.3; WOW64) AppleWebKit/537.36 (KHTML, like Gecko) Chrome/52.0.2743.116 Safari/537.36',NULL),(28,'2016-09-14 08:32:49','USER_LOGIN',1,'2016-09-14 10:32:49',1,'(UserLogged,Nathalie) - TZ=1;TZString=Europe/Paris;Screen=1366x667','109.190.151.217','Mozilla/5.0 (Windows NT 6.3; WOW64) AppleWebKit/537.36 (KHTML, like Gecko) Chrome/52.0.2743.116 Safari/537.36',NULL),(29,'2016-09-14 12:28:19','USER_LOGIN',1,'2016-09-14 14:28:19',1,'(UserLogged,Nathalie) - TZ=1;TZString=Europe/Paris;Screen=1366x667','109.190.151.217','Mozilla/5.0 (Windows NT 6.3; WOW64) AppleWebKit/537.36 (KHTML, like Gecko) Chrome/52.0.2743.116 Safari/537.36',NULL),(30,'2016-09-14 15:32:38','USER_LOGIN',1,'2016-09-14 17:32:38',1,'(UserLogged,Nathalie) - TZ=;TZString=;Screen=x','109.190.151.217','Mozilla/5.0 (Windows NT 6.3; WOW64) AppleWebKit/537.36 (KHTML, like Gecko) Chrome/52.0.2743.116 Safari/537.36',NULL),(31,'2016-09-15 06:42:32','USER_LOGIN',1,'2016-09-15 08:42:32',2,'(UserLogged,mmoreau) - TZ=;TZString=;Screen=x','109.190.151.217','Mozilla/5.0 (Windows NT 6.3; WOW64) AppleWebKit/537.36 (KHTML, like Gecko) Chrome/52.0.2743.116 Safari/537.36',NULL),(32,'2016-09-15 11:36:45','USER_LOGIN',1,'2016-09-15 13:36:45',2,'(UserLogged,mmoreau) - TZ=1;TZString=Europe/Paris;Screen=1920x979','109.190.151.217','Mozilla/5.0 (Windows NT 6.3; WOW64) AppleWebKit/537.36 (KHTML, like Gecko) Chrome/52.0.2743.116 Safari/537.36',NULL),(33,'2016-09-15 12:51:42','USER_LOGIN',1,'2016-09-15 14:51:42',1,'(UserLogged,Nathalie) - TZ=1;TZString=Europe/Paris;Screen=1366x667','109.190.151.217','Mozilla/5.0 (Windows NT 6.3; WOW64) AppleWebKit/537.36 (KHTML, like Gecko) Chrome/52.0.2743.116 Safari/537.36',NULL),(34,'2016-09-16 14:35:49','USER_LOGIN',1,'2016-09-16 16:35:49',1,'(UserLogged,Nathalie) - TZ=;TZString=;Screen=x','109.190.151.217','Mozilla/5.0 (Windows NT 6.3; WOW64) AppleWebKit/537.36 (KHTML, like Gecko) Chrome/52.0.2743.116 Safari/537.36',NULL),(35,'2016-09-19 11:58:42','USER_LOGIN',1,'2016-09-19 13:58:42',1,'(UserLogged,Nathalie) - TZ=1;TZString=Europe/Paris;Screen=1366x662','109.190.151.217','Mozilla/5.0 (Windows NT 6.3; WOW64) AppleWebKit/537.36 (KHTML, like Gecko) Chrome/53.0.2785.116 Safari/537.36',NULL),(36,'2016-09-20 13:45:13','USER_LOGIN',1,'2016-09-20 15:45:13',2,'(UserLogged,mmoreau) - TZ=1;TZString=Europe/Paris;Screen=1920x974','109.190.151.217','Mozilla/5.0 (Windows NT 6.3; WOW64) AppleWebKit/537.36 (KHTML, like Gecko) Chrome/53.0.2785.116 Safari/537.36',NULL),(37,'2016-09-20 16:16:10','USER_LOGIN',1,'2016-09-20 18:16:10',1,'(UserLogged,Nathalie) - TZ=1;TZString=Europe/Paris;Screen=1366x662','109.190.151.217','Mozilla/5.0 (Windows NT 6.3; WOW64) AppleWebKit/537.36 (KHTML, like Gecko) Chrome/53.0.2785.116 Safari/537.36',NULL),(38,'2016-09-21 07:36:15','USER_LOGIN',1,'2016-09-21 09:36:15',1,'(UserLogged,Nathalie) - TZ=1;TZString=Europe/Paris;Screen=1920x974','109.190.151.217','Mozilla/5.0 (Windows NT 6.3; WOW64) AppleWebKit/537.36 (KHTML, like Gecko) Chrome/53.0.2785.116 Safari/537.36',NULL),(39,'2016-09-21 07:38:38','USER_LOGIN',1,'2016-09-21 09:38:38',1,'(UserLogged,Nathalie) - TZ=1;TZString=Europe/Paris;Screen=1366x662','109.190.151.217','Mozilla/5.0 (Windows NT 6.3; WOW64) AppleWebKit/537.36 (KHTML, like Gecko) Chrome/53.0.2785.116 Safari/537.36',NULL),(40,'2016-09-21 14:31:10','USER_LOGIN',1,'2016-09-21 16:31:10',1,'(UserLogged,Nathalie) - TZ=1;TZString=Europe/Paris;Screen=1366x613','109.190.151.217','Mozilla/5.0 (Windows NT 6.3; WOW64) AppleWebKit/537.36 (KHTML, like Gecko) Chrome/53.0.2785.116 Safari/537.36',NULL),(41,'2016-09-22 15:20:19','USER_LOGIN',1,'2016-09-22 17:20:19',1,'(UserLogged,Nathalie) - TZ=1;TZString=Europe/Paris;Screen=1366x623','109.190.151.217','Mozilla/5.0 (Windows NT 6.3; WOW64) AppleWebKit/537.36 (KHTML, like Gecko) Chrome/53.0.2785.116 Safari/537.36',NULL),(42,'2016-10-03 06:50:07','USER_LOGIN',1,'2016-10-03 08:50:07',2,'(UserLogged,mmoreau) - TZ=1;TZString=Europe/Paris;Screen=1920x974','109.190.151.217','Mozilla/5.0 (Windows NT 6.3; WOW64) AppleWebKit/537.36 (KHTML, like Gecko) Chrome/53.0.2785.116 Safari/537.36',NULL),(43,'2016-10-03 09:35:15','USER_LOGIN',1,'2016-10-03 11:35:15',1,'(UserLogged,Nathalie) - TZ=1;TZString=Europe/Paris;Screen=1366x662','109.190.151.217','Mozilla/5.0 (Windows NT 6.3; WOW64) AppleWebKit/537.36 (KHTML, like Gecko) Chrome/53.0.2785.116 Safari/537.36',NULL),(44,'2016-10-03 14:02:19','USER_LOGIN',1,'2016-10-03 16:02:19',1,'(UserLogged,Nathalie) - TZ=1;TZString=Europe/Paris;Screen=1366x662','109.190.151.217','Mozilla/5.0 (Windows NT 6.3; WOW64) AppleWebKit/537.36 (KHTML, like Gecko) Chrome/53.0.2785.116 Safari/537.36',NULL),(45,'2016-10-03 15:29:43','USER_LOGIN',1,'2016-10-03 17:29:43',1,'(UserLogged,Nathalie) - TZ=1;TZString=Europe/Paris;Screen=1366x662','109.190.151.217','Mozilla/5.0 (Windows NT 6.3; WOW64) AppleWebKit/537.36 (KHTML, like Gecko) Chrome/53.0.2785.116 Safari/537.36',NULL),(46,'2016-10-05 14:20:21','USER_LOGIN',1,'2016-10-05 16:20:21',1,'(UserLogged,Nathalie) - TZ=1;TZString=Europe/Paris;Screen=1366x662','109.190.151.217','Mozilla/5.0 (Windows NT 6.3; WOW64) AppleWebKit/537.36 (KHTML, like Gecko) Chrome/53.0.2785.143 Safari/537.36',NULL),(47,'2016-10-06 11:46:44','USER_LOGIN',1,'2016-10-06 13:46:44',2,'(UserLogged,mmoreau) - TZ=1;TZString=Europe/Paris;Screen=1920x974','109.190.151.217','Mozilla/5.0 (Windows NT 6.3; WOW64) AppleWebKit/537.36 (KHTML, like Gecko) Chrome/53.0.2785.143 Safari/537.36',NULL),(48,'2016-10-14 13:33:50','USER_LOGIN',1,'2016-10-14 15:33:50',1,'(UserLogged,Nathalie) - TZ=1;TZString=Europe/Paris;Screen=1366x662','109.190.151.217','Mozilla/5.0 (Windows NT 6.3; WOW64) AppleWebKit/537.36 (KHTML, like Gecko) Chrome/53.0.2785.143 Safari/537.36',NULL),(49,'2016-10-17 09:07:03','USER_LOGIN',1,'2016-10-17 11:07:03',1,'(UserLogged,Nathalie) - TZ=1;TZString=Europe/Paris;Screen=1366x623','109.190.151.217','Mozilla/5.0 (Windows NT 6.3; WOW64) AppleWebKit/537.36 (KHTML, like Gecko) Chrome/53.0.2785.143 Safari/537.36',NULL),(50,'2016-10-19 11:41:38','USER_LOGIN',1,'2016-10-19 13:41:38',1,'(UserLogged,Nathalie) - TZ=1;TZString=Europe/Paris;Screen=1366x662','109.190.151.217','Mozilla/5.0 (Windows NT 6.3; WOW64) AppleWebKit/537.36 (KHTML, like Gecko) Chrome/53.0.2785.143 Safari/537.36',NULL),(51,'2016-10-19 14:32:30','USER_LOGIN',1,'2016-10-19 16:32:30',1,'(UserLogged,Nathalie) - TZ=1;TZString=Europe/Paris;Screen=1366x662','109.190.151.217','Mozilla/5.0 (Windows NT 6.3; WOW64) AppleWebKit/537.36 (KHTML, like Gecko) Chrome/53.0.2785.143 Safari/537.36',NULL),(52,'2016-10-20 07:28:16','USER_LOGIN',1,'2016-10-20 09:28:16',2,'(UserLogged,mmoreau) - TZ=1;TZString=Europe/Paris;Screen=1920x974','109.190.151.217','Mozilla/5.0 (Windows NT 6.3; WOW64) AppleWebKit/537.36 (KHTML, like Gecko) Chrome/53.0.2785.143 Safari/537.36',NULL),(53,'2016-10-21 09:45:43','USER_LOGIN',1,'2016-10-21 11:45:43',2,'(UserLogged,mmoreau) - TZ=1;TZString=Europe/Paris;Screen=1920x974','109.190.151.217','Mozilla/5.0 (Windows NT 6.3; WOW64) AppleWebKit/537.36 (KHTML, like Gecko) Chrome/53.0.2785.143 Safari/537.36',NULL),(54,'2016-10-24 07:40:02','USER_LOGIN',1,'2016-10-24 09:40:02',1,'(UserLogged,Nathalie) - TZ=1;TZString=Europe/Paris;Screen=1366x662','109.190.151.217','Mozilla/5.0 (Windows NT 6.3; WOW64) AppleWebKit/537.36 (KHTML, like Gecko) Chrome/53.0.2785.143 Safari/537.36',NULL),(55,'2016-10-25 12:50:22','USER_LOGIN',1,'2016-10-25 14:50:22',1,'(UserLogged,Nathalie) - TZ=1;TZString=Europe/Paris;Screen=1366x613','109.190.151.217','Mozilla/5.0 (Windows NT 6.3; WOW64) AppleWebKit/537.36 (KHTML, like Gecko) Chrome/54.0.2840.71 Safari/537.36',NULL),(56,'2016-10-28 09:21:46','USER_LOGIN',1,'2016-10-28 11:21:46',2,'(UserLogged,mmoreau) - TZ=1;TZString=Europe/Paris;Screen=1920x972','109.190.151.217','Mozilla/5.0 (Windows NT 6.3; WOW64) AppleWebKit/537.36 (KHTML, like Gecko) Chrome/54.0.2840.71 Safari/537.36',NULL),(57,'2016-11-15 12:05:06','USER_LOGIN',1,'2016-11-15 13:05:06',2,'(UserLogged,mmoreau) - TZ=1;TZString=Europe/Paris;Screen=1920x974','109.190.151.217','Mozilla/5.0 (Windows NT 6.3; WOW64) AppleWebKit/537.36 (KHTML, like Gecko) Chrome/54.0.2840.71 Safari/537.36',NULL),(58,'2016-11-15 13:57:52','USER_LOGIN',1,'2016-11-15 14:57:52',1,'(UserLogged,Nathalie) - TZ=1;TZString=Europe/Paris;Screen=1020x635','109.190.151.217','Mozilla/5.0 (Windows NT 6.3; WOW64) AppleWebKit/537.36 (KHTML, like Gecko) Chrome/54.0.2840.71 Safari/537.36',NULL),(59,'2016-11-16 15:33:45','USER_LOGIN',1,'2016-11-16 16:33:45',1,'(UserLogged,Nathalie) - TZ=1;TZString=Europe/Paris;Screen=1366x662','109.190.151.217','Mozilla/5.0 (Windows NT 6.3; WOW64) AppleWebKit/537.36 (KHTML, like Gecko) Chrome/54.0.2840.71 Safari/537.36',NULL),(60,'2016-11-22 14:58:28','USER_LOGIN',1,'2016-11-22 15:58:28',1,'(UserLogged,Nathalie) - TZ=1;TZString=Europe/Paris;Screen=1366x662','109.190.151.217','Mozilla/5.0 (Windows NT 6.3; WOW64) AppleWebKit/537.36 (KHTML, like Gecko) Chrome/54.0.2840.71 Safari/537.36',NULL),(61,'2016-11-28 12:46:08','USER_LOGIN',1,'2016-11-28 13:46:08',1,'(UserLogged,Nathalie) - TZ=1;TZString=Europe/Paris;Screen=1304x663','109.190.151.217','Mozilla/5.0 (Windows NT 6.3; WOW64) AppleWebKit/537.36 (KHTML, like Gecko) Chrome/54.0.2840.71 Safari/537.36',NULL),(62,'2016-11-28 16:04:15','USER_LOGIN',1,'2016-11-28 17:04:15',1,'(UserLogged,Nathalie) - TZ=1;TZString=Europe/Paris;Screen=1304x702','109.190.151.217','Mozilla/5.0 (Windows NT 6.3; WOW64) AppleWebKit/537.36 (KHTML, like Gecko) Chrome/54.0.2840.71 Safari/537.36',NULL),(63,'2016-11-29 09:07:22','USER_LOGIN',1,'2016-11-29 10:07:22',2,'(UserLogged,mmoreau) - TZ=1;TZString=Europe/Paris;Screen=1920x974','109.190.151.217','Mozilla/5.0 (Windows NT 6.3; WOW64) AppleWebKit/537.36 (KHTML, like Gecko) Chrome/54.0.2840.71 Safari/537.36',NULL),(64,'2016-11-29 09:49:28','USER_LOGIN',1,'2016-11-29 10:49:28',1,'(UserLogged,Nathalie) - TZ=1;TZString=Europe/Paris;Screen=1304x663','109.190.151.217','Mozilla/5.0 (Windows NT 6.3; WOW64) AppleWebKit/537.36 (KHTML, like Gecko) Chrome/54.0.2840.71 Safari/537.36',NULL),(65,'2016-11-29 09:49:38','USER_LOGIN',1,'2016-11-29 10:49:38',2,'(UserLogged,mmoreau) - TZ=1;TZString=Europe/Paris;Screen=1920x974','109.190.151.217','Mozilla/5.0 (Windows NT 6.3; WOW64) AppleWebKit/537.36 (KHTML, like Gecko) Chrome/54.0.2840.71 Safari/537.36',NULL),(66,'2016-11-29 12:02:19','USER_LOGIN',1,'2016-11-29 13:02:19',2,'(UserLogged,mmoreau) - TZ=1;TZString=Europe/Paris;Screen=1920x974','109.190.151.217','Mozilla/5.0 (Windows NT 6.3; WOW64) AppleWebKit/537.36 (KHTML, like Gecko) Chrome/54.0.2840.71 Safari/537.36',NULL),(67,'2016-12-02 09:45:38','USER_LOGIN',1,'2016-12-02 10:45:38',2,'(UserLogged,mmoreau) - TZ=1;TZString=Europe/Paris;Screen=1920x974','109.190.151.217','Mozilla/5.0 (Windows NT 6.3; WOW64) AppleWebKit/537.36 (KHTML, like Gecko) Chrome/54.0.2840.71 Safari/537.36',NULL),(68,'2016-12-05 15:02:59','USER_LOGIN',1,'2016-12-05 16:02:59',1,'(UserLogged,Nathalie) - TZ=1;TZString=Europe/Paris;Screen=1304x702','109.190.151.217','Mozilla/5.0 (Windows NT 6.3; WOW64) AppleWebKit/537.36 (KHTML, like Gecko) Chrome/55.0.2883.75 Safari/537.36',NULL),(69,'2016-12-06 07:00:42','USER_LOGIN_FAILED',1,'2016-12-06 08:00:42',NULL,'Identifiant ou mot de passe incorrect - login=Nathalie','80.12.39.155','Mozilla/5.0 (Linux; Android 6.0.1; SM-A300FU Build/MMB29M) AppleWebKit/537.36 (KHTML, like Gecko) Chrome/54.0.2840.85 Mobile Safari/537.36',NULL),(70,'2016-12-06 07:01:11','USER_LOGIN',1,'2016-12-06 08:01:11',1,'(UserLogged,Nathalie) - TZ=1;TZString=Europe/Berlin;Screen=360x560','80.12.39.155','Mozilla/5.0 (Linux; Android 6.0.1; SM-A300FU Build/MMB29M) AppleWebKit/537.36 (KHTML, like Gecko) Chrome/54.0.2840.85 Mobile Safari/537.36',NULL),(71,'2016-12-06 07:26:12','USER_LOGIN',1,'2016-12-06 08:26:12',2,'(UserLogged,mmoreau) - TZ=1;TZString=Europe/Paris;Screen=1920x974','109.190.151.217','Mozilla/5.0 (Windows NT 6.3; WOW64) AppleWebKit/537.36 (KHTML, like Gecko) Chrome/55.0.2883.75 Safari/537.36',NULL),(72,'2016-12-07 12:46:18','USER_LOGIN',1,'2016-12-07 13:46:17',1,'(UserLogged,Nathalie) - TZ=1;TZString=Europe/Paris;Screen=1304x663','109.190.151.217','Mozilla/5.0 (Windows NT 6.3; WOW64) AppleWebKit/537.36 (KHTML, like Gecko) Chrome/55.0.2883.75 Safari/537.36',NULL),(73,'2016-12-07 14:05:01','USER_LOGIN',1,'2016-12-07 15:05:01',1,'(UserLogged,Nathalie) - TZ=1;TZString=Europe/Paris;Screen=1304x702','109.190.151.217','Mozilla/5.0 (Windows NT 6.3; WOW64) AppleWebKit/537.36 (KHTML, like Gecko) Chrome/55.0.2883.75 Safari/537.36',NULL),(74,'2016-12-08 08:35:32','USER_LOGIN',1,'2016-12-08 09:35:32',1,'(UserLogged,Nathalie) - TZ=1;TZString=Europe/Paris;Screen=1304x663','109.190.151.217','Mozilla/5.0 (Windows NT 6.3; WOW64) AppleWebKit/537.36 (KHTML, like Gecko) Chrome/55.0.2883.75 Safari/537.36',NULL),(75,'2016-12-08 09:22:06','USER_LOGIN_FAILED',1,'2016-12-08 10:22:06',NULL,'Identifiant ou mot de passe incorrect - login=mmoreau','109.190.151.217','Mozilla/5.0 (Windows NT 6.3; WOW64) AppleWebKit/537.36 (KHTML, like Gecko) Chrome/55.0.2883.75 Safari/537.36',NULL),(76,'2016-12-08 09:22:13','USER_LOGIN',1,'2016-12-08 10:22:13',2,'(UserLogged,mmoreau) - TZ=1;TZString=Europe/Paris;Screen=1920x974','109.190.151.217','Mozilla/5.0 (Windows NT 6.3; WOW64) AppleWebKit/537.36 (KHTML, like Gecko) Chrome/55.0.2883.75 Safari/537.36',NULL),(77,'2016-12-08 14:43:45','USER_LOGIN',1,'2016-12-08 15:43:45',1,'(UserLogged,Nathalie) - TZ=1;TZString=Europe/Paris;Screen=1304x702','109.190.151.217','Mozilla/5.0 (Windows NT 6.3; WOW64) AppleWebKit/537.36 (KHTML, like Gecko) Chrome/55.0.2883.75 Safari/537.36',NULL),(78,'2016-12-09 07:58:32','USER_LOGIN',1,'2016-12-09 08:58:32',2,'(UserLogged,mmoreau) - TZ=1;TZString=Europe/Paris;Screen=1920x974','109.190.151.217','Mozilla/5.0 (Windows NT 6.3; WOW64) AppleWebKit/537.36 (KHTML, like Gecko) Chrome/55.0.2883.75 Safari/537.36',NULL),(79,'2016-12-09 08:45:00','USER_LOGIN_FAILED',1,'2016-12-09 09:45:00',NULL,'Identifiant ou mot de passe incorrect - login=mmoreau','109.190.151.217','Mozilla/5.0 (Windows NT 6.3; WOW64) AppleWebKit/537.36 (KHTML, like Gecko) Chrome/55.0.2883.75 Safari/537.36',NULL),(80,'2016-12-09 08:45:04','USER_LOGIN',1,'2016-12-09 09:45:04',2,'(UserLogged,mmoreau) - TZ=1;TZString=Europe/Paris;Screen=1920x974','109.190.151.217','Mozilla/5.0 (Windows NT 6.3; WOW64) AppleWebKit/537.36 (KHTML, like Gecko) Chrome/55.0.2883.75 Safari/537.36',NULL),(81,'2016-12-09 08:53:26','USER_LOGIN',1,'2016-12-09 09:53:26',1,'(UserLogged,Nathalie) - TZ=1;TZString=Europe/Paris;Screen=1304x663','109.190.151.217','Mozilla/5.0 (Windows NT 6.3; WOW64) AppleWebKit/537.36 (KHTML, like Gecko) Chrome/55.0.2883.75 Safari/537.36',NULL),(82,'2016-12-09 09:15:29','USER_LOGIN',1,'2016-12-09 10:15:29',2,'(UserLogged,mmoreau) - TZ=1;TZString=Europe/Paris;Screen=1920x974','109.190.151.217','Mozilla/5.0 (Windows NT 6.3; WOW64) AppleWebKit/537.36 (KHTML, like Gecko) Chrome/55.0.2883.75 Safari/537.36',NULL),(83,'2016-12-09 10:38:23','USER_LOGIN',1,'2016-12-09 11:38:23',2,'(UserLogged,mmoreau) - TZ=1;TZString=Europe/Paris;Screen=1920x974','109.190.151.217','Mozilla/5.0 (Windows NT 6.3; WOW64) AppleWebKit/537.36 (KHTML, like Gecko) Chrome/55.0.2883.75 Safari/537.36',NULL),(84,'2016-12-13 15:20:33','USER_LOGIN',1,'2016-12-13 16:20:33',2,'(UserLogged,mmoreau) - TZ=1;TZString=Europe/Paris;Screen=1920x974','109.190.151.217','Mozilla/5.0 (Windows NT 6.3; WOW64) AppleWebKit/537.36 (KHTML, like Gecko) Chrome/55.0.2883.87 Safari/537.36',NULL),(85,'2016-12-19 08:22:58','USER_LOGIN_FAILED',1,'2016-12-19 09:22:58',NULL,'Identifiant ou mot de passe incorrect - login=mmoreau','109.190.151.217','Mozilla/5.0 (Windows NT 6.3; WOW64) AppleWebKit/537.36 (KHTML, like Gecko) Chrome/55.0.2883.87 Safari/537.36',NULL),(86,'2016-12-19 08:22:59','USER_LOGIN_FAILED',1,'2016-12-19 09:22:59',NULL,'Identifiant ou mot de passe incorrect - login=mmoreau','109.190.151.217','Mozilla/5.0 (Windows NT 6.3; WOW64) AppleWebKit/537.36 (KHTML, like Gecko) Chrome/55.0.2883.87 Safari/537.36',NULL),(87,'2016-12-19 08:23:07','USER_LOGIN_FAILED',1,'2016-12-19 09:23:07',NULL,'Identifiant ou mot de passe incorrect - login=mmoreau','109.190.151.217','Mozilla/5.0 (Windows NT 6.3; WOW64) AppleWebKit/537.36 (KHTML, like Gecko) Chrome/55.0.2883.87 Safari/537.36',NULL),(88,'2016-12-19 08:23:09','USER_LOGIN_FAILED',1,'2016-12-19 09:23:09',NULL,'Identifiant ou mot de passe incorrect - login=mmoreau','109.190.151.217','Mozilla/5.0 (Windows NT 6.3; WOW64) AppleWebKit/537.36 (KHTML, like Gecko) Chrome/55.0.2883.87 Safari/537.36',NULL),(89,'2016-12-19 08:23:22','USER_LOGIN',1,'2016-12-19 09:23:22',2,'(UserLogged,mmoreau) - TZ=1;TZString=Europe/Paris;Screen=1920x974','109.190.151.217','Mozilla/5.0 (Windows NT 6.3; WOW64) AppleWebKit/537.36 (KHTML, like Gecko) Chrome/55.0.2883.87 Safari/537.36',NULL),(90,'2016-12-20 09:18:51','USER_LOGIN_FAILED',1,'2016-12-20 10:18:51',NULL,'Identifiant ou mot de passe incorrect - login=PASS.36','109.190.151.217','Mozilla/5.0 (Windows NT 6.3; WOW64) AppleWebKit/537.36 (KHTML, like Gecko) Chrome/55.0.2883.87 Safari/537.36',NULL),(91,'2016-12-20 09:18:59','USER_LOGIN',1,'2016-12-20 10:18:59',2,'(UserLogged,mmoreau) - TZ=1;TZString=Europe/Paris;Screen=1920x974','109.190.151.217','Mozilla/5.0 (Windows NT 6.3; WOW64) AppleWebKit/537.36 (KHTML, like Gecko) Chrome/55.0.2883.87 Safari/537.36',NULL),(92,'2016-12-20 09:45:25','USER_LOGIN',1,'2016-12-20 10:45:25',2,'(UserLogged,mmoreau) - TZ=1;TZString=Europe/Paris;Screen=1920x974','109.190.151.217','Mozilla/5.0 (Windows NT 6.3; WOW64) AppleWebKit/537.36 (KHTML, like Gecko) Chrome/55.0.2883.87 Safari/537.36',NULL),(93,'2016-12-20 13:31:26','USER_LOGIN',1,'2016-12-20 14:31:26',2,'(UserLogged,mmoreau) - TZ=1;TZString=Europe/Paris;Screen=1920x974','109.190.151.217','Mozilla/5.0 (Windows NT 6.3; WOW64) AppleWebKit/537.36 (KHTML, like Gecko) Chrome/55.0.2883.87 Safari/537.36',NULL),(94,'2016-12-20 13:34:43','USER_LOGIN',1,'2016-12-20 14:34:43',2,'(UserLogged,mmoreau) - TZ=1;TZString=Europe/Paris;Screen=1920x974','109.190.151.217','Mozilla/5.0 (Windows NT 6.3; WOW64) AppleWebKit/537.36 (KHTML, like Gecko) Chrome/55.0.2883.87 Safari/537.36',NULL),(95,'2016-12-22 15:04:38','USER_LOGIN',1,'2016-12-22 16:04:38',2,'(UserLogged,mmoreau) - TZ=1;TZString=Europe/Paris;Screen=1920x974','109.190.151.217','Mozilla/5.0 (Windows NT 6.3; WOW64) AppleWebKit/537.36 (KHTML, like Gecko) Chrome/55.0.2883.87 Safari/537.36',NULL),(96,'2016-12-26 08:29:12','USER_LOGIN',1,'2016-12-26 09:29:12',2,'(UserLogged,mmoreau) - TZ=1;TZString=Europe/Paris;Screen=1920x974','109.190.151.217','Mozilla/5.0 (Windows NT 6.3; WOW64) AppleWebKit/537.36 (KHTML, like Gecko) Chrome/55.0.2883.87 Safari/537.36',NULL),(97,'2016-12-26 10:09:55','USER_LOGIN',1,'2016-12-26 11:09:55',2,'(UserLogged,mmoreau) - TZ=1;TZString=Europe/Paris;Screen=1920x974','109.190.151.217','Mozilla/5.0 (Windows NT 6.3; WOW64) AppleWebKit/537.36 (KHTML, like Gecko) Chrome/55.0.2883.87 Safari/537.36',NULL),(98,'2016-12-29 15:19:08','USER_LOGIN',1,'2016-12-29 16:19:08',2,'(UserLogged,mmoreau) - TZ=1;TZString=Europe/Paris;Screen=1920x974','109.190.151.217','Mozilla/5.0 (Windows NT 6.3; WOW64) AppleWebKit/537.36 (KHTML, like Gecko) Chrome/55.0.2883.87 Safari/537.36',NULL),(99,'2016-12-30 10:31:39','USER_LOGIN',1,'2016-12-30 11:31:39',2,'(UserLogged,mmoreau) - TZ=1;TZString=Europe/Paris;Screen=1920x974','109.190.151.217','Mozilla/5.0 (Windows NT 6.3; WOW64) AppleWebKit/537.36 (KHTML, like Gecko) Chrome/55.0.2883.87 Safari/537.36',NULL),(100,'2017-01-03 12:27:35','USER_LOGIN',1,'2017-01-03 13:27:35',2,'(UserLogged,mmoreau) - TZ=1;TZString=Europe/Paris;Screen=1920x974','109.190.151.217','Mozilla/5.0 (Windows NT 6.3; WOW64) AppleWebKit/537.36 (KHTML, like Gecko) Chrome/55.0.2883.87 Safari/537.36',NULL),(101,'2017-01-04 10:46:04','USER_LOGIN',1,'2017-01-04 11:46:04',1,'(UserLogged,Nathalie) - TZ=1;TZString=Europe/Paris;Screen=1304x702','109.190.151.217','Mozilla/5.0 (Windows NT 6.3; WOW64) AppleWebKit/537.36 (KHTML, like Gecko) Chrome/55.0.2883.87 Safari/537.36',NULL),(102,'2017-01-04 13:39:42','USER_LOGIN',1,'2017-01-04 14:39:42',1,'(UserLogged,Nathalie) - TZ=1;TZString=Europe/Paris;Screen=1304x702','109.190.151.217','Mozilla/5.0 (Windows NT 6.3; WOW64) AppleWebKit/537.36 (KHTML, like Gecko) Chrome/55.0.2883.87 Safari/537.36',NULL),(103,'2017-01-05 07:34:49','USER_LOGIN_FAILED',1,'2017-01-05 08:34:49',NULL,'Identifiant ou mot de passe incorrect - login=mmoreau','109.190.151.217','Mozilla/5.0 (Windows NT 6.3; WOW64) AppleWebKit/537.36 (KHTML, like Gecko) Chrome/55.0.2883.87 Safari/537.36',NULL),(104,'2017-01-05 07:34:56','USER_LOGIN',1,'2017-01-05 08:34:56',2,'(UserLogged,mmoreau) - TZ=1;TZString=Europe/Paris;Screen=1920x974','109.190.151.217','Mozilla/5.0 (Windows NT 6.3; WOW64) AppleWebKit/537.36 (KHTML, like Gecko) Chrome/55.0.2883.87 Safari/537.36',NULL),(105,'2017-01-05 10:16:36','USER_LOGIN_FAILED',1,'2017-01-05 11:16:36',NULL,'Identifiant ou mot de passe incorrect - login=Nathalie','109.190.151.217','Mozilla/5.0 (Windows NT 10.0; Win64; x64) AppleWebKit/537.36 (KHTML, like Gecko) Chrome/55.0.2883.87 Safari/537.36',NULL),(106,'2017-01-05 10:16:55','USER_LOGIN',1,'2017-01-05 11:16:55',1,'(UserLogged,Nathalie) - TZ=1;TZString=Europe/Paris;Screen=809x897','109.190.151.217','Mozilla/5.0 (Windows NT 10.0; Win64; x64) AppleWebKit/537.36 (KHTML, like Gecko) Chrome/55.0.2883.87 Safari/537.36',NULL),(107,'2017-01-05 12:26:36','USER_LOGIN',1,'2017-01-05 13:26:36',1,'(UserLogged,Nathalie) - TZ=1;TZString=Europe/Paris;Screen=1680x944','109.190.151.217','Mozilla/5.0 (Windows NT 10.0; Win64; x64) AppleWebKit/537.36 (KHTML, like Gecko) Chrome/55.0.2883.87 Safari/537.36',NULL),(108,'2017-01-05 15:47:18','USER_LOGIN',1,'2017-01-05 16:47:18',2,'(UserLogged,mmoreau) - TZ=1;TZString=Europe/Paris;Screen=1920x974','109.190.151.217','Mozilla/5.0 (Windows NT 6.3; WOW64) AppleWebKit/537.36 (KHTML, like Gecko) Chrome/55.0.2883.87 Safari/537.36',NULL),(109,'2017-01-06 08:06:15','USER_LOGIN',1,'2017-01-06 09:06:15',1,'(UserLogged,Nathalie) - TZ=1;TZString=Europe/Paris;Screen=1020x635','109.190.151.217','Mozilla/5.0 (Windows NT 6.3; WOW64) AppleWebKit/537.36 (KHTML, like Gecko) Chrome/55.0.2883.87 Safari/537.36',NULL),(110,'2017-01-09 09:09:36','USER_LOGIN',1,'2017-01-09 10:09:36',1,'(UserLogged,Nathalie) - TZ=1;TZString=Europe/Paris;Screen=1618x984','109.190.151.217','Mozilla/5.0 (Windows NT 6.3; WOW64) AppleWebKit/537.36 (KHTML, like Gecko) Chrome/55.0.2883.87 Safari/537.36',NULL),(111,'2017-01-09 10:48:39','USER_LOGIN',1,'2017-01-09 11:48:39',1,'(UserLogged,Nathalie) - TZ=1;TZString=Europe/Paris;Screen=1618x984','109.190.151.217','Mozilla/5.0 (Windows NT 6.3; WOW64) AppleWebKit/537.36 (KHTML, like Gecko) Chrome/55.0.2883.87 Safari/537.36',NULL),(112,'2017-01-09 12:56:48','USER_LOGIN',1,'2017-01-09 13:56:48',1,'(UserLogged,Nathalie) - TZ=1;TZString=Europe/Paris;Screen=1618x984','109.190.151.217','Mozilla/5.0 (Windows NT 6.3; WOW64) AppleWebKit/537.36 (KHTML, like Gecko) Chrome/55.0.2883.87 Safari/537.36',NULL),(113,'2017-01-09 15:09:09','USER_LOGIN',1,'2017-01-09 16:09:09',1,'(UserLogged,Nathalie) - TZ=1;TZString=Europe/Paris;Screen=793x957','109.190.151.217','Mozilla/5.0 (Windows NT 6.3; WOW64) AppleWebKit/537.36 (KHTML, like Gecko) Chrome/55.0.2883.87 Safari/537.36',NULL),(114,'2017-01-10 08:31:06','USER_LOGIN',1,'2017-01-10 09:31:06',1,'(UserLogged,Nathalie) - TZ=1;TZString=Europe/Paris;Screen=1618x984','109.190.151.217','Mozilla/5.0 (Windows NT 6.3; WOW64) AppleWebKit/537.36 (KHTML, like Gecko) Chrome/55.0.2883.87 Safari/537.36',NULL),(115,'2017-01-10 10:42:41','USER_LOGIN',1,'2017-01-10 11:42:41',1,'(UserLogged,Nathalie) - TZ=1;TZString=Europe/Paris;Screen=1618x984','109.190.151.217','Mozilla/5.0 (Windows NT 6.3; WOW64) AppleWebKit/537.36 (KHTML, like Gecko) Chrome/55.0.2883.87 Safari/537.36',NULL),(116,'2017-01-10 13:31:41','USER_LOGIN',1,'2017-01-10 14:31:41',1,'(UserLogged,Nathalie) - TZ=1;TZString=Europe/Paris;Screen=1618x984','109.190.151.217','Mozilla/5.0 (Windows NT 6.3; WOW64) AppleWebKit/537.36 (KHTML, like Gecko) Chrome/55.0.2883.87 Safari/537.36',NULL),(117,'2017-01-12 08:16:26','USER_LOGIN',1,'2017-01-12 09:16:26',1,'(UserLogged,Nathalie) - TZ=1;TZString=Europe/Paris;Screen=1618x984','109.190.151.217','Mozilla/5.0 (Windows NT 6.3; WOW64) AppleWebKit/537.36 (KHTML, like Gecko) Chrome/55.0.2883.87 Safari/537.36',NULL),(118,'2017-01-12 09:53:24','USER_LOGIN',1,'2017-01-12 10:53:24',1,'(UserLogged,Nathalie) - TZ=1;TZString=Europe/Paris;Screen=1618x984','109.190.151.217','Mozilla/5.0 (Windows NT 6.3; WOW64) AppleWebKit/537.36 (KHTML, like Gecko) Chrome/55.0.2883.87 Safari/537.36',NULL),(119,'2017-01-12 12:44:43','USER_LOGIN',1,'2017-01-12 13:44:43',1,'(UserLogged,Nathalie) - TZ=1;TZString=Europe/Paris;Screen=1618x984','109.190.151.217','Mozilla/5.0 (Windows NT 6.3; WOW64) AppleWebKit/537.36 (KHTML, like Gecko) Chrome/55.0.2883.87 Safari/537.36',NULL),(120,'2017-01-12 15:56:15','USER_LOGIN',1,'2017-01-12 16:56:15',1,'(UserLogged,Nathalie) - TZ=1;TZString=Europe/Paris;Screen=1618x984','109.190.151.217','Mozilla/5.0 (Windows NT 6.3; WOW64) AppleWebKit/537.36 (KHTML, like Gecko) Chrome/55.0.2883.87 Safari/537.36',NULL),(121,'2017-01-12 16:17:57','USER_LOGIN',1,'2017-01-12 17:17:57',1,'(UserLogged,Nathalie) - TZ=1;TZString=Europe/Paris;Screen=1618x984','109.190.151.217','Mozilla/5.0 (Windows NT 6.3; WOW64) AppleWebKit/537.36 (KHTML, like Gecko) Chrome/55.0.2883.87 Safari/537.36',NULL),(122,'2017-01-13 09:54:12','USER_LOGIN',1,'2017-01-13 10:54:12',1,'(UserLogged,Nathalie) - TZ=1;TZString=Europe/Paris;Screen=1618x984','109.190.151.217','Mozilla/5.0 (Windows NT 6.3; WOW64) AppleWebKit/537.36 (KHTML, like Gecko) Chrome/55.0.2883.87 Safari/537.36',NULL),(123,'2017-01-13 10:41:47','USER_LOGIN',1,'2017-01-13 11:41:47',1,'(UserLogged,Nathalie) - TZ=1;TZString=Europe/Paris;Screen=1618x984','109.190.151.217','Mozilla/5.0 (Windows NT 6.3; WOW64) AppleWebKit/537.36 (KHTML, like Gecko) Chrome/55.0.2883.87 Safari/537.36',NULL),(124,'2017-01-13 15:25:58','USER_LOGIN',1,'2017-01-13 16:25:58',1,'(UserLogged,Nathalie) - TZ=1;TZString=Europe/Paris;Screen=1618x984','109.190.151.217','Mozilla/5.0 (Windows NT 6.3; WOW64) AppleWebKit/537.36 (KHTML, like Gecko) Chrome/55.0.2883.87 Safari/537.36',NULL),(125,'2017-01-16 16:48:47','USER_LOGIN',1,'2017-01-16 17:48:47',1,'(UserLogged,Nathalie) - TZ=1;TZString=Europe/Paris;Screen=1618x984','109.190.151.217','Mozilla/5.0 (Windows NT 6.3; WOW64) AppleWebKit/537.36 (KHTML, like Gecko) Chrome/55.0.2883.87 Safari/537.36',NULL),(126,'2017-01-16 16:54:30','USER_LOGIN',1,'2017-01-16 17:54:30',1,'(UserLogged,Nathalie) - TZ=1;TZString=Europe/Paris;Screen=1618x984','109.190.151.217','Mozilla/5.0 (Windows NT 6.3; WOW64) AppleWebKit/537.36 (KHTML, like Gecko) Chrome/55.0.2883.87 Safari/537.36',NULL),(127,'2017-01-17 08:13:13','USER_LOGIN',1,'2017-01-17 09:13:13',1,'(UserLogged,Nathalie) - TZ=1;TZString=Europe/Paris;Screen=1618x984','109.190.151.217','Mozilla/5.0 (Windows NT 6.3; WOW64) AppleWebKit/537.36 (KHTML, like Gecko) Chrome/55.0.2883.87 Safari/537.36',NULL),(128,'2017-01-17 08:15:30','USER_LOGIN',1,'2017-01-17 09:15:30',1,'(UserLogged,Nathalie) - TZ=1;TZString=Europe/Paris;Screen=1618x984','109.190.151.217','Mozilla/5.0 (Windows NT 6.3; WOW64) AppleWebKit/537.36 (KHTML, like Gecko) Chrome/55.0.2883.87 Safari/537.36',NULL),(129,'2017-01-17 10:36:11','USER_LOGIN',1,'2017-01-17 11:36:11',2,'(UserLogged,mmoreau) - TZ=1;TZString=Europe/Paris;Screen=1920x974','109.190.151.217','Mozilla/5.0 (Windows NT 6.3; WOW64) AppleWebKit/537.36 (KHTML, like Gecko) Chrome/55.0.2883.87 Safari/537.36',NULL),(130,'2017-01-17 12:54:36','USER_LOGIN',1,'2017-01-17 13:54:36',1,'(UserLogged,Nathalie) - TZ=1;TZString=Europe/Paris;Screen=1618x984','109.190.151.217','Mozilla/5.0 (Windows NT 6.3; WOW64) AppleWebKit/537.36 (KHTML, like Gecko) Chrome/55.0.2883.87 Safari/537.36',NULL),(131,'2017-01-17 14:58:47','USER_LOGIN',1,'2017-01-17 15:58:47',2,'(UserLogged,mmoreau) - TZ=1;TZString=Europe/Paris;Screen=1920x974','109.190.151.217','Mozilla/5.0 (Windows NT 6.3; WOW64) AppleWebKit/537.36 (KHTML, like Gecko) Chrome/55.0.2883.87 Safari/537.36',NULL),(132,'2017-01-17 17:04:08','USER_LOGIN',1,'2017-01-17 18:04:08',1,'(UserLogged,Nathalie) - TZ=1;TZString=Europe/Paris;Screen=1618x984','109.190.151.217','Mozilla/5.0 (Windows NT 6.3; WOW64) AppleWebKit/537.36 (KHTML, like Gecko) Chrome/55.0.2883.87 Safari/537.36',NULL),(133,'2017-01-18 08:18:48','USER_LOGIN',1,'2017-01-18 09:18:48',1,'(UserLogged,Nathalie) - TZ=1;TZString=Europe/Paris;Screen=1858x1014','109.190.151.217','Mozilla/5.0 (Windows NT 6.3; WOW64) AppleWebKit/537.36 (KHTML, like Gecko) Chrome/55.0.2883.87 Safari/537.36',NULL),(134,'2017-01-18 12:50:06','USER_LOGIN',1,'2017-01-18 13:50:06',1,'(UserLogged,Nathalie) - TZ=1;TZString=Europe/Paris;Screen=1858x1014','109.190.151.217','Mozilla/5.0 (Windows NT 6.3; WOW64) AppleWebKit/537.36 (KHTML, like Gecko) Chrome/55.0.2883.87 Safari/537.36',NULL),(135,'2017-01-18 15:50:13','USER_LOGIN',1,'2017-01-18 16:50:13',1,'(UserLogged,Nathalie) - TZ=1;TZString=Europe/Paris;Screen=1858x1014','109.190.151.217','Mozilla/5.0 (Windows NT 6.3; WOW64) AppleWebKit/537.36 (KHTML, like Gecko) Chrome/55.0.2883.87 Safari/537.36',NULL),(136,'2017-01-19 08:06:25','USER_LOGIN',1,'2017-01-19 09:06:25',1,'(UserLogged,Nathalie) - TZ=1;TZString=Europe/Paris;Screen=1618x984','109.190.151.217','Mozilla/5.0 (Windows NT 6.3; WOW64) AppleWebKit/537.36 (KHTML, like Gecko) Chrome/55.0.2883.87 Safari/537.36',NULL),(137,'2017-01-19 14:24:40','USER_LOGIN',1,'2017-01-19 15:24:40',1,'(UserLogged,Nathalie) - TZ=1;TZString=Europe/Paris;Screen=1618x984','109.190.151.217','Mozilla/5.0 (Windows NT 6.3; WOW64) AppleWebKit/537.36 (KHTML, like Gecko) Chrome/55.0.2883.87 Safari/537.36',NULL),(138,'2017-01-20 09:32:43','USER_LOGIN',1,'2017-01-20 10:32:43',2,'(UserLogged,mmoreau) - TZ=1;TZString=Europe/Paris;Screen=1920x974','109.190.151.217','Mozilla/5.0 (Windows NT 6.3; WOW64) AppleWebKit/537.36 (KHTML, like Gecko) Chrome/55.0.2883.87 Safari/537.36',NULL),(139,'2017-01-20 09:35:01','USER_LOGIN',1,'2017-01-20 10:35:01',1,'(UserLogged,Nathalie) - TZ=1;TZString=Europe/Paris;Screen=1020x957','109.190.151.217','Mozilla/5.0 (Windows NT 6.3; WOW64) AppleWebKit/537.36 (KHTML, like Gecko) Chrome/55.0.2883.87 Safari/537.36',NULL),(140,'2017-01-20 15:02:23','USER_LOGIN',1,'2017-01-20 16:02:23',1,'(UserLogged,Nathalie) - TZ=1;TZString=Europe/Paris;Screen=1618x984','109.190.151.217','Mozilla/5.0 (Windows NT 6.3; WOW64) AppleWebKit/537.36 (KHTML, like Gecko) Chrome/55.0.2883.87 Safari/537.36',NULL),(141,'2017-01-23 08:49:17','USER_LOGIN',1,'2017-01-23 09:49:17',2,'(UserLogged,mmoreau) - TZ=1;TZString=Europe/Paris;Screen=1920x974','109.190.151.217','Mozilla/5.0 (Windows NT 6.3; WOW64) AppleWebKit/537.36 (KHTML, like Gecko) Chrome/55.0.2883.87 Safari/537.36',NULL),(142,'2017-01-23 08:50:02','USER_LOGIN',1,'2017-01-23 09:50:02',2,'(UserLogged,mmoreau) - TZ=1;TZString=Europe/Paris;Screen=1920x974','109.190.151.217','Mozilla/5.0 (Windows NT 6.3; WOW64) AppleWebKit/537.36 (KHTML, like Gecko) Chrome/55.0.2883.87 Safari/537.36',NULL),(143,'2017-01-23 09:31:10','USER_LOGIN',1,'2017-01-23 10:31:10',1,'(UserLogged,Nathalie) - TZ=1;TZString=Europe/Paris;Screen=1618x984','109.190.151.217','Mozilla/5.0 (Windows NT 6.3; WOW64) AppleWebKit/537.36 (KHTML, like Gecko) Chrome/55.0.2883.87 Safari/537.36',NULL),(144,'2017-01-23 13:24:50','USER_LOGIN',1,'2017-01-23 14:24:50',1,'(UserLogged,Nathalie) - TZ=1;TZString=Europe/Paris;Screen=1618x935','109.190.151.217','Mozilla/5.0 (Windows NT 6.3; WOW64) AppleWebKit/537.36 (KHTML, like Gecko) Chrome/55.0.2883.87 Safari/537.36',NULL),(145,'2017-01-23 14:52:30','USER_LOGIN',1,'2017-01-23 15:52:30',1,'(UserLogged,Nathalie) - TZ=1;TZString=Europe/Paris;Screen=1618x935','109.190.151.217','Mozilla/5.0 (Windows NT 6.3; WOW64) AppleWebKit/537.36 (KHTML, like Gecko) Chrome/55.0.2883.87 Safari/537.36',NULL),(146,'2017-01-23 15:57:44','USER_LOGIN',1,'2017-01-23 16:57:44',2,'(UserLogged,mmoreau) - TZ=1;TZString=Europe/Paris;Screen=1920x974','109.190.151.217','Mozilla/5.0 (Windows NT 6.3; WOW64) AppleWebKit/537.36 (KHTML, like Gecko) Chrome/55.0.2883.87 Safari/537.36',NULL),(147,'2017-01-23 16:41:52','USER_LOGIN',1,'2017-01-23 17:41:52',1,'(UserLogged,Nathalie) - TZ=1;TZString=Europe/Paris;Screen=1618x935','109.190.151.217','Mozilla/5.0 (Windows NT 6.3; WOW64) AppleWebKit/537.36 (KHTML, like Gecko) Chrome/55.0.2883.87 Safari/537.36',NULL),(148,'2017-01-24 07:24:56','USER_LOGIN',1,'2017-01-24 08:24:56',2,'(UserLogged,mmoreau) - TZ=1;TZString=Europe/Paris;Screen=1920x974','109.190.151.217','Mozilla/5.0 (Windows NT 6.3; WOW64) AppleWebKit/537.36 (KHTML, like Gecko) Chrome/55.0.2883.87 Safari/537.36',NULL),(149,'2017-01-24 07:39:36','USER_LOGIN',1,'2017-01-24 08:39:36',2,'(UserLogged,mmoreau) - TZ=1;TZString=Europe/Paris;Screen=1920x974','109.190.151.217','Mozilla/5.0 (Windows NT 6.3; WOW64) AppleWebKit/537.36 (KHTML, like Gecko) Chrome/55.0.2883.87 Safari/537.36',NULL),(150,'2017-01-24 08:36:06','USER_LOGIN',1,'2017-01-24 09:36:06',1,'(UserLogged,Nathalie) - TZ=1;TZString=Europe/Paris;Screen=1618x984','109.190.151.217','Mozilla/5.0 (Windows NT 6.3; WOW64) AppleWebKit/537.36 (KHTML, like Gecko) Chrome/55.0.2883.87 Safari/537.36',NULL),(151,'2017-01-24 14:47:44','USER_LOGIN',1,'2017-01-24 15:47:44',1,'(UserLogged,Nathalie) - TZ=1;TZString=Europe/Paris;Screen=1618x984','109.190.151.217','Mozilla/5.0 (Windows NT 6.3; WOW64) AppleWebKit/537.36 (KHTML, like Gecko) Chrome/55.0.2883.87 Safari/537.36',NULL),(152,'2017-01-25 14:57:46','USER_LOGIN',1,'2017-01-25 15:57:46',1,'(UserLogged,Nathalie) - TZ=1;TZString=Europe/Paris;Screen=1618x984','109.190.151.217','Mozilla/5.0 (Windows NT 6.3; WOW64) AppleWebKit/537.36 (KHTML, like Gecko) Chrome/55.0.2883.87 Safari/537.36',NULL),(153,'2017-01-25 15:02:50','USER_LOGIN',1,'2017-01-25 16:02:50',1,'(UserLogged,Nathalie) - TZ=1;TZString=Europe/Paris;Screen=1618x984','109.190.151.217','Mozilla/5.0 (Windows NT 6.3; WOW64) AppleWebKit/537.36 (KHTML, like Gecko) Chrome/55.0.2883.87 Safari/537.36',NULL),(154,'2017-01-31 08:12:47','USER_LOGIN',1,'2017-01-31 09:12:47',1,'(UserLogged,Nathalie) - TZ=1;TZString=Europe/Paris;Screen=1618x984','109.190.151.217','Mozilla/5.0 (Windows NT 6.3; WOW64) AppleWebKit/537.36 (KHTML, like Gecko) Chrome/55.0.2883.87 Safari/537.36',NULL),(155,'2017-01-31 08:31:55','USER_LOGIN',1,'2017-01-31 09:31:55',2,'(UserLogged,mmoreau) - TZ=1;TZString=Europe/Paris;Screen=1920x974','109.190.151.217','Mozilla/5.0 (Windows NT 6.3; WOW64) AppleWebKit/537.36 (KHTML, like Gecko) Chrome/55.0.2883.87 Safari/537.36',NULL),(156,'2017-01-31 13:50:11','USER_LOGIN',1,'2017-01-31 14:50:11',2,'(UserLogged,mmoreau) - TZ=1;TZString=Europe/Paris;Screen=1920x974','109.190.151.217','Mozilla/5.0 (Windows NT 6.3; WOW64) AppleWebKit/537.36 (KHTML, like Gecko) Chrome/55.0.2883.87 Safari/537.36',NULL),(157,'2017-02-02 08:57:39','USER_LOGIN',1,'2017-02-02 09:57:39',2,'(UserLogged,mmoreau) - TZ=1;TZString=Europe/Paris;Screen=1920x974','109.190.151.217','Mozilla/5.0 (Windows NT 6.3; WOW64) AppleWebKit/537.36 (KHTML, like Gecko) Chrome/55.0.2883.87 Safari/537.36',NULL),(158,'2017-02-02 09:34:59','USER_LOGIN',1,'2017-02-02 10:34:59',2,'(UserLogged,mmoreau) - TZ=1;TZString=Europe/Paris;Screen=1920x974','109.190.151.217','Mozilla/5.0 (Windows NT 6.3; WOW64) AppleWebKit/537.36 (KHTML, like Gecko) Chrome/55.0.2883.87 Safari/537.36',NULL),(159,'2017-02-02 13:56:44','USER_LOGIN',1,'2017-02-02 14:56:44',2,'(UserLogged,mmoreau) - TZ=1;TZString=Europe/Paris;Screen=1920x974','109.190.151.217','Mozilla/5.0 (Windows NT 6.3; WOW64) AppleWebKit/537.36 (KHTML, like Gecko) Chrome/55.0.2883.87 Safari/537.36',NULL),(160,'2017-02-06 14:56:01','USER_LOGIN',1,'2017-02-06 15:56:01',1,'(UserLogged,Nathalie) - TZ=1;TZString=Europe/Paris;Screen=1618x984','109.190.151.217','Mozilla/5.0 (Windows NT 6.3; WOW64) AppleWebKit/537.36 (KHTML, like Gecko) Chrome/55.0.2883.87 Safari/537.36',NULL),(161,'2017-02-09 13:07:24','USER_LOGIN',1,'2017-02-09 14:07:24',2,'(UserLogged,mmoreau) - TZ=1;TZString=Europe/Paris;Screen=1920x974','109.190.151.217','Mozilla/5.0 (Windows NT 6.3; WOW64) AppleWebKit/537.36 (KHTML, like Gecko) Chrome/56.0.2924.87 Safari/537.36',NULL),(162,'2017-02-09 14:14:00','USER_LOGIN',1,'2017-02-09 15:14:00',1,'(UserLogged,Nathalie) - TZ=1;TZString=Europe/Paris;Screen=1618x984','109.190.151.217','Mozilla/5.0 (Windows NT 6.3; WOW64) AppleWebKit/537.36 (KHTML, like Gecko) Chrome/56.0.2924.87 Safari/537.36',NULL),(163,'2017-02-09 16:23:15','USER_LOGIN',1,'2017-02-09 17:23:15',1,'(UserLogged,Nathalie) - TZ=1;TZString=Europe/Paris;Screen=1618x984','109.190.151.217','Mozilla/5.0 (Windows NT 6.3; WOW64) AppleWebKit/537.36 (KHTML, like Gecko) Chrome/56.0.2924.87 Safari/537.36',NULL),(164,'2017-02-10 09:59:53','USER_LOGIN',1,'2017-02-10 10:59:53',1,'(UserLogged,Nathalie) - TZ=1;TZString=Europe/Paris;Screen=1618x984','109.190.151.217','Mozilla/5.0 (Windows NT 6.3; WOW64) AppleWebKit/537.36 (KHTML, like Gecko) Chrome/56.0.2924.87 Safari/537.36',NULL),(165,'2017-02-14 10:36:11','USER_LOGIN',1,'2017-02-14 11:36:11',1,'(UserLogged,Nathalie) - TZ=1;TZString=Europe/Paris;Screen=1618x984','109.190.151.217','Mozilla/5.0 (Windows NT 6.3; WOW64) AppleWebKit/537.36 (KHTML, like Gecko) Chrome/56.0.2924.87 Safari/537.36',NULL),(166,'2017-02-14 12:04:59','USER_LOGIN',1,'2017-02-14 13:04:59',2,'(UserLogged,mmoreau) - TZ=1;TZString=Europe/Paris;Screen=1920x974','109.190.151.217','Mozilla/5.0 (Windows NT 6.3; WOW64) AppleWebKit/537.36 (KHTML, like Gecko) Chrome/56.0.2924.87 Safari/537.36',NULL),(167,'2017-02-14 13:35:29','USER_LOGIN',1,'2017-02-14 14:35:29',1,'(UserLogged,Nathalie) - TZ=1;TZString=Europe/Paris;Screen=1618x984','109.190.151.217','Mozilla/5.0 (Windows NT 6.3; WOW64) AppleWebKit/537.36 (KHTML, like Gecko) Chrome/56.0.2924.87 Safari/537.36',NULL),(168,'2017-02-14 14:05:30','USER_LOGIN',1,'2017-02-14 15:05:30',2,'(UserLogged,mmoreau) - TZ=1;TZString=Europe/Paris;Screen=1920x974','109.190.151.217','Mozilla/5.0 (Windows NT 6.3; WOW64) AppleWebKit/537.36 (KHTML, like Gecko) Chrome/56.0.2924.87 Safari/537.36',NULL),(169,'2017-02-15 09:59:16','USER_LOGIN',1,'2017-02-15 10:59:16',1,'(UserLogged,Nathalie) - TZ=1;TZString=Europe/Paris;Screen=1618x935','109.190.151.217','Mozilla/5.0 (Windows NT 6.3; WOW64) AppleWebKit/537.36 (KHTML, like Gecko) Chrome/56.0.2924.87 Safari/537.36',NULL),(170,'2017-02-15 13:17:26','USER_LOGIN',1,'2017-02-15 14:17:26',1,'(UserLogged,Nathalie) - TZ=1;TZString=Europe/Paris;Screen=1618x935','109.190.151.217','Mozilla/5.0 (Windows NT 6.3; WOW64) AppleWebKit/537.36 (KHTML, like Gecko) Chrome/56.0.2924.87 Safari/537.36',NULL),(171,'2017-02-16 07:35:40','USER_LOGIN',1,'2017-02-16 08:35:40',2,'(UserLogged,mmoreau) - TZ=1;TZString=Europe/Paris;Screen=1920x974','109.190.151.217','Mozilla/5.0 (Windows NT 6.3; WOW64) AppleWebKit/537.36 (KHTML, like Gecko) Chrome/56.0.2924.87 Safari/537.36',NULL),(172,'2017-02-16 13:05:08','USER_LOGIN',1,'2017-02-16 14:05:08',1,'(UserLogged,Nathalie) - TZ=1;TZString=Europe/Paris;Screen=1618x935','109.190.151.217','Mozilla/5.0 (Windows NT 6.3; WOW64) AppleWebKit/537.36 (KHTML, like Gecko) Chrome/56.0.2924.87 Safari/537.36',NULL),(173,'2017-02-17 07:52:17','USER_LOGIN',1,'2017-02-17 08:52:17',2,'(UserLogged,mmoreau) - TZ=1;TZString=Europe/Paris;Screen=1920x974','109.190.151.217','Mozilla/5.0 (Windows NT 6.3; WOW64) AppleWebKit/537.36 (KHTML, like Gecko) Chrome/56.0.2924.87 Safari/537.36',NULL),(174,'2017-02-17 07:56:29','USER_LOGIN',1,'2017-02-17 08:56:29',2,'(UserLogged,mmoreau) - TZ=1;TZString=Europe/Paris;Screen=1920x974','109.190.151.217','Mozilla/5.0 (Windows NT 6.3; WOW64) AppleWebKit/537.36 (KHTML, like Gecko) Chrome/56.0.2924.87 Safari/537.36',NULL),(175,'2017-02-17 08:00:57','USER_LOGIN',1,'2017-02-17 09:00:57',2,'(UserLogged,mmoreau) - TZ=1;TZString=Europe/Paris;Screen=1920x974','109.190.151.217','Mozilla/5.0 (Windows NT 6.3; WOW64) AppleWebKit/537.36 (KHTML, like Gecko) Chrome/56.0.2924.87 Safari/537.36',NULL),(176,'2017-02-17 09:17:00','USER_LOGIN',1,'2017-02-17 10:17:00',2,'(UserLogged,mmoreau) - TZ=1;TZString=Europe/Paris;Screen=1920x974','109.190.151.217','Mozilla/5.0 (Windows NT 6.3; WOW64) AppleWebKit/537.36 (KHTML, like Gecko) Chrome/56.0.2924.87 Safari/537.36',NULL),(177,'2017-02-17 10:57:33','USER_LOGIN',1,'2017-02-17 11:57:33',2,'(UserLogged,mmoreau) - TZ=1;TZString=Europe/Paris;Screen=1920x974','109.190.151.217','Mozilla/5.0 (Windows NT 6.3; WOW64) AppleWebKit/537.36 (KHTML, like Gecko) Chrome/56.0.2924.87 Safari/537.36',NULL),(178,'2017-02-17 13:54:31','USER_LOGIN',1,'2017-02-17 14:54:31',1,'(UserLogged,Nathalie) - TZ=1;TZString=Europe/Paris;Screen=1618x984','109.190.151.217','Mozilla/5.0 (Windows NT 6.3; WOW64) AppleWebKit/537.36 (KHTML, like Gecko) Chrome/56.0.2924.87 Safari/537.36',NULL),(179,'2017-02-17 15:25:16','USER_LOGIN',1,'2017-02-17 16:25:16',1,'(UserLogged,Nathalie) - TZ=1;TZString=Europe/Paris;Screen=1618x984','109.190.151.217','Mozilla/5.0 (Windows NT 6.3; WOW64) AppleWebKit/537.36 (KHTML, like Gecko) Chrome/56.0.2924.87 Safari/537.36',NULL),(180,'2017-02-17 15:28:15','USER_LOGIN',1,'2017-02-17 16:28:15',1,'(UserLogged,Nathalie) - TZ=1;TZString=Europe/Paris;Screen=1618x984','109.190.151.217','Mozilla/5.0 (Windows NT 6.3; WOW64) AppleWebKit/537.36 (KHTML, like Gecko) Chrome/56.0.2924.87 Safari/537.36',NULL),(181,'2017-02-20 07:35:23','USER_LOGIN',1,'2017-02-20 08:35:23',2,'(UserLogged,mmoreau) - TZ=1;TZString=Europe/Paris;Screen=1920x974','109.190.151.217','Mozilla/5.0 (Windows NT 6.3; WOW64) AppleWebKit/537.36 (KHTML, like Gecko) Chrome/56.0.2924.87 Safari/537.36',NULL),(182,'2017-02-20 07:59:32','USER_LOGIN',1,'2017-02-20 08:59:32',2,'(UserLogged,mmoreau) - TZ=1;TZString=Europe/Paris;Screen=1920x974','109.190.151.217','Mozilla/5.0 (Windows NT 6.3; WOW64) AppleWebKit/537.36 (KHTML, like Gecko) Chrome/56.0.2924.87 Safari/537.36',NULL),(183,'2017-02-20 08:04:06','USER_LOGIN',1,'2017-02-20 09:04:06',2,'(UserLogged,mmoreau) - TZ=1;TZString=Europe/Paris;Screen=1920x974','109.190.151.217','Mozilla/5.0 (Windows NT 6.3; WOW64) AppleWebKit/537.36 (KHTML, like Gecko) Chrome/56.0.2924.87 Safari/537.36',NULL),(184,'2017-02-20 14:13:30','USER_LOGIN',1,'2017-02-20 15:13:30',1,'(UserLogged,Nathalie) - TZ=1;TZString=Europe/Paris;Screen=1618x984','109.190.151.217','Mozilla/5.0 (Windows NT 6.3; WOW64) AppleWebKit/537.36 (KHTML, like Gecko) Chrome/56.0.2924.87 Safari/537.36',NULL),(185,'2017-02-21 09:50:04','USER_LOGIN',1,'2017-02-21 10:50:04',1,'(UserLogged,Nathalie) - TZ=1;TZString=Europe/Paris;Screen=1618x984','109.190.151.217','Mozilla/5.0 (Windows NT 6.3; WOW64) AppleWebKit/537.36 (KHTML, like Gecko) Chrome/56.0.2924.87 Safari/537.36',NULL),(186,'2017-02-28 09:06:42','USER_LOGIN',1,'2017-02-28 10:06:42',2,'(UserLogged,mmoreau) - TZ=1;TZString=Europe/Paris;Screen=1920x974','109.190.151.217','Mozilla/5.0 (Windows NT 6.3; WOW64) AppleWebKit/537.36 (KHTML, like Gecko) Chrome/56.0.2924.87 Safari/537.36',NULL),(187,'2017-02-28 12:13:33','USER_LOGIN',1,'2017-02-28 13:13:33',2,'(UserLogged,mmoreau) - TZ=1;TZString=Europe/Paris;Screen=1920x974','109.190.151.217','Mozilla/5.0 (Windows NT 6.3; WOW64) AppleWebKit/537.36 (KHTML, like Gecko) Chrome/56.0.2924.87 Safari/537.36',NULL),(188,'2017-02-28 12:22:41','USER_LOGIN',1,'2017-02-28 13:22:41',2,'(UserLogged,mmoreau) - TZ=1;TZString=Europe/Paris;Screen=1920x974','109.190.151.217','Mozilla/5.0 (Windows NT 6.3; WOW64) AppleWebKit/537.36 (KHTML, like Gecko) Chrome/56.0.2924.87 Safari/537.36',NULL),(189,'2017-02-28 12:39:22','USER_LOGIN',1,'2017-02-28 13:39:22',1,'(UserLogged,Nathalie) - TZ=1;TZString=Europe/Paris;Screen=1618x984','109.190.151.217','Mozilla/5.0 (Windows NT 6.3; WOW64) AppleWebKit/537.36 (KHTML, like Gecko) Chrome/56.0.2924.87 Safari/537.36',NULL),(190,'2017-02-28 15:05:11','USER_LOGIN',1,'2017-02-28 16:05:11',2,'(UserLogged,mmoreau) - TZ=1;TZString=Europe/Paris;Screen=1920x974','109.190.151.217','Mozilla/5.0 (Windows NT 6.3; WOW64) AppleWebKit/537.36 (KHTML, like Gecko) Chrome/56.0.2924.87 Safari/537.36',NULL),(191,'2017-03-01 08:46:09','USER_LOGIN',1,'2017-03-01 09:46:09',1,'(UserLogged,Nathalie) - TZ=1;TZString=Europe/Paris;Screen=1858x1014','109.190.151.217','Mozilla/5.0 (Windows NT 6.3; WOW64) AppleWebKit/537.36 (KHTML, like Gecko) Chrome/56.0.2924.87 Safari/537.36',NULL),(192,'2017-03-03 09:21:40','USER_LOGIN',1,'2017-03-03 10:21:40',2,'(UserLogged,mmoreau) - TZ=1;TZString=Europe/Paris;Screen=1920x974','109.190.151.217','Mozilla/5.0 (Windows NT 6.3; WOW64) AppleWebKit/537.36 (KHTML, like Gecko) Chrome/56.0.2924.87 Safari/537.36',NULL),(193,'2017-03-03 13:23:19','USER_LOGIN',1,'2017-03-03 14:23:19',1,'(UserLogged,Nathalie) - TZ=1;TZString=Europe/Paris;Screen=1618x984','109.190.151.217','Mozilla/5.0 (Windows NT 6.3; WOW64) AppleWebKit/537.36 (KHTML, like Gecko) Chrome/56.0.2924.87 Safari/537.36',NULL),(194,'2017-03-08 06:16:51','USER_LOGIN',1,'2017-03-08 07:16:51',1,'(UserLogged,Nathalie) - TZ=1;TZString=Europe/Berlin;Screen=360x560','80.250.10.250','Mozilla/5.0 (Linux; Android 6.0.1; SM-A300FU Build/MMB29M) AppleWebKit/537.36 (KHTML, like Gecko) Chrome/56.0.2924.87 Mobile Safari/537.36',NULL),(195,'2017-03-09 13:04:05','USER_LOGIN',1,'2017-03-09 14:04:05',1,'(UserLogged,Nathalie) - TZ=1;TZString=Europe/Paris;Screen=1618x982','109.190.151.217','Mozilla/5.0 (Windows NT 6.3; WOW64) AppleWebKit/537.36 (KHTML, like Gecko) Chrome/56.0.2924.87 Safari/537.36',NULL),(196,'2017-03-10 10:13:21','USER_LOGIN',1,'2017-03-10 11:13:21',1,'(UserLogged,Nathalie) - TZ=1;TZString=Europe/Paris;Screen=1618x984','109.190.151.217','Mozilla/5.0 (Windows NT 6.3; WOW64) AppleWebKit/537.36 (KHTML, like Gecko) Chrome/56.0.2924.87 Safari/537.36',NULL),(197,'2017-03-10 13:57:36','USER_LOGIN',1,'2017-03-10 14:57:36',1,'(UserLogged,Nathalie) - TZ=1;TZString=Europe/Paris;Screen=1618x982','109.190.151.217','Mozilla/5.0 (Windows NT 6.3; WOW64) AppleWebKit/537.36 (KHTML, like Gecko) Chrome/56.0.2924.87 Safari/537.36',NULL),(198,'2017-03-13 09:09:46','USER_LOGIN',1,'2017-03-13 10:09:46',2,'(UserLogged,mmoreau) - TZ=1;TZString=Europe/Paris;Screen=1920x974','109.190.151.217','Mozilla/5.0 (Windows NT 6.3; WOW64) AppleWebKit/537.36 (KHTML, like Gecko) Chrome/56.0.2924.87 Safari/537.36',NULL),(199,'2017-03-13 16:14:09','USER_LOGIN',1,'2017-03-13 17:14:09',1,'(UserLogged,Nathalie) - TZ=1;TZString=Europe/Paris;Screen=1618x935','109.190.151.217','Mozilla/5.0 (Windows NT 6.3; WOW64) AppleWebKit/537.36 (KHTML, like Gecko) Chrome/56.0.2924.87 Safari/537.36',NULL),(200,'2017-03-14 07:55:27','USER_LOGIN',1,'2017-03-14 08:55:27',1,'(UserLogged,Nathalie) - TZ=1;TZString=Europe/Paris;Screen=1618x982','109.190.151.217','Mozilla/5.0 (Windows NT 6.3; WOW64) AppleWebKit/537.36 (KHTML, like Gecko) Chrome/56.0.2924.87 Safari/537.36',NULL),(201,'2017-03-14 12:55:48','USER_LOGIN',1,'2017-03-14 13:55:48',1,'(UserLogged,Nathalie) - TZ=1;TZString=Europe/Paris;Screen=1618x984','109.190.151.217','Mozilla/5.0 (Windows NT 6.3; WOW64) AppleWebKit/537.36 (KHTML, like Gecko) Chrome/56.0.2924.87 Safari/537.36',NULL),(202,'2017-03-15 08:57:24','USER_LOGIN',1,'2017-03-15 09:57:24',1,'(UserLogged,Nathalie) - TZ=1;TZString=Europe/Paris;Screen=1618x982','109.190.151.217','Mozilla/5.0 (Windows NT 6.3; WOW64) AppleWebKit/537.36 (KHTML, like Gecko) Chrome/56.0.2924.87 Safari/537.36',NULL),(203,'2017-03-15 13:15:17','USER_LOGIN',1,'2017-03-15 14:15:17',1,'(UserLogged,Nathalie) - TZ=1;TZString=Europe/Paris;Screen=1618x984','109.190.151.217','Mozilla/5.0 (Windows NT 6.3; WOW64) AppleWebKit/537.36 (KHTML, like Gecko) Chrome/56.0.2924.87 Safari/537.36',NULL),(204,'2017-03-16 08:00:51','USER_LOGIN_FAILED',1,'2017-03-16 09:00:51',NULL,'Identifiant ou mot de passe incorrect - login=mmoreau','109.190.151.217','Mozilla/5.0 (Windows NT 6.3; WOW64) AppleWebKit/537.36 (KHTML, like Gecko) Chrome/56.0.2924.87 Safari/537.36',NULL),(205,'2017-03-16 08:01:04','USER_LOGIN',1,'2017-03-16 09:01:04',2,'(UserLogged,mmoreau) - TZ=1;TZString=Europe/Paris;Screen=1920x974','109.190.151.217','Mozilla/5.0 (Windows NT 6.3; WOW64) AppleWebKit/537.36 (KHTML, like Gecko) Chrome/56.0.2924.87 Safari/537.36',NULL),(206,'2017-03-16 08:31:12','USER_LOGIN',1,'2017-03-16 09:31:12',1,'(UserLogged,Nathalie) - TZ=1;TZString=Europe/Paris;Screen=1618x982','109.190.151.217','Mozilla/5.0 (Windows NT 6.3; WOW64) AppleWebKit/537.36 (KHTML, like Gecko) Chrome/56.0.2924.87 Safari/537.36',NULL),(207,'2017-03-16 10:17:31','USER_LOGIN',1,'2017-03-16 11:17:31',1,'(UserLogged,Nathalie) - TZ=1;TZString=Europe/Berlin;Screen=360x560','109.190.151.217','Mozilla/5.0 (Linux; Android 6.0.1; SM-A300FU Build/MMB29M) AppleWebKit/537.36 (KHTML, like Gecko) Chrome/56.0.2924.87 Mobile Safari/537.36',NULL),(208,'2017-03-16 10:20:14','USER_LOGIN',1,'2017-03-16 11:20:14',1,'(UserLogged,Nathalie) - TZ=1;TZString=Europe/Berlin;Screen=360x560','109.190.151.217','Mozilla/5.0 (Linux; Android 6.0.1; SM-A300FU Build/MMB29M) AppleWebKit/537.36 (KHTML, like Gecko) Chrome/56.0.2924.87 Mobile Safari/537.36',NULL),(209,'2017-03-16 13:29:01','USER_LOGIN',1,'2017-03-16 14:29:01',1,'(UserLogged,Nathalie) - TZ=1;TZString=Europe/Paris;Screen=1618x984','109.190.151.217','Mozilla/5.0 (Windows NT 6.3; WOW64) AppleWebKit/537.36 (KHTML, like Gecko) Chrome/56.0.2924.87 Safari/537.36',NULL),(210,'2017-03-17 14:52:57','USER_LOGIN',1,'2017-03-17 15:52:57',1,'(UserLogged,Nathalie) - TZ=1;TZString=Europe/Paris;Screen=1618x982','109.190.151.217','Mozilla/5.0 (Windows NT 6.3; WOW64) AppleWebKit/537.36 (KHTML, like Gecko) Chrome/56.0.2924.87 Safari/537.36',NULL),(211,'2017-03-21 09:43:46','USER_LOGIN',1,'2017-03-21 10:43:46',1,'(UserLogged,Nathalie) - TZ=1;TZString=Europe/Paris;Screen=1618x984','109.190.151.217','Mozilla/5.0 (Windows NT 6.3; WOW64) AppleWebKit/537.36 (KHTML, like Gecko) Chrome/57.0.2987.110 Safari/537.36',NULL),(212,'2017-03-21 15:52:38','USER_LOGIN',1,'2017-03-21 16:52:38',2,'(UserLogged,mmoreau) - TZ=1;TZString=Europe/Paris;Screen=1920x974','109.190.151.217','Mozilla/5.0 (Windows NT 6.3; WOW64) AppleWebKit/537.36 (KHTML, like Gecko) Chrome/57.0.2987.110 Safari/537.36',NULL),(213,'2017-03-22 10:52:15','USER_LOGIN',1,'2017-03-22 11:52:15',1,'(UserLogged,Nathalie) - TZ=1;TZString=Europe/Paris;Screen=1618x982','109.190.151.217','Mozilla/5.0 (Windows NT 6.3; WOW64) AppleWebKit/537.36 (KHTML, like Gecko) Chrome/57.0.2987.110 Safari/537.36',NULL),(214,'2017-03-22 13:51:43','USER_LOGIN',1,'2017-03-22 14:51:43',1,'(UserLogged,Nathalie) - TZ=1;TZString=Europe/Paris;Screen=1618x982','109.190.151.217','Mozilla/5.0 (Windows NT 6.3; WOW64) AppleWebKit/537.36 (KHTML, like Gecko) Chrome/57.0.2987.110 Safari/537.36',NULL),(215,'2017-03-23 08:35:20','USER_LOGIN',1,'2017-03-23 09:35:20',2,'(UserLogged,mmoreau) - TZ=1;TZString=Europe/Paris;Screen=1920x974','109.190.151.217','Mozilla/5.0 (Windows NT 6.3; WOW64) AppleWebKit/537.36 (KHTML, like Gecko) Chrome/57.0.2987.110 Safari/537.36',NULL),(216,'2017-03-23 10:02:17','USER_LOGIN',1,'2017-03-23 11:02:17',2,'(UserLogged,mmoreau) - TZ=1;TZString=Europe/Paris;Screen=1920x974','109.190.151.217','Mozilla/5.0 (Windows NT 6.3; WOW64) AppleWebKit/537.36 (KHTML, like Gecko) Chrome/57.0.2987.110 Safari/537.36',NULL),(217,'2017-03-23 10:44:57','USER_LOGIN_FAILED',1,'2017-03-23 11:44:57',NULL,'Identifiant ou mot de passe incorrect - login=mmoreau','109.190.151.217','Mozilla/5.0 (Windows NT 6.3; WOW64) AppleWebKit/537.36 (KHTML, like Gecko) Chrome/57.0.2987.110 Safari/537.36',NULL),(218,'2017-03-23 10:45:04','USER_LOGIN',1,'2017-03-23 11:45:04',2,'(UserLogged,mmoreau) - TZ=1;TZString=Europe/Paris;Screen=1920x974','109.190.151.217','Mozilla/5.0 (Windows NT 6.3; WOW64) AppleWebKit/537.36 (KHTML, like Gecko) Chrome/57.0.2987.110 Safari/537.36',NULL),(219,'2017-03-23 13:39:31','USER_LOGIN_FAILED',1,'2017-03-23 14:39:31',NULL,'Identifiant ou mot de passe incorrect - login=mmoreau','109.190.151.217','Mozilla/5.0 (Windows NT 6.3; WOW64) AppleWebKit/537.36 (KHTML, like Gecko) Chrome/57.0.2987.110 Safari/537.36',NULL),(220,'2017-03-23 13:39:33','USER_LOGIN_FAILED',1,'2017-03-23 14:39:33',NULL,'Identifiant ou mot de passe incorrect - login=mmoreau','109.190.151.217','Mozilla/5.0 (Windows NT 6.3; WOW64) AppleWebKit/537.36 (KHTML, like Gecko) Chrome/57.0.2987.110 Safari/537.36',NULL),(221,'2017-03-23 13:39:46','USER_LOGIN_FAILED',1,'2017-03-23 14:39:46',NULL,'Identifiant ou mot de passe incorrect - login=mmoreau','109.190.151.217','Mozilla/5.0 (Windows NT 6.3; WOW64) AppleWebKit/537.36 (KHTML, like Gecko) Chrome/57.0.2987.110 Safari/537.36',NULL),(222,'2017-03-23 13:40:00','USER_LOGIN',1,'2017-03-23 14:40:00',2,'(UserLogged,mmoreau) - TZ=1;TZString=Europe/Paris;Screen=1920x974','109.190.151.217','Mozilla/5.0 (Windows NT 6.3; WOW64) AppleWebKit/537.36 (KHTML, like Gecko) Chrome/57.0.2987.110 Safari/537.36',NULL),(223,'2017-03-23 15:12:50','USER_LOGIN',1,'2017-03-23 16:12:50',1,'(UserLogged,Nathalie) - TZ=1;TZString=Europe/Paris;Screen=1020x957','109.190.151.217','Mozilla/5.0 (Windows NT 6.3; WOW64) AppleWebKit/537.36 (KHTML, like Gecko) Chrome/57.0.2987.110 Safari/537.36',NULL),(224,'2017-03-27 08:15:07','USER_LOGIN',1,'2017-03-27 10:15:07',1,'(UserLogged,Nathalie) - TZ=1;TZString=Europe/Paris;Screen=1618x982','109.190.151.217','Mozilla/5.0 (Windows NT 6.3; WOW64) AppleWebKit/537.36 (KHTML, like Gecko) Chrome/57.0.2987.110 Safari/537.36',NULL),(225,'2017-03-27 09:04:01','USER_LOGIN',1,'2017-03-27 11:04:01',2,'(UserLogged,mmoreau) - TZ=1;TZString=Europe/Paris;Screen=1920x974','109.190.151.217','Mozilla/5.0 (Windows NT 6.3; WOW64) AppleWebKit/537.36 (KHTML, like Gecko) Chrome/57.0.2987.110 Safari/537.36',NULL),(226,'2017-03-27 09:32:25','USER_LOGIN',1,'2017-03-27 11:32:25',2,'(UserLogged,mmoreau) - TZ=1;TZString=Europe/Paris;Screen=1920x974','109.190.151.217','Mozilla/5.0 (Windows NT 6.3; WOW64) AppleWebKit/537.36 (KHTML, like Gecko) Chrome/57.0.2987.110 Safari/537.36',NULL),(227,'2017-03-27 12:34:07','USER_LOGIN',1,'2017-03-27 14:34:07',1,'(UserLogged,Nathalie) - TZ=1;TZString=Europe/Paris;Screen=1618x984','109.190.151.217','Mozilla/5.0 (Windows NT 6.3; WOW64) AppleWebKit/537.36 (KHTML, like Gecko) Chrome/57.0.2987.110 Safari/537.36',NULL),(228,'2017-03-27 15:33:48','USER_LOGIN',1,'2017-03-27 17:33:48',1,'(UserLogged,Nathalie) - TZ=1;TZString=Europe/Paris;Screen=1618x984','109.190.151.217','Mozilla/5.0 (Windows NT 6.3; WOW64) AppleWebKit/537.36 (KHTML, like Gecko) Chrome/57.0.2987.110 Safari/537.36',NULL),(229,'2017-03-31 09:22:42','USER_LOGIN',1,'2017-03-31 11:22:42',1,'(UserLogged,Nathalie) - TZ=1;TZString=Europe/Paris;Screen=1618x1021','109.190.151.217','Mozilla/5.0 (Windows NT 6.3; WOW64) AppleWebKit/537.36 (KHTML, like Gecko) Chrome/57.0.2987.110 Safari/537.36',NULL),(230,'2017-04-10 07:09:29','USER_LOGIN',1,'2017-04-10 09:09:29',2,'(UserLogged,mmoreau) - TZ=1;TZString=Europe/Paris;Screen=1920x974','109.190.151.217','Mozilla/5.0 (Windows NT 6.3; WOW64) AppleWebKit/537.36 (KHTML, like Gecko) Chrome/57.0.2987.110 Safari/537.36',NULL),(231,'2017-04-13 10:00:04','USER_LOGIN',1,'2017-04-13 12:00:04',2,'(UserLogged,mmoreau) - TZ=1;TZString=Europe/Paris;Screen=1920x974','109.190.151.217','Mozilla/5.0 (Windows NT 6.3; WOW64) AppleWebKit/537.36 (KHTML, like Gecko) Chrome/57.0.2987.133 Safari/537.36',NULL),(232,'2017-04-13 11:54:56','USER_LOGIN',1,'2017-04-13 13:54:56',1,'(UserLogged,Nathalie) - TZ=1;TZString=Europe/Paris;Screen=1586x982','109.190.151.217','Mozilla/5.0 (Windows NT 6.3; WOW64) AppleWebKit/537.36 (KHTML, like Gecko) Chrome/57.0.2987.133 Safari/537.36',NULL),(233,'2017-04-14 07:41:12','USER_LOGIN',1,'2017-04-14 09:41:12',1,'(UserLogged,Nathalie) - TZ=1;TZString=Europe/Paris;Screen=1586x984','109.190.151.217','Mozilla/5.0 (Windows NT 6.3; WOW64) AppleWebKit/537.36 (KHTML, like Gecko) Chrome/57.0.2987.133 Safari/537.36',NULL),(234,'2017-04-19 08:27:37','USER_LOGIN',1,'2017-04-19 10:27:37',1,'(UserLogged,Nathalie) - TZ=1;TZString=Europe/Paris;Screen=1586x982','109.190.151.217','Mozilla/5.0 (Windows NT 6.3; WOW64) AppleWebKit/537.36 (KHTML, like Gecko) Chrome/57.0.2987.133 Safari/537.36',NULL),(235,'2017-04-20 07:53:54','USER_LOGIN',1,'2017-04-20 09:53:54',1,'(UserLogged,Nathalie) - TZ=1;TZString=Europe/Paris;Screen=1586x984','109.190.151.217','Mozilla/5.0 (Windows NT 6.3; WOW64) AppleWebKit/537.36 (KHTML, like Gecko) Chrome/57.0.2987.133 Safari/537.36',NULL),(236,'2017-04-20 11:58:10','USER_LOGIN',1,'2017-04-20 13:58:10',1,'(UserLogged,Nathalie) - TZ=1;TZString=Europe/Paris;Screen=1586x984','109.190.151.217','Mozilla/5.0 (Windows NT 6.3; WOW64) AppleWebKit/537.36 (KHTML, like Gecko) Chrome/57.0.2987.133 Safari/537.36',NULL);

--
-- Table structure for table `llx_expedition`
--

CREATE TABLE `llx_expedition` (
  `rowid` int(11) NOT NULL AUTO_INCREMENT,
  `tms` timestamp NOT NULL DEFAULT CURRENT_TIMESTAMP ON UPDATE CURRENT_TIMESTAMP,
  `ref` varchar(30) NOT NULL,
  `entity` int(11) NOT NULL DEFAULT '1',
  `fk_soc` int(11) NOT NULL,
  `ref_ext` varchar(30) DEFAULT NULL,
  `ref_int` varchar(30) DEFAULT NULL,
  `ref_customer` varchar(30) DEFAULT NULL,
  `date_creation` datetime DEFAULT NULL,
  `fk_user_author` int(11) DEFAULT NULL,
  `date_valid` datetime DEFAULT NULL,
  `fk_user_valid` int(11) DEFAULT NULL,
  `date_expedition` datetime DEFAULT NULL,
  `date_delivery` datetime DEFAULT NULL,
  `fk_address` int(11) DEFAULT NULL,
  `fk_shipping_method` int(11) DEFAULT NULL,
  `tracking_number` varchar(50) DEFAULT NULL,
  `fk_statut` smallint(6) DEFAULT '0',
  `height` float DEFAULT NULL,
  `width` float DEFAULT NULL,
  `size_units` int(11) DEFAULT NULL,
  `size` float DEFAULT NULL,
  `weight_units` int(11) DEFAULT NULL,
  `weight` float DEFAULT NULL,
  `note_private` text,
  `note_public` text,
  `model_pdf` varchar(255) DEFAULT NULL,
  `fk_incoterms` int(11) DEFAULT NULL,
  `location_incoterms` varchar(255) DEFAULT NULL,
  `import_key` varchar(14) DEFAULT NULL,
  `extraparams` varchar(255) DEFAULT NULL,
  PRIMARY KEY (`rowid`),
  UNIQUE KEY `idx_expedition_uk_ref` (`ref`,`entity`),
  KEY `idx_expedition_fk_soc` (`fk_soc`),
  KEY `idx_expedition_fk_user_author` (`fk_user_author`),
  KEY `idx_expedition_fk_user_valid` (`fk_user_valid`),
  KEY `idx_expedition_fk_shipping_method` (`fk_shipping_method`),
  CONSTRAINT `fk_expedition_fk_shipping_method` FOREIGN KEY (`fk_shipping_method`) REFERENCES `llx_c_shipment_mode` (`rowid`),
  CONSTRAINT `fk_expedition_fk_soc` FOREIGN KEY (`fk_soc`) REFERENCES `llx_societe` (`rowid`),
  CONSTRAINT `fk_expedition_fk_user_author` FOREIGN KEY (`fk_user_author`) REFERENCES `llx_user` (`rowid`),
  CONSTRAINT `fk_expedition_fk_user_valid` FOREIGN KEY (`fk_user_valid`) REFERENCES `llx_user` (`rowid`)
) ENGINE=InnoDB AUTO_INCREMENT=40 DEFAULT CHARSET=utf8;

--
-- Dumping data for table `llx_expedition`
--

INSERT INTO `llx_expedition` (`rowid`, `tms`, `ref`, `entity`, `fk_soc`, `ref_ext`, `ref_int`, `ref_customer`, `date_creation`, `fk_user_author`, `date_valid`, `fk_user_valid`, `date_expedition`, `date_delivery`, `fk_address`, `fk_shipping_method`, `tracking_number`, `fk_statut`, `height`, `width`, `size_units`, `size`, `weight_units`, `weight`, `note_private`, `note_public`, `model_pdf`, `fk_incoterms`, `location_incoterms`, `import_key`, `extraparams`) VALUES (1,'2014-06-19 12:44:16','SH1406-0001',1,7,NULL,NULL,'4500131125','2014-06-13 14:51:34',1,'2014-06-13 14:52:01',1,NULL,'2014-06-18 14:00:00',NULL,1,'',2,NULL,NULL,0,NULL,0,NULL,NULL,NULL,'rouget',NULL,NULL,NULL,NULL),(2,'2014-07-21 07:13:01','SH1406-0002',1,9,NULL,NULL,NULL,'2014-06-13 18:12:05',1,'2014-06-13 18:12:10',1,NULL,'2014-06-15 10:00:00',NULL,NULL,'',2,NULL,NULL,0,NULL,0,NULL,NULL,NULL,'rouget',NULL,NULL,NULL,NULL),(4,'2016-02-23 11:02:30','SH1504-0003',1,10,NULL,NULL,'2014-4359','2015-04-10 17:33:53',1,'2015-04-10 17:34:41',1,NULL,'2015-04-13 00:00:00',NULL,2,'',2,NULL,NULL,0,NULL,0,50,NULL,'30% deposit with order<br />\r\nINCOTERMS: EXW<br />\r\nPayment term is 30 days after review and acceptance of goods by CTBTO','rouget',NULL,NULL,NULL,NULL),(5,'2016-02-23 11:01:47','SH1504-0004',1,7,NULL,NULL,'4500154316','2015-04-30 16:41:44',2,'2015-04-30 16:42:46',2,NULL,'2015-04-10 00:00:00',NULL,NULL,'',2,NULL,NULL,0,NULL,0,NULL,NULL,NULL,'rouget',NULL,NULL,NULL,NULL),(7,'2016-02-23 11:02:44','SH1505-0005',1,10,NULL,NULL,'2014-4359','2015-05-07 16:26:15',2,'2015-05-07 16:26:50',2,NULL,'2015-05-28 00:00:00',NULL,NULL,'',2,NULL,NULL,0,NULL,0,NULL,NULL,'<br />\r\nINCOTERMS: EXW<br />\r\nPayment term is 30 days after review and acceptance of goods by CTBTO','rouget',NULL,NULL,NULL,NULL),(9,'2016-02-23 11:02:12','SH1505-0006',1,10,NULL,NULL,'2014-4359','2015-05-26 16:12:21',2,'2015-05-26 16:12:33',2,NULL,'2015-05-07 00:00:00',NULL,NULL,'',2,NULL,NULL,0,NULL,0,NULL,NULL,NULL,'rouget',NULL,NULL,NULL,NULL),(10,'2016-02-23 11:00:52','SH1506-0007',1,10,NULL,NULL,'2014-4359','2015-06-26 01:41:05',1,'2015-06-26 06:17:17',1,NULL,'2015-05-28 00:00:00',NULL,NULL,'',2,NULL,NULL,0,NULL,0,NULL,NULL,'delivery of 1 MB3a after repairing in the workshop','rouget',NULL,NULL,NULL,NULL),(12,'2016-02-23 11:01:33','SH1507-0008',1,10,NULL,NULL,'2014-4359','2015-07-23 10:32:14',2,'2015-07-23 10:32:30',2,NULL,'2015-07-27 00:00:00',NULL,NULL,'',2,NULL,NULL,0,NULL,0,NULL,NULL,NULL,'rouget',NULL,NULL,NULL,NULL),(15,'2016-02-23 11:01:12','SH1507-0010',1,1,NULL,NULL,'Z10091798','2015-07-24 09:30:52',2,'2015-07-24 09:31:03',2,NULL,'2015-07-27 00:00:00',NULL,NULL,'',2,NULL,NULL,0,NULL,0,NULL,NULL,'To be payed at delivery.<br />\r\nDDP HAWAII 119 / &nbsp;KAILUA KONA &nbsp;-&nbsp;Incoterm 2010 ICC<br />\r\n<span style=\"color: rgb(0, 0, 0); font-family: Arial; font-size: small;\">exon&eacute;ration de TVA, art 262 ter I du Code G&eacute;n&eacute;ral des Imp&ocirc;ts</span>','rouget',NULL,NULL,NULL,NULL),(17,'2015-12-01 12:41:44','SH1507-0011',1,11,NULL,NULL,'1543855','2015-07-27 11:36:10',2,'2015-07-27 11:36:30',2,NULL,'2015-07-27 00:00:00',NULL,NULL,'',2,NULL,NULL,0,NULL,0,NULL,'attention passez la monnaie en dollars avant d&#39;exporter le devis, la facture','<br />\r\nACKNOWLEDGEMENT OF RECEIPT<br />\r\nThe products will be delivered on 09/21/2015<br />\r\nINCOTERMS 2010 : FCA FREE OF CARRIER<br />\r\nPrices in US Dollars USD<br />\r\n<br />\r\n<br />\r\n','rouget',NULL,NULL,NULL,NULL),(25,'2016-03-29 15:11:09','SH1603-0014',1,29,NULL,NULL,'4500231716','2016-03-11 11:18:44',2,'2016-03-11 11:19:45',2,NULL,'2016-03-11 09:00:00',NULL,2,'',2,NULL,NULL,0,NULL,0,NULL,'proposition en dollar US<br />\r\nchanger l&#39;init&eacute; mon&eacute;taire pour exporter les pdf avec mention us$ en attente end user sign&eacute; de la DGA','DEPOSIT of 30% of the total amount with PURCHASE ORDER<br />\r\nBallance to be payed at delivery.<br />\r\nDAP Delivered At Place MS 38677 / University of Mississippi - Incoterm 2010 ICC Client is in charged of taxes and customs charges<br />\r\nexon&eacute;ration de TVA, art 262 ter I du Code G&eacute;n&eacute;ral des Imp&ocirc;ts<br />\r\nQuote in US$ : 1.0895 for 1&euro;','rouget',10,'',NULL,NULL),(26,'2016-03-29 15:01:46','SH1603-0012',1,10,NULL,NULL,'2015-1901','2016-02-24 10:48:22',2,'2016-02-24 10:49:13',2,NULL,'2016-02-24 00:00:00',NULL,1,'',2,NULL,NULL,0,NULL,0,NULL,NULL,'The equipment will be piked up at Seismo Wave Workshop<br />\r\nroute de Treguier - Rospez<br />\r\n22300 LANNION - France<br />\r\nAdvance Payment: Upon inssuance of the Purchase Order and receipt and acceptance of the bank Guarantee by BNP, The CTBTO shall pay the amount of &euro; 52.252.50&nbsp;','rouget',1,'Incoterms 2010',NULL,NULL),(28,'2016-03-29 15:02:15','SH1603-0015',1,10,NULL,NULL,'2015-1901','2016-03-21 10:58:48',2,'2016-03-21 10:59:02',2,NULL,'2016-03-21 10:00:00',NULL,1,'',2,NULL,NULL,0,NULL,0,NULL,NULL,'The equipment will be piked up at Seismo Wave Workshop<br />\r\nroute de Treguier - Rospez<br />\r\n22300 LANNION - France<br />\r\nAdvance Payment: Upon inssuance of the Purchase Order and receipt and acceptance of the bank Guarantee by BNP, The CTBTO shall pay the amount of &euro; 52.252.50&nbsp;','rouget',1,'Incoterms 2010',NULL,NULL),(30,'2016-07-12 11:50:51','SH1606-0016',1,31,NULL,NULL,'16ID-021691-502A','2016-06-21 16:48:28',2,'2016-06-21 16:48:46',2,NULL,'2016-06-27 00:00:00',NULL,1,'',2,NULL,NULL,0,NULL,0,NULL,NULL,'Client is on charged of custom charges&nbsp;<br />\r\nThe shipping mark:<br />\r\n<u>16ID-021691-502A</u>&nbsp; &nbsp; &nbsp; &nbsp; &nbsp; &nbsp; &nbsp; &nbsp; &nbsp;&nbsp;<br />\r\n&nbsp;Beijing, CHINA<br />\r\n&nbsp;','rouget',2,'SEISMO WAVE WORKSHOP',NULL,NULL),(32,'2016-12-20 09:49:06','SH1612-0017',1,39,NULL,NULL,'CO16090010','2016-12-20 10:47:46',2,'2016-12-20 10:49:06',2,NULL,'2016-12-20 00:00:00',NULL,NULL,'',1,NULL,NULL,0,NULL,0,NULL,'NO 04/04/16<br />\r\npremi&egrave;re r&eacute;ponse &agrave; appal &agrave; budget n&eacute;gative, nouvelle tentative il y a quelques semaines<br />\r\nA relancer',NULL,'rouget',6,'',NULL,NULL),(33,'2017-02-14 12:30:52','SH1702-0018',1,17,NULL,NULL,'SEISMO 01 17','2017-02-14 13:19:41',2,'2017-02-14 13:22:54',2,NULL,'2017-02-14 00:00:00',NULL,2,'',1,NULL,NULL,0,NULL,0,NULL,NULL,'<strong>Ajout sur votre commande 2017514 du 23/01/2017</strong>','rouget',12,'',NULL,NULL),(34,'2017-02-14 14:08:07','SH1702-0019',1,42,NULL,NULL,NULL,'2017-02-14 15:07:47',2,'2017-02-14 15:08:07',2,NULL,'2017-02-14 00:00:00',NULL,2,'',1,NULL,NULL,0,NULL,0,NULL,NULL,NULL,'rouget',10,'Délivery at Seoul',NULL,NULL),(35,'2017-02-17 08:10:37','SH1702-0020',1,17,NULL,NULL,'BC2017477_SEISMO','2017-02-17 08:53:41',NULL,NULL,NULL,NULL,'2017-02-17 00:00:00',NULL,2,'port en sus',1,NULL,NULL,0,NULL,0,NULL,NULL,'<strong>Votre commande 2017477</strong>','rouget',1,'rospez',NULL,NULL),(37,'2017-02-17 08:06:53','SH1702-0021',1,17,NULL,NULL,'SEISMO 01 17','2017-02-17 09:03:35',NULL,'2017-02-17 09:04:22',2,NULL,'2017-02-10 00:00:00',NULL,2,'port en sus',1,NULL,NULL,0,NULL,0,NULL,NULL,'<strong>Votre commande 2017514</strong>','rouget',1,'rospez',NULL,NULL),(39,'2017-02-28 09:11:11','SH1702-0022',1,17,NULL,NULL,NULL,'2017-02-28 10:10:09',2,'2017-02-28 10:11:11',2,NULL,'2017-02-28 00:00:00',NULL,2,'',1,NULL,NULL,0,NULL,0,NULL,NULL,'Votre commande 2017540','rouget',10,'',NULL,NULL);

--
-- Table structure for table `llx_expedition_extrafields`
--

CREATE TABLE `llx_expedition_extrafields` (
  `rowid` int(11) NOT NULL AUTO_INCREMENT,
  `tms` timestamp NOT NULL DEFAULT CURRENT_TIMESTAMP ON UPDATE CURRENT_TIMESTAMP,
  `fk_object` int(11) NOT NULL,
  `import_key` varchar(14) DEFAULT NULL,
  PRIMARY KEY (`rowid`),
  KEY `idx_expedition_extrafields` (`fk_object`)
) ENGINE=InnoDB DEFAULT CHARSET=utf8;

--
-- Dumping data for table `llx_expedition_extrafields`
--


--
-- Table structure for table `llx_expeditiondet`
--

CREATE TABLE `llx_expeditiondet` (
  `rowid` int(11) NOT NULL AUTO_INCREMENT,
  `fk_expedition` int(11) NOT NULL,
  `fk_origin_line` int(11) DEFAULT NULL,
  `fk_entrepot` int(11) DEFAULT NULL,
  `qty` double DEFAULT NULL,
  `rang` int(11) DEFAULT '0',
  PRIMARY KEY (`rowid`),
  KEY `idx_expeditiondet_fk_expedition` (`fk_expedition`),
  CONSTRAINT `fk_expeditiondet_fk_expedition` FOREIGN KEY (`fk_expedition`) REFERENCES `llx_expedition` (`rowid`)
) ENGINE=InnoDB AUTO_INCREMENT=219 DEFAULT CHARSET=utf8;

--
-- Dumping data for table `llx_expeditiondet`
--

INSERT INTO `llx_expeditiondet` (`rowid`, `fk_expedition`, `fk_origin_line`, `fk_entrepot`, `qty`, `rang`) VALUES (1,1,1,1,1,0),(2,1,2,1,1,0),(3,1,3,1,1,0),(4,1,4,1,1,0),(5,1,5,1,1,0),(6,1,6,1,1,0),(7,2,7,1,1,0),(16,4,14,1,8,0),(17,4,16,1,5,0),(18,4,17,1,14,0),(19,4,18,1,5,0),(20,4,20,1,14,0),(21,4,21,1,10,0),(22,4,23,1,5,0),(23,4,25,1,2,0),(24,5,8,1,1,0),(25,5,9,1,1,0),(26,5,10,1,1,0),(27,5,11,1,1,0),(28,5,12,1,1,0),(29,5,13,1,1,0),(35,7,14,NULL,6,0),(36,7,17,NULL,15,0),(37,7,20,NULL,10,0),(38,7,22,NULL,10,0),(39,7,24,NULL,6,0),(41,9,24,NULL,1,0),(42,10,14,NULL,1,0),(43,10,24,NULL,1,0),(47,12,15,NULL,5,0),(48,12,19,NULL,10,0),(49,12,24,NULL,4,0),(58,15,26,NULL,1,0),(59,15,27,NULL,1,0),(65,17,30,NULL,3,0),(66,17,31,NULL,3,0),(67,17,32,NULL,1,0),(68,17,33,NULL,1,0),(69,17,34,NULL,1,0),(114,25,46,1,1,0),(115,25,47,1,1,0),(116,25,48,1,1,0),(117,25,49,1,1,0),(118,25,50,1,1,0),(119,25,51,1,1,0),(120,26,35,1,3,0),(121,26,37,1,3,0),(122,26,36,1,3,0),(123,26,40,1,3,0),(124,26,41,1,3,0),(125,26,42,1,3,0),(126,26,43,1,3,0),(127,26,45,1,3,0),(135,28,35,1,15,0),(136,28,37,1,17,0),(137,28,39,1,3,0),(138,28,38,1,3,0),(139,28,44,1,1,0),(140,28,36,1,17,0),(141,28,40,1,15,0),(142,28,41,1,15,0),(143,28,42,1,15,0),(144,28,43,1,15,0),(145,28,45,1,9,0),(153,30,53,1,5,0),(154,30,54,1,5,0),(155,30,55,1,5,0),(156,30,56,1,1,0),(157,30,57,1,1,0),(158,30,58,1,1,0),(159,30,59,1,1,0),(168,32,60,1,4,0),(169,32,61,1,4,0),(170,32,62,1,4,0),(171,32,63,1,4,0),(172,32,64,1,4,0),(173,32,80,1,4,0),(174,32,66,1,1,0),(175,32,67,1,4,0),(176,32,68,1,1,0),(177,32,69,1,4,0),(178,32,76,1,4,0),(179,32,77,1,4,0),(180,32,78,1,1,0),(181,32,79,1,1,0),(182,33,150,1,10,0),(183,33,151,1,1,0),(184,34,130,1,1,0),(185,34,131,1,1,0),(186,34,132,1,1,0),(187,34,133,1,1,0),(188,34,134,1,1,0),(189,34,135,1,1,0),(190,34,136,1,1,0),(191,34,137,1,1,0),(192,34,138,1,8,0),(193,34,139,1,1,0),(194,34,140,1,1,0),(195,34,141,1,1,0),(196,35,113,1,17,0),(206,37,142,1,9,0),(207,37,143,1,9,0),(208,37,144,1,2,0),(209,37,145,1,2,0),(210,37,146,1,2,0),(211,37,147,1,2,0),(212,37,148,1,2,0),(213,37,149,1,2,0),(214,37,151,1,1,0),(216,39,165,1,1,0),(217,39,166,1,1,0),(218,39,167,1,1,0);

--
-- Table structure for table `llx_expeditiondet_batch`
--

CREATE TABLE `llx_expeditiondet_batch` (
  `rowid` int(11) NOT NULL AUTO_INCREMENT,
  `fk_expeditiondet` int(11) NOT NULL,
  `eatby` date DEFAULT NULL,
  `sellby` date DEFAULT NULL,
  `batch` varchar(30) DEFAULT NULL,
  `qty` double NOT NULL DEFAULT '0',
  `fk_origin_stock` int(11) NOT NULL,
  PRIMARY KEY (`rowid`),
  KEY `idx_fk_expeditiondet` (`fk_expeditiondet`),
  CONSTRAINT `fk_expeditiondet_batch_fk_expeditiondet` FOREIGN KEY (`fk_expeditiondet`) REFERENCES `llx_expeditiondet` (`rowid`)
) ENGINE=InnoDB DEFAULT CHARSET=utf8;

--
-- Dumping data for table `llx_expeditiondet_batch`
--


--
-- Table structure for table `llx_expeditiondet_extrafields`
--

CREATE TABLE `llx_expeditiondet_extrafields` (
  `rowid` int(11) NOT NULL AUTO_INCREMENT,
  `tms` timestamp NOT NULL DEFAULT CURRENT_TIMESTAMP ON UPDATE CURRENT_TIMESTAMP,
  `fk_object` int(11) NOT NULL,
  `import_key` varchar(14) DEFAULT NULL,
  PRIMARY KEY (`rowid`),
  KEY `idx_expeditiondet_extrafields` (`fk_object`)
) ENGINE=InnoDB DEFAULT CHARSET=utf8;

--
-- Dumping data for table `llx_expeditiondet_extrafields`
--


--
-- Table structure for table `llx_expensereport`
--

CREATE TABLE `llx_expensereport` (
  `rowid` int(11) NOT NULL AUTO_INCREMENT,
  `ref` varchar(50) NOT NULL,
  `entity` int(11) NOT NULL DEFAULT '1',
  `ref_number_int` int(11) DEFAULT NULL,
  `ref_ext` int(11) DEFAULT NULL,
  `total_ht` double(24,8) DEFAULT '0.00000000',
  `total_tva` double(24,8) DEFAULT '0.00000000',
  `localtax1` double(24,8) DEFAULT '0.00000000',
  `localtax2` double(24,8) DEFAULT '0.00000000',
  `total_ttc` double(24,8) DEFAULT '0.00000000',
  `date_debut` date NOT NULL,
  `date_fin` date NOT NULL,
  `date_create` datetime NOT NULL,
  `date_valid` datetime DEFAULT NULL,
  `date_approve` datetime DEFAULT NULL,
  `date_refuse` datetime DEFAULT NULL,
  `date_cancel` datetime DEFAULT NULL,
  `tms` timestamp NOT NULL DEFAULT CURRENT_TIMESTAMP ON UPDATE CURRENT_TIMESTAMP,
  `fk_user_author` int(11) NOT NULL,
  `fk_user_modif` int(11) DEFAULT NULL,
  `fk_user_valid` int(11) DEFAULT NULL,
  `fk_user_validator` int(11) DEFAULT NULL,
  `fk_user_approve` int(11) DEFAULT NULL,
  `fk_user_refuse` int(11) DEFAULT NULL,
  `fk_user_cancel` int(11) DEFAULT NULL,
  `fk_statut` int(11) NOT NULL,
  `fk_c_paiement` int(11) DEFAULT NULL,
  `paid` smallint(6) NOT NULL DEFAULT '0',
  `note_public` text,
  `note_private` text,
  `detail_refuse` varchar(255) DEFAULT NULL,
  `detail_cancel` varchar(255) DEFAULT NULL,
  `integration_compta` int(11) DEFAULT NULL,
  `fk_bank_account` int(11) DEFAULT NULL,
  `model_pdf` varchar(50) DEFAULT NULL,
  PRIMARY KEY (`rowid`)
) ENGINE=InnoDB DEFAULT CHARSET=utf8;

--
-- Dumping data for table `llx_expensereport`
--


--
-- Table structure for table `llx_expensereport_det`
--

CREATE TABLE `llx_expensereport_det` (
  `rowid` int(11) NOT NULL AUTO_INCREMENT,
  `fk_expensereport` int(11) NOT NULL,
  `fk_c_type_fees` int(11) NOT NULL,
  `fk_projet` int(11) DEFAULT NULL,
  `comments` text NOT NULL,
  `product_type` int(11) DEFAULT '-1',
  `qty` double NOT NULL,
  `value_unit` double NOT NULL,
  `remise_percent` double DEFAULT NULL,
  `tva_tx` double(6,3) DEFAULT NULL,
  `localtax1_tx` double(6,3) DEFAULT '0.000',
  `localtax1_type` varchar(10) DEFAULT NULL,
  `localtax2_tx` double(6,3) DEFAULT '0.000',
  `localtax2_type` varchar(10) DEFAULT NULL,
  `total_ht` double(24,8) NOT NULL DEFAULT '0.00000000',
  `total_tva` double(24,8) NOT NULL DEFAULT '0.00000000',
  `total_localtax1` double(24,8) DEFAULT '0.00000000',
  `total_localtax2` double(24,8) DEFAULT '0.00000000',
  `total_ttc` double(24,8) NOT NULL DEFAULT '0.00000000',
  `date` date NOT NULL,
  `info_bits` int(11) DEFAULT '0',
  `special_code` int(11) DEFAULT '0',
  `rang` int(11) DEFAULT '0',
  `import_key` varchar(14) DEFAULT NULL,
  PRIMARY KEY (`rowid`)
) ENGINE=InnoDB DEFAULT CHARSET=utf8;

--
-- Dumping data for table `llx_expensereport_det`
--


--
-- Table structure for table `llx_export_compta`
--

CREATE TABLE `llx_export_compta` (
  `rowid` int(11) NOT NULL AUTO_INCREMENT,
  `ref` varchar(12) NOT NULL,
  `date_export` datetime NOT NULL,
  `fk_user` int(11) NOT NULL,
  `note` text,
  PRIMARY KEY (`rowid`)
) ENGINE=InnoDB DEFAULT CHARSET=utf8;

--
-- Dumping data for table `llx_export_compta`
--


--
-- Table structure for table `llx_export_model`
--

CREATE TABLE `llx_export_model` (
  `rowid` int(11) NOT NULL AUTO_INCREMENT,
  `fk_user` int(11) NOT NULL DEFAULT '0',
  `label` varchar(50) NOT NULL,
  `type` varchar(20) NOT NULL,
  `field` text NOT NULL,
  `filter` text,
  PRIMARY KEY (`rowid`),
  UNIQUE KEY `uk_export_model` (`label`,`type`)
) ENGINE=InnoDB AUTO_INCREMENT=4 DEFAULT CHARSET=utf8;

--
-- Dumping data for table `llx_export_model`
--

INSERT INTO `llx_export_model` (`rowid`, `fk_user`, `label`, `type`, `field`, `filter`) VALUES (1,0,'liste_produit_2014','produit_1','p.rowid,p.ref,p.label,p.description',NULL),(2,0,'liste produit 2015','produit_1','p.rowid,p.ref,p.label,p.description,p.price_base_type',NULL),(3,0,'proposition par pays','propale_1','s.nom,s.town,c.total_ht,co.code,c.fk_statut','');

--
-- Table structure for table `llx_extrafields`
--

CREATE TABLE `llx_extrafields` (
  `rowid` int(11) NOT NULL AUTO_INCREMENT,
  `name` varchar(64) NOT NULL,
  `entity` int(11) NOT NULL DEFAULT '1',
  `elementtype` varchar(64) NOT NULL DEFAULT 'member',
  `tms` timestamp NOT NULL DEFAULT CURRENT_TIMESTAMP ON UPDATE CURRENT_TIMESTAMP,
  `label` varchar(255) NOT NULL,
  `type` varchar(8) DEFAULT NULL,
  `size` varchar(8) DEFAULT NULL,
  `fieldunique` int(11) DEFAULT '0',
  `fieldrequired` int(11) DEFAULT '0',
  `perms` varchar(255) DEFAULT NULL,
  `list` int(11) DEFAULT '0',
  `pos` int(11) DEFAULT '0',
  `alwayseditable` int(11) DEFAULT '0',
  `param` text,
  PRIMARY KEY (`rowid`),
  UNIQUE KEY `uk_extrafields_name` (`name`,`entity`,`elementtype`)
) ENGINE=InnoDB AUTO_INCREMENT=8 DEFAULT CHARSET=utf8;

--
-- Dumping data for table `llx_extrafields`
--

INSERT INTO `llx_extrafields` (`rowid`, `name`, `entity`, `elementtype`, `tms`, `label`, `type`, `size`, `fieldunique`, `fieldrequired`, `perms`, `list`, `pos`, `alwayseditable`, `param`) VALUES (1,'Dat_com',1,'commande_fournisseur','2014-11-20 10:07:21','Date','date','',0,0,NULL,0,2,0,'a:1:{s:7:\"options\";a:1:{s:0:\"\";N;}}'),(2,'titrealpiroc',1,'propaldet','2016-03-25 11:07:39','Insérer un titre au dessus','varchar','255',0,0,NULL,0,0,0,'a:1:{s:7:\"options\";a:1:{s:0:\"\";N;}}'),(3,'titrealpiroc',1,'facturedet','2016-03-25 11:07:39','Insérer un titre au dessus','varchar','255',0,0,NULL,0,0,0,'a:1:{s:7:\"options\";a:1:{s:0:\"\";N;}}'),(4,'titrealpiroc',1,'commandedet','2016-03-25 11:07:39','Insérer un titre au dessus','varchar','255',0,0,NULL,0,0,0,'a:1:{s:7:\"options\";a:1:{s:0:\"\";N;}}'),(5,'profilalpiroc',1,'propal','2016-03-25 11:07:39','choisir le type de profil alpiroc','sellist','',0,0,NULL,0,0,0,'a:1:{s:7:\"options\";a:1:{s:19:\"alpiroc:name:name::\";N;}}'),(6,'profilalpiroc',1,'facture','2016-03-25 11:07:39','choisir le type de profil alpiroc','sellist','',0,0,NULL,0,0,0,'a:1:{s:7:\"options\";a:1:{s:19:\"alpiroc:name:name::\";N;}}'),(7,'profilalpiroc',1,'commande','2016-03-25 11:07:39','choisir le type de profil alpiroc','sellist','',0,0,NULL,0,0,0,'a:1:{s:7:\"options\";a:1:{s:19:\"alpiroc:name:name::\";N;}}');

--
-- Table structure for table `llx_facture`
--

CREATE TABLE `llx_facture` (
  `rowid` int(11) NOT NULL AUTO_INCREMENT,
  `facnumber` varchar(30) NOT NULL,
  `entity` int(11) NOT NULL DEFAULT '1',
  `ref_ext` varchar(255) DEFAULT NULL,
  `ref_int` varchar(255) DEFAULT NULL,
  `ref_client` varchar(255) DEFAULT NULL,
  `type` smallint(6) NOT NULL DEFAULT '0',
  `increment` varchar(10) DEFAULT NULL,
  `fk_soc` int(11) NOT NULL,
  `datec` datetime DEFAULT NULL,
  `datef` date DEFAULT NULL,
  `date_valid` date DEFAULT NULL,
  `tms` timestamp NOT NULL DEFAULT CURRENT_TIMESTAMP ON UPDATE CURRENT_TIMESTAMP,
  `paye` smallint(6) NOT NULL DEFAULT '0',
  `amount` double(24,8) NOT NULL DEFAULT '0.00000000',
  `remise_percent` double DEFAULT '0',
  `remise_absolue` double DEFAULT '0',
  `remise` double DEFAULT '0',
  `close_code` varchar(16) DEFAULT NULL,
  `close_note` varchar(128) DEFAULT NULL,
  `tva` double(24,8) DEFAULT '0.00000000',
  `localtax1` double(24,8) DEFAULT '0.00000000',
  `localtax2` double(24,8) DEFAULT '0.00000000',
  `revenuestamp` double(24,8) DEFAULT '0.00000000',
  `total` double(24,8) DEFAULT '0.00000000',
  `total_ttc` double(24,8) DEFAULT '0.00000000',
  `fk_statut` smallint(6) NOT NULL DEFAULT '0',
  `fk_user_author` int(11) DEFAULT NULL,
  `fk_user_modif` int(11) DEFAULT NULL,
  `fk_user_valid` int(11) DEFAULT NULL,
  `fk_facture_source` int(11) DEFAULT NULL,
  `fk_projet` int(11) DEFAULT NULL,
  `fk_account` int(11) DEFAULT NULL,
  `fk_currency` varchar(3) DEFAULT NULL,
  `fk_cond_reglement` int(11) NOT NULL DEFAULT '1',
  `fk_mode_reglement` int(11) DEFAULT NULL,
  `date_lim_reglement` date DEFAULT NULL,
  `note_private` text,
  `note_public` text,
  `model_pdf` varchar(255) DEFAULT NULL,
  `import_key` varchar(14) DEFAULT NULL,
  `extraparams` varchar(255) DEFAULT NULL,
  `situation_cycle_ref` smallint(6) DEFAULT NULL,
  `situation_counter` smallint(6) DEFAULT NULL,
  `situation_final` smallint(6) DEFAULT NULL,
  `fk_incoterms` int(11) DEFAULT NULL,
  `location_incoterms` varchar(255) DEFAULT NULL,
  PRIMARY KEY (`rowid`),
  UNIQUE KEY `idx_facture_uk_facnumber` (`facnumber`,`entity`),
  KEY `idx_facture_fk_soc` (`fk_soc`),
  KEY `idx_facture_fk_user_author` (`fk_user_author`),
  KEY `idx_facture_fk_user_valid` (`fk_user_valid`),
  KEY `idx_facture_fk_facture_source` (`fk_facture_source`),
  KEY `idx_facture_fk_projet` (`fk_projet`),
  KEY `idx_facture_fk_account` (`fk_account`),
  KEY `idx_facture_fk_currency` (`fk_currency`),
  CONSTRAINT `fk_facture_fk_facture_source` FOREIGN KEY (`fk_facture_source`) REFERENCES `llx_facture` (`rowid`),
  CONSTRAINT `fk_facture_fk_projet` FOREIGN KEY (`fk_projet`) REFERENCES `llx_projet` (`rowid`),
  CONSTRAINT `fk_facture_fk_soc` FOREIGN KEY (`fk_soc`) REFERENCES `llx_societe` (`rowid`),
  CONSTRAINT `fk_facture_fk_user_author` FOREIGN KEY (`fk_user_author`) REFERENCES `llx_user` (`rowid`),
  CONSTRAINT `fk_facture_fk_user_valid` FOREIGN KEY (`fk_user_valid`) REFERENCES `llx_user` (`rowid`)
) ENGINE=InnoDB AUTO_INCREMENT=50 DEFAULT CHARSET=utf8;

--
-- Dumping data for table `llx_facture`
--

INSERT INTO `llx_facture` (`rowid`, `facnumber`, `entity`, `ref_ext`, `ref_int`, `ref_client`, `type`, `increment`, `fk_soc`, `datec`, `datef`, `date_valid`, `tms`, `paye`, `amount`, `remise_percent`, `remise_absolue`, `remise`, `close_code`, `close_note`, `tva`, `localtax1`, `localtax2`, `revenuestamp`, `total`, `total_ttc`, `fk_statut`, `fk_user_author`, `fk_user_modif`, `fk_user_valid`, `fk_facture_source`, `fk_projet`, `fk_account`, `fk_currency`, `fk_cond_reglement`, `fk_mode_reglement`, `date_lim_reglement`, `note_private`, `note_public`, `model_pdf`, `import_key`, `extraparams`, `situation_cycle_ref`, `situation_counter`, `situation_final`, `fk_incoterms`, `location_incoterms`) VALUES (1,'FA1406-0001',1,NULL,NULL,'4500131125',0,NULL,7,'2014-06-19 14:16:08','2014-06-19','2014-06-19','2015-12-08 15:14:15',1,0.00000000,NULL,NULL,0,NULL,NULL,2192.00000000,0.00000000,0.00000000,0.00000000,10960.00000000,13152.00000000,2,2,NULL,2,NULL,NULL,NULL,NULL,1,2,'2014-06-19',NULL,NULL,'crabe',NULL,NULL,NULL,NULL,NULL,NULL,NULL),(4,'FA1503-0002',1,NULL,NULL,'Z10091798',3,NULL,1,'2015-03-13 10:27:57','2015-03-13','2015-03-13','2015-12-03 10:52:16',1,0.00000000,NULL,NULL,0,NULL,NULL,0.00000000,0.00000000,0.00000000,0.00000000,6066.00000000,6066.00000000,2,1,NULL,1,NULL,NULL,NULL,NULL,1,2,'2015-03-13',NULL,'DEPOSIT of 50% of the total amount with PURCHASE ORDER<br />\r\nBallance to be payed at delivery.<br />\r\nDDP HAWAII 119 / &nbsp;KAILUA KONA &nbsp;-&nbsp;Incoterm 2010 ICC<br />\r\n<span style=\"color: rgb(0, 0, 0); font-family: Arial; font-size: small;\">exon&eacute;ration de TVA, art 262 ter I du Code G&eacute;n&eacute;ral des Imp&ocirc;ts</span>','crabe',NULL,NULL,NULL,NULL,NULL,NULL,NULL),(5,'FA1504-0003',1,NULL,NULL,'2014-4359',0,NULL,10,'2015-04-10 18:34:31','2015-04-10','2015-04-10','2015-12-03 10:50:57',1,0.00000000,NULL,NULL,0,NULL,NULL,0.00000000,0.00000000,0.00000000,0.00000000,75708.00000000,75708.00000000,2,1,NULL,1,NULL,NULL,NULL,NULL,2,2,'2015-05-10',NULL,'30% deposit with order<br />\r\nINCOTERMS: EXW<br />\r\nPayment term is 30 days after review and acceptance of goods by CTBTO','crabe',NULL,NULL,NULL,NULL,NULL,NULL,NULL),(7,'FA1504-0004',1,NULL,NULL,'4500154316',0,NULL,7,'2015-05-04 09:59:54','2015-04-30','2015-05-04','2015-12-03 10:49:27',1,0.00000000,NULL,NULL,0,NULL,NULL,2250.00000000,0.00000000,0.00000000,0.00000000,11250.00000000,13500.00000000,2,2,NULL,2,NULL,NULL,NULL,NULL,1,2,'2015-04-30',NULL,'Bordereau d\'expédition SH1504-0004','crabe',NULL,NULL,NULL,NULL,NULL,NULL,NULL),(10,'FA1505-0005',1,NULL,NULL,'2014-4359',0,NULL,10,'2015-05-11 14:36:21','2015-05-11','2015-05-26','2015-12-03 10:50:16',1,0.00000000,NULL,NULL,0,NULL,NULL,0.00000000,0.00000000,0.00000000,0.00000000,56430.00000000,56430.00000000,2,2,NULL,2,NULL,NULL,NULL,NULL,2,2,'2015-06-10',NULL,'Sending sheet SH1505-0005<br />\r\n7 May 2015','crabe',NULL,NULL,NULL,NULL,NULL,NULL,NULL),(14,'FA1507-0006',1,NULL,NULL,'2014-4359',0,NULL,10,'2015-07-23 13:49:23','2015-07-27','2015-07-23','2015-12-03 10:48:27',1,0.00000000,NULL,NULL,0,NULL,NULL,0.00000000,0.00000000,0.00000000,0.00000000,63070.00000000,63070.00000000,2,2,NULL,2,NULL,NULL,NULL,NULL,2,2,'2015-08-26',NULL,'INCOTERMS: EXW<br />\r\nPayment term is 30 days after review and acceptance of goods by CTBTO<br />\r\n<br />\r\nSending sheet and package list : SH1507-0008','crabe',NULL,NULL,NULL,NULL,NULL,NULL,NULL),(16,'FA1507-0007',1,NULL,NULL,'Z10091798',0,NULL,1,'2015-07-24 09:39:03','2015-07-27','2015-07-27','2015-12-03 10:55:14',1,0.00000000,NULL,NULL,0,NULL,NULL,0.00000000,0.00000000,0.00000000,0.00000000,12232.00000000,12232.00000000,2,2,NULL,2,NULL,NULL,NULL,NULL,1,2,'2015-07-27',NULL,'DEPOSIT of 50% of the total amount with PURCHASE ORDER<br />\r\nBallance to be payed at delivery.<br />\r\nDDP HAWAII 119 / &nbsp;KAILUA KONA &nbsp;-&nbsp;Incoterm 2010 ICC<br />\r\n<span style=\"color: rgb(0, 0, 0); font-family: Arial; font-size: small;\">exon&eacute;ration de TVA, art 262 ter I du Code G&eacute;n&eacute;ral des Imp&ocirc;ts</span>','crabe',NULL,NULL,NULL,NULL,NULL,NULL,NULL),(18,'FA1507-0008',1,NULL,NULL,'1543855',0,NULL,11,'2015-07-27 11:52:02','2015-07-27','2015-07-27','2015-12-03 10:56:25',1,0.00000000,NULL,NULL,0,NULL,NULL,0.00000000,0.00000000,0.00000000,0.00000000,32656.30000000,32656.30000000,2,2,NULL,2,NULL,NULL,NULL,NULL,2,2,'2015-08-26','attention passez la monnaie en dollars avant d&#39;exporter le devis, la facture','<br />\r\nINCOTERMS 2010 : FCA FREE OF CARRIER<br />\r\nPrices in US Dollars USD<br />\r\n<br />\r\nsending sheet and package list: SH1507-0011<br />\r\n<br />\r\n<br />','crabe',NULL,NULL,NULL,NULL,NULL,NULL,NULL),(19,'AC1602-0001',1,NULL,NULL,'4500231716',3,NULL,29,'2016-02-22 15:24:09','2016-02-22','2016-02-22','2016-03-21 09:04:26',1,0.00000000,NULL,NULL,0,NULL,NULL,0.00000000,0.00000000,0.00000000,0.00000000,3598.80000000,3598.80000000,2,2,NULL,2,NULL,NULL,3,NULL,1,2,'2016-02-22','proposition en dollar US<br />\r\nchanger l&#39;init&eacute; mon&eacute;taire pour exporter les pdf avec mention us$ en attente end user sign&eacute; de la DGA','DEPOSIT of 30% of the total amount with PURCHASE ORDER<br />\r\nBallance to be payed at delivery.<br />\r\n&nbsp;','crabe',NULL,NULL,NULL,NULL,1,10,''),(20,'AC1602-0002',1,NULL,NULL,'2015-1901',3,NULL,10,'2016-02-24 13:53:01','2016-02-24','2016-02-24','2016-03-21 10:03:35',1,0.00000000,NULL,NULL,0,NULL,NULL,0.00000000,0.00000000,0.00000000,0.00000000,52252.50000000,52252.50000000,2,2,NULL,2,NULL,NULL,NULL,NULL,1,2,'2016-02-24',NULL,'The equipment will be piked up at Seismo Wave Workshop<br />\r\nroute de Treguier - Rospez<br />\r\n22300 LANNION - France<br />\r\nAdvance Payment: Upon inssuance of the Purchase Order and receipt and acceptance of the bank Guarantee by BNP, The CTBTO shall pay the amount of &euro; 52.252.50&nbsp;','crabe',NULL,NULL,NULL,NULL,1,1,'Incoterms 2010'),(21,'FA1602-0009',1,NULL,NULL,'2015-1901',0,NULL,10,'2016-02-24 17:16:27','2016-02-25','2016-02-24','2016-03-11 09:14:48',0,0.00000000,NULL,NULL,0,'abandon','refus d\'une livraison partielle',0.00000000,0.00000000,0.00000000,0.00000000,76655.00000000,76655.00000000,3,2,NULL,2,NULL,NULL,NULL,NULL,2,2,'2016-03-26',NULL,'The equipment will be piked up at Seismo Wave Workshop - route de Treguier - 22300 Rospez - France<br />\r\n<br />\r\nRef Shipment : SH1602-0013<br />\r\n<br />\r\n<span style=\"font-size:14px\"><strong>Outstanding amount : 76 655€ - 22 996€50 (30%deposit) = 53 658 € 50</strong></span><br />\r\n ','crabe',NULL,NULL,NULL,NULL,1,1,'Incoterms 2010'),(22,'FA1602-0010',1,NULL,NULL,'2015-1901',0,NULL,10,'2016-02-25 09:39:22','2016-02-25','2016-02-25','2016-03-11 09:16:04',0,0.00000000,NULL,NULL,0,'abandon','refus d\'une livraison partielle',0.00000000,0.00000000,0.00000000,0.00000000,28590.00000000,28590.00000000,3,2,NULL,2,NULL,NULL,2,NULL,2,2,'2016-03-26',NULL,'The equipment will be piked up at Seismo Wave Workshop - route de Treguier - 22300 Rospez - France<br />\r\n<br />\r\nRef shipment : SH1602-0012<br />\r\n<br />\r\n<span style=\"font-size:14px\"><strong>Oustanding amount : 28 590€00 - 8 577€00 (30% deposit) = 20 013€00 </strong></span>','crabe',NULL,NULL,NULL,NULL,1,1,'Incoterms 2010'),(23,'FA1603-0011',1,NULL,NULL,'4500231716',0,NULL,29,'2016-03-21 10:07:11','2016-03-21','2016-03-21','2017-03-03 09:36:18',1,0.00000000,NULL,NULL,0,NULL,NULL,0.00000000,0.00000000,0.00000000,0.00000000,8778.20000000,8778.20000000,2,2,NULL,2,NULL,NULL,3,NULL,9,2,'2016-03-21','proposition en dollar US<br />\r\nchanger l&#39;init&eacute; mon&eacute;taire pour exporter les pdf avec mention us$ en attente end user sign&eacute; de la DGA','DEPOSIT of 30% of the total amount with PURCHASE ORDER<br />\r\nBallance to be payed at delivery.<br />\r\nDAP Delivered At Place MS 38677 / University of Mississippi - Incoterm 2010 ICC Client is in charged of taxes and customs charges<br />\r\nexon&eacute;ration de TVA, art 262 ter I du Code G&eacute;n&eacute;ral des Imp&ocirc;ts<br />\r\nQuote in US$ : 1.0895 for 1&euro;','crabe',NULL,NULL,NULL,NULL,1,10,''),(24,'FA1603-0012',1,NULL,NULL,'2015-1901',0,NULL,10,'2016-03-24 08:45:26','2016-03-24','2016-03-29','2017-03-03 09:34:29',1,0.00000000,NULL,NULL,0,NULL,NULL,0.00000000,0.00000000,0.00000000,0.00000000,121922.50000000,121922.50000000,2,2,NULL,1,NULL,NULL,2,NULL,2,2,'2016-04-23',NULL,NULL,'alpiroc_fact',NULL,NULL,NULL,NULL,1,1,'Incoterms 2010'),(29,'FA1605-0013',1,NULL,NULL,'AGU2016',0,NULL,37,'2016-05-12 17:07:22','2016-05-12','2016-05-12','2017-03-03 09:33:36',1,0.00000000,NULL,NULL,0,NULL,NULL,316.00000000,0.00000000,0.00000000,0.00000000,1580.00000000,1896.00000000,2,1,NULL,1,NULL,NULL,2,NULL,8,2,'2016-08-26',NULL,NULL,'crabe',NULL,NULL,NULL,NULL,1,0,''),(30,'FA1605-0014',1,NULL,NULL,'AGU 2016',0,NULL,17,'2016-05-12 17:24:45','2016-05-12','2016-05-12','2017-03-03 09:31:18',1,0.00000000,NULL,NULL,0,NULL,NULL,316.00000000,0.00000000,0.00000000,0.00000000,1580.00000000,1896.00000000,2,1,NULL,1,NULL,NULL,2,NULL,8,2,'2016-08-26',NULL,NULL,'crabe',NULL,NULL,NULL,NULL,1,0,''),(31,'FA1606-0015',1,NULL,NULL,NULL,0,NULL,31,'2016-06-21 16:50:31','2016-06-27','2016-06-21','2016-06-21 14:52:54',1,0.00000000,NULL,NULL,0,NULL,NULL,0.00000000,0.00000000,0.00000000,0.00000000,46227.00000000,46227.00000000,2,2,NULL,2,NULL,NULL,2,NULL,1,2,'2016-06-27',NULL,'Client is on charged of custom charges&nbsp;<br />\r\nThe shipping mark:<br />\r\n<u>16ID-021691-502A</u>&nbsp; &nbsp; &nbsp; &nbsp; &nbsp; &nbsp; &nbsp; &nbsp; &nbsp;&nbsp;<br />\r\n&nbsp;Beijing, CHINA<br />\r\n&nbsp;','crabe',NULL,NULL,NULL,NULL,1,2,'SEISMO WAVE WORKSHOP'),(32,'AC1609-0003',1,NULL,NULL,'CO16090010',3,NULL,39,'2016-09-15 08:50:10','2016-09-15','2016-09-15','2016-12-19 08:26:45',1,0.00000000,NULL,NULL,0,NULL,NULL,0.00000000,0.00000000,0.00000000,0.00000000,41618.40000000,41618.40000000,2,2,NULL,2,NULL,NULL,2,NULL,1,2,'2016-09-15','NO 04/04/16<br />\r\npremi&egrave;re r&eacute;ponse &agrave; appal &agrave; budget n&eacute;gative, nouvelle tentative il y a quelques semaines<br />\r\nA relancer','40% of the contract&nbsp;','crabe',NULL,NULL,NULL,NULL,0,6,''),(33,'FA1611-0016',1,NULL,NULL,NULL,0,NULL,37,'2016-11-22 15:59:06','2016-11-22','2016-11-22','2017-03-03 09:30:18',1,0.00000000,NULL,NULL,0,NULL,NULL,300.00000000,0.00000000,0.00000000,0.00000000,1500.00000000,1800.00000000,2,1,NULL,1,NULL,NULL,2,NULL,1,2,'2016-11-22',NULL,NULL,'crabe',NULL,NULL,NULL,NULL,1,0,''),(34,'FA1611-0017',1,NULL,NULL,NULL,0,NULL,17,'2016-11-22 16:04:01','2016-11-22','2016-11-22','2017-03-03 09:47:36',1,0.00000000,NULL,NULL,0,NULL,NULL,300.00000000,0.00000000,0.00000000,0.00000000,1500.00000000,1800.00000000,2,1,NULL,1,NULL,NULL,2,NULL,1,0,'2016-11-22',NULL,NULL,'crabe',NULL,NULL,NULL,NULL,1,0,''),(35,'FA1611-0018',1,NULL,NULL,'3057L002205',0,NULL,41,'2016-11-29 10:18:21','2016-11-29','2016-11-29','2016-11-29 10:31:15',0,0.00000000,NULL,NULL,0,NULL,NULL,2876.00000000,0.00000000,0.00000000,0.00000000,14380.00000000,17256.00000000,1,2,NULL,2,NULL,NULL,4,NULL,2,2,'2016-12-29',NULL,'N° de devis : PR1610-0047','crabe',NULL,NULL,NULL,NULL,0,0,''),(36,'AC1612-0004',1,NULL,NULL,'16CSHK-003',3,NULL,40,'2016-12-09 10:00:19','2016-12-09','2016-12-09','2017-03-13 09:49:14',1,0.00000000,NULL,NULL,0,NULL,NULL,0.00000000,0.00000000,0.00000000,0.00000000,18332.46000000,18332.46000000,2,2,NULL,2,NULL,NULL,4,NULL,1,2,'2016-12-09',NULL,'End User : Institute of Crustal Dynamics, China Earthquake administration','crabe',NULL,NULL,NULL,NULL,0,1,''),(38,'FA1612-0019',1,NULL,NULL,'CO16090010',0,NULL,39,'2016-12-19 09:40:39','2016-12-19','2016-12-19','2017-03-03 09:29:16',1,0.00000000,NULL,NULL,0,NULL,NULL,0.00000000,0.00000000,0.00000000,0.00000000,62427.60000000,62427.60000000,2,2,NULL,2,NULL,NULL,2,NULL,11,2,'2016-12-19','NO 04/04/16<br />\r\npremi&egrave;re r&eacute;ponse &agrave; appal &agrave; budget n&eacute;gative, nouvelle tentative il y a quelques semaines<br />\r\nA relancer','The End-User : Research Centre for Astronomy and Earth Sciences<br />\r\n&nbsp; &nbsp; &nbsp; &nbsp; &nbsp; &nbsp; &nbsp; &nbsp; &nbsp; &nbsp; &nbsp; &nbsp;Hungarian Academy of Sciences<br />\r\n&nbsp;&nbsp; &nbsp; &nbsp; &nbsp; &nbsp; &nbsp; &nbsp; &nbsp; &nbsp; &nbsp; &nbsp; Meredek u.18., H-1112 BUDAPEST Hongrie','crabe',NULL,NULL,NULL,NULL,0,6,''),(39,'FA1612-0020',1,NULL,NULL,NULL,0,NULL,17,'2017-01-16 17:49:20','2016-12-30','2017-01-17','2017-03-03 09:47:36',1,0.00000000,NULL,NULL,0,NULL,NULL,262.00000000,0.00000000,0.00000000,0.00000000,1310.00000000,1572.00000000,2,1,NULL,1,NULL,NULL,2,NULL,2,2,'2017-01-30',NULL,NULL,'crabe',NULL,NULL,NULL,NULL,1,0,''),(40,'FA1612-0021',1,NULL,NULL,NULL,0,NULL,37,'2017-01-16 18:02:24','2016-12-30','2017-01-17','2017-01-17 08:22:20',0,0.00000000,NULL,NULL,0,NULL,NULL,262.00000000,0.00000000,0.00000000,0.00000000,1310.00000000,1572.00000000,1,1,NULL,1,NULL,NULL,2,NULL,2,2,'2017-01-30',NULL,NULL,'crabe',NULL,NULL,NULL,NULL,1,0,''),(41,'FA1701-0022',1,NULL,NULL,NULL,0,NULL,17,'2017-01-20 10:36:23','2017-01-20','2017-01-20','2017-01-20 09:42:33',0,0.00000000,NULL,NULL,0,NULL,NULL,352.00000000,0.00000000,0.00000000,0.00000000,1760.00000000,2112.00000000,1,1,NULL,1,NULL,NULL,4,NULL,8,2,'2017-01-20',NULL,NULL,'crabe',NULL,NULL,NULL,NULL,1,0,''),(42,'FA1701-0023',1,NULL,NULL,NULL,0,NULL,37,'2017-01-20 10:41:10','2017-01-20','2017-01-20','2017-01-20 09:46:56',0,0.00000000,NULL,NULL,0,NULL,NULL,352.00000000,0.00000000,0.00000000,0.00000000,1760.00000000,2112.00000000,1,1,NULL,1,NULL,NULL,4,NULL,8,0,'2017-01-20',NULL,NULL,'crabe',NULL,NULL,NULL,NULL,1,0,''),(43,'FA1701-0024',1,NULL,NULL,'2016-1550_FRD00001',0,NULL,10,'2017-01-31 14:52:51','2017-01-31','2017-02-02','2017-03-03 09:39:38',1,0.00000000,NULL,NULL,0,NULL,NULL,0.00000000,0.00000000,0.00000000,0.00000000,108690.00000000,108690.00000000,2,2,NULL,2,NULL,NULL,4,NULL,2,2,'2017-03-02',NULL,'<strong>Contract No: 2016-1550 &nbsp;FRD No: 0001</strong>','crabe',NULL,NULL,NULL,NULL,0,12,''),(44,'FA1701-0025',1,NULL,NULL,'2016-1550_FRD00002',0,NULL,10,'2017-02-02 10:11:30','2017-01-31','2017-02-02','2017-03-03 09:39:10',1,0.00000000,NULL,NULL,0,NULL,NULL,0.00000000,0.00000000,0.00000000,0.00000000,1400.00000000,1400.00000000,2,2,NULL,2,NULL,NULL,4,NULL,2,2,'2017-03-02',NULL,'<strong>Contract No: 2016-1550 &nbsp; FRD No:FR00002</strong>','crabe',NULL,NULL,NULL,NULL,0,12,''),(45,'FA1702-0026',1,NULL,NULL,NULL,0,NULL,42,'2017-02-14 15:09:29','2017-02-14','2017-02-14','2017-02-14 14:17:27',1,0.00000000,NULL,NULL,0,NULL,NULL,0.00000000,0.00000000,0.00000000,0.00000000,18657.00000000,18657.00000000,2,2,NULL,2,NULL,NULL,4,NULL,6,2,'2017-02-14',NULL,NULL,'crabe',NULL,NULL,NULL,NULL,0,10,'Délivery at Seoul'),(46,'FA1702-0027',1,NULL,NULL,'BC2017477_SEISMO',0,NULL,17,'2017-02-17 10:18:10','2017-02-17','2017-02-17','2017-03-16 08:02:47',1,0.00000000,NULL,NULL,0,NULL,NULL,1207.00000000,0.00000000,0.00000000,0.00000000,6035.00000000,7242.00000000,2,2,NULL,2,NULL,NULL,2,NULL,1,2,'2017-02-17',NULL,'<strong>Votre commande 2017477 du 17/01/2017</strong>','crabe',NULL,NULL,NULL,NULL,0,1,''),(47,'FA1702-0028',1,NULL,NULL,'SEISMO 01 17',0,NULL,17,'2017-02-17 10:29:11','2017-02-17','2017-02-17','2017-03-16 08:02:47',1,0.00000000,NULL,NULL,0,NULL,NULL,1783.20000000,0.00000000,0.00000000,0.00000000,8916.00000000,10699.20000000,2,2,NULL,2,NULL,NULL,2,NULL,1,2,'2017-02-17',NULL,'<strong>Votre commande 2017514 du 23/01/2017</strong>','crabe',NULL,NULL,NULL,NULL,0,1,''),(48,'FA1702-0029',1,NULL,NULL,NULL,0,NULL,17,'2017-02-28 13:16:36','2017-02-28','2017-02-28','2017-04-13 10:00:57',1,0.00000000,NULL,NULL,0,NULL,NULL,133.40000000,0.00000000,0.00000000,0.00000000,667.00000000,800.40000000,2,2,NULL,2,NULL,NULL,4,NULL,2,2,'2017-03-30',NULL,'<strong>Votre commande 2017540<br />\r\nNotre BL SH1702-0022 du 28/02/2017</strong>','crabe',NULL,NULL,NULL,NULL,0,12,''),(49,'AC1703-0005',1,NULL,NULL,'16CSHK-003',3,NULL,40,'2017-03-13 11:15:24','2017-03-13','2017-03-13','2017-03-13 10:20:07',0,0.00000000,NULL,NULL,0,NULL,NULL,0.00000000,0.00000000,0.00000000,0.00000000,3532.26000000,3532.26000000,1,2,NULL,2,NULL,NULL,4,NULL,1,2,'2017-03-13',NULL,'End User : Institute of Crustal Dynamics, China Earthquake administration','crabe',NULL,NULL,NULL,NULL,0,1,'');

--
-- Table structure for table `llx_facture_extrafields`
--

CREATE TABLE `llx_facture_extrafields` (
  `rowid` int(11) NOT NULL AUTO_INCREMENT,
  `tms` timestamp NOT NULL DEFAULT CURRENT_TIMESTAMP ON UPDATE CURRENT_TIMESTAMP,
  `fk_object` int(11) NOT NULL,
  `import_key` varchar(14) DEFAULT NULL,
  `profilalpiroc` varchar(255) DEFAULT NULL,
  PRIMARY KEY (`rowid`),
  KEY `idx_facture_extrafields` (`fk_object`)
) ENGINE=InnoDB AUTO_INCREMENT=30 DEFAULT CHARSET=utf8;

--
-- Dumping data for table `llx_facture_extrafields`
--

INSERT INTO `llx_facture_extrafields` (`rowid`, `tms`, `fk_object`, `import_key`, `profilalpiroc`) VALUES (5,'2016-03-29 14:41:05',24,NULL,'0'),(9,'2016-05-12 15:07:22',29,NULL,'0'),(10,'2016-05-12 15:24:45',30,NULL,'0'),(11,'2016-06-21 14:50:31',31,NULL,'0'),(12,'2016-09-15 06:50:10',32,NULL,'0'),(13,'2016-11-22 14:59:06',33,NULL,'0'),(14,'2016-11-22 15:04:01',34,NULL,'0'),(15,'2016-11-29 09:18:21',35,NULL,'0'),(16,'2016-12-09 09:00:19',36,NULL,'0'),(18,'2016-12-19 08:40:39',38,NULL,'0'),(19,'2017-01-16 16:49:20',39,NULL,'0'),(20,'2017-01-16 17:02:24',40,NULL,'0'),(21,'2017-01-20 09:36:23',41,NULL,'0'),(22,'2017-01-20 09:41:10',42,NULL,'0'),(23,'2017-01-31 13:52:51',43,NULL,'0'),(24,'2017-02-02 09:11:30',44,NULL,'0'),(25,'2017-02-14 14:09:29',45,NULL,'0'),(26,'2017-02-17 09:18:10',46,NULL,'0'),(27,'2017-02-17 09:29:11',47,NULL,'0'),(28,'2017-02-28 12:16:36',48,NULL,'0'),(29,'2017-03-13 10:15:24',49,NULL,'0');

--
-- Table structure for table `llx_facture_fourn`
--

CREATE TABLE `llx_facture_fourn` (
  `rowid` int(11) NOT NULL AUTO_INCREMENT,
  `ref` varchar(255) NOT NULL,
  `ref_supplier` varchar(255) DEFAULT NULL,
  `entity` int(11) NOT NULL DEFAULT '1',
  `ref_ext` varchar(255) DEFAULT NULL,
  `type` smallint(6) NOT NULL DEFAULT '0',
  `fk_soc` int(11) NOT NULL,
  `datec` datetime DEFAULT NULL,
  `datef` date DEFAULT NULL,
  `tms` timestamp NOT NULL DEFAULT CURRENT_TIMESTAMP ON UPDATE CURRENT_TIMESTAMP,
  `libelle` varchar(255) DEFAULT NULL,
  `paye` smallint(6) NOT NULL DEFAULT '0',
  `amount` double(24,8) NOT NULL DEFAULT '0.00000000',
  `remise` double(24,8) DEFAULT '0.00000000',
  `close_code` varchar(16) DEFAULT NULL,
  `close_note` varchar(128) DEFAULT NULL,
  `tva` double(24,8) DEFAULT '0.00000000',
  `localtax1` double(24,8) DEFAULT '0.00000000',
  `localtax2` double(24,8) DEFAULT '0.00000000',
  `total` double(24,8) DEFAULT '0.00000000',
  `total_ht` double(24,8) DEFAULT '0.00000000',
  `total_tva` double(24,8) DEFAULT '0.00000000',
  `total_ttc` double(24,8) DEFAULT '0.00000000',
  `fk_statut` smallint(6) NOT NULL DEFAULT '0',
  `fk_user_author` int(11) DEFAULT NULL,
  `fk_user_modif` int(11) DEFAULT NULL,
  `fk_user_valid` int(11) DEFAULT NULL,
  `fk_facture_source` int(11) DEFAULT NULL,
  `fk_projet` int(11) DEFAULT NULL,
  `fk_account` int(11) DEFAULT NULL,
  `fk_cond_reglement` int(11) DEFAULT NULL,
  `fk_mode_reglement` int(11) DEFAULT NULL,
  `date_lim_reglement` date DEFAULT NULL,
  `note_private` text,
  `note_public` text,
  `model_pdf` varchar(255) DEFAULT NULL,
  `import_key` varchar(14) DEFAULT NULL,
  `extraparams` varchar(255) DEFAULT NULL,
  `fk_incoterms` int(11) DEFAULT NULL,
  `location_incoterms` varchar(255) DEFAULT NULL,
  PRIMARY KEY (`rowid`),
  UNIQUE KEY `uk_facture_fourn_ref` (`ref`,`entity`),
  UNIQUE KEY `uk_facture_fourn_ref_supplier` (`ref_supplier`,`fk_soc`,`entity`),
  KEY `idx_facture_fourn_date_lim_reglement` (`date_lim_reglement`),
  KEY `idx_facture_fourn_fk_soc` (`fk_soc`),
  KEY `idx_facture_fourn_fk_user_author` (`fk_user_author`),
  KEY `idx_facture_fourn_fk_user_valid` (`fk_user_valid`),
  KEY `idx_facture_fourn_fk_projet` (`fk_projet`),
  CONSTRAINT `fk_facture_fourn_fk_projet` FOREIGN KEY (`fk_projet`) REFERENCES `llx_projet` (`rowid`),
  CONSTRAINT `fk_facture_fourn_fk_soc` FOREIGN KEY (`fk_soc`) REFERENCES `llx_societe` (`rowid`),
  CONSTRAINT `fk_facture_fourn_fk_user_author` FOREIGN KEY (`fk_user_author`) REFERENCES `llx_user` (`rowid`),
  CONSTRAINT `fk_facture_fourn_fk_user_valid` FOREIGN KEY (`fk_user_valid`) REFERENCES `llx_user` (`rowid`)
) ENGINE=InnoDB AUTO_INCREMENT=27 DEFAULT CHARSET=utf8;

--
-- Dumping data for table `llx_facture_fourn`
--

INSERT INTO `llx_facture_fourn` (`rowid`, `ref`, `ref_supplier`, `entity`, `ref_ext`, `type`, `fk_soc`, `datec`, `datef`, `tms`, `libelle`, `paye`, `amount`, `remise`, `close_code`, `close_note`, `tva`, `localtax1`, `localtax2`, `total`, `total_ht`, `total_tva`, `total_ttc`, `fk_statut`, `fk_user_author`, `fk_user_modif`, `fk_user_valid`, `fk_facture_source`, `fk_projet`, `fk_account`, `fk_cond_reglement`, `fk_mode_reglement`, `date_lim_reglement`, `note_private`, `note_public`, `model_pdf`, `import_key`, `extraparams`, `fk_incoterms`, `location_incoterms`) VALUES (1,'SI1512-0001','F1512061',1,NULL,0,3,'2016-01-14 11:27:00','2015-12-28','2016-01-14 10:29:44','',0,0.00000000,0.00000000,NULL,NULL,0.00000000,0.00000000,0.00000000,0.00000000,51519.71000000,10303.96000000,61823.67000000,1,1,NULL,1,NULL,NULL,NULL,3,7,'2016-01-31','','',NULL,NULL,NULL,0,''),(2,'SI1507-0002','FI1507074',1,NULL,0,3,'2016-01-14 11:35:00','2015-07-29','2016-01-14 10:36:04','',1,0.00000000,0.00000000,NULL,NULL,0.00000000,0.00000000,0.00000000,0.00000000,49.19000000,9.84000000,59.03000000,2,1,NULL,1,NULL,NULL,NULL,2,0,'2015-08-28','','',NULL,NULL,NULL,0,''),(3,'SI1507-0003','FI507073',1,NULL,0,3,'2016-01-14 11:37:35','2015-07-29','2016-01-14 10:38:12','',1,0.00000000,0.00000000,NULL,NULL,0.00000000,0.00000000,0.00000000,0.00000000,857.66000000,171.53000000,1029.19000000,2,1,NULL,1,NULL,NULL,NULL,3,2,'2015-08-31','','',NULL,NULL,NULL,0,''),(4,'SI1507-0004','F1507072',1,NULL,0,3,'2016-01-14 11:40:43','2015-07-29','2016-01-14 10:41:02','',1,0.00000000,0.00000000,NULL,NULL,0.00000000,0.00000000,0.00000000,0.00000000,967.20000000,193.44000000,1160.64000000,2,1,NULL,1,NULL,NULL,NULL,3,2,'2015-08-31','','',NULL,NULL,NULL,0,''),(5,'SI1507-0005','F1507071',1,NULL,0,3,'2016-01-14 11:42:46','2015-07-29','2016-01-14 10:43:28','',1,0.00000000,0.00000000,NULL,NULL,0.00000000,0.00000000,0.00000000,0.00000000,367.68000000,73.54000000,441.22000000,2,1,NULL,1,NULL,NULL,NULL,3,2,'2015-08-31','','',NULL,NULL,NULL,0,''),(6,'SI1507-0006','F1507070',1,NULL,0,3,'2016-01-14 11:44:36','2015-07-29','2016-01-14 10:45:04','',1,0.00000000,0.00000000,NULL,NULL,0.00000000,0.00000000,0.00000000,0.00000000,196.76000000,39.35000000,236.11000000,2,1,NULL,1,NULL,NULL,NULL,3,2,'2015-08-31','','',NULL,NULL,NULL,0,''),(7,'SI1507-0007','F1507069',1,NULL,0,3,'2016-01-14 11:45:59','2015-07-29','2016-01-14 10:54:30','',1,0.00000000,0.00000000,NULL,NULL,0.00000000,0.00000000,0.00000000,0.00000000,2450.01000000,490.01000000,2940.02000000,2,1,NULL,1,NULL,NULL,NULL,3,2,'2015-08-31','','',NULL,NULL,NULL,0,''),(8,'SI1506-0008','F1506073',1,NULL,0,3,'2016-01-14 11:55:25','2015-06-30','2016-01-14 10:56:20','',1,0.00000000,0.00000000,NULL,NULL,0.00000000,0.00000000,0.00000000,0.00000000,37195.86000000,7439.18000000,44635.04000000,2,1,NULL,1,NULL,NULL,NULL,3,2,'2015-07-31','','',NULL,NULL,NULL,0,''),(9,'SI1505-0009','F1505066',1,NULL,0,3,'2016-01-14 11:57:18','2015-05-29','2016-01-14 10:58:08','',1,0.00000000,0.00000000,NULL,NULL,0.00000000,0.00000000,0.00000000,0.00000000,10678.59000000,2135.72000000,12814.31000000,2,1,NULL,1,NULL,NULL,NULL,3,2,'2015-06-30','','',NULL,NULL,NULL,0,''),(10,'SI1505-0010','F1505065',1,NULL,0,3,'2016-01-14 11:59:07','2015-05-29','2016-01-14 10:59:36','',1,0.00000000,0.00000000,NULL,NULL,0.00000000,0.00000000,0.00000000,0.00000000,344.33000000,68.87000000,413.20000000,2,1,NULL,1,NULL,NULL,NULL,3,7,'2015-06-30','','',NULL,NULL,NULL,0,''),(11,'SI1505-0011','F1505064',1,NULL,0,3,'2016-01-14 12:00:32','2015-05-29','2016-01-14 11:01:12','',1,0.00000000,0.00000000,NULL,NULL,0.00000000,0.00000000,0.00000000,0.00000000,348.83000000,69.77000000,418.60000000,2,1,NULL,1,NULL,NULL,NULL,3,2,'2015-06-30','','',NULL,NULL,NULL,0,''),(12,'SI1505-0012','F1505012',1,NULL,0,3,'2016-01-14 12:01:57','2015-05-07','2016-01-14 11:02:54','',1,0.00000000,0.00000000,NULL,NULL,0.00000000,0.00000000,0.00000000,0.00000000,21357.18000000,4271.44000000,25628.62000000,2,1,NULL,1,NULL,NULL,NULL,3,2,'2015-06-30','','',NULL,NULL,NULL,0,''),(13,'SI1505-0013','F1505011',1,NULL,0,3,'2016-01-14 12:05:05','2015-05-07','2016-01-14 11:08:05','',1,0.00000000,0.00000000,NULL,NULL,0.00000000,0.00000000,0.00000000,0.00000000,5983.25000000,1196.65000000,7179.90000000,2,1,NULL,1,NULL,NULL,NULL,3,2,'2015-06-30','','',NULL,NULL,NULL,0,''),(15,'SI1504-0014','F1504068',1,NULL,0,3,'2016-01-14 13:35:17','2015-04-30','2016-01-14 12:39:04','',1,0.00000000,0.00000000,NULL,NULL,0.00000000,0.00000000,0.00000000,0.00000000,572.11000000,114.42000000,686.53000000,2,1,NULL,1,NULL,NULL,NULL,3,2,'2015-05-31','','',NULL,NULL,NULL,0,''),(16,'SI1504-0015','F1504067',1,NULL,0,3,'2016-01-14 13:39:49','2015-04-30','2016-01-14 12:40:42','',1,0.00000000,0.00000000,NULL,NULL,0.00000000,0.00000000,0.00000000,0.00000000,6199.31000000,1239.86000000,7439.17000000,2,1,NULL,1,NULL,NULL,NULL,3,2,'2015-05-31','','',NULL,NULL,NULL,0,''),(17,'SI1504-0016','F1504027',1,NULL,0,3,'2016-01-14 13:41:19','2015-04-16','2016-01-14 12:41:38','',1,0.00000000,0.00000000,NULL,NULL,0.00000000,0.00000000,0.00000000,0.00000000,2630.00000000,526.00000000,3156.00000000,2,1,NULL,1,NULL,NULL,NULL,3,2,'2015-05-31','','',NULL,NULL,NULL,0,''),(18,'SI1504-0017','F1504026',1,NULL,0,3,'2016-01-14 13:42:20','2015-04-16','2016-01-14 12:44:29','',1,0.00000000,0.00000000,NULL,NULL,0.00000000,0.00000000,0.00000000,0.00000000,28476.24000000,5695.25000000,34171.49000000,2,1,NULL,1,NULL,NULL,NULL,3,2,'2015-05-31','','',NULL,NULL,NULL,0,''),(21,'SI1504-0018','F1504025',1,NULL,0,3,'2016-01-14 13:45:13','2015-04-16','2016-01-14 12:54:04','',1,0.00000000,0.00000000,NULL,NULL,0.00000000,0.00000000,0.00000000,0.00000000,6094.33000000,1218.87000000,7313.20000000,2,1,NULL,1,NULL,NULL,NULL,3,2,'2015-05-31','','',NULL,NULL,NULL,0,''),(22,'SI1406-0019','F1406019',1,NULL,0,3,'2016-01-14 13:55:01','2014-06-16','2016-01-14 12:55:17','',1,0.00000000,0.00000000,NULL,NULL,0.00000000,0.00000000,0.00000000,0.00000000,573.00000000,114.60000000,687.60000000,2,1,NULL,1,NULL,NULL,NULL,3,2,'2014-07-31','','',NULL,NULL,NULL,0,''),(23,'SI1404-0020','F1404048',1,NULL,0,3,'2016-01-14 13:56:04','2014-04-23','2016-01-14 12:59:32','',1,0.00000000,0.00000000,NULL,NULL,0.00000000,0.00000000,0.00000000,0.00000000,6847.99000000,1369.59000000,8217.58000000,2,1,NULL,1,NULL,NULL,NULL,3,2,'2014-05-31','','',NULL,NULL,NULL,0,''),(24,'SI1402-0021','F1402038',1,NULL,0,3,'2016-01-14 14:00:24','2014-02-27','2016-01-14 13:04:52','',1,0.00000000,0.00000000,NULL,NULL,0.00000000,0.00000000,0.00000000,0.00000000,2753.80000000,550.76000000,3304.56000000,2,1,NULL,1,NULL,NULL,NULL,3,2,'2014-03-31','','',NULL,NULL,NULL,0,''),(25,'SI1602-0022','F1602046',1,NULL,0,3,'2016-03-03 08:50:27','2016-02-29','2016-03-03 07:54:35','',0,0.00000000,0.00000000,NULL,NULL,0.00000000,0.00000000,0.00000000,0.00000000,8784.76000000,1756.96000000,10541.72000000,1,2,NULL,2,NULL,NULL,NULL,3,7,'2016-04-15','','',NULL,NULL,NULL,0,''),(26,'SI1602-0023','F1602045',1,NULL,0,3,'2016-03-03 09:00:38','2016-02-29','2016-03-03 08:06:52','',0,0.00000000,0.00000000,NULL,NULL,0.00000000,0.00000000,0.00000000,0.00000000,1775.44000000,355.09000000,2130.53000000,1,2,NULL,2,NULL,NULL,NULL,3,7,'2016-04-15','','',NULL,NULL,NULL,0,'');

--
-- Table structure for table `llx_facture_fourn_det`
--

CREATE TABLE `llx_facture_fourn_det` (
  `rowid` int(11) NOT NULL AUTO_INCREMENT,
  `fk_facture_fourn` int(11) NOT NULL,
  `fk_parent_line` int(11) DEFAULT NULL,
  `fk_product` int(11) DEFAULT NULL,
  `ref` varchar(50) DEFAULT NULL,
  `label` varchar(255) DEFAULT NULL,
  `description` text,
  `pu_ht` double(24,8) DEFAULT NULL,
  `pu_ttc` double(24,8) DEFAULT NULL,
  `qty` double DEFAULT NULL,
  `remise_percent` double DEFAULT '0',
  `tva_tx` double(6,3) DEFAULT NULL,
  `localtax1_tx` double(6,3) DEFAULT '0.000',
  `localtax1_type` varchar(10) NOT NULL DEFAULT '0',
  `localtax2_tx` double(6,3) DEFAULT '0.000',
  `localtax2_type` varchar(10) NOT NULL DEFAULT '0',
  `total_ht` double(24,8) DEFAULT NULL,
  `tva` double(24,8) DEFAULT NULL,
  `total_localtax1` double(24,8) DEFAULT '0.00000000',
  `total_localtax2` double(24,8) DEFAULT '0.00000000',
  `total_ttc` double(24,8) DEFAULT NULL,
  `product_type` int(11) DEFAULT '0',
  `date_start` datetime DEFAULT NULL,
  `date_end` datetime DEFAULT NULL,
  `info_bits` int(11) NOT NULL DEFAULT '0',
  `import_key` varchar(14) DEFAULT NULL,
  `fk_code_ventilation` int(11) NOT NULL DEFAULT '0',
  `special_code` int(11) DEFAULT '0',
  `rang` int(11) DEFAULT '0',
  `fk_unit` int(11) DEFAULT NULL,
  PRIMARY KEY (`rowid`),
  KEY `idx_facture_fourn_det_fk_facture` (`fk_facture_fourn`),
  KEY `fk_facture_fourn_det_fk_unit` (`fk_unit`),
  CONSTRAINT `fk_facture_fourn_det_fk_facture` FOREIGN KEY (`fk_facture_fourn`) REFERENCES `llx_facture_fourn` (`rowid`),
  CONSTRAINT `fk_facture_fourn_det_fk_unit` FOREIGN KEY (`fk_unit`) REFERENCES `llx_c_units` (`rowid`)
) ENGINE=InnoDB AUTO_INCREMENT=114 DEFAULT CHARSET=utf8;

--
-- Dumping data for table `llx_facture_fourn_det`
--

INSERT INTO `llx_facture_fourn_det` (`rowid`, `fk_facture_fourn`, `fk_parent_line`, `fk_product`, `ref`, `label`, `description`, `pu_ht`, `pu_ttc`, `qty`, `remise_percent`, `tva_tx`, `localtax1_tx`, `localtax1_type`, `localtax2_tx`, `localtax2_type`, `total_ht`, `tva`, `total_localtax1`, `total_localtax2`, `total_ttc`, `product_type`, `date_start`, `date_end`, `info_bits`, `import_key`, `fk_code_ventilation`, `special_code`, `rang`, `fk_unit`) VALUES (1,1,NULL,8,NULL,NULL,'Bloc transducteur Equipé',3308.05400000,3969.66480000,11,0,20.000,0.000,'0',0.000,'0',36388.59000000,7277.72000000,0.00000000,0.00000000,43666.31000000,0,NULL,NULL,0,NULL,0,0,0,NULL),(2,1,NULL,13,NULL,NULL,'Capot Analogique Equipé',797.60200000,957.12240000,11,0,20.000,0.000,'0',0.000,'0',8773.62000000,1754.73000000,0.00000000,0.00000000,10528.35000000,0,NULL,NULL,0,NULL,0,0,0,NULL),(3,1,NULL,3,NULL,NULL,'12 V Power cable',166.33000000,199.59600000,8,0,20.000,0.000,'0',0.000,'0',1330.64000000,266.13000000,0.00000000,0.00000000,1596.77000000,0,NULL,NULL,0,NULL,0,0,0,NULL),(4,1,NULL,20,NULL,NULL,'Magnet Adjustment Cable',164.99000000,197.98800000,2,0,20.000,0.000,'0',0.000,'0',329.98000000,66.00000000,0.00000000,0.00000000,395.98000000,0,NULL,NULL,0,NULL,0,0,0,NULL),(5,1,NULL,19,NULL,NULL,'PELICASE 1650  + adapted foam<br />\r\nInt Dim : L725 x W445 x D270 mm<br />\r\nExt Dim : L802 x W520 x D316 mm',967.20000000,1160.64000000,0,0,20.000,0.000,'0',0.000,'0',0.00000000,0.00000000,0.00000000,0.00000000,0.00000000,0,NULL,NULL,0,NULL,0,0,0,NULL),(6,1,NULL,16,NULL,NULL,'Sensor to digitizer cable',183.84000000,220.60800000,7,0,20.000,0.000,'0',0.000,'0',1286.88000000,257.38000000,0.00000000,0.00000000,1544.26000000,0,NULL,NULL,0,NULL,0,0,0,NULL),(7,1,NULL,30,NULL,NULL,'sensor self-noise of the pressure output at 1Hz',70.00000000,84.00000000,11,0,20.000,0.000,'0',0.000,'0',770.00000000,154.00000000,0.00000000,0.00000000,924.00000000,1,NULL,NULL,0,NULL,0,0,0,NULL),(8,1,NULL,32,NULL,NULL,'Plots of the full frequency response obtained by the dynamic calibration of the amplitude and phase of the pressure output',150.00000000,180.00000000,11,0,20.000,0.000,'0',0.000,'0',1650.00000000,330.00000000,0.00000000,0.00000000,1980.00000000,1,NULL,NULL,0,NULL,0,0,0,NULL),(9,1,NULL,31,NULL,NULL,'Plots of the full frequency response obtained by the electrical sensor self-calibration capability for the amplitude and phase of the pressure output',90.00000000,108.00000000,11,0,20.000,0.000,'0',0.000,'0',990.00000000,198.00000000,0.00000000,0.00000000,1188.00000000,1,NULL,NULL,0,NULL,0,0,0,NULL),(10,1,NULL,23,NULL,NULL,'ScrewPack MB3 Transportation box',49.19000000,59.02800000,0,0,20.000,0.000,'0',0.000,'0',0.00000000,0.00000000,0.00000000,0.00000000,0.00000000,0,NULL,NULL,0,NULL,0,0,0,NULL),(11,2,NULL,23,NULL,NULL,'ScrewPack MB3 Transportation box',49.19000000,59.02800000,1,0,20.000,0.000,'0',0.000,'0',49.19000000,9.84000000,0.00000000,0.00000000,59.03000000,0,NULL,NULL,0,NULL,0,0,0,NULL),(12,3,NULL,25,NULL,NULL,'PELICASE 1430  + adapted foam<br />\r\nDim. int : 344 x 146 x 297 mm<br />\r\nDim. ext : 430 x 244 x 341 mm',857.66000000,1029.19200000,1,0,20.000,0.000,'0',0.000,'0',857.66000000,171.53000000,0.00000000,0.00000000,1029.19000000,0,NULL,NULL,0,NULL,0,0,0,NULL),(13,4,NULL,19,NULL,NULL,'PELICASE 1650 &nbsp;+ adapted foam<br />\r\nInt Dim : L725 x W445 x D270 mm<br />\r\nExt Dim : L802 x W520 x D316 mm',967.20000000,1160.64000000,1,0,20.000,0.000,'0',0.000,'0',967.20000000,193.44000000,0.00000000,0.00000000,1160.64000000,0,NULL,NULL,0,NULL,0,0,0,NULL),(14,5,NULL,16,NULL,NULL,'(affaire SANDIA)',183.84000000,220.60800000,2,0,20.000,0.000,'0',0.000,'0',367.68000000,73.54000000,0.00000000,0.00000000,441.22000000,0,NULL,NULL,0,NULL,0,0,0,NULL),(16,6,NULL,23,NULL,NULL,'(Affaire CTBTO)',49.19000000,59.02800000,4,0,20.000,0.000,'0',0.000,'0',196.76000000,39.35000000,0.00000000,0.00000000,236.11000000,0,NULL,NULL,0,NULL,0,0,0,NULL),(17,7,NULL,3,NULL,NULL,'29 POUR CTBTO\r\n1 POUR IPGP\r\n1 POUR HAWAII\r\n+ 10 cables pour outillage Prolann (banc de test)',166.33000000,199.59600000,1,0,20.000,0.000,'0',0.000,'0',166.33000000,33.27000000,0.00000000,0.00000000,199.60000000,0,NULL,NULL,0,NULL,0,0,1,NULL),(19,7,NULL,17,NULL,NULL,'18 pin to USB<br />\r\n3 m long\r\n10 pour CTBTO\r\n+1 pour outillage Prolann (Banc de test)',187.79000000,225.34800000,10,0,20.000,0.000,'0',0.000,'0',1877.90000000,375.58000000,0.00000000,0.00000000,2253.48000000,0,NULL,NULL,0,NULL,0,0,2,NULL),(22,7,NULL,6,NULL,NULL,'5 POUR CTBTO\r\n1 POUR IPGP\r\n1 POUR ISLA HAWAII\r\n+ 9 pour outillage Prolann (banc de test)',62.40000000,74.88000000,1,0,20.000,0.000,'0',0.000,'0',62.40000000,12.48000000,0.00000000,0.00000000,74.88000000,0,NULL,NULL,0,NULL,0,0,3,NULL),(23,7,NULL,7,NULL,NULL,'1 POUR IPGP\r\n1 pour hawaii\r\n+ 3 pour outillage Prolann (banc de test)',41.60000000,49.92000000,1,0,20.000,0.000,'0',0.000,'0',41.60000000,8.32000000,0.00000000,0.00000000,49.92000000,0,NULL,NULL,0,NULL,0,0,4,NULL),(24,7,NULL,5,NULL,NULL,'18 pin to USB<br />\r\n1.5 m long\r\n1 POUR IPGP\r\n1 POUR ISLA HAWAII\r\n+1 pour outillage prolann (banc de test)',187.79000000,225.34800000,1,0,20.000,0.000,'0',0.000,'0',187.79000000,37.56000000,0.00000000,0.00000000,225.35000000,0,NULL,NULL,0,NULL,0,0,8,NULL),(25,7,NULL,4,NULL,NULL,'5 m long<br />\r\nCoaxial TNC to TNC\r\n1 POUR IPGP\r\n1 POUR HAWAII',113.99000000,136.78800000,1,0,20.000,0.000,'0',0.000,'0',113.99000000,22.80000000,0.00000000,0.00000000,136.79000000,0,NULL,NULL,0,NULL,0,0,9,NULL),(27,8,NULL,8,NULL,NULL,'15 UNITES POUR LE 01/03/2015 14 pour CTBTO et 1 pour IPGP\r\n28 UNITES POUR LE 15/04/2015\r\nCommentaires :\r\nMBTC :  Passer la carte et la sérigraphie en révision 2.2\r\nMBT : Passer la carte et la sérigraphie en révision 2.2\r\nModification du plan de la bride',2910.63000000,3492.75600000,6,0,20.000,0.000,'0',0.000,'0',17463.78000000,3492.76000000,0.00000000,0.00000000,20956.54000000,0,NULL,NULL,0,NULL,0,0,0,NULL),(28,8,NULL,9,NULL,NULL,'8 unités pour le 01/03/2015\r\ncommentaires:\r\nGAIA : Passer la carte et la sérigraphie en révision 2.2\r\n+ 12 mémoires Micron MT29F8G08ABABAWP-IT-B à fournir à Fullscale à la commande.\r\nMBPH :Passer la carte et la sérigraphie en révision 2.2\r\nMBEF : Passer la carte et la sérigraphie en révision 2.2\r\nMBPV : Passer la carte et la sérigraphie en révision 2.2',3288.68000000,3946.41600000,6,0,20.000,0.000,'0',0.000,'0',19732.08000000,3946.42000000,0.00000000,0.00000000,23678.50000000,0,NULL,NULL,0,NULL,0,0,0,NULL),(30,9,NULL,8,NULL,NULL,'15 UNITES POUR LE 01/03/2015 14 pour CTBTO et 1 pour IPGP\r\n28 UNITES POUR LE 15/04/2015\r\nCommentaires :\r\nMBTC :  Passer la carte et la sérigraphie en révision 2.2\r\nMBT : Passer la carte et la sérigraphie en révision 2.2\r\nModification du plan de la bride',2910.63000000,3492.75600000,3,0,20.000,0.000,'0',0.000,'0',8731.89000000,1746.38000000,0.00000000,0.00000000,10478.27000000,0,NULL,NULL,0,NULL,0,0,0,NULL),(32,9,NULL,13,NULL,NULL,'14 unités pour le 01/03/2015 14 pour CTBTO\r\n21 unités pour le 01/05/2015\r\nCommentaires:\r\nMBPA : Passer la carte et la sérigraphie en révision 2.2',648.90000000,778.68000000,3,0,20.000,0.000,'0',0.000,'0',1946.70000000,389.34000000,0.00000000,0.00000000,2336.04000000,0,NULL,NULL,0,NULL,0,0,0,NULL),(33,10,NULL,23,NULL,NULL,'(Affaire CTBTO)',49.19000000,59.02800000,7,0,20.000,0.000,'0',0.000,'0',344.33000000,68.87000000,0.00000000,0.00000000,413.20000000,0,NULL,NULL,0,NULL,0,0,0,NULL),(34,11,NULL,16,NULL,NULL,'(affaire SANDIA)',183.84000000,220.60800000,1,0,20.000,0.000,'0',0.000,'0',183.84000000,36.77000000,0.00000000,0.00000000,220.61000000,0,NULL,NULL,0,NULL,0,0,0,NULL),(35,11,NULL,20,NULL,NULL,'(affaire SANDIA)',164.99000000,197.98800000,1,0,20.000,0.000,'0',0.000,'0',164.99000000,33.00000000,0.00000000,0.00000000,197.99000000,0,NULL,NULL,0,NULL,0,0,0,NULL),(36,12,NULL,8,NULL,NULL,'15 UNITES POUR LE 01/03/2015 14 pour CTBTO et 1 pour IPGP\r\n28 UNITES POUR LE 15/04/2015\r\nCommentaires :\r\nMBTC :  Passer la carte et la sérigraphie en révision 2.2\r\nMBT : Passer la carte et la sérigraphie en révision 2.2\r\nModification du plan de la bride',2910.63000000,3492.75600000,6,0,20.000,0.000,'0',0.000,'0',17463.78000000,3492.76000000,0.00000000,0.00000000,20956.54000000,0,NULL,NULL,0,NULL,0,0,0,NULL),(38,12,NULL,13,NULL,NULL,'14 unités pour le 01/03/2015 14 pour CTBTO\r\n21 unités pour le 01/05/2015\r\nCommentaires:\r\nMBPA : Passer la carte et la sérigraphie en révision 2.2',648.90000000,778.68000000,6,0,20.000,0.000,'0',0.000,'0',3893.40000000,778.68000000,0.00000000,0.00000000,4672.08000000,0,NULL,NULL,0,NULL,0,0,0,NULL),(39,13,NULL,3,NULL,NULL,'29 POUR CTBTO\r\n1 POUR IPGP\r\n1 POUR HAWAII\r\n+ 10 cables pour outillage Prolann (banc de test)',166.33000000,199.59600000,15,0,20.000,0.000,'0',0.000,'0',2494.95000000,498.99000000,0.00000000,0.00000000,2993.94000000,0,NULL,NULL,0,NULL,0,0,0,NULL),(42,13,NULL,16,NULL,NULL,'3 m long<br />\r\n18 pin to not wired',183.84000000,220.60800000,10,0,20.000,0.000,'0',0.000,'0',1838.40000000,367.68000000,0.00000000,0.00000000,2206.08000000,0,NULL,NULL,0,NULL,0,0,0,NULL),(43,13,NULL,20,NULL,NULL,'18 pin connector to banana plugs. To connect between the analog module and a multimeter in order to adjust the magnet postion.\r\n+ 2 pour outillage Prolann (banc de test)',164.99000000,197.98800000,10,0,20.000,0.000,'0',0.000,'0',1649.90000000,329.98000000,0.00000000,0.00000000,1979.88000000,0,NULL,NULL,0,NULL,0,0,0,NULL),(50,15,NULL,3,NULL,NULL,'29 POUR CTBTO\r\n1 POUR IPGP\r\n1 POUR HAWAII\r\n+ 10 cables pour outillage Prolann (banc de test)',166.33000000,199.59600000,1,0,20.000,0.000,'0',0.000,'0',166.33000000,33.27000000,0.00000000,0.00000000,199.60000000,0,NULL,NULL,0,NULL,0,0,1,NULL),(52,15,NULL,17,NULL,NULL,'18 pin to USB<br />\r\n3 m long\r\n10 pour CTBTO\r\n+1 pour outillage Prolann (Banc de test)',187.79000000,225.34800000,1,0,20.000,0.000,'0',0.000,'0',187.79000000,37.55000000,0.00000000,0.00000000,225.34000000,0,NULL,NULL,0,NULL,0,0,3,NULL),(55,15,NULL,6,NULL,NULL,'5 POUR CTBTO\r\n1 POUR IPGP\r\n1 POUR ISLA HAWAII\r\n+ 9 pour outillage Prolann (banc de test)',62.40000000,74.88000000,1,0,20.000,0.000,'0',0.000,'0',62.40000000,12.48000000,0.00000000,0.00000000,74.88000000,0,NULL,NULL,0,NULL,0,0,6,NULL),(56,15,NULL,7,NULL,NULL,'1 POUR IPGP\r\n1 pour hawaii\r\n+ 3 pour outillage Prolann (banc de test)',41.60000000,49.92000000,1,0,20.000,0.000,'0',0.000,'0',41.60000000,8.32000000,0.00000000,0.00000000,49.92000000,0,NULL,NULL,0,NULL,0,0,7,NULL),(58,15,NULL,4,NULL,NULL,'5 m long<br />\r\nCoaxial TNC to TNC\r\n1 POUR IPGP\r\n1 POUR HAWAII',113.99000000,136.78800000,1,0,20.000,0.000,'0',0.000,'0',113.99000000,22.80000000,0.00000000,0.00000000,136.79000000,0,NULL,NULL,0,NULL,0,0,9,NULL),(60,16,NULL,8,NULL,NULL,'15 UNITES POUR LE 01/03/2015 14 pour CTBTO et 1 pour IPGP\r\n28 UNITES POUR LE 15/04/2015\r\nCommentaires :\r\nMBTC :  Passer la carte et la sérigraphie en révision 2.2\r\nMBT : Passer la carte et la sérigraphie en révision 2.2\r\nModification du plan de la bride',2910.63000000,3492.75600000,1,0,20.000,0.000,'0',0.000,'0',2910.63000000,582.13000000,0.00000000,0.00000000,3492.76000000,0,NULL,NULL,0,NULL,0,0,0,NULL),(61,16,NULL,9,NULL,NULL,'8 unités pour le 01/03/2015\r\ncommentaires:\r\nGAIA : Passer la carte et la sérigraphie en révision 2.2\r\n+ 12 mémoires Micron MT29F8G08ABABAWP-IT-B à fournir à Fullscale à la commande.\r\nMBPH :Passer la carte et la sérigraphie en révision 2.2\r\nMBEF : Passer la carte et la sérigraphie en révision 2.2\r\nMBPV : Passer la carte et la sérigraphie en révision 2.2',3288.68000000,3946.41600000,1,0,20.000,0.000,'0',0.000,'0',3288.68000000,657.73000000,0.00000000,0.00000000,3946.41000000,0,NULL,NULL,0,NULL,0,0,0,NULL),(63,17,NULL,19,NULL,NULL,'PELICASE 1650  + adapted foam<br />\r\nInt Dim : L725 x W445 x D270 mm<br />\r\nExt Dim : L802 x W520 x D316 mm\r\nref PR000198 Emballage pelicase 6 MB3',895.00000000,1074.00000000,2,0,20.000,0.000,'0',0.000,'0',1790.00000000,358.00000000,0.00000000,0.00000000,2148.00000000,0,NULL,NULL,0,NULL,0,0,0,NULL),(64,17,NULL,NULL,NULL,NULL,'OUtillage programme développement',840.00000000,1008.00000000,1,0,20.000,0.000,'0',0.000,'0',840.00000000,168.00000000,0.00000000,0.00000000,1008.00000000,1,NULL,NULL,0,NULL,0,0,0,NULL),(65,18,NULL,8,NULL,NULL,'15 UNITES POUR LE 01/03/2015 14 pour CTBTO et 1 pour IPGP\r\n28 UNITES POUR LE 15/04/2015\r\nCommentaires :\r\nMBTC :  Passer la carte et la sérigraphie en révision 2.2\r\nMBT : Passer la carte et la sérigraphie en révision 2.2\r\nModification du plan de la bride',2910.63000000,3492.75600000,8,0,20.000,0.000,'0',0.000,'0',23285.04000000,4657.01000000,0.00000000,0.00000000,27942.05000000,0,NULL,NULL,0,NULL,0,0,0,NULL),(67,18,NULL,13,NULL,NULL,'14 unités pour le 01/03/2015 14 pour CTBTO\r\n21 unités pour le 01/05/2015\r\nCommentaires:\r\nMBPA : Passer la carte et la sérigraphie en révision 2.2',648.90000000,778.68000000,8,0,20.000,0.000,'0',0.000,'0',5191.20000000,1038.24000000,0.00000000,0.00000000,6229.44000000,0,NULL,NULL,0,NULL,0,0,0,NULL),(68,21,NULL,3,NULL,NULL,'29 POUR CTBTO\r\n1 POUR IPGP\r\n1 POUR HAWAII\r\n+ 10 cables pour outillage Prolann (banc de test)',166.33000000,199.59600000,14,0,20.000,0.000,'0',0.000,'0',2328.62000000,465.72000000,0.00000000,0.00000000,2794.34000000,0,NULL,NULL,0,NULL,0,0,4,NULL),(69,21,NULL,18,NULL,NULL,'10 m long<br />\r\nCoaxial TNC to TNC',113.99000000,136.78800000,5,0,20.000,0.000,'0',0.000,'0',569.95000000,113.99000000,0.00000000,0.00000000,683.94000000,0,NULL,NULL,0,NULL,0,0,5,NULL),(71,21,NULL,16,NULL,NULL,'3 m long<br />\r\n18 pin to not wired',183.84000000,220.60800000,14,0,20.000,0.000,'0',0.000,'0',2573.76000000,514.76000000,0.00000000,0.00000000,3088.52000000,0,NULL,NULL,0,NULL,0,0,3,NULL),(73,21,NULL,6,NULL,NULL,'5 POUR CTBTO\r\n1 POUR IPGP\r\n1 POUR ISLA HAWAII\r\n+ 9 pour outillage Prolann (banc de test)',62.40000000,74.88000000,5,0,20.000,0.000,'0',0.000,'0',312.00000000,62.40000000,0.00000000,0.00000000,374.40000000,0,NULL,NULL,0,NULL,0,0,1,NULL),(77,21,NULL,12,NULL,NULL,'fournisseur unique Pasternack\r\nhttp://www.pasternack.com/tnc-male-tnc-male-right-angle-adapter-pe9560-P.aspx\r\n \r\n5 pour CTBTO\r\n+ 3 pour outillage Prolann (banc de test)',62.00000000,74.40000000,5,0,20.000,0.000,'0',0.000,'0',310.00000000,62.00000000,0.00000000,0.00000000,372.00000000,0,NULL,NULL,0,NULL,0,0,2,NULL),(78,22,NULL,10,NULL,NULL,'Wrench designed to adjust the position of the magnet',28.65000000,34.38000000,20,0,20.000,0.000,'0',0.000,'0',573.00000000,114.60000000,0.00000000,0.00000000,687.60000000,0,NULL,NULL,0,NULL,0,0,0,NULL),(79,23,NULL,8,NULL,NULL,'Bloc transducteur Equipé',3447.51000000,4137.01200000,1,0,20.000,0.000,'0',0.000,'0',3447.51000000,689.50000000,0.00000000,0.00000000,4137.01000000,0,NULL,NULL,0,NULL,0,0,1,NULL),(80,23,NULL,9,NULL,NULL,'Capot Numérique Equipé',3338.07500000,4005.69000000,1,0,20.000,0.000,'0',0.000,'0',3338.08000000,667.61000000,0.00000000,0.00000000,4005.69000000,0,NULL,NULL,0,NULL,0,0,2,NULL),(85,23,NULL,6,NULL,NULL,'Votre ref GPS2000-B-TNC-3V',62.40000000,74.88000000,1,0,20.000,0.000,'0',0.000,'0',62.40000000,12.48000000,0.00000000,0.00000000,74.88000000,0,NULL,NULL,0,NULL,0,0,3,NULL),(91,24,NULL,7,NULL,NULL,'Votre ref : NP 12-12-YUASA-12V-12AH',41.60000000,49.92000000,1,0,20.000,0.000,'0',0.000,'0',41.60000000,8.32000000,0.00000000,0.00000000,49.92000000,0,NULL,NULL,0,NULL,0,0,0,NULL),(92,24,NULL,3,NULL,NULL,'Vore ref : RSN801-3',154.70000000,185.64000000,1,0,20.000,0.000,'0',0.000,'0',154.70000000,30.94000000,0.00000000,0.00000000,185.64000000,0,NULL,NULL,0,NULL,0,0,0,NULL),(93,24,NULL,5,NULL,NULL,'Votre ref : RSN819-1.5',162.50000000,195.00000000,1,0,20.000,0.000,'0',0.000,'0',162.50000000,32.50000000,0.00000000,0.00000000,195.00000000,0,NULL,NULL,0,NULL,0,0,0,NULL),(94,24,NULL,4,NULL,NULL,'votre Ref : RSN8-5',100.00000000,120.00000000,1,0,20.000,0.000,'0',0.000,'0',100.00000000,20.00000000,0.00000000,0.00000000,120.00000000,0,NULL,NULL,0,NULL,0,0,0,NULL),(96,24,NULL,NULL,NULL,NULL,'DEPLACEMENT\r\nPrestation de déplacement',50.00000000,60.00000000,10,0,20.000,0.000,'0',0.000,'0',500.00000000,100.00000000,0.00000000,0.00000000,600.00000000,1,NULL,NULL,0,NULL,0,0,0,NULL),(97,24,NULL,NULL,NULL,NULL,'MONTAGE\r\nPrestation Montage',495.00000000,594.00000000,3,0,20.000,0.000,'0',0.000,'0',1485.00000000,297.00000000,0.00000000,0.00000000,1782.00000000,1,NULL,NULL,0,NULL,0,0,0,NULL),(98,24,NULL,NULL,NULL,NULL,'DEPLACEMENT\r\nPrestation Déplacement',155.00000000,186.00000000,2,0,20.000,0.000,'0',0.000,'0',310.00000000,62.00000000,0.00000000,0.00000000,372.00000000,1,NULL,NULL,0,NULL,0,0,0,NULL),(99,25,NULL,13,NULL,NULL,'Capot Analogique Equipé',1815.83000000,2178.99600000,1,0,20.000,0.000,'0',0.000,'0',1815.83000000,363.17000000,0.00000000,0.00000000,2179.00000000,0,NULL,NULL,0,NULL,0,0,0,NULL),(100,25,NULL,8,NULL,NULL,'Bloc transducteur Equipé',6192.94000000,7431.52800000,1,0,20.000,0.000,'0',0.000,'0',6192.94000000,1238.59000000,0.00000000,0.00000000,7431.53000000,0,NULL,NULL,0,NULL,0,0,0,NULL),(101,25,NULL,20,NULL,NULL,'Magnet Adjustment Cable',164.99000000,197.98800000,1,0,20.000,0.000,'0',0.000,'0',164.99000000,33.00000000,0.00000000,0.00000000,197.99000000,0,NULL,NULL,0,NULL,0,0,0,NULL),(102,25,NULL,25,NULL,NULL,'PELICASE 1430  + adapted foam\r\nDim. int : 344 x 146 x 297 mm\r\nDim. ext : 430 x 244 x 341 mm',296.00000000,355.20000000,1,0,20.000,0.000,'0',0.000,'0',296.00000000,59.20000000,0.00000000,0.00000000,355.20000000,0,NULL,NULL,0,NULL,0,0,0,NULL),(103,25,NULL,NULL,NULL,NULL,'OUT-PROG-DEV (D201602004)\r\nOutillage - Programme - Développement',315.00000000,378.00000000,1,0,20.000,0.000,'0',0.000,'0',315.00000000,63.00000000,0.00000000,0.00000000,378.00000000,1,NULL,NULL,0,NULL,0,0,0,NULL),(106,26,NULL,3,NULL,NULL,'12 V Power cable',166.33000000,199.59600000,3,0,20.000,0.000,'0',0.000,'0',498.99000000,99.80000000,0.00000000,0.00000000,598.79000000,0,NULL,NULL,0,NULL,0,0,0,NULL),(109,26,NULL,16,NULL,NULL,'Signal cable',183.84000000,220.60800000,4,0,20.000,0.000,'0',0.000,'0',735.36000000,147.07000000,0.00000000,0.00000000,882.43000000,0,NULL,NULL,0,NULL,0,0,0,NULL),(113,26,NULL,23,NULL,NULL,'ScrewPack MB3 Transportation box',49.19000000,59.02800000,11,0,20.000,0.000,'0',0.000,'0',541.09000000,108.22000000,0.00000000,0.00000000,649.31000000,0,NULL,NULL,0,NULL,0,0,0,NULL);

--
-- Table structure for table `llx_facture_fourn_det_extrafields`
--

CREATE TABLE `llx_facture_fourn_det_extrafields` (
  `rowid` int(11) NOT NULL AUTO_INCREMENT,
  `tms` timestamp NOT NULL DEFAULT CURRENT_TIMESTAMP ON UPDATE CURRENT_TIMESTAMP,
  `fk_object` int(11) NOT NULL,
  `import_key` varchar(14) DEFAULT NULL,
  PRIMARY KEY (`rowid`),
  KEY `idx_facture_fourn_det_extrafields` (`fk_object`)
) ENGINE=InnoDB DEFAULT CHARSET=utf8;

--
-- Dumping data for table `llx_facture_fourn_det_extrafields`
--


--
-- Table structure for table `llx_facture_fourn_extrafields`
--

CREATE TABLE `llx_facture_fourn_extrafields` (
  `rowid` int(11) NOT NULL AUTO_INCREMENT,
  `tms` timestamp NOT NULL DEFAULT CURRENT_TIMESTAMP ON UPDATE CURRENT_TIMESTAMP,
  `fk_object` int(11) NOT NULL,
  `import_key` varchar(14) DEFAULT NULL,
  PRIMARY KEY (`rowid`),
  KEY `idx_facture_fourn_extrafields` (`fk_object`)
) ENGINE=InnoDB DEFAULT CHARSET=utf8;

--
-- Dumping data for table `llx_facture_fourn_extrafields`
--


--
-- Table structure for table `llx_facture_rec`
--

CREATE TABLE `llx_facture_rec` (
  `rowid` int(11) NOT NULL AUTO_INCREMENT,
  `titre` varchar(50) NOT NULL,
  `entity` int(11) NOT NULL DEFAULT '1',
  `fk_soc` int(11) NOT NULL,
  `datec` datetime DEFAULT NULL,
  `amount` double(24,8) NOT NULL DEFAULT '0.00000000',
  `remise` double DEFAULT '0',
  `remise_percent` double DEFAULT '0',
  `remise_absolue` double DEFAULT '0',
  `tva` double(24,8) DEFAULT '0.00000000',
  `localtax1` double(24,8) DEFAULT '0.00000000',
  `localtax2` double(24,8) DEFAULT '0.00000000',
  `total` double(24,8) DEFAULT '0.00000000',
  `total_ttc` double(24,8) DEFAULT '0.00000000',
  `fk_user_author` int(11) DEFAULT NULL,
  `fk_projet` int(11) DEFAULT NULL,
  `fk_cond_reglement` int(11) DEFAULT '0',
  `fk_mode_reglement` int(11) DEFAULT '0',
  `date_lim_reglement` date DEFAULT NULL,
  `note_private` text,
  `note_public` text,
  `usenewprice` int(11) DEFAULT '0',
  `frequency` int(11) DEFAULT NULL,
  `unit_frequency` varchar(2) DEFAULT 'd',
  `date_when` datetime DEFAULT NULL,
  `date_last_gen` datetime DEFAULT NULL,
  `nb_gen_done` int(11) DEFAULT NULL,
  `nb_gen_max` int(11) DEFAULT NULL,
  `revenuestamp` double(24,8) DEFAULT '0.00000000',
  PRIMARY KEY (`rowid`),
  UNIQUE KEY `idx_facture_rec_uk_titre` (`titre`,`entity`),
  KEY `idx_facture_rec_fk_soc` (`fk_soc`),
  KEY `idx_facture_rec_fk_user_author` (`fk_user_author`),
  KEY `idx_facture_rec_fk_projet` (`fk_projet`),
  CONSTRAINT `fk_facture_rec_fk_projet` FOREIGN KEY (`fk_projet`) REFERENCES `llx_projet` (`rowid`),
  CONSTRAINT `fk_facture_rec_fk_soc` FOREIGN KEY (`fk_soc`) REFERENCES `llx_societe` (`rowid`),
  CONSTRAINT `fk_facture_rec_fk_user_author` FOREIGN KEY (`fk_user_author`) REFERENCES `llx_user` (`rowid`)
) ENGINE=InnoDB DEFAULT CHARSET=utf8;

--
-- Dumping data for table `llx_facture_rec`
--


--
-- Table structure for table `llx_facturedet`
--

CREATE TABLE `llx_facturedet` (
  `rowid` int(11) NOT NULL AUTO_INCREMENT,
  `fk_facture` int(11) NOT NULL,
  `fk_parent_line` int(11) DEFAULT NULL,
  `fk_product` int(11) DEFAULT NULL,
  `label` varchar(255) DEFAULT NULL,
  `description` text,
  `tva_tx` double(6,3) DEFAULT NULL,
  `localtax1_tx` double(6,3) DEFAULT '0.000',
  `localtax1_type` varchar(10) NOT NULL DEFAULT '0',
  `localtax2_tx` double(6,3) DEFAULT '0.000',
  `localtax2_type` varchar(10) NOT NULL DEFAULT '0',
  `qty` double DEFAULT NULL,
  `remise_percent` double DEFAULT '0',
  `remise` double DEFAULT '0',
  `fk_remise_except` int(11) DEFAULT NULL,
  `subprice` double(24,8) DEFAULT NULL,
  `price` double(24,8) DEFAULT NULL,
  `total_ht` double(24,8) DEFAULT NULL,
  `total_tva` double(24,8) DEFAULT NULL,
  `total_localtax1` double(24,8) DEFAULT '0.00000000',
  `total_localtax2` double(24,8) DEFAULT '0.00000000',
  `total_ttc` double(24,8) DEFAULT NULL,
  `product_type` int(11) DEFAULT '0',
  `date_start` datetime DEFAULT NULL,
  `date_end` datetime DEFAULT NULL,
  `info_bits` int(11) DEFAULT '0',
  `buy_price_ht` double(24,8) DEFAULT '0.00000000',
  `fk_product_fournisseur_price` int(11) DEFAULT NULL,
  `fk_code_ventilation` int(11) NOT NULL DEFAULT '0',
  `special_code` int(10) unsigned DEFAULT '0',
  `rang` int(11) DEFAULT '0',
  `import_key` varchar(14) DEFAULT NULL,
  `situation_percent` double DEFAULT NULL,
  `fk_prev_id` int(11) DEFAULT NULL,
  `fk_unit` int(11) DEFAULT NULL,
  PRIMARY KEY (`rowid`),
  UNIQUE KEY `uk_fk_remise_except` (`fk_remise_except`,`fk_facture`),
  KEY `idx_facturedet_fk_facture` (`fk_facture`),
  KEY `idx_facturedet_fk_product` (`fk_product`),
  KEY `fk_facturedet_fk_unit` (`fk_unit`),
  CONSTRAINT `fk_facturedet_fk_facture` FOREIGN KEY (`fk_facture`) REFERENCES `llx_facture` (`rowid`),
  CONSTRAINT `fk_facturedet_fk_unit` FOREIGN KEY (`fk_unit`) REFERENCES `llx_c_units` (`rowid`)
) ENGINE=InnoDB AUTO_INCREMENT=278 DEFAULT CHARSET=utf8;

--
-- Dumping data for table `llx_facturedet`
--

INSERT INTO `llx_facturedet` (`rowid`, `fk_facture`, `fk_parent_line`, `fk_product`, `label`, `description`, `tva_tx`, `localtax1_tx`, `localtax1_type`, `localtax2_tx`, `localtax2_type`, `qty`, `remise_percent`, `remise`, `fk_remise_except`, `subprice`, `price`, `total_ht`, `total_tva`, `total_localtax1`, `total_localtax2`, `total_ttc`, `product_type`, `date_start`, `date_end`, `info_bits`, `buy_price_ht`, `fk_product_fournisseur_price`, `fk_code_ventilation`, `special_code`, `rang`, `import_key`, `situation_percent`, `fk_prev_id`, `fk_unit`) VALUES (1,1,NULL,1,NULL,'Microbarometer digital',20.000,0.000,'0',0.000,'0',1,0,0,NULL,10400.00000000,NULL,10400.00000000,2080.00000000,0.00000000,0.00000000,12480.00000000,0,NULL,NULL,0,8249.00000000,0,0,0,1,NULL,NULL,NULL,NULL),(2,1,NULL,3,NULL,'Câble alimentation 12 V',20.000,0.000,'0',0.000,'0',1,0,0,NULL,140.00000000,NULL,140.00000000,28.00000000,0.00000000,0.00000000,168.00000000,0,NULL,NULL,0,100.00000000,3,0,0,2,NULL,NULL,NULL,NULL),(3,1,NULL,4,NULL,'Câble GPS',20.000,0.000,'0',0.000,'0',1,0,0,NULL,45.00000000,NULL,45.00000000,9.00000000,0.00000000,0.00000000,54.00000000,0,NULL,NULL,0,30.00000000,4,0,0,3,NULL,NULL,NULL,NULL),(4,1,NULL,6,NULL,'GPS ANTENNA PROCOM 2000B TNC',20.000,0.000,'0',0.000,'0',1,0,0,NULL,110.00000000,NULL,110.00000000,22.00000000,0.00000000,0.00000000,132.00000000,0,NULL,NULL,0,70.00000000,0,0,0,4,NULL,NULL,NULL,NULL),(5,1,NULL,7,NULL,'BATTERY NP12-12 YUASA',20.000,0.000,'0',0.000,'0',1,0,0,NULL,110.00000000,NULL,110.00000000,22.00000000,0.00000000,0.00000000,132.00000000,0,NULL,NULL,0,80.00000000,0,0,0,5,NULL,NULL,NULL,NULL),(6,1,NULL,5,NULL,'Câble PC/USB',20.000,0.000,'0',0.000,'0',1,0,0,NULL,155.00000000,NULL,155.00000000,31.00000000,0.00000000,0.00000000,186.00000000,0,NULL,NULL,0,155.00000000,5,0,0,6,NULL,NULL,NULL,NULL),(9,4,NULL,NULL,NULL,'DEPOSIT FOR MB3D STARTER KIT',0.000,0.000,'0',0.000,'0',1,0,0,NULL,6066.00000000,NULL,6066.00000000,0.00000000,0.00000000,0.00000000,6066.00000000,0,NULL,NULL,0,0.00000000,NULL,0,0,1,NULL,NULL,NULL,NULL),(10,5,NULL,2,NULL,'To refer to MB3a user manual',0.000,0.000,'0',0.000,'0',8,0,0,NULL,7990.00000000,NULL,63920.00000000,0.00000000,0.00000000,0.00000000,63920.00000000,0,NULL,NULL,0,5388.25000000,0,0,0,1,NULL,NULL,NULL,NULL),(12,5,NULL,6,NULL,'Flat-pack GPS-antenna for fixed installations.>\r\nFull hemispherical coverage.\r\nBuilt-in high gain, low noise amplifier.\r\nRight-hand circular polarization (RHCP).\r\nAvailable in black or white\r\n3 V \r\nDC supply via RF-connector.\r\nEMC tested to IEC 801 and IEC 255. / TNC (female) connector</div>',0.000,0.000,'0',0.000,'0',5,0,0,NULL,110.00000000,NULL,550.00000000,0.00000000,0.00000000,0.00000000,550.00000000,0,NULL,NULL,0,70.00000000,NULL,0,0,3,NULL,NULL,NULL,NULL),(13,5,NULL,3,NULL,'(Pays d\'origine: France) 3 meters\r\n3 pin Fischer connector to 2 wires1.5 mm²',0.000,0.000,'0',0.000,'0',14,0,0,NULL,232.00000000,NULL,3248.00000000,0.00000000,0.00000000,0.00000000,3248.00000000,0,NULL,NULL,0,154.70000000,0,0,0,4,NULL,NULL,NULL,NULL),(14,5,NULL,18,NULL,'10 m long<br />\r\nCoaxial TNC to TNC<br>\r\n(Pays d\'origine: France)',0.000,0.000,'0',0.000,'0',5,0,0,NULL,170.00000000,NULL,850.00000000,0.00000000,0.00000000,0.00000000,850.00000000,0,NULL,NULL,0,0.00000000,NULL,0,0,5,NULL,NULL,NULL,NULL),(16,5,NULL,16,NULL,'3 m long<br />\r\n18 pin to not wired<br>\r\n(Pays d\'origine: France)',0.000,0.000,'0',0.000,'0',14,0,0,NULL,260.00000000,NULL,3640.00000000,0.00000000,0.00000000,0.00000000,3640.00000000,0,NULL,NULL,0,0.00000000,0,0,0,7,NULL,NULL,NULL,NULL),(17,5,NULL,10,NULL,'Wrench designed to adjust the position of the magnet\r\n(Pays d\'origine: France)',0.000,0.000,'0',0.000,'0',10,0,0,NULL,55.00000000,NULL,550.00000000,0.00000000,0.00000000,0.00000000,550.00000000,0,NULL,NULL,0,28.65000000,NULL,0,0,8,NULL,NULL,NULL,NULL),(19,5,NULL,12,NULL,'<table border=\"1\" cellpadding=\"0\" cellspacing=\"0\">\r\n	<tbody>\r\n		<tr>\r\n			<td style=\"width:177px;\">\r\n				<strong>Key Specifications </strong></td>\r\n			<td style=\"width:104px;\">\r\n				 </td>\r\n		</tr>\r\n		<tr>\r\n			<td style=\"width:177px;\">\r\n				Connector Series 1</td>\r\n			<td style=\"width:104px;\">\r\n				TNC</td>\r\n		</tr>\r\n		<tr>\r\n			<td style=\"width:177px;\">\r\n				Connector Gender 1</td>\r\n			<td style=\"width:104px;\">\r\n				Male</td>\r\n		</tr>\r\n		<tr>\r\n			<td style=\"width:177px;\">\r\n				Connector Polarity 1</td>\r\n			<td style=\"width:104px;\">\r\n				Standard</td>\r\n		</tr>\r\n		<tr>\r\n			<td style=\"width:177px;\">\r\n				Connector Impedance 1</td>\r\n			<td style=\"width:104px;\">\r\n				50 Ohm</td>\r\n		</tr>\r\n		<tr>\r\n			<td style=\"width:177px;\">\r\n				Connector Series 2</td>\r\n			<td style=\"width:104px;\">\r\n				TNC</td>\r\n		</tr>\r\n		<tr>\r\n			<td style=\"width:177px;\">\r\n				Connector Gender 2</td>\r\n			<td style=\"width:104px;\">\r\n				Male</td>\r\n		</tr>\r\n		<tr>\r\n			<td style=\"width:177px;\">\r\n				Connector Polarity 2</td>\r\n			<td style=\"width:104px;\">\r\n				Standard</td>\r\n		</tr>\r\n		<tr>\r\n			<td style=\"width:177px;\">\r\n				Connector Impedance 2</td>\r\n			<td style=\"width:104px;\">\r\n				50 Ohm</td>\r\n		</tr>\r\n		<tr>\r\n			<td style=\"width:177px;\">\r\n				Adapter Body Style</td>\r\n			<td style=\"width:104px;\">\r\n				Right Angle</td>\r\n		</tr>\r\n		<tr>\r\n			<td style=\"width:177px;\">\r\n				Connector Mount Method 1</td>\r\n			<td style=\"width:104px;\">\r\n				None</td>\r\n		</tr>\r\n		<tr>\r\n			<td style=\"width:177px;\">\r\n				Connector Body Material 1</td>\r\n			<td style=\"width:104px;\">\r\n				Brass</td>\r\n		</tr>\r\n		<tr>\r\n			<td style=\"width:177px;\">\r\n				Connector Body Plating 1</td>\r\n			<td style=\"width:104px;\">\r\n				Nickel</td>\r\n		</tr>\r\n		<tr>\r\n			<td style=\"width:177px;\">\r\n				Connector Mount Method 2</td>\r\n			<td style=\"width:104px;\">\r\n				None</td>\r\n		</tr>\r\n		<tr>\r\n			<td style=\"width:177px;\">\r\n				Connector Body Material 2</td>\r\n			<td style=\"width:104px;\">\r\n				Brass</td>\r\n		</tr>\r\n		<tr>\r\n			<td style=\"width:177px;\">\r\n				Connector Body Plating 2</td>\r\n			<td style=\"width:104px;\">\r\n				Nickel</td>\r\n		</tr>\r\n	</tbody>\r\n</table>\r\n <br>\r\n(Pays d\'origine: Etats-Unis)',0.000,0.000,'0',0.000,'0',5,0,0,NULL,90.00000000,NULL,450.00000000,0.00000000,0.00000000,0.00000000,450.00000000,0,NULL,NULL,0,47.00000000,NULL,0,0,10,NULL,NULL,NULL,NULL),(21,5,NULL,19,NULL,'PELICASE 1650  + adapted foam<br />\r\nInt Dim : L725 x W445 x D270 mm<br />\r\nExt Dim : L802 x W520 x D316 mm<br>\r\n(Pays d\'origine: France)',0.000,0.000,'0',0.000,'0',2,0,0,NULL,1250.00000000,NULL,2500.00000000,0.00000000,0.00000000,0.00000000,2500.00000000,0,NULL,NULL,0,0.00000000,NULL,0,0,12,NULL,NULL,NULL,NULL),(28,7,NULL,1,NULL,'',20.000,0.000,'0',0.000,'0',1,0,0,NULL,10600.00000000,NULL,10600.00000000,2120.00000000,0.00000000,0.00000000,12720.00000000,0,NULL,NULL,0,8249.00000000,0,0,0,1,NULL,NULL,NULL,NULL),(29,7,NULL,3,NULL,'',20.000,0.000,'0',0.000,'0',1,0,0,NULL,145.00000000,NULL,145.00000000,29.00000000,0.00000000,0.00000000,174.00000000,0,NULL,NULL,0,100.00000000,0,0,0,2,NULL,NULL,NULL,NULL),(30,7,NULL,4,NULL,'',20.000,0.000,'0',0.000,'0',1,0,0,NULL,115.00000000,NULL,115.00000000,23.00000000,0.00000000,0.00000000,138.00000000,0,NULL,NULL,0,30.00000000,0,0,0,3,NULL,NULL,NULL,NULL),(31,7,NULL,6,NULL,'',20.000,0.000,'0',0.000,'0',1,0,0,NULL,115.00000000,NULL,115.00000000,23.00000000,0.00000000,0.00000000,138.00000000,0,NULL,NULL,0,70.00000000,0,0,0,4,NULL,NULL,NULL,NULL),(32,7,NULL,7,NULL,'',20.000,0.000,'0',0.000,'0',1,0,0,NULL,115.00000000,NULL,115.00000000,23.00000000,0.00000000,0.00000000,138.00000000,0,NULL,NULL,0,80.00000000,0,0,0,5,NULL,NULL,NULL,NULL),(33,7,NULL,5,NULL,'',20.000,0.000,'0',0.000,'0',1,0,0,NULL,160.00000000,NULL,160.00000000,32.00000000,0.00000000,0.00000000,192.00000000,0,NULL,NULL,0,155.00000000,0,0,0,6,NULL,NULL,NULL,NULL),(44,10,NULL,2,NULL,'',0.000,0.000,'0',0.000,'0',6,0,0,NULL,7990.00000000,NULL,47940.00000000,0.00000000,0.00000000,0.00000000,47940.00000000,0,NULL,NULL,0,5388.25000000,0,0,0,1,NULL,NULL,NULL,NULL),(47,10,NULL,3,NULL,'',0.000,0.000,'0',0.000,'0',15,0,0,NULL,232.00000000,NULL,3480.00000000,0.00000000,0.00000000,0.00000000,3480.00000000,0,NULL,NULL,0,154.70000000,0,0,0,4,NULL,NULL,NULL,NULL),(50,10,NULL,16,NULL,'',0.000,0.000,'0',0.000,'0',10,0,0,NULL,260.00000000,NULL,2600.00000000,0.00000000,0.00000000,0.00000000,2600.00000000,0,NULL,NULL,0,0.00000000,0,0,0,7,NULL,NULL,NULL,NULL),(52,10,NULL,20,NULL,'',0.000,0.000,'0',0.000,'0',10,0,0,NULL,150.00000000,NULL,1500.00000000,0.00000000,0.00000000,0.00000000,1500.00000000,0,NULL,NULL,0,0.00000000,0,0,0,9,NULL,NULL,NULL,NULL),(54,10,NULL,23,NULL,'',0.000,0.000,'0',0.000,'0',7,0,0,NULL,130.00000000,NULL,910.00000000,0.00000000,0.00000000,0.00000000,910.00000000,0,NULL,NULL,0,0.00000000,0,0,0,11,NULL,NULL,NULL,NULL),(93,14,NULL,1,NULL,'',0.000,0.000,'0',0.000,'0',5,0,0,NULL,11990.00000000,NULL,59950.00000000,0.00000000,0.00000000,0.00000000,59950.00000000,0,NULL,NULL,0,8248.75000000,0,0,0,2,NULL,NULL,NULL,NULL),(97,14,NULL,17,NULL,'',0.000,0.000,'0',0.000,'0',10,0,0,NULL,260.00000000,NULL,2600.00000000,0.00000000,0.00000000,0.00000000,2600.00000000,0,NULL,NULL,0,0.00000000,0,0,0,6,NULL,NULL,NULL,NULL),(102,14,NULL,23,NULL,'',0.000,0.000,'0',0.000,'0',4,0,0,NULL,130.00000000,NULL,520.00000000,0.00000000,0.00000000,0.00000000,520.00000000,0,NULL,NULL,0,0.00000000,0,0,0,11,NULL,NULL,NULL,NULL),(108,16,NULL,26,NULL,'1 MB3d digital microbarometer with 4 silicone caps\r\n1 Antenna PROCOM 3V\r\nGPS Cable, Battery, Power Cable, PC/USB cable\r\n Cd with Dionisos Software,  calibration Certificate, case and wrench\r\n\r\n\r\n\r\nCustoms code: 9015800090\r\nOrigin of goods: France\r\nINCOTERMS : DDP',0.000,0.000,'0',0.000,'0',1,0,0,NULL,11527.00000000,NULL,11527.00000000,0.00000000,0.00000000,0.00000000,11527.00000000,0,NULL,NULL,0,7478.60000000,NULL,0,0,1,NULL,NULL,NULL,NULL),(109,16,NULL,27,NULL,'Direct transport',0.000,0.000,'0',0.000,'0',1,0,0,NULL,395.00000000,NULL,395.00000000,0.00000000,0.00000000,0.00000000,395.00000000,1,NULL,NULL,0,0.00000000,NULL,0,0,2,NULL,NULL,NULL,NULL),(110,16,NULL,21,NULL,'100% de la valeur déclarée soit 11527 €',0.000,0.000,'0',0.000,'0',1,0,0,NULL,210.00000000,NULL,210.00000000,0.00000000,0.00000000,0.00000000,210.00000000,1,NULL,NULL,0,0.00000000,NULL,0,0,3,NULL,NULL,NULL,NULL),(111,16,NULL,28,NULL,'Estimation of the duty and tax on FOB value.\r\nThis amount is a provision and will be adjusted once the final cost will be known',0.000,0.000,'0',0.000,'0',1,0,0,NULL,100.00000000,NULL,100.00000000,0.00000000,0.00000000,0.00000000,100.00000000,1,NULL,NULL,0,0.00000000,NULL,0,0,4,NULL,NULL,NULL,NULL),(116,18,NULL,2,NULL,'Customs code: 9015800090\r\nOrigin of goods : France\r\nIncoterms FCA',0.000,0.000,'0',0.000,'0',3,0,0,NULL,10100.00000000,NULL,30300.00000000,0.00000000,0.00000000,0.00000000,30300.00000000,0,NULL,NULL,0,5388.25000000,0,0,0,1,NULL,NULL,NULL,NULL),(117,18,NULL,16,NULL,'',0.000,0.000,'0',0.000,'0',3,0,0,NULL,302.10000000,NULL,906.30000000,0.00000000,0.00000000,0.00000000,906.30000000,0,NULL,NULL,0,0.00000000,0,0,0,2,NULL,NULL,NULL,NULL),(118,18,NULL,10,NULL,'',0.000,0.000,'0',0.000,'0',1,100,0,NULL,64.00000000,NULL,0.00000000,0.00000000,0.00000000,0.00000000,0.00000000,0,NULL,NULL,0,28.65000000,0,0,0,3,NULL,NULL,NULL,NULL),(119,18,NULL,20,NULL,'Magnet Adjustment Cable',0.000,0.000,'0',0.000,'0',1,100,0,NULL,175.00000000,NULL,0.00000000,0.00000000,0.00000000,0.00000000,0.00000000,0,NULL,NULL,0,0.00000000,NULL,0,0,4,NULL,NULL,NULL,NULL),(120,18,NULL,19,NULL,'Customs code: 901590020\r\nOrigin of goods: France\r\nIncoterms:FCA',0.000,0.000,'0',0.000,'0',1,0,0,NULL,1450.00000000,NULL,1450.00000000,0.00000000,0.00000000,0.00000000,1450.00000000,0,NULL,NULL,0,967.20000000,28,0,0,5,NULL,NULL,NULL,NULL),(121,19,NULL,NULL,NULL,'30% Deposit on your order 4500231716',0.000,0.000,'0',0.000,'0',1,0,0,NULL,3598.80000000,NULL,3598.80000000,0.00000000,0.00000000,0.00000000,3598.80000000,0,NULL,NULL,0,0.00000000,NULL,0,0,1,NULL,100,NULL,NULL),(122,20,NULL,NULL,NULL,'30% Deposit on your order No 2015-1901',0.000,0.000,'0',0.000,'0',1,0,0,NULL,52252.50000000,NULL,52252.50000000,0.00000000,0.00000000,0.00000000,52252.50000000,0,NULL,NULL,0,0.00000000,NULL,0,0,1,NULL,100,NULL,NULL),(123,21,NULL,2,NULL,'(Code douane: 9015.80.93.90 - Pays d\'origine: France)',0.000,0.000,'0',0.000,'0',8,0,0,NULL,8230.00000000,NULL,65840.00000000,0.00000000,0.00000000,0.00000000,65840.00000000,0,NULL,NULL,0,4240.00000000,NULL,0,0,1,NULL,100,NULL,NULL),(124,21,NULL,3,NULL,'(Pays d\'origine: France)',0.000,0.000,'0',0.000,'0',8,0,0,NULL,250.00000000,NULL,2000.00000000,0.00000000,0.00000000,0.00000000,2000.00000000,0,NULL,NULL,0,154.70000000,NULL,0,0,2,NULL,100,NULL,NULL),(125,21,NULL,10,NULL,'Wrench designed to adjust the position of the magnet\r\n(Pays d\'origine: France)',0.000,0.000,'0',0.000,'0',3,0,0,NULL,55.00000000,NULL,165.00000000,0.00000000,0.00000000,0.00000000,165.00000000,0,NULL,NULL,0,28.65000000,NULL,0,0,3,NULL,100,NULL,NULL),(126,21,NULL,20,NULL,'18 pin connector to banana plugs. To connect between the analog module and a multimeter in order to adjust the magnet postion.\r\n(Pays d\'origine: France)',0.000,0.000,'0',0.000,'0',1,0,0,NULL,250.00000000,NULL,250.00000000,0.00000000,0.00000000,0.00000000,250.00000000,0,NULL,NULL,0,164.99000000,NULL,0,0,4,NULL,100,NULL,NULL),(128,21,NULL,16,NULL,'3 m long<br />\r\n18 pin to not wired<br>\r\n(Pays d\'origine: France)',0.000,0.000,'0',0.000,'0',8,0,0,NULL,275.00000000,NULL,2200.00000000,0.00000000,0.00000000,0.00000000,2200.00000000,0,NULL,NULL,0,183.84000000,NULL,0,0,6,NULL,100,NULL,NULL),(129,21,NULL,30,NULL,'sensor self-noise of the pressure output at 1Hz\r\n(Pays d\'origine: France)',0.000,0.000,'0',0.000,'0',8,0,0,NULL,140.00000000,NULL,1120.00000000,0.00000000,0.00000000,0.00000000,1120.00000000,1,NULL,NULL,0,70.00000000,NULL,0,0,7,NULL,100,NULL,NULL),(130,21,NULL,32,NULL,'Plots of the full frequency response obtained by the dynamic calibration of the amplitude and phase of the pressure output',0.000,0.000,'0',0.000,'0',8,0,0,NULL,300.00000000,NULL,2400.00000000,0.00000000,0.00000000,0.00000000,2400.00000000,1,NULL,NULL,0,180.00000000,NULL,0,0,8,NULL,100,NULL,NULL),(131,21,NULL,31,NULL,'Plots of the full frequency response obtained by the electrical sensor self-calibration capability for the amplitude and phase of the pressure output',0.000,0.000,'0',0.000,'0',8,0,0,NULL,180.00000000,NULL,1440.00000000,0.00000000,0.00000000,0.00000000,1440.00000000,1,NULL,NULL,0,90.00000000,NULL,0,0,9,NULL,100,NULL,NULL),(132,21,NULL,33,NULL,'printed technical user guide for MB3a\r\n(Pays d\'origine: France)',0.000,0.000,'0',0.000,'0',8,0,0,NULL,25.00000000,NULL,200.00000000,0.00000000,0.00000000,0.00000000,200.00000000,0,NULL,NULL,0,4.00000000,NULL,0,0,10,NULL,100,NULL,NULL),(133,21,NULL,23,NULL,'(Pays d\'origine: France)',0.000,0.000,'0',0.000,'0',8,0,0,NULL,130.00000000,NULL,1040.00000000,0.00000000,0.00000000,0.00000000,1040.00000000,0,NULL,NULL,0,49.19000000,NULL,0,0,11,NULL,100,NULL,NULL),(134,22,NULL,2,NULL,'(Code douane: 9015.80.93.90 - Pays d\'origine: France)',0.000,0.000,'0',0.000,'0',3,0,0,NULL,8230.00000000,NULL,24690.00000000,0.00000000,0.00000000,0.00000000,24690.00000000,0,NULL,NULL,0,4240.00000000,NULL,0,0,1,NULL,100,NULL,NULL),(135,22,NULL,3,NULL,'(Pays d\'origine: France)',0.000,0.000,'0',0.000,'0',3,0,0,NULL,250.00000000,NULL,750.00000000,0.00000000,0.00000000,0.00000000,750.00000000,0,NULL,NULL,0,154.70000000,NULL,0,0,2,NULL,100,NULL,NULL),(139,22,NULL,16,NULL,'3 m long<br />\r\n18 pin to not wired<br>\r\n(Pays d\'origine: France)',0.000,0.000,'0',0.000,'0',3,0,0,NULL,275.00000000,NULL,825.00000000,0.00000000,0.00000000,0.00000000,825.00000000,0,NULL,NULL,0,183.84000000,NULL,0,0,6,NULL,100,NULL,NULL),(140,22,NULL,30,NULL,'sensor self-noise of the pressure output at 1Hz\r\n(Pays d\'origine: France)',0.000,0.000,'0',0.000,'0',3,0,0,NULL,140.00000000,NULL,420.00000000,0.00000000,0.00000000,0.00000000,420.00000000,1,NULL,NULL,0,70.00000000,NULL,0,0,7,NULL,100,NULL,NULL),(141,22,NULL,32,NULL,'Plots of the full frequency response obtained by the dynamic calibration of the amplitude and phase of the pressure output',0.000,0.000,'0',0.000,'0',3,0,0,NULL,300.00000000,NULL,900.00000000,0.00000000,0.00000000,0.00000000,900.00000000,1,NULL,NULL,0,180.00000000,NULL,0,0,8,NULL,100,NULL,NULL),(142,22,NULL,31,NULL,'Plots of the full frequency response obtained by the electrical sensor self-calibration capability for the amplitude and phase of the pressure output',0.000,0.000,'0',0.000,'0',3,0,0,NULL,180.00000000,NULL,540.00000000,0.00000000,0.00000000,0.00000000,540.00000000,1,NULL,NULL,0,90.00000000,NULL,0,0,9,NULL,100,NULL,NULL),(143,22,NULL,33,NULL,'printed technical user guide for MB3a\r\n(Pays d\'origine: France)',0.000,0.000,'0',0.000,'0',3,0,0,NULL,25.00000000,NULL,75.00000000,0.00000000,0.00000000,0.00000000,75.00000000,0,NULL,NULL,0,4.00000000,NULL,0,0,10,NULL,100,NULL,NULL),(144,22,NULL,23,NULL,'(Pays d\'origine: France)',0.000,0.000,'0',0.000,'0',3,0,0,NULL,130.00000000,NULL,390.00000000,0.00000000,0.00000000,0.00000000,390.00000000,0,NULL,NULL,0,49.19000000,NULL,0,0,11,NULL,100,NULL,NULL),(145,23,NULL,2,NULL,'(Customs Code : 9015.80.93.90 - Country of origin : France)\r\nSerial number : MB3A00074',0.000,0.000,'0',0.000,'0',1,0,0,NULL,10089.00000000,NULL,10089.00000000,0.00000000,0.00000000,0.00000000,10089.00000000,0,NULL,NULL,0,5388.25000000,NULL,0,0,1,NULL,100,NULL,NULL),(146,23,NULL,25,NULL,'PELICASE 1430  + adapted foam<br />\r\nDim. int : 344 x 146 x 297 mm<br />\r\nDim. ext : 430 x 244 x 341 mm<br>\r\nCountry of origin : France\r\nCustoms code : 9015.90.00.90',0.000,0.000,'0',0.000,'0',1,0,0,NULL,1405.00000000,NULL,1405.00000000,0.00000000,0.00000000,0.00000000,1405.00000000,0,NULL,NULL,0,857.66000000,NULL,0,0,2,NULL,100,NULL,NULL),(147,23,NULL,10,NULL,'(Country of origin: France)\r\nCustoms code : 9015.90.00.90',0.000,0.000,'0',0.000,'0',1,0,0,NULL,60.00000000,NULL,60.00000000,0.00000000,0.00000000,0.00000000,60.00000000,0,NULL,NULL,0,28.65000000,NULL,0,0,3,NULL,100,NULL,NULL),(148,23,NULL,20,NULL,'(Country of origin: France)\r\nCustoms code : 9015.90.00.90',0.000,0.000,'0',0.000,'0',1,0,0,NULL,272.00000000,NULL,272.00000000,0.00000000,0.00000000,0.00000000,272.00000000,0,NULL,NULL,0,164.99000000,NULL,0,0,4,NULL,100,NULL,NULL),(149,23,NULL,21,NULL,'insurances',0.000,0.000,'0',0.000,'0',1,0,0,NULL,170.00000000,NULL,170.00000000,0.00000000,0.00000000,0.00000000,170.00000000,1,NULL,NULL,0,103.96000000,NULL,0,0,5,NULL,100,NULL,NULL),(150,23,NULL,27,NULL,'to University, MS 38677',0.000,0.000,'0',0.000,'0',1,0,0,NULL,381.00000000,NULL,381.00000000,0.00000000,0.00000000,0.00000000,381.00000000,1,NULL,NULL,0,207.83000000,NULL,0,0,6,NULL,100,NULL,NULL),(151,23,NULL,NULL,NULL,'(DEPOSIT)',0.000,0.000,'0',0.000,'0',1,0,0,1,-3598.80000000,NULL,-3598.80000000,0.00000000,0.00000000,0.00000000,-3598.80000000,0,NULL,NULL,2,0.00000000,NULL,0,0,-1,NULL,100,NULL,NULL),(152,24,NULL,2,NULL,'(Code douane: 9015.80.93.90 - Pays d\'origine: France)',0.000,0.000,'0',0.000,'0',18,0,0,NULL,8230.00000000,NULL,148140.00000000,0.00000000,0.00000000,0.00000000,148140.00000000,0,NULL,NULL,0,4240.00000000,NULL,0,0,1,NULL,100,NULL,NULL),(153,24,NULL,3,NULL,'(Pays d\'origine: France)',0.000,0.000,'0',0.000,'0',20,0,0,NULL,250.00000000,NULL,5000.00000000,0.00000000,0.00000000,0.00000000,5000.00000000,0,NULL,NULL,0,154.70000000,NULL,0,0,2,NULL,100,NULL,NULL),(154,24,NULL,10,NULL,'Wrench designed to adjust the position of the magnet\r\n(Pays d\'origine: France)',0.000,0.000,'0',0.000,'0',3,0,0,NULL,55.00000000,NULL,165.00000000,0.00000000,0.00000000,0.00000000,165.00000000,0,NULL,NULL,0,28.65000000,NULL,0,0,3,NULL,100,NULL,NULL),(155,24,NULL,20,NULL,'18 pin connector to banana plugs. To connect between the analog module and a multimeter in order to adjust the magnet postion.\r\n(Pays d\'origine: France)',0.000,0.000,'0',0.000,'0',3,0,0,NULL,250.00000000,NULL,750.00000000,0.00000000,0.00000000,0.00000000,750.00000000,0,NULL,NULL,0,164.99000000,NULL,0,0,4,NULL,100,NULL,NULL),(156,24,NULL,19,NULL,'PELICASE 1650  + adapted foam<br />\r\nInt Dim : L725 x W445 x D270 mm<br />\r\nExt Dim : L802 x W520 x D316 mm<br>\r\n(Pays d\'origine: France)',0.000,0.000,'0',0.000,'0',1,0,0,NULL,1450.00000000,NULL,1450.00000000,0.00000000,0.00000000,0.00000000,1450.00000000,0,NULL,NULL,0,895.00000000,NULL,0,0,5,NULL,100,NULL,NULL),(157,24,NULL,16,NULL,'3 m long<br />\r\n18 pin to not wired<br>\r\n(Pays d\'origine: France)',0.000,0.000,'0',0.000,'0',20,0,0,NULL,275.00000000,NULL,5500.00000000,0.00000000,0.00000000,0.00000000,5500.00000000,0,NULL,NULL,0,183.84000000,NULL,0,0,6,NULL,100,NULL,NULL),(158,24,NULL,30,NULL,'sensor self-noise of the pressure output at 1Hz\r\n(Pays d\'origine: France)',0.000,0.000,'0',0.000,'0',18,0,0,NULL,140.00000000,NULL,2520.00000000,0.00000000,0.00000000,0.00000000,2520.00000000,1,NULL,NULL,0,70.00000000,NULL,0,0,7,NULL,100,NULL,NULL),(159,24,NULL,32,NULL,'Plots of the full frequency response obtained by the dynamic calibration of the amplitude and phase of the pressure output',0.000,0.000,'0',0.000,'0',18,0,0,NULL,300.00000000,NULL,5400.00000000,0.00000000,0.00000000,0.00000000,5400.00000000,1,NULL,NULL,0,180.00000000,NULL,0,0,8,NULL,100,NULL,NULL),(160,24,NULL,31,NULL,'Plots of the full frequency response obtained by the electrical sensor self-calibration capability for the amplitude and phase of the pressure output',0.000,0.000,'0',0.000,'0',18,0,0,NULL,180.00000000,NULL,3240.00000000,0.00000000,0.00000000,0.00000000,3240.00000000,1,NULL,NULL,0,90.00000000,NULL,0,0,9,NULL,100,NULL,NULL),(161,24,NULL,33,NULL,'printed technical user guide for MB3a\r\n(Pays d\'origine: France)',0.000,0.000,'0',0.000,'0',18,0,0,NULL,25.00000000,NULL,450.00000000,0.00000000,0.00000000,0.00000000,450.00000000,0,NULL,NULL,0,4.00000000,NULL,0,0,10,NULL,100,NULL,NULL),(162,24,NULL,23,NULL,'(Pays d\'origine: France)',0.000,0.000,'0',0.000,'0',12,0,0,NULL,130.00000000,NULL,1560.00000000,0.00000000,0.00000000,0.00000000,1560.00000000,0,NULL,NULL,0,49.19000000,42,0,0,11,NULL,100,NULL,NULL),(163,24,NULL,NULL,NULL,'(DEPOSIT)',0.000,0.000,'0',0.000,'0',1,0,0,2,-52252.50000000,NULL,-52252.50000000,0.00000000,0.00000000,0.00000000,-52252.50000000,0,NULL,NULL,2,0.00000000,NULL,0,0,-1,NULL,100,NULL,NULL),(190,29,NULL,39,NULL,'PARTICIPATION STAND 1422 AU SALON AGU 2016',20.000,0.000,'0',0.000,'0',1,0,0,NULL,1580.00000000,NULL,1580.00000000,316.00000000,0.00000000,0.00000000,1896.00000000,1,'2016-12-12 00:00:00','2016-12-16 00:00:00',0,1580.00000000,NULL,0,0,1,NULL,100,NULL,NULL),(191,30,NULL,39,NULL,'PARTICIPATION STAND 1422 AU SALON AGU 2016',20.000,0.000,'0',0.000,'0',1,0,0,NULL,1580.00000000,NULL,1580.00000000,316.00000000,0.00000000,0.00000000,1896.00000000,1,'2016-12-12 00:00:00','2016-12-16 00:00:00',0,1580.00000000,NULL,0,0,1,NULL,100,NULL,NULL),(192,31,NULL,2,NULL,'(Code douane: 9015.80.93.90 - Pays d\'origine: France)',0.000,0.000,'0',0.000,'0',5,5,0,NULL,8850.00000000,NULL,42037.50000000,0.00000000,0.00000000,0.00000000,42037.50000000,0,NULL,NULL,0,0.00000000,2,0,0,0,NULL,100,NULL,NULL),(193,31,NULL,16,NULL,'(Pays d\'origine: France)',0.000,0.000,'0',0.000,'0',5,5,0,NULL,275.00000000,NULL,1306.25000000,0.00000000,0.00000000,0.00000000,1306.25000000,0,NULL,NULL,0,0.00000000,32,0,0,0,NULL,100,NULL,NULL),(194,31,NULL,3,NULL,'(Pays d\'origine: France)',0.000,0.000,'0',0.000,'0',5,5,0,NULL,250.00000000,NULL,1187.50000000,0.00000000,0.00000000,0.00000000,1187.50000000,0,NULL,NULL,0,0.00000000,34,0,0,0,NULL,100,NULL,NULL),(195,31,NULL,20,NULL,'(Pays d\'origine: France)',0.000,0.000,'0',0.000,'0',1,5,0,NULL,250.00000000,NULL,237.50000000,0.00000000,0.00000000,0.00000000,237.50000000,0,NULL,NULL,0,0.00000000,37,0,0,0,NULL,100,NULL,NULL),(196,31,NULL,10,NULL,'(Pays d\'origine: France)',0.000,0.000,'0',0.000,'0',1,5,0,NULL,60.00000000,NULL,57.00000000,0.00000000,0.00000000,0.00000000,57.00000000,0,NULL,NULL,0,0.00000000,21,0,0,0,NULL,100,NULL,NULL),(197,31,NULL,19,NULL,'PELICASE 1650  + adapted foam<br />\r\nInt Dim : L725 x W445 x D270 mm<br />\r\nExt Dim : L802 x W520 x D316 mm<br>\r\n(Pays d\'origine: France)',0.000,0.000,'0',0.000,'0',1,5,0,NULL,1450.00000000,NULL,1377.50000000,0.00000000,0.00000000,0.00000000,1377.50000000,0,NULL,NULL,0,0.00000000,28,0,0,0,NULL,100,NULL,NULL),(198,31,NULL,33,NULL,'technical user guide for MB3a\r\nIn English language\r\n(Pays d\'origine: France)',0.000,0.000,'0',0.000,'0',1,5,0,NULL,25.00000000,NULL,23.75000000,0.00000000,0.00000000,0.00000000,23.75000000,0,NULL,NULL,0,0.00000000,57,0,0,0,NULL,100,NULL,NULL),(199,32,NULL,NULL,NULL,'Down payment - 40% of the contract CO1609-0010',0.000,0.000,'0',0.000,'0',1,0,0,NULL,41618.40000000,NULL,41618.40000000,0.00000000,0.00000000,0.00000000,41618.40000000,0,NULL,NULL,0,0.00000000,NULL,0,0,1,NULL,100,NULL,NULL),(200,33,NULL,39,NULL,'PARTICIPATION STAND 24 AU SALON EGU 2017',20.000,0.000,'0',0.000,'0',1,0,0,NULL,1500.00000000,NULL,1500.00000000,300.00000000,0.00000000,0.00000000,1800.00000000,1,'2017-04-23 00:00:00','2017-04-28 00:00:00',0,1500.00000000,NULL,0,0,1,NULL,100,NULL,NULL),(201,34,NULL,39,NULL,'PARTICIPATION STAND 24 AU SALON EGU 2017',20.000,0.000,'0',0.000,'0',1,0,0,NULL,1500.00000000,NULL,1500.00000000,300.00000000,0.00000000,0.00000000,1800.00000000,1,'2017-04-23 00:00:00','2017-04-28 00:00:00',0,1500.00000000,NULL,0,0,1,NULL,100,NULL,NULL),(202,35,NULL,1,NULL,'',20.000,0.000,'0',0.000,'0',1,0,0,NULL,13120.00000000,NULL,13120.00000000,2624.00000000,0.00000000,0.00000000,15744.00000000,0,NULL,NULL,0,0.00000000,NULL,0,0,1,NULL,100,NULL,NULL),(203,35,NULL,3,NULL,'',20.000,0.000,'0',0.000,'0',1,0,0,NULL,255.00000000,NULL,255.00000000,51.00000000,0.00000000,0.00000000,306.00000000,0,NULL,NULL,0,0.00000000,NULL,0,0,2,NULL,100,NULL,NULL),(204,35,NULL,42,NULL,'',20.000,0.000,'0',0.000,'0',1,0,0,NULL,280.00000000,NULL,280.00000000,56.00000000,0.00000000,0.00000000,336.00000000,0,NULL,NULL,0,0.00000000,NULL,0,0,3,NULL,100,NULL,NULL),(205,35,NULL,17,NULL,'',20.000,0.000,'0',0.000,'0',1,0,0,NULL,265.00000000,NULL,265.00000000,53.00000000,0.00000000,0.00000000,318.00000000,0,NULL,NULL,0,0.00000000,NULL,0,0,4,NULL,100,NULL,NULL),(206,35,NULL,23,NULL,'',20.000,0.000,'0',0.000,'0',1,0,0,NULL,133.00000000,NULL,133.00000000,26.60000000,0.00000000,0.00000000,159.60000000,0,NULL,NULL,0,0.00000000,NULL,0,0,8,NULL,100,NULL,NULL),(207,35,NULL,30,NULL,'',20.000,0.000,'0',0.000,'0',1,0,0,NULL,143.00000000,NULL,143.00000000,28.60000000,0.00000000,0.00000000,171.60000000,1,NULL,NULL,0,0.00000000,NULL,0,0,9,NULL,100,NULL,NULL),(208,35,NULL,31,NULL,'',20.000,0.000,'0',0.000,'0',1,0,0,NULL,184.00000000,NULL,184.00000000,36.80000000,0.00000000,0.00000000,220.80000000,1,NULL,NULL,0,0.00000000,NULL,0,0,10,NULL,100,NULL,NULL),(209,36,NULL,NULL,NULL,'Dow payment - 40% of the contract 16CSHK-003',0.000,0.000,'0',0.000,'0',1,0,0,NULL,18332.46000000,NULL,18332.46000000,0.00000000,0.00000000,0.00000000,18332.46000000,0,NULL,NULL,0,0.00000000,NULL,0,0,1,NULL,100,NULL,NULL),(224,38,NULL,1,NULL,'MB3d DIGITAL Microbarometer',0.000,0.000,'0',0.000,'0',4,0,0,NULL,12750.00000000,NULL,51000.00000000,0.00000000,0.00000000,0.00000000,51000.00000000,0,NULL,NULL,0,8248.75000000,NULL,0,0,1,NULL,100,NULL,NULL),(225,38,NULL,6,NULL,'GPS ANTENNA PROCOM 2000B TNC',0.000,0.000,'0',0.000,'0',4,0,0,NULL,112.00000000,NULL,448.00000000,0.00000000,0.00000000,0.00000000,448.00000000,0,NULL,NULL,0,70.00000000,NULL,0,0,2,NULL,100,NULL,NULL),(226,38,NULL,18,NULL,'GPS cable 10 m',0.000,0.000,'0',0.000,'0',4,0,0,NULL,173.00000000,NULL,692.00000000,0.00000000,0.00000000,0.00000000,692.00000000,0,NULL,NULL,0,0.00000000,NULL,0,0,3,NULL,100,NULL,NULL),(227,38,NULL,3,NULL,'12 V Power cable',0.000,0.000,'0',0.000,'0',4,0,0,NULL,255.00000000,NULL,1020.00000000,0.00000000,0.00000000,0.00000000,1020.00000000,0,NULL,NULL,0,154.70000000,NULL,0,0,4,NULL,100,NULL,NULL),(228,38,NULL,17,NULL,'PC/USB cable 3 m',0.000,0.000,'0',0.000,'0',4,0,0,NULL,265.00000000,NULL,1060.00000000,0.00000000,0.00000000,0.00000000,1060.00000000,0,NULL,NULL,0,0.00000000,NULL,0,0,5,NULL,100,NULL,NULL),(229,38,NULL,42,NULL,'RS232 Serial cable MB3d',0.000,0.000,'0',0.000,'0',4,0,0,NULL,265.00000000,NULL,1060.00000000,0.00000000,0.00000000,0.00000000,1060.00000000,0,NULL,NULL,0,140.09000000,NULL,0,0,7,NULL,100,NULL,NULL),(230,38,NULL,10,NULL,'Magnet Wrench',0.000,0.000,'0',0.000,'0',1,0,0,NULL,60.00000000,NULL,60.00000000,0.00000000,0.00000000,0.00000000,60.00000000,0,NULL,NULL,0,28.65000000,NULL,0,0,8,NULL,100,NULL,NULL),(231,38,NULL,23,NULL,'ScrewPack MB3 Transportation box',0.000,0.000,'0',0.000,'0',4,0,0,NULL,133.00000000,NULL,532.00000000,0.00000000,0.00000000,0.00000000,532.00000000,0,NULL,NULL,0,49.19000000,NULL,0,0,9,NULL,100,NULL,NULL),(232,38,NULL,35,NULL,'MetPak weather station',0.000,0.000,'0',0.000,'0',1,0,0,NULL,6300.00000000,NULL,6300.00000000,0.00000000,0.00000000,0.00000000,6300.00000000,0,NULL,NULL,0,3087.50000000,NULL,0,0,10,NULL,100,NULL,NULL),(233,38,NULL,34,NULL,'Wind Noise filtering system',0.000,0.000,'0',0.000,'0',4,0,0,NULL,8980.00000000,NULL,35920.00000000,0.00000000,0.00000000,0.00000000,35920.00000000,0,NULL,NULL,0,4479.03000000,NULL,0,0,11,NULL,100,NULL,NULL),(234,38,NULL,30,NULL,'sensor self-noise of the pressure output on the bandwidth 0.02-4Hz',0.000,0.000,'0',0.000,'0',4,0,0,NULL,143.00000000,NULL,572.00000000,0.00000000,0.00000000,0.00000000,572.00000000,1,NULL,NULL,0,0.00000000,NULL,0,0,12,NULL,100,NULL,NULL),(235,38,NULL,31,NULL,'Plots of the full frequency response obtained by the electrical sensor self-calibration capability using an integrated MLS on the bandwidth 0.02-4Hz',0.000,0.000,'0',0.000,'0',4,0,0,NULL,400.00000000,NULL,1600.00000000,0.00000000,0.00000000,0.00000000,1600.00000000,1,NULL,NULL,0,0.00000000,NULL,0,0,13,NULL,100,NULL,NULL),(236,38,NULL,27,NULL,'Transport to SOPRON 9400',0.000,0.000,'0',0.000,'0',1,0,0,NULL,2800.00000000,NULL,2800.00000000,0.00000000,0.00000000,0.00000000,2800.00000000,1,NULL,NULL,0,0.00000000,NULL,0,0,14,NULL,100,NULL,NULL),(237,38,NULL,21,NULL,'insurances',0.000,0.000,'0',0.000,'0',1,0,0,NULL,982.00000000,NULL,982.00000000,0.00000000,0.00000000,0.00000000,982.00000000,1,NULL,NULL,0,0.00000000,NULL,0,0,15,NULL,100,NULL,NULL),(238,38,NULL,NULL,NULL,'(DEPOSIT)',0.000,0.000,'0',0.000,'0',1,0,0,3,-41618.40000000,NULL,-41618.40000000,0.00000000,0.00000000,0.00000000,-41618.40000000,0,NULL,NULL,2,0.00000000,NULL,0,0,-1,NULL,100,NULL,NULL),(239,39,NULL,39,NULL,'Mobilier de stand, impression Roll-up et catalogues pour Salons\r\nMoquette et électricité Salon AGU 2016',20.000,0.000,'0',0.000,'0',1,0,0,NULL,1310.00000000,NULL,1310.00000000,262.00000000,0.00000000,0.00000000,1572.00000000,1,'2016-12-12 00:00:00','2016-12-16 00:00:00',0,1310.00000000,NULL,0,0,1,NULL,100,NULL,NULL),(240,40,NULL,39,NULL,'Mobilier de stand, impression Roll-up et catalogues pour Salons\r\nMoquette et électricité Salon AGU 2016',20.000,0.000,'0',0.000,'0',1,0,0,NULL,1310.00000000,NULL,1310.00000000,262.00000000,0.00000000,0.00000000,1572.00000000,1,'2016-12-12 00:00:00','2016-12-16 00:00:00',0,1310.00000000,NULL,0,0,1,NULL,100,NULL,NULL),(241,41,NULL,39,NULL,'PARTICIPATION STAND 518  AU SALON AGU 2017 10\'X20\'',20.000,0.000,'0',0.000,'0',1,0,0,NULL,1760.00000000,NULL,1760.00000000,352.00000000,0.00000000,0.00000000,2112.00000000,1,'2017-12-11 00:00:00','2017-12-15 00:00:00',0,1760.00000000,NULL,0,0,1,NULL,100,NULL,NULL),(242,42,NULL,39,NULL,'PARTICIPATION STAND 518  AU SALON AGU 2017 10\'X20\'',20.000,0.000,'0',0.000,'0',1,0,0,NULL,1760.00000000,NULL,1760.00000000,352.00000000,0.00000000,0.00000000,2112.00000000,1,'2017-12-11 00:00:00','2017-12-15 00:00:00',0,1760.00000000,NULL,0,0,1,NULL,100,NULL,NULL),(243,43,NULL,44,NULL,'',0.000,0.000,'0',0.000,'0',10,0,0,NULL,10498.00000000,NULL,104980.00000000,0.00000000,0.00000000,0.00000000,104980.00000000,0,NULL,NULL,0,0.00000000,NULL,0,0,1,NULL,100,NULL,NULL),(244,43,NULL,45,NULL,'MB3a Machined Caps (sets of 4)',0.000,0.000,'0',0.000,'0',10,0,0,NULL,299.00000000,NULL,2990.00000000,0.00000000,0.00000000,0.00000000,2990.00000000,0,NULL,NULL,0,0.00000000,NULL,0,0,2,NULL,100,NULL,NULL),(246,43,NULL,27,NULL,'MB3a Sensor kit shipping',0.000,0.000,'0',0.000,'0',1,0,0,NULL,720.00000000,NULL,720.00000000,0.00000000,0.00000000,0.00000000,720.00000000,1,NULL,NULL,0,0.00000000,NULL,0,0,4,NULL,100,NULL,NULL),(249,44,NULL,23,NULL,'MB3a Sensor Kit cases\r\nScrewPack plastic tube with form',0.000,0.000,'0',0.000,'0',10,0,0,NULL,140.00000000,NULL,1400.00000000,0.00000000,0.00000000,0.00000000,1400.00000000,0,NULL,NULL,0,0.00000000,NULL,0,0,3,NULL,100,NULL,NULL),(251,45,NULL,1,NULL,'',0.000,0.000,'0',0.000,'0',1,0,0,NULL,13120.00000000,NULL,13120.00000000,0.00000000,0.00000000,0.00000000,13120.00000000,0,NULL,NULL,0,0.00000000,NULL,0,0,1,NULL,100,NULL,NULL),(252,45,NULL,17,NULL,'',0.000,0.000,'0',0.000,'0',1,0,0,NULL,265.00000000,NULL,265.00000000,0.00000000,0.00000000,0.00000000,265.00000000,0,NULL,NULL,0,0.00000000,NULL,0,0,2,NULL,100,NULL,NULL),(253,45,NULL,6,NULL,'',0.000,0.000,'0',0.000,'0',1,0,0,NULL,112.00000000,NULL,112.00000000,0.00000000,0.00000000,0.00000000,112.00000000,0,NULL,NULL,0,0.00000000,NULL,0,0,3,NULL,100,NULL,NULL),(254,45,NULL,18,NULL,'',0.000,0.000,'0',0.000,'0',1,0,0,NULL,180.00000000,NULL,180.00000000,0.00000000,0.00000000,0.00000000,180.00000000,0,NULL,NULL,0,0.00000000,NULL,0,0,4,NULL,100,NULL,NULL),(255,45,NULL,3,NULL,'(Code douane: 9015900000 80 - Pays d\'origine: France)',0.000,0.000,'0',0.000,'0',1,0,0,NULL,255.00000000,NULL,255.00000000,0.00000000,0.00000000,0.00000000,255.00000000,0,NULL,NULL,0,0.00000000,NULL,0,0,5,NULL,100,NULL,NULL),(256,45,NULL,42,NULL,'',0.000,0.000,'0',0.000,'0',1,0,0,NULL,280.00000000,NULL,280.00000000,0.00000000,0.00000000,0.00000000,280.00000000,0,NULL,NULL,0,0.00000000,NULL,0,0,6,NULL,100,NULL,NULL),(257,45,NULL,10,NULL,'',0.000,0.000,'0',0.000,'0',1,0,0,NULL,60.00000000,NULL,60.00000000,0.00000000,0.00000000,0.00000000,60.00000000,0,NULL,NULL,0,0.00000000,NULL,0,0,7,NULL,100,NULL,NULL),(258,45,NULL,49,NULL,'',0.000,0.000,'0',0.000,'0',1,0,0,NULL,650.00000000,NULL,650.00000000,0.00000000,0.00000000,0.00000000,650.00000000,0,NULL,NULL,0,0.00000000,NULL,0,0,8,NULL,100,NULL,NULL),(259,45,NULL,51,NULL,'Air Inlet',0.000,0.000,'0',0.000,'0',8,0,0,NULL,170.00000000,NULL,1360.00000000,0.00000000,0.00000000,0.00000000,1360.00000000,0,NULL,NULL,0,0.00000000,NULL,0,0,9,NULL,100,NULL,NULL),(260,45,NULL,45,NULL,'1 set of 4 caps',0.000,0.000,'0',0.000,'0',1,0,0,NULL,820.00000000,NULL,820.00000000,0.00000000,0.00000000,0.00000000,820.00000000,0,NULL,NULL,0,0.00000000,NULL,0,0,10,NULL,100,NULL,NULL),(261,45,NULL,27,NULL,'Transport to Seoul',0.000,0.000,'0',0.000,'0',1,0,0,NULL,700.00000000,NULL,700.00000000,0.00000000,0.00000000,0.00000000,700.00000000,1,NULL,NULL,0,0.00000000,NULL,0,0,11,NULL,100,NULL,NULL),(262,45,NULL,21,NULL,'',0.000,0.000,'0',0.000,'0',1,0,0,NULL,855.00000000,NULL,855.00000000,0.00000000,0.00000000,0.00000000,855.00000000,1,NULL,NULL,0,0.00000000,NULL,0,0,12,NULL,100,NULL,NULL),(263,46,NULL,52,NULL,'Signal cable to connect Mb3a to DM24 Guralp<br />\r\n18 pin Fischer connector to Mil Circ Connector size 16 female 26 pin ITT cannon KPT06F-16-26S(or adaptable)\r\nShielded cable 9509.01152-BELDEN 9 pairs\r\n1.5 m long\r\nRemise à titre exceptionnelle\r\nPrix du transport en supplément',20.000,0.000,'0',0.000,'0',17,26.80412,0,NULL,485.00000000,NULL,6035.00000000,1207.00000000,0.00000000,0.00000000,7242.00000000,0,NULL,NULL,0,0.00000000,NULL,0,0,1,NULL,100,NULL,NULL),(264,47,NULL,53,NULL,'REP 16/14 Tamper Switch Cable to CMG_DM24M-S3 Digitizer\r\nLIYCY DIN47100 2X0,75 BLINDE TGL (3m)\r\nSPLIT END	to	MS3116F14-12P',20.000,0.000,'0',0.000,'0',9,0,0,NULL,248.00000000,NULL,2232.00000000,446.40000000,0.00000000,0.00000000,2678.40000000,0,NULL,NULL,0,0.00000000,NULL,0,0,1,NULL,100,NULL,NULL),(265,47,NULL,53,NULL,'REP 1615 / External Power cable, PMB to IEB\r\nCable H07RNF 2x1.5mm² Ø9.3 Noir  (5m)\r\nMS3106F16-10S	to	MS3106F16-10P',20.000,0.000,'0',0.000,'0',9,0,0,NULL,327.00000000,NULL,2943.00000000,588.60000000,0.00000000,0.00000000,3531.60000000,0,NULL,NULL,0,0.00000000,NULL,0,0,2,NULL,100,NULL,NULL),(266,47,NULL,53,NULL,'REP 1616 / External cable to digital meteorological station\r\nLIYCYP DIN 47100 BL GEN. 4X2X0,75 (10m)\r\nMS3116E12-8P	   to	SPLIT END',20.000,0.000,'0',0.000,'0',2,0,0,NULL,329.00000000,NULL,658.00000000,131.60000000,0.00000000,0.00000000,789.60000000,0,NULL,NULL,0,0.00000000,NULL,0,0,3,NULL,100,NULL,NULL),(267,47,NULL,53,NULL,'REP 1617 / WOII to Meteo Bob Cable\r\nUNITRONIC LIYCY 10X0,75  (10m) \r\nSPLIT END	to	MS3116F14-19P',20.000,0.000,'0',0.000,'0',2,0,0,NULL,358.00000000,NULL,716.00000000,143.20000000,0.00000000,0.00000000,859.20000000,0,NULL,NULL,0,0.00000000,NULL,0,0,4,NULL,100,NULL,NULL),(268,47,NULL,39,NULL,'un connecteur MS3116F14-19P\r\nConnecteur circulaire, MIL-DTL-26482 serie 1, Fiche droite 19 pin male',20.000,0.000,'0',0.000,'0',2,0,0,NULL,90.00000000,NULL,180.00000000,36.00000000,0.00000000,0.00000000,216.00000000,1,NULL,NULL,0,0.00000000,NULL,0,0,5,NULL,100,NULL,NULL),(269,47,NULL,53,NULL,'REP 1619 / PTB101B to Meteo Bob Cable\r\nLIYCY DIN47100 5X0,25 BLINDE TGL (1.5m)\r\nSPLITEND (d\'après datasheet c\'est un bornier )		MS3116F14-19P',20.000,0.000,'0',0.000,'0',2,0,0,NULL,266.00000000,NULL,532.00000000,106.40000000,0.00000000,0.00000000,638.40000000,0,NULL,NULL,0,0.00000000,NULL,0,0,6,NULL,100,NULL,NULL),(270,47,NULL,53,NULL,'REP 1620 / Meteo Bob Cable to CMG-DM24AM-S3 Digitizer\r\nLIYCY DIN47100 2X0,75 BLINDE TGL (1.5m)\r\nMS3116F14-19S	to	MS3116F-16-26P',20.000,0.000,'0',0.000,'0',2,0,0,NULL,462.00000000,NULL,924.00000000,184.80000000,0.00000000,0.00000000,1108.80000000,0,NULL,NULL,0,0.00000000,NULL,0,0,7,NULL,100,NULL,NULL),(271,47,NULL,53,NULL,'REP 1621 / External power Cable for Meteo Bob\r\nLIYCY DIN47100 2X0,75 BLINDE TGL (2m)\r\nMS3116F8-3S	to	SPLIT END',20.000,0.000,'0',0.000,'0',2,0,0,NULL,262.00000000,NULL,524.00000000,104.80000000,0.00000000,0.00000000,628.80000000,0,NULL,NULL,0,0.00000000,NULL,0,0,8,NULL,100,NULL,NULL),(272,47,NULL,53,NULL,'Cable multiconducteur blindé 10x0.75mm (au mètre)',20.000,0.000,'0',0.000,'0',10,0,0,NULL,5.70000000,NULL,57.00000000,11.40000000,0.00000000,0.00000000,68.40000000,0,NULL,NULL,0,57.00000000,NULL,0,0,9,NULL,100,NULL,NULL),(273,47,NULL,22,NULL,'2 livraisons - 14/02/2017 et 17/02/2017',20.000,0.000,'0',0.000,'0',1,0,0,NULL,150.00000000,NULL,150.00000000,30.00000000,0.00000000,0.00000000,180.00000000,1,NULL,NULL,0,50.00000000,NULL,0,0,10,NULL,100,NULL,NULL),(274,48,NULL,53,NULL,'C4 Power Cable 2 m MS3116F-8-2-S vers Banana plugs 4mm rouge et noire câble H07RNF 2x1.5mm²  Noir non blindé',20.000,0.000,'0',0.000,'0',1,0,0,NULL,296.00000000,NULL,296.00000000,59.20000000,0.00000000,0.00000000,355.20000000,0,NULL,NULL,0,172.37000000,NULL,0,0,1,NULL,100,NULL,NULL),(275,48,NULL,53,NULL,'C5 Serial cable 2M MS3116F-8-3S vers DB9 femelle capot métal a viser , Cable 3x0.75mm² Blindé LIYCY',20.000,0.000,'0',0.000,'0',1,0,0,NULL,316.00000000,NULL,316.00000000,63.20000000,0.00000000,0.00000000,379.20000000,0,NULL,NULL,0,174.01000000,NULL,0,0,2,NULL,100,NULL,NULL),(276,48,NULL,27,NULL,'transport priority saint cannat',20.000,0.000,'0',0.000,'0',1,0,0,NULL,55.00000000,NULL,55.00000000,11.00000000,0.00000000,0.00000000,66.00000000,1,NULL,NULL,0,0.00000000,NULL,0,0,3,NULL,100,NULL,NULL),(277,49,NULL,NULL,NULL,'Down payment - 40 % of the contract 16CSHK-003',0.000,0.000,'0',0.000,'0',1,0,0,NULL,3532.26000000,NULL,3532.26000000,0.00000000,0.00000000,0.00000000,3532.26000000,0,NULL,NULL,0,0.00000000,NULL,0,0,1,NULL,100,NULL,NULL);

--
