-- http://www.phpmyadmin.net
--
-- Client :  groupegldoliba.mysql.db
-- Généré le :  Mar 24 Novembre 2015 à 11:07
-- Version du serveur :  5.5.46-0+deb7u1-log
-- Version de PHP :  5.3.8




--
-- Base de données :  `groupegldoliba`
--

-- --------------------------------------------------------

--
-- Structure de la table `llx_accountingaccount`
--

CREATE TABLE IF NOT EXISTS `llx_accountingaccount` (
  `rowid` int(11) NOT NULL,
  `fk_pcg_version` varchar(12) NOT NULL,
  `pcg_type` varchar(20) NOT NULL,
  `pcg_subtype` varchar(20) NOT NULL,
  `account_number` varchar(20) NOT NULL,
  `account_parent` varchar(20) DEFAULT NULL,
  `label` varchar(128) NOT NULL,
  `active` tinyint(4) NOT NULL DEFAULT '1'
) ENGINE=InnoDB AUTO_INCREMENT=439 DEFAULT CHARSET=utf8;

--
-- Contenu de la table `llx_accountingaccount`
--

INSERT INTO `llx_accountingaccount` (`rowid`, `fk_pcg_version`, `pcg_type`, `pcg_subtype`, `account_number`, `account_parent`, `label`, `active`) VALUES
(1, 'PCG99-ABREGE', 'CAPIT', 'CAPITAL', '101', '1', 'Capital', 1),
(2, 'PCG99-ABREGE', 'CAPIT', 'XXXXXX', '105', '1', 'Ecarts de réévaluation', 1),
(3, 'PCG99-ABREGE', 'CAPIT', 'XXXXXX', '1061', '1', 'Réserve légale', 1),
(4, 'PCG99-ABREGE', 'CAPIT', 'XXXXXX', '1063', '1', 'Réserves statutaires ou contractuelles', 1),
(5, 'PCG99-ABREGE', 'CAPIT', 'XXXXXX', '1064', '1', 'Réserves réglementées', 1),
(6, 'PCG99-ABREGE', 'CAPIT', 'XXXXXX', '1068', '1', 'Autres réserves', 1),
(7, 'PCG99-ABREGE', 'CAPIT', 'XXXXXX', '108', '1', 'Compte de l''exploitant', 1),
(8, 'PCG99-ABREGE', 'CAPIT', 'XXXXXX', '12', '1', 'Résultat de l''exercice', 1),
(9, 'PCG99-ABREGE', 'CAPIT', 'XXXXXX', '145', '1', 'Amortissements dérogatoires', 1),
(10, 'PCG99-ABREGE', 'CAPIT', 'XXXXXX', '146', '1', 'Provision spéciale de réévaluation', 1),
(11, 'PCG99-ABREGE', 'CAPIT', 'XXXXXX', '147', '1', 'Plus-values réinvesties', 1),
(12, 'PCG99-ABREGE', 'CAPIT', 'XXXXXX', '148', '1', 'Autres provisions réglementées', 1),
(13, 'PCG99-ABREGE', 'CAPIT', 'XXXXXX', '15', '1', 'Provisions pour risques et charges', 1),
(14, 'PCG99-ABREGE', 'CAPIT', 'XXXXXX', '16', '1', 'Emprunts et dettes assimilees', 1),
(15, 'PCG99-ABREGE', 'IMMO', 'XXXXXX', '20', '2', 'Immobilisations incorporelles', 1),
(16, 'PCG99-ABREGE', 'IMMO', 'XXXXXX', '201', '20', 'Frais d''établissement', 1),
(17, 'PCG99-ABREGE', 'IMMO', 'XXXXXX', '206', '20', 'Droit au bail', 1),
(18, 'PCG99-ABREGE', 'IMMO', 'XXXXXX', '207', '20', 'Fonds commercial', 1),
(19, 'PCG99-ABREGE', 'IMMO', 'XXXXXX', '208', '20', 'Autres immobilisations incorporelles', 1),
(20, 'PCG99-ABREGE', 'IMMO', 'XXXXXX', '21', '2', 'Immobilisations corporelles', 1),
(21, 'PCG99-ABREGE', 'IMMO', 'XXXXXX', '23', '2', 'Immobilisations en cours', 1),
(22, 'PCG99-ABREGE', 'IMMO', 'XXXXXX', '27', '2', 'Autres immobilisations financieres', 1),
(23, 'PCG99-ABREGE', 'IMMO', 'XXXXXX', '280', '2', 'Amortissements des immobilisations incorporelles', 1),
(24, 'PCG99-ABREGE', 'IMMO', 'XXXXXX', '281', '2', 'Amortissements des immobilisations corporelles', 1),
(25, 'PCG99-ABREGE', 'IMMO', 'XXXXXX', '290', '2', 'Provisions pour dépréciation des immobilisations incorporelles', 1),
(26, 'PCG99-ABREGE', 'IMMO', 'XXXXXX', '291', '2', 'Provisions pour dépréciation des immobilisations corporelles', 1),
(27, 'PCG99-ABREGE', 'IMMO', 'XXXXXX', '297', '2', 'Provisions pour dépréciation des autres immobilisations financières', 1),
(28, 'PCG99-ABREGE', 'STOCK', 'XXXXXX', '31', '3', 'Matieres premières', 1),
(29, 'PCG99-ABREGE', 'STOCK', 'XXXXXX', '32', '3', 'Autres approvisionnements', 1),
(30, 'PCG99-ABREGE', 'STOCK', 'XXXXXX', '33', '3', 'En-cours de production de biens', 1),
(31, 'PCG99-ABREGE', 'STOCK', 'XXXXXX', '34', '3', 'En-cours de production de services', 1),
(32, 'PCG99-ABREGE', 'STOCK', 'XXXXXX', '35', '3', 'Stocks de produits', 1),
(33, 'PCG99-ABREGE', 'STOCK', 'XXXXXX', '37', '3', 'Stocks de marchandises', 1),
(34, 'PCG99-ABREGE', 'STOCK', 'XXXXXX', '391', '3', 'Provisions pour dépréciation des matières premières', 1),
(35, 'PCG99-ABREGE', 'STOCK', 'XXXXXX', '392', '3', 'Provisions pour dépréciation des autres approvisionnements', 1),
(36, 'PCG99-ABREGE', 'STOCK', 'XXXXXX', '393', '3', 'Provisions pour dépréciation des en-cours de production de biens', 1),
(37, 'PCG99-ABREGE', 'STOCK', 'XXXXXX', '394', '3', 'Provisions pour dépréciation des en-cours de production de services', 1),
(38, 'PCG99-ABREGE', 'STOCK', 'XXXXXX', '395', '3', 'Provisions pour dépréciation des stocks de produits', 1),
(39, 'PCG99-ABREGE', 'STOCK', 'XXXXXX', '397', '3', 'Provisions pour dépréciation des stocks de marchandises', 1),
(40, 'PCG99-ABREGE', 'TIERS', 'SUPPLIER', '400', '4', 'Fournisseurs et Comptes rattachés', 1),
(41, 'PCG99-ABREGE', 'TIERS', 'XXXXXX', '409', '4', 'Fournisseurs débiteurs', 1),
(42, 'PCG99-ABREGE', 'TIERS', 'CUSTOMER', '410', '4', 'Clients et Comptes rattachés', 1),
(43, 'PCG99-ABREGE', 'TIERS', 'XXXXXX', '419', '4', 'Clients créditeurs', 1),
(44, 'PCG99-ABREGE', 'TIERS', 'XXXXXX', '421', '4', 'Personnel', 1),
(45, 'PCG99-ABREGE', 'TIERS', 'XXXXXX', '428', '4', 'Personnel', 1),
(46, 'PCG99-ABREGE', 'TIERS', 'XXXXXX', '43', '4', 'Sécurité sociale et autres organismes sociaux', 1),
(47, 'PCG99-ABREGE', 'TIERS', 'XXXXXX', '444', '4', 'Etat - impôts sur bénéfice', 1),
(48, 'PCG99-ABREGE', 'TIERS', 'XXXXXX', '445', '4', 'Etat - Taxes sur chiffre affaires', 1),
(49, 'PCG99-ABREGE', 'TIERS', 'XXXXXX', '447', '4', 'Autres impôts, taxes et versements assimilés', 1),
(50, 'PCG99-ABREGE', 'TIERS', 'XXXXXX', '45', '4', 'Groupe et associes', 1),
(51, 'PCG99-ABREGE', 'TIERS', 'XXXXXX', '455', '45', 'Associés', 1),
(52, 'PCG99-ABREGE', 'TIERS', 'XXXXXX', '46', '4', 'Débiteurs divers et créditeurs divers', 1),
(53, 'PCG99-ABREGE', 'TIERS', 'XXXXXX', '47', '4', 'Comptes transitoires ou d''attente', 1),
(54, 'PCG99-ABREGE', 'TIERS', 'XXXXXX', '481', '4', 'Charges à répartir sur plusieurs exercices', 1),
(55, 'PCG99-ABREGE', 'TIERS', 'XXXXXX', '486', '4', 'Charges constatées d''avance', 1),
(56, 'PCG99-ABREGE', 'TIERS', 'XXXXXX', '487', '4', 'Produits constatés d''avance', 1),
(57, 'PCG99-ABREGE', 'TIERS', 'XXXXXX', '491', '4', 'Provisions pour dépréciation des comptes de clients', 1),
(58, 'PCG99-ABREGE', 'TIERS', 'XXXXXX', '496', '4', 'Provisions pour dépréciation des comptes de débiteurs divers', 1),
(59, 'PCG99-ABREGE', 'FINAN', 'XXXXXX', '50', '5', 'Valeurs mobilières de placement', 1),
(60, 'PCG99-ABREGE', 'FINAN', 'BANK', '51', '5', 'Banques, établissements financiers et assimilés', 1),
(61, 'PCG99-ABREGE', 'FINAN', 'CASH', '53', '5', 'Caisse', 1),
(62, 'PCG99-ABREGE', 'FINAN', 'XXXXXX', '54', '5', 'Régies d''avance et accréditifs', 1),
(63, 'PCG99-ABREGE', 'FINAN', 'XXXXXX', '58', '5', 'Virements internes', 1),
(64, 'PCG99-ABREGE', 'FINAN', 'XXXXXX', '590', '5', 'Provisions pour dépréciation des valeurs mobilières de placement', 1),
(65, 'PCG99-ABREGE', 'CHARGE', 'PRODUCT', '60', '6', 'Achats', 1),
(66, 'PCG99-ABREGE', 'CHARGE', 'XXXXXX', '603', '60', 'Variations des stocks', 1),
(67, 'PCG99-ABREGE', 'CHARGE', 'SERVICE', '61', '6', 'Services extérieurs', 1),
(68, 'PCG99-ABREGE', 'CHARGE', 'XXXXXX', '62', '6', 'Autres services extérieurs', 1),
(69, 'PCG99-ABREGE', 'CHARGE', 'XXXXXX', '63', '6', 'Impôts, taxes et versements assimiles', 1),
(70, 'PCG99-ABREGE', 'CHARGE', 'XXXXXX', '641', '6', 'Rémunérations du personnel', 1),
(71, 'PCG99-ABREGE', 'CHARGE', 'XXXXXX', '644', '6', 'Rémunération du travail de l''exploitant', 1),
(72, 'PCG99-ABREGE', 'CHARGE', 'SOCIAL', '645', '6', 'Charges de sécurité sociale et de prévoyance', 1),
(73, 'PCG99-ABREGE', 'CHARGE', 'XXXXXX', '646', '6', 'Cotisations sociales personnelles de l''exploitant', 1),
(74, 'PCG99-ABREGE', 'CHARGE', 'XXXXXX', '65', '6', 'Autres charges de gestion courante', 1),
(75, 'PCG99-ABREGE', 'CHARGE', 'XXXXXX', '66', '6', 'Charges financières', 1),
(76, 'PCG99-ABREGE', 'CHARGE', 'XXXXXX', '67', '6', 'Charges exceptionnelles', 1),
(77, 'PCG99-ABREGE', 'CHARGE', 'XXXXXX', '681', '6', 'Dotations aux amortissements et aux provisions', 1),
(78, 'PCG99-ABREGE', 'CHARGE', 'XXXXXX', '686', '6', 'Dotations aux amortissements et aux provisions', 1),
(79, 'PCG99-ABREGE', 'CHARGE', 'XXXXXX', '687', '6', 'Dotations aux amortissements et aux provisions', 1),
(80, 'PCG99-ABREGE', 'CHARGE', 'XXXXXX', '691', '6', 'Participation des salariés aux résultats', 1),
(81, 'PCG99-ABREGE', 'CHARGE', 'XXXXXX', '695', '6', 'Impôts sur les bénéfices', 1),
(82, 'PCG99-ABREGE', 'CHARGE', 'XXXXXX', '697', '6', 'Imposition forfaitaire annuelle des sociétés', 1),
(83, 'PCG99-ABREGE', 'CHARGE', 'XXXXXX', '699', '6', 'Produits', 1),
(84, 'PCG99-ABREGE', 'PROD', 'PRODUCT', '701', '7', 'Ventes de produits finis', 1),
(85, 'PCG99-ABREGE', 'PROD', 'SERVICE', '706', '7', 'Prestations de services', 1),
(86, 'PCG99-ABREGE', 'PROD', 'PRODUCT', '707', '7', 'Ventes de marchandises', 1),
(87, 'PCG99-ABREGE', 'PROD', 'PRODUCT', '708', '7', 'Produits des activités annexes', 1),
(88, 'PCG99-ABREGE', 'PROD', 'XXXXXX', '709', '7', 'Rabais, remises et ristournes accordés par l''entreprise', 1),
(89, 'PCG99-ABREGE', 'PROD', 'XXXXXX', '713', '7', 'Variation des stocks', 1),
(90, 'PCG99-ABREGE', 'PROD', 'XXXXXX', '72', '7', 'Production immobilisée', 1),
(91, 'PCG99-ABREGE', 'PROD', 'XXXXXX', '73', '7', 'Produits nets partiels sur opérations à long terme', 1),
(92, 'PCG99-ABREGE', 'PROD', 'XXXXXX', '74', '7', 'Subventions d''exploitation', 1),
(93, 'PCG99-ABREGE', 'PROD', 'XXXXXX', '75', '7', 'Autres produits de gestion courante', 1),
(94, 'PCG99-ABREGE', 'PROD', 'XXXXXX', '753', '75', 'Jetons de présence et rémunérations d''administrateurs, gérants,...', 1),
(95, 'PCG99-ABREGE', 'PROD', 'XXXXXX', '754', '75', 'Ristournes perçues des coopératives', 1),
(96, 'PCG99-ABREGE', 'PROD', 'XXXXXX', '755', '75', 'Quotes-parts de résultat sur opérations faites en commun', 1),
(97, 'PCG99-ABREGE', 'PROD', 'XXXXXX', '76', '7', 'Produits financiers', 1),
(98, 'PCG99-ABREGE', 'PROD', 'XXXXXX', '77', '7', 'Produits exceptionnels', 1),
(99, 'PCG99-ABREGE', 'PROD', 'XXXXXX', '781', '7', 'Reprises sur amortissements et provisions', 1),
(100, 'PCG99-ABREGE', 'PROD', 'XXXXXX', '786', '7', 'Reprises sur provisions pour risques', 1),
(101, 'PCG99-ABREGE', 'PROD', 'XXXXXX', '787', '7', 'Reprises sur provisions', 1),
(102, 'PCG99-ABREGE', 'PROD', 'XXXXXX', '79', '7', 'Transferts de charges', 1),
(103, 'PCG99-BASE', 'CAPIT', 'XXXXXX', '10', '1', 'Capital  et réserves', 1),
(104, 'PCG99-BASE', 'CAPIT', 'CAPITAL', '101', '10', 'Capital', 1),
(105, 'PCG99-BASE', 'CAPIT', 'XXXXXX', '104', '10', 'Primes liées au capital social', 1),
(106, 'PCG99-BASE', 'CAPIT', 'XXXXXX', '105', '10', 'Ecarts de réévaluation', 1),
(107, 'PCG99-BASE', 'CAPIT', 'XXXXXX', '106', '10', 'Réserves', 1),
(108, 'PCG99-BASE', 'CAPIT', 'XXXXXX', '107', '10', 'Ecart d''equivalence', 1),
(109, 'PCG99-BASE', 'CAPIT', 'XXXXXX', '108', '10', 'Compte de l''exploitant', 1),
(110, 'PCG99-BASE', 'CAPIT', 'XXXXXX', '109', '10', 'Actionnaires : capital souscrit - non appelé', 1),
(111, 'PCG99-BASE', 'CAPIT', 'XXXXXX', '11', '1', 'Report à nouveau (solde créditeur ou débiteur)', 1),
(112, 'PCG99-BASE', 'CAPIT', 'XXXXXX', '110', '11', 'Report à nouveau (solde créditeur)', 1),
(113, 'PCG99-BASE', 'CAPIT', 'XXXXXX', '119', '11', 'Report à nouveau (solde débiteur)', 1),
(114, 'PCG99-BASE', 'CAPIT', 'XXXXXX', '12', '1', 'Résultat de l''exercice (bénéfice ou perte)', 1),
(115, 'PCG99-BASE', 'CAPIT', 'XXXXXX', '120', '12', 'Résultat de l''exercice (bénéfice)', 1),
(116, 'PCG99-BASE', 'CAPIT', 'XXXXXX', '129', '12', 'Résultat de l''exercice (perte)', 1),
(117, 'PCG99-BASE', 'CAPIT', 'XXXXXX', '13', '1', 'Subventions d''investissement', 1),
(118, 'PCG99-BASE', 'CAPIT', 'XXXXXX', '131', '13', 'Subventions d''équipement', 1),
(119, 'PCG99-BASE', 'CAPIT', 'XXXXXX', '138', '13', 'Autres subventions d''investissement', 1),
(120, 'PCG99-BASE', 'CAPIT', 'XXXXXX', '139', '13', 'Subventions d''investissement inscrites au compte de résultat', 1),
(121, 'PCG99-BASE', 'CAPIT', 'XXXXXX', '14', '1', 'Provisions réglementées', 1),
(122, 'PCG99-BASE', 'CAPIT', 'XXXXXX', '142', '14', 'Provisions réglementées relatives aux immobilisations', 1),
(123, 'PCG99-BASE', 'CAPIT', 'XXXXXX', '143', '14', 'Provisions réglementées relatives aux stocks', 1),
(124, 'PCG99-BASE', 'CAPIT', 'XXXXXX', '144', '14', 'Provisions réglementées relatives aux autres éléments de l''actif', 1),
(125, 'PCG99-BASE', 'CAPIT', 'XXXXXX', '145', '14', 'Amortissements dérogatoires', 1),
(126, 'PCG99-BASE', 'CAPIT', 'XXXXXX', '146', '14', 'Provision spéciale de réévaluation', 1),
(127, 'PCG99-BASE', 'CAPIT', 'XXXXXX', '147', '14', 'Plus-values réinvesties', 1),
(128, 'PCG99-BASE', 'CAPIT', 'XXXXXX', '148', '14', 'Autres provisions réglementées', 1),
(129, 'PCG99-BASE', 'CAPIT', 'XXXXXX', '15', '1', 'Provisions pour risques et charges', 1),
(130, 'PCG99-BASE', 'CAPIT', 'XXXXXX', '151', '15', 'Provisions pour risques', 1),
(131, 'PCG99-BASE', 'CAPIT', 'XXXXXX', '153', '15', 'Provisions pour pensions et obligations similaires', 1),
(132, 'PCG99-BASE', 'CAPIT', 'XXXXXX', '154', '15', 'Provisions pour restructurations', 1),
(133, 'PCG99-BASE', 'CAPIT', 'XXXXXX', '155', '15', 'Provisions pour impôts', 1),
(134, 'PCG99-BASE', 'CAPIT', 'XXXXXX', '156', '15', 'Provisions pour renouvellement des immobilisations (entreprises concessionnaires)', 1),
(135, 'PCG99-BASE', 'CAPIT', 'XXXXXX', '157', '15', 'Provisions pour charges à répartir sur plusieurs exercices', 1),
(136, 'PCG99-BASE', 'CAPIT', 'XXXXXX', '158', '15', 'Autres provisions pour charges', 1),
(137, 'PCG99-BASE', 'CAPIT', 'XXXXXX', '16', '1', 'Emprunts et dettes assimilees', 1),
(138, 'PCG99-BASE', 'CAPIT', 'XXXXXX', '161', '16', 'Emprunts obligataires convertibles', 1),
(139, 'PCG99-BASE', 'CAPIT', 'XXXXXX', '163', '16', 'Autres emprunts obligataires', 1),
(140, 'PCG99-BASE', 'CAPIT', 'XXXXXX', '164', '16', 'Emprunts auprès des établissements de crédit', 1),
(141, 'PCG99-BASE', 'CAPIT', 'XXXXXX', '165', '16', 'Dépôts et cautionnements reçus', 1),
(142, 'PCG99-BASE', 'CAPIT', 'XXXXXX', '166', '16', 'Participation des salariés aux résultats', 1),
(143, 'PCG99-BASE', 'CAPIT', 'XXXXXX', '167', '16', 'Emprunts et dettes assortis de conditions particulières', 1),
(144, 'PCG99-BASE', 'CAPIT', 'XXXXXX', '168', '16', 'Autres emprunts et dettes assimilées', 1),
(145, 'PCG99-BASE', 'CAPIT', 'XXXXXX', '169', '16', 'Primes de remboursement des obligations', 1),
(146, 'PCG99-BASE', 'CAPIT', 'XXXXXX', '17', '1', 'Dettes rattachées à des participations', 1),
(147, 'PCG99-BASE', 'CAPIT', 'XXXXXX', '171', '17', 'Dettes rattachées à des participations (groupe)', 1),
(148, 'PCG99-BASE', 'CAPIT', 'XXXXXX', '174', '17', 'Dettes rattachées à des participations (hors groupe)', 1),
(149, 'PCG99-BASE', 'CAPIT', 'XXXXXX', '178', '17', 'Dettes rattachées à des sociétés en participation', 1),
(150, 'PCG99-BASE', 'CAPIT', 'XXXXXX', '18', '1', 'Comptes de liaison des établissements et sociétés en participation', 1),
(151, 'PCG99-BASE', 'CAPIT', 'XXXXXX', '181', '18', 'Comptes de liaison des établissements', 1),
(152, 'PCG99-BASE', 'CAPIT', 'XXXXXX', '186', '18', 'Biens et prestations de services échangés entre établissements (charges)', 1),
(153, 'PCG99-BASE', 'CAPIT', 'XXXXXX', '187', '18', 'Biens et prestations de services échangés entre établissements (produits)', 1),
(154, 'PCG99-BASE', 'CAPIT', 'XXXXXX', '188', '18', 'Comptes de liaison des sociétés en participation', 1),
(155, 'PCG99-BASE', 'IMMO', 'XXXXXX', '20', '2', 'Immobilisations incorporelles', 1),
(156, 'PCG99-BASE', 'IMMO', 'XXXXXX', '201', '20', 'Frais d''établissement', 1),
(157, 'PCG99-BASE', 'IMMO', 'XXXXXX', '203', '20', 'Frais de recherche et de développement', 1),
(158, 'PCG99-BASE', 'IMMO', 'XXXXXX', '205', '20', 'Concessions et droits similaires, brevets, licences, marques, procédés, logiciels, droits et valeurs similaires', 1),
(159, 'PCG99-BASE', 'IMMO', 'XXXXXX', '206', '20', 'Droit au bail', 1),
(160, 'PCG99-BASE', 'IMMO', 'XXXXXX', '207', '20', 'Fonds commercial', 1),
(161, 'PCG99-BASE', 'IMMO', 'XXXXXX', '208', '20', 'Autres immobilisations incorporelles', 1),
(162, 'PCG99-BASE', 'IMMO', 'XXXXXX', '21', '2', 'Immobilisations corporelles', 1),
(163, 'PCG99-BASE', 'IMMO', 'XXXXXX', '211', '21', 'Terrains', 1),
(164, 'PCG99-BASE', 'IMMO', 'XXXXXX', '212', '21', 'Agencements et aménagements de terrains', 1),
(165, 'PCG99-BASE', 'IMMO', 'XXXXXX', '213', '21', 'Constructions', 1),
(166, 'PCG99-BASE', 'IMMO', 'XXXXXX', '214', '21', 'Constructions sur sol d''autrui', 1),
(167, 'PCG99-BASE', 'IMMO', 'XXXXXX', '215', '21', 'Installations techniques, matériels et outillage industriels', 1),
(168, 'PCG99-BASE', 'IMMO', 'XXXXXX', '218', '21', 'Autres immobilisations corporelles', 1),
(169, 'PCG99-BASE', 'IMMO', 'XXXXXX', '22', '2', 'Immobilisations mises en concession', 1),
(170, 'PCG99-BASE', 'IMMO', 'XXXXXX', '23', '2', 'Immobilisations en cours', 1),
(171, 'PCG99-BASE', 'IMMO', 'XXXXXX', '231', '23', 'Immobilisations corporelles en cours', 1),
(172, 'PCG99-BASE', 'IMMO', 'XXXXXX', '232', '23', 'Immobilisations incorporelles en cours', 1),
(173, 'PCG99-BASE', 'IMMO', 'XXXXXX', '237', '23', 'Avances et acomptes versés sur immobilisations incorporelles', 1),
(174, 'PCG99-BASE', 'IMMO', 'XXXXXX', '238', '23', 'Avances et acomptes versés sur commandes d''immobilisations corporelles', 1),
(175, 'PCG99-BASE', 'IMMO', 'XXXXXX', '25', '2', 'Parts dans des entreprises liées et créances sur des entreprises liées', 1),
(176, 'PCG99-BASE', 'IMMO', 'XXXXXX', '26', '2', 'Participations et créances rattachées à des participations', 1),
(177, 'PCG99-BASE', 'IMMO', 'XXXXXX', '261', '26', 'Titres de participation', 1),
(178, 'PCG99-BASE', 'IMMO', 'XXXXXX', '266', '26', 'Autres formes de participation', 1),
(179, 'PCG99-BASE', 'IMMO', 'XXXXXX', '267', '26', 'Créances rattachées à des participations', 1),
(180, 'PCG99-BASE', 'IMMO', 'XXXXXX', '268', '26', 'Créances rattachées à des sociétés en participation', 1),
(181, 'PCG99-BASE', 'IMMO', 'XXXXXX', '269', '26', 'Versements restant à effectuer sur titres de participation non libérés', 1),
(182, 'PCG99-BASE', 'IMMO', 'XXXXXX', '27', '2', 'Autres immobilisations financieres', 1),
(183, 'PCG99-BASE', 'IMMO', 'XXXXXX', '271', '27', 'Titres immobilisés autres que les titres immobilisés de l''activité de portefeuille (droit de propriété)', 1),
(184, 'PCG99-BASE', 'IMMO', 'XXXXXX', '272', '27', 'Titres immobilisés (droit de créance)', 1),
(185, 'PCG99-BASE', 'IMMO', 'XXXXXX', '273', '27', 'Titres immobilisés de l''activité de portefeuille', 1),
(186, 'PCG99-BASE', 'IMMO', 'XXXXXX', '274', '27', 'Prêts', 1),
(187, 'PCG99-BASE', 'IMMO', 'XXXXXX', '275', '27', 'Dépôts et cautionnements versés', 1),
(188, 'PCG99-BASE', 'IMMO', 'XXXXXX', '276', '27', 'Autres créances immobilisées', 1),
(189, 'PCG99-BASE', 'IMMO', 'XXXXXX', '277', '27', '(Actions propres ou parts propres)', 1),
(190, 'PCG99-BASE', 'IMMO', 'XXXXXX', '279', '27', 'Versements restant à effectuer sur titres immobilisés non libérés', 1),
(191, 'PCG99-BASE', 'IMMO', 'XXXXXX', '28', '2', 'Amortissements des immobilisations', 1),
(192, 'PCG99-BASE', 'IMMO', 'XXXXXX', '280', '28', 'Amortissements des immobilisations incorporelles', 1),
(193, 'PCG99-BASE', 'IMMO', 'XXXXXX', '281', '28', 'Amortissements des immobilisations corporelles', 1),
(194, 'PCG99-BASE', 'IMMO', 'XXXXXX', '282', '28', 'Amortissements des immobilisations mises en concession', 1),
(195, 'PCG99-BASE', 'IMMO', 'XXXXXX', '29', '2', 'Dépréciations des immobilisations', 1),
(196, 'PCG99-BASE', 'IMMO', 'XXXXXX', '290', '29', 'Dépréciations des immobilisations incorporelles', 1),
(197, 'PCG99-BASE', 'IMMO', 'XXXXXX', '291', '29', 'Dépréciations des immobilisations corporelles', 1),
(198, 'PCG99-BASE', 'IMMO', 'XXXXXX', '292', '29', 'Dépréciations des immobilisations mises en concession', 1),
(199, 'PCG99-BASE', 'IMMO', 'XXXXXX', '293', '29', 'Dépréciations des immobilisations en cours', 1),
(200, 'PCG99-BASE', 'IMMO', 'XXXXXX', '296', '29', 'Provisions pour dépréciation des participations et créances rattachées à des participations', 1),
(201, 'PCG99-BASE', 'IMMO', 'XXXXXX', '297', '29', 'Provisions pour dépréciation des autres immobilisations financières', 1),
(202, 'PCG99-BASE', 'STOCK', 'XXXXXX', '31', '3', 'Matières premières (et fournitures)', 1),
(203, 'PCG99-BASE', 'STOCK', 'XXXXXX', '311', '31', 'Matières (ou groupe) A', 1),
(204, 'PCG99-BASE', 'STOCK', 'XXXXXX', '312', '31', 'Matières (ou groupe) B', 1),
(205, 'PCG99-BASE', 'STOCK', 'XXXXXX', '317', '31', 'Fournitures A, B, C,', 1),
(206, 'PCG99-BASE', 'STOCK', 'XXXXXX', '32', '3', 'Autres approvisionnements', 1),
(207, 'PCG99-BASE', 'STOCK', 'XXXXXX', '321', '32', 'Matières consommables', 1),
(208, 'PCG99-BASE', 'STOCK', 'XXXXXX', '322', '32', 'Fournitures consommables', 1),
(209, 'PCG99-BASE', 'STOCK', 'XXXXXX', '326', '32', 'Emballages', 1),
(210, 'PCG99-BASE', 'STOCK', 'XXXXXX', '33', '3', 'En-cours de production de biens', 1),
(211, 'PCG99-BASE', 'STOCK', 'XXXXXX', '331', '33', 'Produits en cours', 1),
(212, 'PCG99-BASE', 'STOCK', 'XXXXXX', '335', '33', 'Travaux en cours', 1),
(213, 'PCG99-BASE', 'STOCK', 'XXXXXX', '34', '3', 'En-cours de production de services', 1),
(214, 'PCG99-BASE', 'STOCK', 'XXXXXX', '341', '34', 'Etudes en cours', 1),
(215, 'PCG99-BASE', 'STOCK', 'XXXXXX', '345', '34', 'Prestations de services en cours', 1),
(216, 'PCG99-BASE', 'STOCK', 'XXXXXX', '35', '3', 'Stocks de produits', 1),
(217, 'PCG99-BASE', 'STOCK', 'XXXXXX', '351', '35', 'Produits intermédiaires', 1),
(218, 'PCG99-BASE', 'STOCK', 'XXXXXX', '355', '35', 'Produits finis', 1),
(219, 'PCG99-BASE', 'STOCK', 'XXXXXX', '358', '35', 'Produits résiduels (ou matières de récupération)', 1),
(220, 'PCG99-BASE', 'STOCK', 'XXXXXX', '37', '3', 'Stocks de marchandises', 1),
(221, 'PCG99-BASE', 'STOCK', 'XXXXXX', '371', '37', 'Marchandises (ou groupe) A', 1),
(222, 'PCG99-BASE', 'STOCK', 'XXXXXX', '372', '37', 'Marchandises (ou groupe) B', 1),
(223, 'PCG99-BASE', 'STOCK', 'XXXXXX', '39', '3', 'Provisions pour dépréciation des stocks et en-cours', 1),
(224, 'PCG99-BASE', 'STOCK', 'XXXXXX', '391', '39', 'Provisions pour dépréciation des matières premières', 1),
(225, 'PCG99-BASE', 'STOCK', 'XXXXXX', '392', '39', 'Provisions pour dépréciation des autres approvisionnements', 1),
(226, 'PCG99-BASE', 'STOCK', 'XXXXXX', '393', '39', 'Provisions pour dépréciation des en-cours de production de biens', 1),
(227, 'PCG99-BASE', 'STOCK', 'XXXXXX', '394', '39', 'Provisions pour dépréciation des en-cours de production de services', 1),
(228, 'PCG99-BASE', 'STOCK', 'XXXXXX', '395', '39', 'Provisions pour dépréciation des stocks de produits', 1),
(229, 'PCG99-BASE', 'STOCK', 'XXXXXX', '397', '39', 'Provisions pour dépréciation des stocks de marchandises', 1),
(230, 'PCG99-BASE', 'TIERS', 'XXXXXX', '40', '4', 'Fournisseurs et Comptes rattachés', 1),
(231, 'PCG99-BASE', 'TIERS', 'XXXXXX', '400', '40', 'Fournisseurs et Comptes rattachés', 1),
(232, 'PCG99-BASE', 'TIERS', 'SUPPLIER', '401', '40', 'Fournisseurs', 1),
(233, 'PCG99-BASE', 'TIERS', 'XXXXXX', '403', '40', 'Fournisseurs - Effets à payer', 1),
(234, 'PCG99-BASE', 'TIERS', 'XXXXXX', '404', '40', 'Fournisseurs d''immobilisations', 1),
(235, 'PCG99-BASE', 'TIERS', 'XXXXXX', '405', '40', 'Fournisseurs d''immobilisations - Effets à payer', 1),
(236, 'PCG99-BASE', 'TIERS', 'XXXXXX', '408', '40', 'Fournisseurs - Factures non parvenues', 1),
(237, 'PCG99-BASE', 'TIERS', 'XXXXXX', '409', '40', 'Fournisseurs débiteurs', 1),
(238, 'PCG99-BASE', 'TIERS', 'XXXXXX', '41', '4', 'Clients et comptes rattachés', 1),
(239, 'PCG99-BASE', 'TIERS', 'XXXXXX', '410', '41', 'Clients et Comptes rattachés', 1),
(240, 'PCG99-BASE', 'TIERS', 'CUSTOMER', '411', '41', 'Clients', 1),
(241, 'PCG99-BASE', 'TIERS', 'XXXXXX', '413', '41', 'Clients - Effets à recevoir', 1),
(242, 'PCG99-BASE', 'TIERS', 'XXXXXX', '416', '41', 'Clients douteux ou litigieux', 1),
(243, 'PCG99-BASE', 'TIERS', 'XXXXXX', '418', '41', 'Clients - Produits non encore facturés', 1),
(244, 'PCG99-BASE', 'TIERS', 'XXXXXX', '419', '41', 'Clients créditeurs', 1),
(245, 'PCG99-BASE', 'TIERS', 'XXXXXX', '42', '4', 'Personnel et comptes rattachés', 1),
(246, 'PCG99-BASE', 'TIERS', 'XXXXXX', '421', '42', 'Personnel - Rémunérations dues', 1),
(247, 'PCG99-BASE', 'TIERS', 'XXXXXX', '422', '42', 'Comités d''entreprises, d''établissement, ...', 1),
(248, 'PCG99-BASE', 'TIERS', 'XXXXXX', '424', '42', 'Participation des salariés aux résultats', 1),
(249, 'PCG99-BASE', 'TIERS', 'XXXXXX', '425', '42', 'Personnel - Avances et acomptes', 1),
(250, 'PCG99-BASE', 'TIERS', 'XXXXXX', '426', '42', 'Personnel - Dépôts', 1),
(251, 'PCG99-BASE', 'TIERS', 'XXXXXX', '427', '42', 'Personnel - Oppositions', 1),
(252, 'PCG99-BASE', 'TIERS', 'XXXXXX', '428', '42', 'Personnel - Charges à payer et produits à recevoir', 1),
(253, 'PCG99-BASE', 'TIERS', 'XXXXXX', '43', '4', 'Sécurité sociale et autres organismes sociaux', 1),
(254, 'PCG99-BASE', 'TIERS', 'XXXXXX', '431', '43', 'Sécurité sociale', 1),
(255, 'PCG99-BASE', 'TIERS', 'XXXXXX', '437', '43', 'Autres organismes sociaux', 1),
(256, 'PCG99-BASE', 'TIERS', 'XXXXXX', '438', '43', 'Organismes sociaux - Charges à payer et produits à recevoir', 1),
(257, 'PCG99-BASE', 'TIERS', 'XXXXXX', '44', '4', 'État et autres collectivités publiques', 1),
(258, 'PCG99-BASE', 'TIERS', 'XXXXXX', '441', '44', 'État - Subventions à recevoir', 1),
(259, 'PCG99-BASE', 'TIERS', 'XXXXXX', '442', '44', 'Etat - Impôts et taxes recouvrables sur des tiers', 1),
(260, 'PCG99-BASE', 'TIERS', 'XXXXXX', '443', '44', 'Opérations particulières avec l''Etat, les collectivités publiques, les organismes internationaux', 1),
(261, 'PCG99-BASE', 'TIERS', 'XXXXXX', '444', '44', 'Etat - Impôts sur les bénéfices', 1),
(262, 'PCG99-BASE', 'TIERS', 'XXXXXX', '445', '44', 'Etat - Taxes sur le chiffre d''affaires', 1),
(263, 'PCG99-BASE', 'TIERS', 'XXXXXX', '446', '44', 'Obligations cautionnées', 1),
(264, 'PCG99-BASE', 'TIERS', 'XXXXXX', '447', '44', 'Autres impôts, taxes et versements assimilés', 1),
(265, 'PCG99-BASE', 'TIERS', 'XXXXXX', '448', '44', 'Etat - Charges à payer et produits à recevoir', 1),
(266, 'PCG99-BASE', 'TIERS', 'XXXXXX', '449', '44', 'Quotas d''émission à restituer à l''Etat', 1),
(267, 'PCG99-BASE', 'TIERS', 'XXXXXX', '45', '4', 'Groupe et associes', 1),
(268, 'PCG99-BASE', 'TIERS', 'XXXXXX', '451', '45', 'Groupe', 1),
(269, 'PCG99-BASE', 'TIERS', 'XXXXXX', '455', '45', 'Associés - Comptes courants', 1),
(270, 'PCG99-BASE', 'TIERS', 'XXXXXX', '456', '45', 'Associés - Opérations sur le capital', 1),
(271, 'PCG99-BASE', 'TIERS', 'XXXXXX', '457', '45', 'Associés - Dividendes à payer', 1),
(272, 'PCG99-BASE', 'TIERS', 'XXXXXX', '458', '45', 'Associés - Opérations faites en commun et en G.I.E.', 1),
(273, 'PCG99-BASE', 'TIERS', 'XXXXXX', '46', '4', 'Débiteurs divers et créditeurs divers', 1),
(274, 'PCG99-BASE', 'TIERS', 'XXXXXX', '462', '46', 'Créances sur cessions d''immobilisations', 1),
(275, 'PCG99-BASE', 'TIERS', 'XXXXXX', '464', '46', 'Dettes sur acquisitions de valeurs mobilières de placement', 1),
(276, 'PCG99-BASE', 'TIERS', 'XXXXXX', '465', '46', 'Créances sur cessions de valeurs mobilières de placement', 1),
(277, 'PCG99-BASE', 'TIERS', 'XXXXXX', '467', '46', 'Autres comptes débiteurs ou créditeurs', 1),
(278, 'PCG99-BASE', 'TIERS', 'XXXXXX', '468', '46', 'Divers - Charges à payer et produits à recevoir', 1),
(279, 'PCG99-BASE', 'TIERS', 'XXXXXX', '47', '4', 'Comptes transitoires ou d''attente', 1),
(280, 'PCG99-BASE', 'TIERS', 'XXXXXX', '471', '47', 'Comptes d''attente', 1),
(281, 'PCG99-BASE', 'TIERS', 'XXXXXX', '476', '47', 'Différence de conversion - Actif', 1),
(282, 'PCG99-BASE', 'TIERS', 'XXXXXX', '477', '47', 'Différences de conversion - Passif', 1),
(283, 'PCG99-BASE', 'TIERS', 'XXXXXX', '478', '47', 'Autres comptes transitoires', 1),
(284, 'PCG99-BASE', 'TIERS', 'XXXXXX', '48', '4', 'Comptes de régularisation', 1),
(285, 'PCG99-BASE', 'TIERS', 'XXXXXX', '481', '48', 'Charges à répartir sur plusieurs exercices', 1),
(286, 'PCG99-BASE', 'TIERS', 'XXXXXX', '486', '48', 'Charges constatées d''avance', 1),
(287, 'PCG99-BASE', 'TIERS', 'XXXXXX', '487', '48', 'Produits constatés d''avance', 1),
(288, 'PCG99-BASE', 'TIERS', 'XXXXXX', '488', '48', 'Comptes de répartition périodique des charges et des produits', 1),
(289, 'PCG99-BASE', 'TIERS', 'XXXXXX', '489', '48', 'Quotas d''émission alloués par l''Etat', 1),
(290, 'PCG99-BASE', 'TIERS', 'XXXXXX', '49', '4', 'Provisions pour dépréciation des comptes de tiers', 1),
(291, 'PCG99-BASE', 'TIERS', 'XXXXXX', '491', '49', 'Provisions pour dépréciation des comptes de clients', 1),
(292, 'PCG99-BASE', 'TIERS', 'XXXXXX', '495', '49', 'Provisions pour dépréciation des comptes du groupe et des associés', 1),
(293, 'PCG99-BASE', 'TIERS', 'XXXXXX', '496', '49', 'Provisions pour dépréciation des comptes de débiteurs divers', 1),
(294, 'PCG99-BASE', 'FINAN', 'XXXXXX', '50', '5', 'Valeurs mobilières de placement', 1),
(295, 'PCG99-BASE', 'FINAN', 'XXXXXX', '501', '50', 'Parts dans des entreprises liées', 1),
(296, 'PCG99-BASE', 'FINAN', 'XXXXXX', '502', '50', 'Actions propres', 1),
(297, 'PCG99-BASE', 'FINAN', 'XXXXXX', '503', '50', 'Actions', 1),
(298, 'PCG99-BASE', 'FINAN', 'XXXXXX', '504', '50', 'Autres titres conférant un droit de propriété', 1),
(299, 'PCG99-BASE', 'FINAN', 'XXXXXX', '505', '50', 'Obligations et bons émis par la société et rachetés par elle', 1),
(300, 'PCG99-BASE', 'FINAN', 'XXXXXX', '506', '50', 'Obligations', 1),
(301, 'PCG99-BASE', 'FINAN', 'XXXXXX', '507', '50', 'Bons du Trésor et bons de caisse à court terme', 1),
(302, 'PCG99-BASE', 'FINAN', 'XXXXXX', '508', '50', 'Autres valeurs mobilières de placement et autres créances assimilées', 1),
(303, 'PCG99-BASE', 'FINAN', 'XXXXXX', '509', '50', 'Versements restant à effectuer sur valeurs mobilières de placement non libérées', 1),
(304, 'PCG99-BASE', 'FINAN', 'XXXXXX', '51', '5', 'Banques, établissements financiers et assimilés', 1),
(305, 'PCG99-BASE', 'FINAN', 'XXXXXX', '511', '51', 'Valeurs à l''encaissement', 1),
(306, 'PCG99-BASE', 'FINAN', 'BANK', '512', '51', 'Banques', 1),
(307, 'PCG99-BASE', 'FINAN', 'XXXXXX', '514', '51', 'Chèques postaux', 1),
(308, 'PCG99-BASE', 'FINAN', 'XXXXXX', '515', '51', '"Caisses" du Trésor et des établissements publics', 1),
(309, 'PCG99-BASE', 'FINAN', 'XXXXXX', '516', '51', 'Sociétés de bourse', 1),
(310, 'PCG99-BASE', 'FINAN', 'XXXXXX', '517', '51', 'Autres organismes financiers', 1),
(311, 'PCG99-BASE', 'FINAN', 'XXXXXX', '518', '51', 'Intérêts courus', 1),
(312, 'PCG99-BASE', 'FINAN', 'XXXXXX', '519', '51', 'Concours bancaires courants', 1),
(313, 'PCG99-BASE', 'FINAN', 'XXXXXX', '52', '5', 'Instruments de trésorerie', 1),
(314, 'PCG99-BASE', 'FINAN', 'CASH', '53', '5', 'Caisse', 1),
(315, 'PCG99-BASE', 'FINAN', 'XXXXXX', '531', '53', 'Caisse siège social', 1),
(316, 'PCG99-BASE', 'FINAN', 'XXXXXX', '532', '53', 'Caisse succursale (ou usine) A', 1),
(317, 'PCG99-BASE', 'FINAN', 'XXXXXX', '533', '53', 'Caisse succursale (ou usine) B', 1),
(318, 'PCG99-BASE', 'FINAN', 'XXXXXX', '54', '5', 'Régies d''avance et accréditifs', 1),
(319, 'PCG99-BASE', 'FINAN', 'XXXXXX', '58', '5', 'Virements internes', 1),
(320, 'PCG99-BASE', 'FINAN', 'XXXXXX', '59', '5', 'Provisions pour dépréciation des comptes financiers', 1),
(321, 'PCG99-BASE', 'FINAN', 'XXXXXX', '590', '59', 'Provisions pour dépréciation des valeurs mobilières de placement', 1),
(322, 'PCG99-BASE', 'CHARGE', 'PRODUCT', '60', '6', 'Achats', 1),
(323, 'PCG99-BASE', 'CHARGE', 'XXXXXX', '601', '60', 'Achats stockés - Matières premières (et fournitures)', 1),
(324, 'PCG99-BASE', 'CHARGE', 'XXXXXX', '602', '60', 'Achats stockés - Autres approvisionnements', 1),
(325, 'PCG99-BASE', 'CHARGE', 'XXXXXX', '603', '60', 'Variations des stocks (approvisionnements et marchandises)', 1),
(326, 'PCG99-BASE', 'CHARGE', 'XXXXXX', '604', '60', 'Achats stockés - Matières premières (et fournitures)', 1),
(327, 'PCG99-BASE', 'CHARGE', 'XXXXXX', '605', '60', 'Achats de matériel, équipements et travaux', 1),
(328, 'PCG99-BASE', 'CHARGE', 'XXXXXX', '606', '60', 'Achats non stockés de matière et fournitures', 1),
(329, 'PCG99-BASE', 'CHARGE', 'XXXXXX', '607', '60', 'Achats de marchandises', 1),
(330, 'PCG99-BASE', 'CHARGE', 'XXXXXX', '608', '60', '(Compte réservé, le cas échéant, à la récapitulation des frais accessoires incorporés aux achats)', 1),
(331, 'PCG99-BASE', 'CHARGE', 'XXXXXX', '609', '60', 'Rabais, remises et ristournes obtenus sur achats', 1),
(332, 'PCG99-BASE', 'CHARGE', 'SERVICE', '61', '6', 'Services extérieurs', 1),
(333, 'PCG99-BASE', 'CHARGE', 'XXXXXX', '611', '61', 'Sous-traitance générale', 1),
(334, 'PCG99-BASE', 'CHARGE', 'XXXXXX', '612', '61', 'Redevances de crédit-bail', 1),
(335, 'PCG99-BASE', 'CHARGE', 'XXXXXX', '613', '61', 'Locations', 1),
(336, 'PCG99-BASE', 'CHARGE', 'XXXXXX', '614', '61', 'Charges locatives et de copropriété', 1),
(337, 'PCG99-BASE', 'CHARGE', 'XXXXXX', '615', '61', 'Entretien et réparations', 1),
(338, 'PCG99-BASE', 'CHARGE', 'XXXXXX', '616', '61', 'Primes d''assurances', 1),
(339, 'PCG99-BASE', 'CHARGE', 'XXXXXX', '617', '61', 'Etudes et recherches', 1),
(340, 'PCG99-BASE', 'CHARGE', 'XXXXXX', '618', '61', 'Divers', 1),
(341, 'PCG99-BASE', 'CHARGE', 'XXXXXX', '619', '61', 'Rabais, remises et ristournes obtenus sur services extérieurs', 1),
(342, 'PCG99-BASE', 'CHARGE', 'XXXXXX', '62', '6', 'Autres services extérieurs', 1),
(343, 'PCG99-BASE', 'CHARGE', 'XXXXXX', '621', '62', 'Personnel extérieur à l''entreprise', 1),
(344, 'PCG99-BASE', 'CHARGE', 'XXXXXX', '622', '62', 'Rémunérations d''intermédiaires et honoraires', 1),
(345, 'PCG99-BASE', 'CHARGE', 'XXXXXX', '623', '62', 'Publicité, publications, relations publiques', 1),
(346, 'PCG99-BASE', 'CHARGE', 'XXXXXX', '624', '62', 'Transports de biens et transports collectifs du personnel', 1),
(347, 'PCG99-BASE', 'CHARGE', 'XXXXXX', '625', '62', 'Déplacements, missions et réceptions', 1),
(348, 'PCG99-BASE', 'CHARGE', 'XXXXXX', '626', '62', 'Frais postaux et de télécommunications', 1),
(349, 'PCG99-BASE', 'CHARGE', 'XXXXXX', '627', '62', 'Services bancaires et assimilés', 1),
(350, 'PCG99-BASE', 'CHARGE', 'XXXXXX', '628', '62', 'Divers', 1),
(351, 'PCG99-BASE', 'CHARGE', 'XXXXXX', '629', '62', 'Rabais, remises et ristournes obtenus sur autres services extérieurs', 1),
(352, 'PCG99-BASE', 'CHARGE', 'XXXXXX', '63', '6', 'Impôts, taxes et versements assimilés', 1),
(353, 'PCG99-BASE', 'CHARGE', 'XXXXXX', '631', '63', 'Impôts, taxes et versements assimilés sur rémunérations (administrations des impôts)', 1),
(354, 'PCG99-BASE', 'CHARGE', 'XXXXXX', '633', '63', 'Impôts, taxes et versements assimilés sur rémunérations (autres organismes)', 1),
(355, 'PCG99-BASE', 'CHARGE', 'XXXXXX', '635', '63', 'Autres impôts, taxes et versements assimilés (administrations des impôts)', 1),
(356, 'PCG99-BASE', 'CHARGE', 'XXXXXX', '637', '63', 'Autres impôts, taxes et versements assimilés (autres organismes)', 1),
(357, 'PCG99-BASE', 'CHARGE', 'XXXXXX', '64', '6', 'Charges de personnel', 1),
(358, 'PCG99-BASE', 'CHARGE', 'XXXXXX', '641', '64', 'Rémunérations du personnel', 1),
(359, 'PCG99-BASE', 'CHARGE', 'XXXXXX', '644', '64', 'Rémunération du travail de l''exploitant', 1),
(360, 'PCG99-BASE', 'CHARGE', 'SOCIAL', '645', '64', 'Charges de sécurité sociale et de prévoyance', 1),
(361, 'PCG99-BASE', 'CHARGE', 'XXXXXX', '646', '64', 'Cotisations sociales personnelles de l''exploitant', 1),
(362, 'PCG99-BASE', 'CHARGE', 'XXXXXX', '647', '64', 'Autres charges sociales', 1),
(363, 'PCG99-BASE', 'CHARGE', 'XXXXXX', '648', '64', 'Autres charges de personnel', 1),
(364, 'PCG99-BASE', 'CHARGE', 'XXXXXX', '65', '6', 'Autres charges de gestion courante', 1),
(365, 'PCG99-BASE', 'CHARGE', 'XXXXXX', '651', '65', 'Redevances pour concessions, brevets, licences, marques, procédés, logiciels, droits et valeurs similaires', 1),
(366, 'PCG99-BASE', 'CHARGE', 'XXXXXX', '653', '65', 'Jetons de présence', 1),
(367, 'PCG99-BASE', 'CHARGE', 'XXXXXX', '654', '65', 'Pertes sur créances irrécouvrables', 1),
(368, 'PCG99-BASE', 'CHARGE', 'XXXXXX', '655', '65', 'Quote-part de résultat sur opérations faites en commun', 1),
(369, 'PCG99-BASE', 'CHARGE', 'XXXXXX', '658', '65', 'Charges diverses de gestion courante', 1),
(370, 'PCG99-BASE', 'CHARGE', 'XXXXXX', '66', '6', 'Charges financières', 1),
(371, 'PCG99-BASE', 'CHARGE', 'XXXXXX', '661', '66', 'Charges d''intérêts', 1),
(372, 'PCG99-BASE', 'CHARGE', 'XXXXXX', '664', '66', 'Pertes sur créances liées à des participations', 1),
(373, 'PCG99-BASE', 'CHARGE', 'XXXXXX', '665', '66', 'Escomptes accordés', 1),
(374, 'PCG99-BASE', 'CHARGE', 'XXXXXX', '666', '66', 'Pertes de change', 1),
(375, 'PCG99-BASE', 'CHARGE', 'XXXXXX', '667', '66', 'Charges nettes sur cessions de valeurs mobilières de placement', 1),
(376, 'PCG99-BASE', 'CHARGE', 'XXXXXX', '668', '66', 'Autres charges financières', 1),
(377, 'PCG99-BASE', 'CHARGE', 'XXXXXX', '67', '6', 'Charges exceptionnelles', 1),
(378, 'PCG99-BASE', 'CHARGE', 'XXXXXX', '671', '67', 'Charges exceptionnelles sur opérations de gestion', 1),
(379, 'PCG99-BASE', 'CHARGE', 'XXXXXX', '672', '67', '(Compte à la disposition des entités pour enregistrer, en cours d''exercice, les charges sur exercices antérieurs)', 1),
(380, 'PCG99-BASE', 'CHARGE', 'XXXXXX', '675', '67', 'Valeurs comptables des éléments d''actif cédés', 1),
(381, 'PCG99-BASE', 'CHARGE', 'XXXXXX', '678', '67', 'Autres charges exceptionnelles', 1),
(382, 'PCG99-BASE', 'CHARGE', 'XXXXXX', '68', '6', 'Dotations aux amortissements et aux provisions', 1),
(383, 'PCG99-BASE', 'CHARGE', 'XXXXXX', '681', '68', 'Dotations aux amortissements et aux provisions - Charges d''exploitation', 1),
(384, 'PCG99-BASE', 'CHARGE', 'XXXXXX', '686', '68', 'Dotations aux amortissements et aux provisions - Charges financières', 1),
(385, 'PCG99-BASE', 'CHARGE', 'XXXXXX', '687', '68', 'Dotations aux amortissements et aux provisions - Charges exceptionnelles', 1),
(386, 'PCG99-BASE', 'CHARGE', 'XXXXXX', '69', '6', 'Participation des salariés - impôts sur les bénéfices et assimiles', 1),
(387, 'PCG99-BASE', 'CHARGE', 'XXXXXX', '691', '69', 'Participation des salariés aux résultats', 1),
(388, 'PCG99-BASE', 'CHARGE', 'XXXXXX', '695', '69', 'Impôts sur les bénéfices', 1),
(389, 'PCG99-BASE', 'CHARGE', 'XXXXXX', '696', '69', 'Suppléments d''impôt sur les sociétés liés aux distributions', 1),
(390, 'PCG99-BASE', 'CHARGE', 'XXXXXX', '697', '69', 'Imposition forfaitaire annuelle des sociétés', 1),
(391, 'PCG99-BASE', 'CHARGE', 'XXXXXX', '698', '69', 'Intégration fiscale', 1),
(392, 'PCG99-BASE', 'CHARGE', 'XXXXXX', '699', '69', 'Produits - Reports en arrière des déficits', 1),
(393, 'PCG99-BASE', 'PROD', 'XXXXXX', '70', '7', 'Ventes de produits fabriqués, prestations de services, marchandises', 1),
(394, 'PCG99-BASE', 'PROD', 'PRODUCT', '701', '70', 'Ventes de produits finis', 1),
(395, 'PCG99-BASE', 'PROD', 'XXXXXX', '702', '70', 'Ventes de produits intermédiaires', 1),
(396, 'PCG99-BASE', 'PROD', 'XXXXXX', '703', '70', 'Ventes de produits résiduels', 1),
(397, 'PCG99-BASE', 'PROD', 'XXXXXX', '704', '70', 'Travaux', 1),
(398, 'PCG99-BASE', 'PROD', 'XXXXXX', '705', '70', 'Etudes', 1),
(399, 'PCG99-BASE', 'PROD', 'SERVICE', '706', '70', 'Prestations de services', 1),
(400, 'PCG99-BASE', 'PROD', 'PRODUCT', '707', '70', 'Ventes de marchandises', 1),
(401, 'PCG99-BASE', 'PROD', 'PRODUCT', '708', '70', 'Produits des activités annexes', 1),
(402, 'PCG99-BASE', 'PROD', 'XXXXXX', '709', '70', 'Rabais, remises et ristournes accordés par l''entreprise', 1),
(403, 'PCG99-BASE', 'PROD', 'XXXXXX', '71', '7', 'Production stockée (ou déstockage)', 1),
(404, 'PCG99-BASE', 'PROD', 'XXXXXX', '713', '71', 'Variation des stocks (en-cours de production, produits)', 1),
(405, 'PCG99-BASE', 'PROD', 'XXXXXX', '72', '7', 'Production immobilisée', 1),
(406, 'PCG99-BASE', 'PROD', 'XXXXXX', '721', '72', 'Immobilisations incorporelles', 1),
(407, 'PCG99-BASE', 'PROD', 'XXXXXX', '722', '72', 'Immobilisations corporelles', 1),
(408, 'PCG99-BASE', 'PROD', 'XXXXXX', '74', '7', 'Subventions d''exploitation', 1),
(409, 'PCG99-BASE', 'PROD', 'XXXXXX', '75', '7', 'Autres produits de gestion courante', 1),
(410, 'PCG99-BASE', 'PROD', 'XXXXXX', '751', '75', 'Redevances pour concessions, brevets, licences, marques, procédés, logiciels, droits et valeurs similaires', 1),
(411, 'PCG99-BASE', 'PROD', 'XXXXXX', '752', '75', 'Revenus des immeubles non affectés à des activités professionnelles', 1),
(412, 'PCG99-BASE', 'PROD', 'XXXXXX', '753', '75', 'Jetons de présence et rémunérations d''administrateurs, gérants,...', 1),
(413, 'PCG99-BASE', 'PROD', 'XXXXXX', '754', '75', 'Ristournes perçues des coopératives (provenant des excédents)', 1),
(414, 'PCG99-BASE', 'PROD', 'XXXXXX', '755', '75', 'Quotes-parts de résultat sur opérations faites en commun', 1),
(415, 'PCG99-BASE', 'PROD', 'XXXXXX', '758', '75', 'Produits divers de gestion courante', 1),
(416, 'PCG99-BASE', 'PROD', 'XXXXXX', '76', '7', 'Produits financiers', 1),
(417, 'PCG99-BASE', 'PROD', 'XXXXXX', '761', '76', 'Produits de participations', 1),
(418, 'PCG99-BASE', 'PROD', 'XXXXXX', '762', '76', 'Produits des autres immobilisations financières', 1),
(419, 'PCG99-BASE', 'PROD', 'XXXXXX', '763', '76', 'Revenus des autres créances', 1),
(420, 'PCG99-BASE', 'PROD', 'XXXXXX', '764', '76', 'Revenus des valeurs mobilières de placement', 1),
(421, 'PCG99-BASE', 'PROD', 'XXXXXX', '765', '76', 'Escomptes obtenus', 1),
(422, 'PCG99-BASE', 'PROD', 'XXXXXX', '766', '76', 'Gains de change', 1),
(423, 'PCG99-BASE', 'PROD', 'XXXXXX', '767', '76', 'Produits nets sur cessions de valeurs mobilières de placement', 1),
(424, 'PCG99-BASE', 'PROD', 'XXXXXX', '768', '76', 'Autres produits financiers', 1),
(425, 'PCG99-BASE', 'PROD', 'XXXXXX', '77', '7', 'Produits exceptionnels', 1),
(426, 'PCG99-BASE', 'PROD', 'XXXXXX', '771', '77', 'Produits exceptionnels sur opérations de gestion', 1),
(427, 'PCG99-BASE', 'PROD', 'XXXXXX', '772', '77', '(Compte à la disposition des entités pour enregistrer, en cours d''exercice, les produits sur exercices antérieurs)', 1),
(428, 'PCG99-BASE', 'PROD', 'XXXXXX', '775', '77', 'Produits des cessions d''éléments d''actif', 1),
(429, 'PCG99-BASE', 'PROD', 'XXXXXX', '777', '77', 'Quote-part des subventions d''investissement virée au résultat de l''exercice', 1),
(430, 'PCG99-BASE', 'PROD', 'XXXXXX', '778', '77', 'Autres produits exceptionnels', 1),
(431, 'PCG99-BASE', 'PROD', 'XXXXXX', '78', '7', 'Reprises sur amortissements et provisions', 1),
(432, 'PCG99-BASE', 'PROD', 'XXXXXX', '781', '78', 'Reprises sur amortissements et provisions (à inscrire dans les produits d''exploitation)', 1),
(433, 'PCG99-BASE', 'PROD', 'XXXXXX', '786', '78', 'Reprises sur provisions pour risques (à inscrire dans les produits financiers)', 1),
(434, 'PCG99-BASE', 'PROD', 'XXXXXX', '787', '78', 'Reprises sur provisions (à inscrire dans les produits exceptionnels)', 1),
(435, 'PCG99-BASE', 'PROD', 'XXXXXX', '79', '7', 'Transferts de charges', 1),
(436, 'PCG99-BASE', 'PROD', 'XXXXXX', '791', '79', 'Transferts de charges d''exploitation ', 1),
(437, 'PCG99-BASE', 'PROD', 'XXXXXX', '796', '79', 'Transferts de charges financières', 1),
(438, 'PCG99-BASE', 'PROD', 'XXXXXX', '797', '79', 'Transferts de charges exceptionnelles', 1);

-- --------------------------------------------------------

--
-- Structure de la table `llx_accountingdebcred`
--

CREATE TABLE IF NOT EXISTS `llx_accountingdebcred` (
  `fk_transaction` int(11) NOT NULL,
  `account_number` varchar(20) NOT NULL,
  `amount` double NOT NULL,
  `direction` varchar(1) NOT NULL
) ENGINE=InnoDB DEFAULT CHARSET=utf8;

-- --------------------------------------------------------

--
-- Structure de la table `llx_accountingtransaction`
--

CREATE TABLE IF NOT EXISTS `llx_accountingtransaction` (
  `rowid` int(11) NOT NULL,
  `label` varchar(128) NOT NULL,
  `datec` date NOT NULL,
  `fk_author` varchar(20) NOT NULL,
  `tms` timestamp NOT NULL DEFAULT CURRENT_TIMESTAMP ON UPDATE CURRENT_TIMESTAMP,
  `fk_source` int(11) NOT NULL,
  `sourcetype` varchar(16) NOT NULL,
  `url` varchar(255) DEFAULT NULL
) ENGINE=InnoDB DEFAULT CHARSET=utf8;

-- --------------------------------------------------------

--
-- Structure de la table `llx_accounting_system`
--

CREATE TABLE IF NOT EXISTS `llx_accounting_system` (
  `rowid` int(11) NOT NULL,
  `pcg_version` varchar(12) NOT NULL,
  `fk_pays` int(11) NOT NULL,
  `label` varchar(128) NOT NULL,
  `active` smallint(6) DEFAULT '0'
) ENGINE=InnoDB AUTO_INCREMENT=3 DEFAULT CHARSET=utf8;

--
-- Contenu de la table `llx_accounting_system`
--

INSERT INTO `llx_accounting_system` (`rowid`, `pcg_version`, `fk_pays`, `label`, `active`) VALUES
(1, 'PCG99-ABREGE', 1, 'The simple accountancy french plan', 1),
(2, 'PCG99-BASE', 1, 'The base accountancy french plan', 1);

-- --------------------------------------------------------

--
-- Structure de la table `llx_actioncomm`
--

CREATE TABLE IF NOT EXISTS `llx_actioncomm` (
  `id` int(11) NOT NULL,
  `ref_ext` varchar(128) DEFAULT NULL,
  `entity` int(11) NOT NULL DEFAULT '1',
  `datep` datetime DEFAULT NULL,
  `datep2` datetime DEFAULT NULL,
  `datea` datetime DEFAULT NULL,
  `datea2` datetime DEFAULT NULL,
  `fk_action` int(11) DEFAULT NULL,
  `code` varchar(32) DEFAULT NULL,
  `label` varchar(128) NOT NULL,
  `datec` datetime DEFAULT NULL,
  `tms` timestamp NOT NULL DEFAULT CURRENT_TIMESTAMP ON UPDATE CURRENT_TIMESTAMP,
  `fk_user_author` int(11) DEFAULT NULL,
  `fk_user_mod` int(11) DEFAULT NULL,
  `fk_project` int(11) DEFAULT NULL,
  `fk_soc` int(11) DEFAULT NULL,
  `fk_contact` int(11) DEFAULT NULL,
  `fk_parent` int(11) NOT NULL DEFAULT '0',
  `fk_user_action` int(11) DEFAULT NULL,
  `transparency` int(11) DEFAULT NULL,
  `fk_user_done` int(11) DEFAULT NULL,
  `priority` smallint(6) DEFAULT NULL,
  `fulldayevent` smallint(6) NOT NULL DEFAULT '0',
  `punctual` smallint(6) NOT NULL DEFAULT '1',
  `percent` smallint(6) NOT NULL DEFAULT '0',
  `location` varchar(128) DEFAULT NULL,
  `durationp` double DEFAULT NULL,
  `durationa` double DEFAULT NULL,
  `note` text,
  `fk_element` int(11) DEFAULT NULL,
  `elementtype` varchar(32) DEFAULT NULL
) ENGINE=InnoDB AUTO_INCREMENT=53 DEFAULT CHARSET=utf8;

--
-- Contenu de la table `llx_actioncomm`
--

INSERT INTO `llx_actioncomm` (`id`, `ref_ext`, `entity`, `datep`, `datep2`, `datea`, `datea2`, `fk_action`, `code`, `label`, `datec`, `tms`, `fk_user_author`, `fk_user_mod`, `fk_project`, `fk_soc`, `fk_contact`, `fk_parent`, `fk_user_action`, `transparency`, `fk_user_done`, `priority`, `fulldayevent`, `punctual`, `percent`, `location`, `durationp`, `durationa`, `note`, `fk_element`, `elementtype`) VALUES
(1, NULL, 1, '2015-08-26 00:00:00', NULL, NULL, NULL, 50, NULL, 'RELANCE DEVIS', '2015-08-26 14:41:41', '2015-08-26 12:44:41', 1, 1, NULL, 13, 10, 0, 1, 0, NULL, 1, 1, 1, 0, NULL, 86399, NULL, NULL, NULL, NULL),
(2, NULL, 1, '2015-08-28 13:58:42', '2015-08-28 13:58:42', NULL, NULL, 40, 'AC_PROPAL_VALIDATE', 'Proposition (PROV32) validée', '2015-08-28 13:58:42', '2015-08-28 11:58:42', 1, NULL, NULL, 20, NULL, 0, NULL, 0, 1, 0, 0, 1, -1, '', NULL, NULL, 'Proposition (PROV32) validée\nAuteur: Nathalie', 32, 'propal'),
(3, NULL, 1, '2015-08-28 14:00:27', '2015-08-28 14:00:27', NULL, NULL, 40, 'AC_PROPAL_VALIDATE', 'Proposition PR1508-0027 validée', '2015-08-28 14:00:27', '2015-08-28 12:00:27', 1, NULL, NULL, 20, NULL, 0, NULL, 0, 1, 0, 0, 1, -1, '', NULL, NULL, 'Proposition PR1508-0027 validée\nAuteur: Nathalie', 32, 'propal'),
(4, NULL, 1, '2015-08-28 14:02:35', '2015-08-28 14:02:35', NULL, NULL, 40, 'AC_PROPAL_VALIDATE', 'Proposition PR1508-0027 validée', '2015-08-28 14:02:35', '2015-08-28 12:02:35', 1, NULL, NULL, 20, NULL, 0, NULL, 0, 1, 0, 0, 1, -1, '', NULL, NULL, 'Proposition PR1508-0027 validée\nAuteur: Nathalie', 32, 'propal'),
(5, NULL, 1, '2015-09-01 15:11:02', '2015-09-01 15:11:02', NULL, NULL, 40, 'AC_ORDER_VALIDATE', 'Commande CO1507-0007 validée', '2015-09-01 15:11:02', '2015-09-01 13:11:02', 1, NULL, NULL, 11, NULL, 0, NULL, 0, 1, 0, 0, 1, -1, '', NULL, NULL, 'Commande CO1507-0007 validée\nAuteur: Nathalie', 7, 'order'),
(6, NULL, 1, '2015-09-02 11:03:33', '2015-09-02 11:03:33', NULL, NULL, 40, 'AC_COMPANY_CREATE', 'Tiers créé', '2015-09-02 11:03:33', '2015-09-02 09:03:33', 1, NULL, NULL, 21, NULL, 0, NULL, 0, 1, 0, 0, 1, -1, '', NULL, NULL, 'Tiers créé\nAuteur: Nathalie', 21, 'societe'),
(7, NULL, 1, '2015-09-02 13:57:21', '2015-09-02 13:57:21', NULL, NULL, 40, 'AC_COMPANY_CREATE', 'Tiers créé', '2015-09-02 13:57:21', '2015-09-02 11:57:21', 1, NULL, NULL, 22, NULL, 0, NULL, 0, 1, 0, 0, 1, -1, '', NULL, NULL, 'Tiers créé\nAuteur: Nathalie', 22, 'societe'),
(8, NULL, 1, '2015-09-02 14:49:42', '2015-09-02 14:49:42', NULL, NULL, 40, 'AC_COMPANY_CREATE', 'Tiers créé', '2015-09-02 14:49:42', '2015-09-02 12:49:42', 1, NULL, NULL, 23, NULL, 0, NULL, 0, 1, 0, 0, 1, -1, '', NULL, NULL, 'Tiers créé\nAuteur: Nathalie', 23, 'societe'),
(9, NULL, 1, '2015-09-02 15:06:38', '2015-09-02 15:06:38', NULL, NULL, 40, 'AC_COMPANY_CREATE', 'Tiers créé', '2015-09-02 15:06:38', '2015-09-02 13:06:38', 1, NULL, NULL, 24, NULL, 0, NULL, 0, 1, 0, 0, 1, -1, '', NULL, NULL, 'Tiers créé\nAuteur: Nathalie', 24, 'societe'),
(10, NULL, 1, '2015-09-02 15:53:15', '2015-09-02 15:53:15', NULL, NULL, 40, 'AC_COMPANY_CREATE', 'Tiers créé', '2015-09-02 15:53:15', '2015-09-02 13:53:15', 1, NULL, NULL, 25, NULL, 0, NULL, 0, 1, 0, 0, 1, -1, '', NULL, NULL, 'Tiers créé\nAuteur: Nathalie', 25, 'societe'),
(11, NULL, 1, '2015-09-08 11:17:34', '2015-09-08 11:17:34', NULL, NULL, 40, 'AC_COMPANY_CREATE', 'Tiers créé', '2015-09-08 11:17:34', '2015-09-08 09:17:34', 1, NULL, NULL, 26, NULL, 0, NULL, 0, 1, 0, 0, 1, -1, '', NULL, NULL, 'Tiers créé\nAuteur: Nathalie', 26, 'societe'),
(12, NULL, 1, '2015-09-08 14:07:27', '2015-09-08 14:07:27', NULL, NULL, 40, 'AC_PROPAL_VALIDATE', 'Proposition (PROV33) validée', '2015-09-08 14:07:27', '2015-09-08 12:07:27', 1, NULL, NULL, 26, NULL, 0, NULL, 0, 1, 0, 0, 1, -1, '', NULL, NULL, 'Proposition (PROV33) validée\nAuteur: Nathalie', 33, 'propal'),
(13, NULL, 1, '2015-09-08 14:54:26', '2015-09-08 14:54:26', NULL, NULL, 40, 'AC_PROPAL_VALIDATE', 'Proposition PR1509-0028 validée', '2015-09-08 14:54:26', '2015-09-08 12:54:26', 1, NULL, NULL, 26, NULL, 0, NULL, 0, 1, 0, 0, 1, -1, '', NULL, NULL, 'Proposition PR1509-0028 validée\nAuteur: Nathalie', 33, 'propal'),
(14, NULL, 1, '2015-09-11 09:29:41', '2015-09-11 09:29:41', NULL, NULL, 40, 'AC_COMPANY_CREATE', 'Tiers créé', '2015-09-11 09:29:41', '2015-09-11 07:29:41', 1, NULL, NULL, 27, NULL, 0, NULL, 0, 1, 0, 0, 1, -1, '', NULL, NULL, 'Tiers créé\nAuteur: Nathalie', 27, 'societe'),
(15, NULL, 1, '2015-09-29 10:25:07', '2015-09-29 10:25:07', NULL, NULL, 40, 'AC_PROPAL_VALIDATE', 'Proposition PR1507-0025 validée', '2015-09-29 10:25:07', '2015-09-29 08:25:07', 1, NULL, NULL, 10, NULL, 0, NULL, 0, 1, 0, 0, 1, -1, '', NULL, NULL, 'Proposition PR1507-0025 validée\nAuteur: Nathalie', 31, 'propal'),
(16, NULL, 1, '2015-09-29 13:44:17', '2015-09-29 13:44:17', NULL, NULL, 40, 'AC_PROPAL_VALIDATE', 'Proposition PR1507-0025 validée', '2015-09-29 13:44:17', '2015-09-29 11:44:17', 1, NULL, NULL, 10, NULL, 0, NULL, 0, 1, 0, 0, 1, -1, '', NULL, NULL, 'Proposition PR1507-0025 validée\nAuteur: Nathalie', 31, 'propal'),
(17, NULL, 1, '2015-09-29 13:45:59', '2015-09-29 13:45:59', NULL, NULL, 40, 'AC_PROPAL_VALIDATE', 'Proposition PR1507-0025 validée', '2015-09-29 13:45:59', '2015-09-29 11:45:59', 1, NULL, NULL, 10, NULL, 0, NULL, 0, 1, 0, 0, 1, -1, '', NULL, NULL, 'Proposition PR1507-0025 validée\nAuteur: Nathalie', 31, 'propal'),
(18, NULL, 1, '2015-09-29 13:47:36', '2015-09-29 13:47:36', NULL, NULL, 40, 'AC_PROPAL_VALIDATE', 'Proposition PR1507-0025 validée', '2015-09-29 13:47:36', '2015-09-29 11:47:36', 1, NULL, NULL, 10, NULL, 0, NULL, 0, 1, 0, 0, 1, -1, '', NULL, NULL, 'Proposition PR1507-0025 validée\nAuteur: Nathalie', 31, 'propal'),
(19, NULL, 1, '2015-09-29 13:52:00', '2015-09-29 13:52:00', NULL, NULL, 40, 'AC_PROPAL_VALIDATE', 'Proposition PR1507-0025 validée', '2015-09-29 13:52:00', '2015-09-29 11:52:00', 1, NULL, NULL, 10, NULL, 0, NULL, 0, 1, 0, 0, 1, -1, '', NULL, NULL, 'Proposition PR1507-0025 validée\nAuteur: Nathalie', 31, 'propal'),
(20, NULL, 1, '2015-09-29 14:08:26', '2015-09-29 14:08:26', NULL, NULL, 40, 'AC_PROPAL_VALIDATE', 'Proposition PR1507-0025 validée', '2015-09-29 14:08:26', '2015-09-29 12:08:26', 1, NULL, NULL, 10, NULL, 0, NULL, 0, 1, 0, 0, 1, -1, '', NULL, NULL, 'Proposition PR1507-0025 validée\nAuteur: Nathalie', 31, 'propal'),
(21, NULL, 1, '2015-09-29 14:09:38', '2015-09-29 14:09:38', NULL, NULL, 40, 'AC_PROPAL_VALIDATE', 'Proposition PR1507-0025 validée', '2015-09-29 14:09:38', '2015-09-29 12:09:38', 1, NULL, NULL, 10, NULL, 0, NULL, 0, 1, 0, 0, 1, -1, '', NULL, NULL, 'Proposition PR1507-0025 validée\nAuteur: Nathalie', 31, 'propal'),
(22, NULL, 1, '2015-09-30 10:40:35', '2015-09-30 10:40:35', NULL, NULL, 40, 'AC_PROPAL_VALIDATE', 'Proposition PR1507-0025 validée', '2015-09-30 10:40:35', '2015-09-30 08:40:35', 1, NULL, NULL, 10, NULL, 0, NULL, 0, 1, 0, 0, 1, -1, '', NULL, NULL, 'Proposition PR1507-0025 validée\nAuteur: Nathalie', 31, 'propal'),
(23, NULL, 1, '2015-09-30 10:54:28', '2015-09-30 10:54:28', NULL, NULL, 40, 'AC_PROPAL_VALIDATE', 'Proposition PR1507-0025 validée', '2015-09-30 10:54:28', '2015-09-30 08:54:28', 1, NULL, NULL, 10, NULL, 0, NULL, 0, 1, 0, 0, 1, -1, '', NULL, NULL, 'Proposition PR1507-0025 validée\nAuteur: Nathalie', 31, 'propal'),
(24, NULL, 1, '2015-09-30 17:06:41', '2015-09-30 17:06:41', NULL, NULL, 40, 'AC_PROPAL_VALIDATE', 'Proposition PR1507-0025 validée', '2015-09-30 17:06:41', '2015-09-30 15:06:41', 1, NULL, NULL, 10, NULL, 0, NULL, 0, 1, 0, 0, 1, -1, '', NULL, NULL, 'Proposition PR1507-0025 validée\nAuteur: Nathalie', 31, 'propal'),
(25, NULL, 1, '2015-09-30 17:17:19', '2015-09-30 17:17:19', NULL, NULL, 40, 'AC_PROPAL_VALIDATE', 'Proposition PR1507-0025 validée', '2015-09-30 17:17:19', '2015-09-30 15:17:19', 1, NULL, NULL, 10, NULL, 0, NULL, 0, 1, 0, 0, 1, -1, '', NULL, NULL, 'Proposition PR1507-0025 validée\nAuteur: Nathalie', 31, 'propal'),
(26, NULL, 1, '2015-10-22 12:03:45', '2015-10-22 12:03:45', NULL, NULL, 40, 'AC_PROPAL_VALIDATE', 'Proposition PR1509-0028 validée', '2015-10-22 12:03:45', '2015-10-22 10:03:45', 1, NULL, NULL, 26, NULL, 0, NULL, 0, 1, 0, 0, 1, -1, '', NULL, NULL, 'Proposition PR1509-0028 validée\nAuteur: Nathalie', 33, 'propal'),
(27, NULL, 1, '2015-10-22 12:03:57', '2015-10-22 12:03:57', NULL, NULL, 40, 'AC_PROPAL_VALIDATE', 'Proposition PR1509-0028 validée', '2015-10-22 12:03:57', '2015-10-22 10:03:57', 1, NULL, NULL, 26, NULL, 0, NULL, 0, 1, 0, 0, 1, -1, '', NULL, NULL, 'Proposition PR1509-0028 validée\nAuteur: Nathalie', 33, 'propal'),
(28, NULL, 1, '2015-10-23 11:46:34', '2015-10-23 11:46:34', NULL, NULL, 40, 'AC_PROPAL_VALIDATE', 'Proposition PR1509-0028 validée', '2015-10-23 11:46:34', '2015-10-23 09:46:34', 1, NULL, NULL, 26, NULL, 0, NULL, 0, 1, 0, 0, 1, -1, '', NULL, NULL, 'Proposition PR1509-0028 validée\nAuteur: Nathalie', 33, 'propal'),
(29, NULL, 1, '2015-10-23 11:50:45', '2015-10-23 11:50:45', NULL, NULL, 40, 'AC_COMPANY_CREATE', 'Tiers créé', '2015-10-23 11:50:45', '2015-10-23 09:50:45', 1, NULL, NULL, 28, NULL, 0, NULL, 0, 1, 0, 0, 1, -1, '', NULL, NULL, 'Tiers créé\nAuteur: Nathalie', 28, 'societe'),
(30, NULL, 1, '2015-10-23 12:16:54', '2015-10-23 12:16:54', NULL, NULL, 40, 'AC_PROPAL_VALIDATE', 'Proposition (PROV34) validée', '2015-10-23 12:16:54', '2015-10-23 10:16:54', 1, NULL, NULL, 28, NULL, 0, NULL, 0, 1, 0, 0, 1, -1, '', NULL, NULL, 'Proposition (PROV34) validée\nAuteur: Nathalie', 34, 'propal'),
(31, NULL, 1, '2015-10-23 16:41:28', '2015-10-23 16:41:28', NULL, NULL, 40, 'AC_PROPAL_VALIDATE', 'Proposition PR1510-0029 validée', '2015-10-23 16:41:28', '2015-10-23 14:41:28', 1, NULL, NULL, 28, NULL, 0, NULL, 0, 1, 0, 0, 1, -1, '', NULL, NULL, 'Proposition PR1510-0029 validée\nAuteur: Nathalie', 34, 'propal'),
(32, NULL, 1, '2015-10-23 17:15:08', '2015-10-23 17:15:08', NULL, NULL, 40, 'AC_PROPAL_VALIDATE', 'Proposition PR1510-0029 validée', '2015-10-23 17:15:08', '2015-10-23 15:15:08', 1, NULL, NULL, 28, NULL, 0, NULL, 0, 1, 0, 0, 1, -1, '', NULL, NULL, 'Proposition PR1510-0029 validée\nAuteur: Nathalie', 34, 'propal'),
(33, NULL, 1, '2015-10-23 17:17:02', '2015-10-23 17:17:02', NULL, NULL, 40, 'AC_PROPAL_VALIDATE', 'Proposition PR1510-0029 validée', '2015-10-23 17:17:02', '2015-10-23 15:17:02', 1, NULL, NULL, 28, NULL, 0, NULL, 0, 1, 0, 0, 1, -1, '', NULL, NULL, 'Proposition PR1510-0029 validée\nAuteur: Nathalie', 34, 'propal'),
(34, NULL, 1, '2015-10-27 11:30:07', '2015-10-27 11:30:07', NULL, NULL, 40, 'AC_PROPAL_VALIDATE', 'Proposition PR1507-0025 validée', '2015-10-27 11:30:07', '2015-10-27 10:30:07', 1, NULL, NULL, 10, NULL, 0, NULL, 0, 1, 0, 0, 1, -1, '', NULL, NULL, 'Proposition PR1507-0025 validée\nAuteur: Nathalie', 31, 'propal'),
(35, NULL, 1, '2015-11-13 13:31:26', '2015-11-13 13:31:26', NULL, NULL, 40, 'AC_PROPAL_VALIDATE', 'Proposition (PROV35) validée', '2015-11-13 13:31:26', '2015-11-13 12:31:26', 1, NULL, NULL, 12, NULL, 0, NULL, 0, 1, 0, 0, 1, -1, '', NULL, NULL, 'Proposition (PROV35) validée\nAuteur: Nathalie', 35, 'propal'),
(36, NULL, 1, '2015-11-13 13:49:25', '2015-11-13 13:49:25', NULL, NULL, 40, 'AC_PROPAL_VALIDATE', 'Proposition PR1511-0030 validée', '2015-11-13 13:49:25', '2015-11-13 12:49:25', 1, NULL, NULL, 12, NULL, 0, NULL, 0, 1, 0, 0, 1, -1, '', NULL, NULL, 'Proposition PR1511-0030 validée\nAuteur: Nathalie', 35, 'propal'),
(37, NULL, 1, '2015-11-13 13:51:33', '2015-11-13 13:51:33', NULL, NULL, 40, 'AC_PROPAL_VALIDATE', 'Proposition PR1511-0030 validée', '2015-11-13 13:51:33', '2015-11-13 12:51:33', 1, NULL, NULL, 12, NULL, 0, NULL, 0, 1, 0, 0, 1, -1, '', NULL, NULL, 'Proposition PR1511-0030 validée\nAuteur: Nathalie', 35, 'propal'),
(38, NULL, 1, '2015-11-19 07:16:33', '2015-11-19 07:16:33', NULL, NULL, 40, 'AC_PROPAL_VALIDATE', 'Proposition PR1507-0025 validée', '2015-11-19 07:16:33', '2015-11-19 06:16:33', 1, NULL, NULL, 10, NULL, 0, NULL, 0, 1, 0, 0, 1, -1, '', NULL, NULL, 'Proposition PR1507-0025 validée\nAuteur: Nathalie', 31, 'propal'),
(39, NULL, 1, '2015-11-19 07:24:09', '2015-11-19 07:24:09', NULL, NULL, 40, 'AC_PROPAL_SENTBYMAIL', 'Envoi proposition par mail', '2015-11-19 07:24:09', '2015-11-19 06:24:09', 1, NULL, NULL, 10, NULL, 0, NULL, 0, 1, 0, 0, 1, -1, '', NULL, NULL, 'Mail envoyé par Nathalie OLIVIER <marketing@groupe-glemot.com> à Fabien.stephan@groupe-glemot.com;marielle.moreau@groupe-glemot.com.\nSujet du mail: Envoi proposition commerciale PR1507-0025\nCorps du mail:\nbonjour Fabien<br />\r\n<br />\r\nci-joint la proposition commerciale PR1507-0025 du CTBTO<br />\r\n30% demand&eacute; &agrave; la commande<br />\r\nattention les 2 derni&egrave;res lignes d&#39;emballage ne se cumulent pas soit l&#39;une soit l&#39;autre<br />\r\n<br />\r\nCordialement<br />\r\nnathalie', 31, 'propal'),
(40, NULL, 1, '2015-11-19 11:22:23', '2015-11-19 11:22:23', NULL, NULL, 40, 'AC_PROPAL_VALIDATE', 'Proposition PR1507-0025 validée', '2015-11-19 11:22:23', '2015-11-19 10:22:23', 1, NULL, NULL, 10, NULL, 0, NULL, 0, 1, 0, 0, 1, -1, '', NULL, NULL, 'Proposition PR1507-0025 validée\nAuteur: Nathalie', 31, 'propal'),
(41, NULL, 1, '2015-11-19 11:41:33', '2015-11-19 11:41:33', NULL, NULL, 40, 'AC_PROPAL_VALIDATE', 'Proposition (PROV36) validée', '2015-11-19 11:41:33', '2015-11-19 10:41:33', 1, NULL, NULL, 24, NULL, 0, NULL, 0, 1, 0, 0, 1, -1, '', NULL, NULL, 'Proposition (PROV36) validée\nAuteur: Nathalie', 36, 'propal'),
(42, NULL, 1, '2015-11-20 17:04:53', '2015-11-20 17:04:53', NULL, NULL, 40, 'AC_PROPAL_VALIDATE', 'Proposition PR1511-0031 validée', '2015-11-20 17:04:53', '2015-11-20 16:04:53', 1, NULL, NULL, 24, NULL, 0, NULL, 0, 1, 0, 0, 1, -1, '', NULL, NULL, 'Proposition PR1511-0031 validée\nAuteur: Nathalie', 36, 'propal'),
(43, NULL, 1, '2015-11-20 17:09:38', '2015-11-20 17:09:38', NULL, NULL, 40, 'AC_PROPAL_VALIDATE', 'Proposition (PROV37) validée', '2015-11-20 17:09:38', '2015-11-20 16:09:38', 1, NULL, NULL, 24, NULL, 0, NULL, 0, 1, 0, 0, 1, -1, '', NULL, NULL, 'Proposition (PROV37) validée\nAuteur: Nathalie', 37, 'propal'),
(44, NULL, 1, '2015-11-20 17:12:33', '2015-11-20 17:12:33', NULL, NULL, 40, 'AC_PROPAL_VALIDATE', 'Proposition PR1511-0031 validée', '2015-11-20 17:12:33', '2015-11-20 16:12:33', 1, NULL, NULL, 24, NULL, 0, NULL, 0, 1, 0, 0, 1, -1, '', NULL, NULL, 'Proposition PR1511-0031 validée\nAuteur: Nathalie', 36, 'propal'),
(45, NULL, 1, '2015-11-20 17:14:17', '2015-11-20 17:14:17', NULL, NULL, 40, 'AC_PROPAL_VALIDATE', 'Proposition PR1511-0032 validée', '2015-11-20 17:14:17', '2015-11-20 16:14:17', 1, NULL, NULL, 24, NULL, 0, NULL, 0, 1, 0, 0, 1, -1, '', NULL, NULL, 'Proposition PR1511-0032 validée\nAuteur: Nathalie', 37, 'propal'),
(46, NULL, 1, '2015-11-20 18:25:56', '2015-11-20 18:25:56', NULL, NULL, 40, 'AC_PROPAL_VALIDATE', 'Proposition PR1511-0032 validée', '2015-11-20 18:25:56', '2015-11-20 17:25:56', 1, NULL, NULL, 24, NULL, 0, NULL, 0, 1, 0, 0, 1, -1, '', NULL, NULL, 'Proposition PR1511-0032 validée\nAuteur: Nathalie', 37, 'propal'),
(47, NULL, 1, '2015-11-20 18:36:38', '2015-11-20 18:36:38', NULL, NULL, 40, 'AC_PROPAL_VALIDATE', 'Proposition PR1511-0030 validée', '2015-11-20 18:36:38', '2015-11-20 17:36:38', 1, NULL, NULL, 12, NULL, 0, NULL, 0, 1, 0, 0, 1, -1, '', NULL, NULL, 'Proposition PR1511-0030 validée\nAuteur: Nathalie', 35, 'propal'),
(48, NULL, 1, '2015-11-23 11:45:34', '2015-11-23 11:45:34', NULL, NULL, 40, 'AC_PROPAL_VALIDATE', 'Proposition PR1511-0032 validée', '2015-11-23 11:45:34', '2015-11-23 10:45:34', 1, NULL, NULL, 24, NULL, 0, NULL, 0, 1, 0, 0, 1, -1, '', NULL, NULL, 'Proposition PR1511-0032 validée\nAuteur: Nathalie', 37, 'propal'),
(49, NULL, 1, '2015-11-23 11:47:57', '2015-11-23 11:47:57', NULL, NULL, 40, 'AC_PROPAL_VALIDATE', 'Proposition PR1511-0032 validée', '2015-11-23 11:47:57', '2015-11-23 10:47:57', 1, NULL, NULL, 24, NULL, 0, NULL, 0, 1, 0, 0, 1, -1, '', NULL, NULL, 'Proposition PR1511-0032 validée\nAuteur: Nathalie', 37, 'propal'),
(50, NULL, 1, '2015-11-23 11:52:07', '2015-11-23 11:52:07', NULL, NULL, 40, 'AC_PROPAL_VALIDATE', 'Proposition PR1511-0032 validée', '2015-11-23 11:52:07', '2015-11-23 10:52:07', 1, NULL, NULL, 24, NULL, 0, NULL, 0, 1, 0, 0, 1, -1, '', NULL, NULL, 'Proposition PR1511-0032 validée\nAuteur: Nathalie', 37, 'propal'),
(51, NULL, 1, '2015-11-23 17:00:07', '2015-11-23 17:00:07', NULL, NULL, 40, 'AC_COMPANY_CREATE', 'Tiers créé', '2015-11-23 17:00:07', '2015-11-23 16:00:07', 1, NULL, NULL, 29, NULL, 0, NULL, 0, 1, 0, 0, 1, -1, '', NULL, NULL, 'Tiers créé\nAuteur: Nathalie', 29, 'societe'),
(52, NULL, 1, '2015-11-23 17:18:00', '2015-11-23 17:18:00', NULL, NULL, 40, 'AC_PROPAL_VALIDATE', 'Proposition (PROV38) validée', '2015-11-23 17:18:00', '2015-11-23 16:18:00', 1, NULL, NULL, 29, NULL, 0, NULL, 0, 1, 0, 0, 1, -1, '', NULL, NULL, 'Proposition (PROV38) validée\nAuteur: Nathalie', 38, 'propal');

-- --------------------------------------------------------

--
-- Structure de la table `llx_actioncomm_extrafields`
--

CREATE TABLE IF NOT EXISTS `llx_actioncomm_extrafields` (
  `rowid` int(11) NOT NULL,
  `tms` timestamp NOT NULL DEFAULT CURRENT_TIMESTAMP ON UPDATE CURRENT_TIMESTAMP,
  `fk_object` int(11) NOT NULL,
  `import_key` varchar(14) DEFAULT NULL
) ENGINE=InnoDB DEFAULT CHARSET=utf8;

-- --------------------------------------------------------

--
-- Structure de la table `llx_adherent`
--

CREATE TABLE IF NOT EXISTS `llx_adherent` (
  `rowid` int(11) NOT NULL,
  `entity` int(11) NOT NULL DEFAULT '1',
  `ref_ext` varchar(128) DEFAULT NULL,
  `civilite` varchar(6) DEFAULT NULL,
  `lastname` varchar(50) DEFAULT NULL,
  `firstname` varchar(50) DEFAULT NULL,
  `login` varchar(50) DEFAULT NULL,
  `pass` varchar(50) DEFAULT NULL,
  `fk_adherent_type` int(11) NOT NULL,
  `morphy` varchar(3) NOT NULL,
  `societe` varchar(50) DEFAULT NULL,
  `fk_soc` int(11) DEFAULT NULL,
  `address` text,
  `zip` varchar(10) DEFAULT NULL,
  `town` text,
  `state_id` varchar(50) DEFAULT NULL,
  `country` varchar(50) DEFAULT NULL,
  `email` varchar(255) DEFAULT NULL,
  `phone` varchar(30) DEFAULT NULL,
  `phone_perso` varchar(30) DEFAULT NULL,
  `phone_mobile` varchar(30) DEFAULT NULL,
  `birth` date DEFAULT NULL,
  `photo` varchar(255) DEFAULT NULL,
  `statut` smallint(6) NOT NULL DEFAULT '0',
  `public` smallint(6) NOT NULL DEFAULT '0',
  `datefin` datetime DEFAULT NULL,
  `note` text,
  `datevalid` datetime DEFAULT NULL,
  `datec` datetime DEFAULT NULL,
  `tms` timestamp NOT NULL DEFAULT CURRENT_TIMESTAMP ON UPDATE CURRENT_TIMESTAMP,
  `fk_user_author` int(11) DEFAULT NULL,
  `fk_user_mod` int(11) DEFAULT NULL,
  `fk_user_valid` int(11) DEFAULT NULL,
  `canvas` varchar(32) DEFAULT NULL,
  `import_key` varchar(14) DEFAULT NULL
) ENGINE=InnoDB DEFAULT CHARSET=utf8;

-- --------------------------------------------------------

--
-- Structure de la table `llx_adherent_extrafields`
--

CREATE TABLE IF NOT EXISTS `llx_adherent_extrafields` (
  `rowid` int(11) NOT NULL,
  `tms` timestamp NOT NULL DEFAULT CURRENT_TIMESTAMP ON UPDATE CURRENT_TIMESTAMP,
  `fk_object` int(11) NOT NULL,
  `import_key` varchar(14) DEFAULT NULL
) ENGINE=InnoDB DEFAULT CHARSET=utf8;

-- --------------------------------------------------------

--
-- Structure de la table `llx_adherent_type`
--

CREATE TABLE IF NOT EXISTS `llx_adherent_type` (
  `rowid` int(11) NOT NULL,
  `entity` int(11) NOT NULL DEFAULT '1',
  `tms` timestamp NOT NULL DEFAULT CURRENT_TIMESTAMP ON UPDATE CURRENT_TIMESTAMP,
  `statut` smallint(6) NOT NULL DEFAULT '0',
  `libelle` varchar(50) NOT NULL,
  `cotisation` varchar(3) NOT NULL DEFAULT 'yes',
  `vote` varchar(3) NOT NULL DEFAULT 'yes',
  `note` text,
  `mail_valid` text
) ENGINE=InnoDB DEFAULT CHARSET=utf8;

-- --------------------------------------------------------

--
-- Structure de la table `llx_adherent_type_extrafields`
--

CREATE TABLE IF NOT EXISTS `llx_adherent_type_extrafields` (
  `rowid` int(11) NOT NULL,
  `tms` timestamp NOT NULL DEFAULT CURRENT_TIMESTAMP ON UPDATE CURRENT_TIMESTAMP,
  `fk_object` int(11) NOT NULL,
  `import_key` varchar(14) DEFAULT NULL
) ENGINE=InnoDB DEFAULT CHARSET=utf8;

-- --------------------------------------------------------

--
-- Structure de la table `llx_bank`
--

CREATE TABLE IF NOT EXISTS `llx_bank` (
  `rowid` int(11) NOT NULL,
  `datec` datetime DEFAULT NULL,
  `tms` timestamp NOT NULL DEFAULT CURRENT_TIMESTAMP ON UPDATE CURRENT_TIMESTAMP,
  `datev` date DEFAULT NULL,
  `dateo` date DEFAULT NULL,
  `amount` double(24,8) NOT NULL DEFAULT '0.00000000',
  `label` varchar(255) DEFAULT NULL,
  `fk_account` int(11) DEFAULT NULL,
  `fk_user_author` int(11) DEFAULT NULL,
  `fk_user_rappro` int(11) DEFAULT NULL,
  `fk_type` varchar(6) DEFAULT NULL,
  `num_releve` varchar(50) DEFAULT NULL,
  `num_chq` varchar(50) DEFAULT NULL,
  `rappro` tinyint(4) DEFAULT '0',
  `note` text,
  `fk_bordereau` int(11) DEFAULT '0',
  `banque` varchar(255) DEFAULT NULL,
  `emetteur` varchar(255) DEFAULT NULL,
  `author` varchar(40) DEFAULT NULL
) ENGINE=InnoDB AUTO_INCREMENT=6 DEFAULT CHARSET=utf8;

--
-- Contenu de la table `llx_bank`
--

INSERT INTO `llx_bank` (`rowid`, `datec`, `tms`, `datev`, `dateo`, `amount`, `label`, `fk_account`, `fk_user_author`, `fk_user_rappro`, `fk_type`, `num_releve`, `num_chq`, `rappro`, `note`, `fk_bordereau`, `banque`, `emetteur`, `author`) VALUES
(1, '2014-06-19 14:18:31', '2014-06-19 12:18:31', '2014-06-19', '2014-06-19', 0.00000000, '(Solde initial)', 1, NULL, NULL, 'SOLD', NULL, NULL, 0, NULL, 0, NULL, NULL, NULL),
(2, '2014-12-08 15:28:37', '2014-12-08 14:28:37', '2014-12-08', '2014-12-08', 0.00000000, '(Solde initial)', 2, NULL, NULL, 'SOLD', NULL, NULL, 0, NULL, 0, NULL, NULL, NULL),
(4, '2015-07-27 09:20:48', '2015-07-27 07:20:48', '2015-04-07', '2015-04-07', 6066.00000000, '(CustomerInvoicePayment)', 2, 2, NULL, 'VIR', NULL, NULL, 0, NULL, 0, NULL, 'Hawaii Institute of Geophysics & Planetology', NULL),
(5, '2015-07-27 13:55:22', '2015-07-27 11:55:22', '2015-07-27', '2015-07-27', 0.00000000, '(Solde initial)', 3, NULL, NULL, 'SOLD', NULL, NULL, 0, NULL, 0, NULL, NULL, NULL);

-- --------------------------------------------------------

--
-- Structure de la table `llx_bank_categ`
--

CREATE TABLE IF NOT EXISTS `llx_bank_categ` (
  `rowid` int(11) NOT NULL,
  `label` varchar(255) DEFAULT NULL,
  `entity` int(11) NOT NULL DEFAULT '1'
) ENGINE=InnoDB DEFAULT CHARSET=utf8;

-- --------------------------------------------------------

--
-- Structure de la table `llx_bank_class`
--

CREATE TABLE IF NOT EXISTS `llx_bank_class` (
  `lineid` int(11) NOT NULL,
  `fk_categ` int(11) NOT NULL
) ENGINE=InnoDB DEFAULT CHARSET=utf8;

-- --------------------------------------------------------

--
-- Structure de la table `llx_bank_url`
--

CREATE TABLE IF NOT EXISTS `llx_bank_url` (
  `rowid` int(11) NOT NULL,
  `fk_bank` int(11) DEFAULT NULL,
  `url_id` int(11) DEFAULT NULL,
  `url` varchar(255) DEFAULT NULL,
  `label` varchar(255) DEFAULT NULL,
  `type` varchar(20) NOT NULL
) ENGINE=InnoDB AUTO_INCREMENT=5 DEFAULT CHARSET=utf8;

--
-- Contenu de la table `llx_bank_url`
--

INSERT INTO `llx_bank_url` (`rowid`, `fk_bank`, `url_id`, `url`, `label`, `type`) VALUES
(3, 4, 2, '/compta/paiement/fiche.php?id=', '(paiement)', 'payment'),
(4, 4, 1, '/comm/fiche.php?socid=', 'Hawaii Institute of Geophysics & Planetology', 'company');

-- --------------------------------------------------------

--
-- Structure de la table `llx_bookmark`
--

CREATE TABLE IF NOT EXISTS `llx_bookmark` (
  `rowid` int(11) NOT NULL,
  `fk_soc` int(11) DEFAULT NULL,
  `fk_user` int(11) NOT NULL,
  `dateb` datetime DEFAULT NULL,
  `url` varchar(128) NOT NULL,
  `target` varchar(16) DEFAULT NULL,
  `title` varchar(64) DEFAULT NULL,
  `favicon` varchar(24) DEFAULT NULL,
  `position` int(11) DEFAULT '0'
) ENGINE=InnoDB DEFAULT CHARSET=utf8;

-- --------------------------------------------------------

--
-- Structure de la table `llx_bordereau_cheque`
--

CREATE TABLE IF NOT EXISTS `llx_bordereau_cheque` (
  `rowid` int(11) NOT NULL,
  `datec` datetime NOT NULL,
  `date_bordereau` date DEFAULT NULL,
  `number` varchar(16) NOT NULL,
  `entity` int(11) NOT NULL DEFAULT '1',
  `amount` double(24,8) NOT NULL,
  `nbcheque` smallint(6) NOT NULL,
  `fk_bank_account` int(11) DEFAULT NULL,
  `fk_user_author` int(11) DEFAULT NULL,
  `note` text,
  `statut` smallint(6) NOT NULL DEFAULT '0'
) ENGINE=InnoDB DEFAULT CHARSET=utf8;

-- --------------------------------------------------------

--
-- Structure de la table `llx_boxes`
--

CREATE TABLE IF NOT EXISTS `llx_boxes` (
  `rowid` int(11) NOT NULL,
  `entity` int(11) NOT NULL DEFAULT '1',
  `box_id` int(11) NOT NULL,
  `position` smallint(6) NOT NULL,
  `box_order` varchar(3) NOT NULL,
  `fk_user` int(11) NOT NULL DEFAULT '0',
  `maxline` int(11) DEFAULT NULL,
  `params` varchar(255) DEFAULT NULL
) ENGINE=InnoDB AUTO_INCREMENT=35 DEFAULT CHARSET=utf8;

--
-- Contenu de la table `llx_boxes`
--

INSERT INTO `llx_boxes` (`rowid`, `entity`, `box_id`, `position`, `box_order`, `fk_user`, `maxline`, `params`) VALUES
(1, 1, 1, 0, 'A03', 0, NULL, NULL),
(2, 1, 2, 0, 'A07', 0, NULL, NULL),
(3, 1, 3, 0, 'A19', 0, NULL, NULL),
(4, 1, 4, 0, 'A15', 0, NULL, NULL),
(7, 1, 7, 0, 'B10', 0, NULL, NULL),
(8, 1, 8, 0, 'B06', 0, NULL, NULL),
(9, 1, 9, 0, 'B18', 0, NULL, NULL),
(10, 1, 10, 0, 'B14', 0, NULL, NULL),
(16, 1, 16, 0, 'A09', 0, NULL, NULL),
(19, 1, 19, 0, 'A05', 0, NULL, NULL),
(20, 1, 20, 0, 'A17', 0, NULL, NULL),
(21, 1, 21, 0, 'A13', 0, NULL, NULL),
(22, 1, 22, 0, 'B08', 0, NULL, NULL),
(23, 1, 23, 0, 'B04', 0, NULL, NULL),
(24, 1, 24, 0, 'B16', 0, NULL, NULL),
(25, 1, 25, 0, 'B12', 0, NULL, NULL),
(32, 1, 32, 0, 'A11', 0, NULL, NULL),
(33, 1, 33, 0, 'B02', 0, NULL, NULL),
(34, 1, 34, 0, 'A01', 0, NULL, NULL);

-- --------------------------------------------------------

--
-- Structure de la table `llx_boxes_def`
--

CREATE TABLE IF NOT EXISTS `llx_boxes_def` (
  `rowid` int(11) NOT NULL,
  `file` varchar(200) NOT NULL,
  `entity` int(11) NOT NULL DEFAULT '1',
  `tms` timestamp NOT NULL DEFAULT CURRENT_TIMESTAMP ON UPDATE CURRENT_TIMESTAMP,
  `note` varchar(130) DEFAULT NULL
) ENGINE=InnoDB AUTO_INCREMENT=35 DEFAULT CHARSET=utf8;

--
-- Contenu de la table `llx_boxes_def`
--

INSERT INTO `llx_boxes_def` (`rowid`, `file`, `entity`, `tms`, `note`) VALUES
(1, 'box_clients.php', 1, '2013-08-01 07:57:08', NULL),
(2, 'box_prospect.php', 1, '2013-08-01 07:57:08', NULL),
(3, 'box_contacts.php', 1, '2013-08-01 07:57:08', NULL),
(4, 'box_activity.php', 1, '2013-08-01 07:57:08', NULL),
(7, 'box_contracts.php', 1, '2013-08-01 07:57:19', NULL),
(8, 'box_services_expired.php', 1, '2013-08-01 07:57:19', NULL),
(9, 'box_services_contracts.php', 1, '2013-08-01 07:57:19', NULL),
(10, 'box_commandes.php', 1, '2013-08-01 07:57:24', NULL),
(16, 'box_propales.php', 1, '2013-08-01 08:00:05', NULL),
(19, 'box_fournisseurs.php', 1, '2013-08-01 08:02:32', NULL),
(20, 'box_factures_fourn_imp.php', 1, '2013-08-01 08:02:32', NULL),
(21, 'box_factures_fourn.php', 1, '2013-08-01 08:02:32', NULL),
(22, 'box_supplier_orders.php', 1, '2013-08-01 08:02:32', NULL),
(23, 'box_comptes.php', 1, '2013-08-01 08:02:43', NULL),
(24, 'box_factures_imp.php', 1, '2013-08-01 08:02:43', NULL),
(25, 'box_factures.php', 1, '2013-08-01 08:02:43', NULL),
(32, 'box_produits.php', 1, '2014-06-13 12:35:24', NULL),
(33, 'box_produits_alerte_stock.php', 1, '2014-06-13 12:35:24', NULL),
(34, 'box_actions.php', 1, '2015-08-26 12:38:16', NULL);

-- --------------------------------------------------------

--
-- Structure de la table `llx_categorie`
--

CREATE TABLE IF NOT EXISTS `llx_categorie` (
  `rowid` int(11) NOT NULL,
  `entity` int(11) NOT NULL DEFAULT '1',
  `fk_parent` int(11) NOT NULL DEFAULT '0',
  `label` varchar(255) NOT NULL,
  `type` tinyint(4) NOT NULL DEFAULT '1',
  `description` text,
  `fk_soc` int(11) DEFAULT NULL,
  `visible` tinyint(4) NOT NULL DEFAULT '1',
  `import_key` varchar(14) DEFAULT NULL
) ENGINE=InnoDB AUTO_INCREMENT=3 DEFAULT CHARSET=utf8;

--
-- Contenu de la table `llx_categorie`
--

INSERT INTO `llx_categorie` (`rowid`, `entity`, `fk_parent`, `label`, `type`, `description`, `fk_soc`, `visible`, `import_key`) VALUES
(1, 1, 0, 'Sensor', 0, '', NULL, 0, NULL),
(2, 1, 0, 'NDC', 2, '', NULL, 0, NULL);

-- --------------------------------------------------------

--
-- Structure de la table `llx_categorie_fournisseur`
--

CREATE TABLE IF NOT EXISTS `llx_categorie_fournisseur` (
  `fk_categorie` int(11) NOT NULL,
  `fk_societe` int(11) NOT NULL,
  `import_key` varchar(14) DEFAULT NULL
) ENGINE=InnoDB DEFAULT CHARSET=utf8;

-- --------------------------------------------------------

--
-- Structure de la table `llx_categorie_member`
--

CREATE TABLE IF NOT EXISTS `llx_categorie_member` (
  `fk_categorie` int(11) NOT NULL,
  `fk_member` int(11) NOT NULL
) ENGINE=InnoDB DEFAULT CHARSET=utf8;

-- --------------------------------------------------------

--
-- Structure de la table `llx_categorie_product`
--

CREATE TABLE IF NOT EXISTS `llx_categorie_product` (
  `fk_categorie` int(11) NOT NULL,
  `fk_product` int(11) NOT NULL,
  `import_key` varchar(14) DEFAULT NULL
) ENGINE=InnoDB DEFAULT CHARSET=utf8;

--
-- Contenu de la table `llx_categorie_product`
--

INSERT INTO `llx_categorie_product` (`fk_categorie`, `fk_product`, `import_key`) VALUES
(1, 2, NULL);

-- --------------------------------------------------------

--
-- Structure de la table `llx_categorie_societe`
--

CREATE TABLE IF NOT EXISTS `llx_categorie_societe` (
  `fk_categorie` int(11) NOT NULL,
  `fk_societe` int(11) NOT NULL,
  `import_key` varchar(14) DEFAULT NULL
) ENGINE=InnoDB DEFAULT CHARSET=utf8;

--
-- Contenu de la table `llx_categorie_societe`
--

INSERT INTO `llx_categorie_societe` (`fk_categorie`, `fk_societe`, `import_key`) VALUES
(2, 20, NULL);

-- --------------------------------------------------------

--
-- Structure de la table `llx_chargesociales`
--

CREATE TABLE IF NOT EXISTS `llx_chargesociales` (
  `rowid` int(11) NOT NULL,
  `date_ech` datetime NOT NULL,
  `libelle` varchar(80) NOT NULL,
  `entity` int(11) NOT NULL DEFAULT '1',
  `tms` timestamp NOT NULL DEFAULT CURRENT_TIMESTAMP ON UPDATE CURRENT_TIMESTAMP,
  `date_creation` datetime DEFAULT NULL,
  `date_valid` datetime DEFAULT NULL,
  `fk_type` int(11) NOT NULL,
  `amount` double NOT NULL DEFAULT '0',
  `paye` smallint(6) NOT NULL DEFAULT '0',
  `periode` date DEFAULT NULL
) ENGINE=InnoDB DEFAULT CHARSET=utf8;

-- --------------------------------------------------------

--
-- Structure de la table `llx_commande`
--

CREATE TABLE IF NOT EXISTS `llx_commande` (
  `rowid` int(11) NOT NULL,
  `ref` varchar(30) NOT NULL,
  `entity` int(11) NOT NULL DEFAULT '1',
  `ref_ext` varchar(255) DEFAULT NULL,
  `ref_int` varchar(255) DEFAULT NULL,
  `ref_client` varchar(255) DEFAULT NULL,
  `fk_soc` int(11) NOT NULL,
  `fk_projet` int(11) DEFAULT NULL,
  `tms` timestamp NOT NULL DEFAULT CURRENT_TIMESTAMP ON UPDATE CURRENT_TIMESTAMP,
  `date_creation` datetime DEFAULT NULL,
  `date_valid` datetime DEFAULT NULL,
  `date_cloture` datetime DEFAULT NULL,
  `date_commande` date DEFAULT NULL,
  `fk_user_author` int(11) DEFAULT NULL,
  `fk_user_valid` int(11) DEFAULT NULL,
  `fk_user_cloture` int(11) DEFAULT NULL,
  `source` smallint(6) DEFAULT NULL,
  `fk_statut` smallint(6) DEFAULT '0',
  `amount_ht` double DEFAULT '0',
  `remise_percent` double DEFAULT '0',
  `remise_absolue` double DEFAULT '0',
  `remise` double DEFAULT '0',
  `tva` double(24,8) DEFAULT '0.00000000',
  `localtax1` double(24,8) DEFAULT '0.00000000',
  `localtax2` double(24,8) DEFAULT '0.00000000',
  `total_ht` double(24,8) DEFAULT '0.00000000',
  `total_ttc` double(24,8) DEFAULT '0.00000000',
  `note_private` text,
  `note_public` text,
  `model_pdf` varchar(255) DEFAULT NULL,
  `facture` tinyint(4) DEFAULT '0',
  `fk_account` int(11) DEFAULT NULL,
  `fk_currency` varchar(2) DEFAULT NULL,
  `fk_cond_reglement` int(11) DEFAULT NULL,
  `fk_mode_reglement` int(11) DEFAULT NULL,
  `date_livraison` date DEFAULT NULL,
  `fk_availability` int(11) DEFAULT NULL,
  `fk_input_reason` int(11) DEFAULT NULL,
  `fk_delivery_address` int(11) DEFAULT NULL,
  `import_key` varchar(14) DEFAULT NULL,
  `extraparams` varchar(255) DEFAULT NULL
) ENGINE=InnoDB AUTO_INCREMENT=7 DEFAULT CHARSET=utf8;

--
-- Contenu de la table `llx_commande`
--

INSERT INTO `llx_commande` (`rowid`, `ref`, `entity`, `ref_ext`, `ref_int`, `ref_client`, `fk_soc`, `fk_projet`, `tms`, `date_creation`, `date_valid`, `date_cloture`, `date_commande`, `fk_user_author`, `fk_user_valid`, `fk_user_cloture`, `source`, `fk_statut`, `amount_ht`, `remise_percent`, `remise_absolue`, `remise`, `tva`, `localtax1`, `localtax2`, `total_ht`, `total_ttc`, `note_private`, `note_public`, `model_pdf`, `facture`, `fk_account`, `fk_currency`, `fk_cond_reglement`, `fk_mode_reglement`, `date_livraison`, `fk_availability`, `fk_input_reason`, `fk_delivery_address`, `import_key`, `extraparams`) VALUES
(1, 'CO1310-0001', 1, NULL, NULL, '4500131125', 7, NULL, '2014-06-19 12:43:28', '2013-10-24 11:22:11', '2013-10-24 11:32:13', '2014-06-19 14:43:20', '2013-10-24', 1, 1, 2, NULL, 3, 0, 0, NULL, 0, 2148.16000000, 0.00000000, 0.00000000, 10960.00000000, 13108.16000000, '', '', 'einstein', 1, NULL, NULL, 1, 2, '2014-04-04', 5, 8, NULL, NULL, NULL),
(2, 'CO1406-0002', 1, NULL, NULL, '', 9, NULL, '2015-07-27 08:44:46', '2014-06-13 18:10:29', '2014-06-13 18:11:29', '2014-08-26 09:52:18', '2014-06-13', 1, 1, 1, NULL, 1, 0, 0, NULL, 0, 0.00000000, 0.00000000, 0.00000000, 0.00000000, 0.00000000, '', '', 'einstein', 0, NULL, NULL, 1, 2, '2014-06-15', 2, 8, NULL, NULL, NULL),
(3, 'CO1410-0003', 1, NULL, NULL, '4500154316', 7, NULL, '2015-04-30 14:41:44', '2014-10-23 14:16:08', '2014-10-23 14:28:23', NULL, '2014-10-23', 1, 1, NULL, NULL, 2, 0, 0, NULL, 0, 2250.00000000, 0.00000000, 0.00000000, 11250.00000000, 13500.00000000, '', 'ACCUSE DE RECEPTION DE COMMANDE<br />\r\nLIVRAISON LE 10 avril 2015 conformément au délais de 24 semaines à réception de commande', 'einstein', 0, NULL, NULL, 1, 2, '2015-04-10', 5, 8, NULL, NULL, NULL),
(4, 'CO1412-0004', 1, NULL, NULL, '2014-4359', 10, NULL, '2015-04-10 15:23:47', '2014-12-17 19:12:22', '2014-12-17 19:12:31', NULL, '2014-12-17', 1, 1, NULL, NULL, 2, 0, 0, NULL, 0, 0.00000000, 0.00000000, 0.00000000, 195208.00000000, 195208.00000000, '', '30% deposit with order<br />\r\nINCOTERMS: EXW<br />\r\nPayment term is 30 days after review and acceptance of goods by CTBTO', 'einstein', 0, NULL, NULL, 2, 2, '2015-05-28', 5, 5, NULL, NULL, NULL),
(5, 'CO1503-0005', 1, NULL, NULL, 'Z10091798', 1, NULL, '2015-07-24 07:30:52', '2015-03-13 10:14:12', '2015-03-13 10:15:33', NULL, '2015-03-13', 1, 1, NULL, NULL, 2, 0, 0, NULL, 0, 0.00000000, 0.00000000, 0.00000000, 12232.00000000, 12232.00000000, '', 'DEPOSIT of 50% of the total amount with PURCHASE ORDER<br />\r\nBallance to be payed at delivery.<br />\r\nDDP HAWAII 119 / &nbsp;KAILUA KONA &nbsp;-&nbsp;Incoterm 2010 ICC<br />\r\n<span style="color: rgb(0, 0, 0); font-family: Arial; font-size: small;">exon&eacute;ration de TVA, art 262 ter I du Code G&eacute;n&eacute;ral des Imp&ocirc;ts</span>', 'einstein', 0, NULL, NULL, 6, 2, '2015-07-17', 5, 5, NULL, NULL, NULL),
(6, 'CO1504-0006', 1, NULL, NULL, '1543855', 11, NULL, '2015-09-01 13:12:44', '2015-04-09 18:42:45', '2015-07-27 11:34:19', '2015-09-01 15:12:44', '2015-04-09', 1, 2, 1, NULL, 3, 0, 0, NULL, 0, 0.00000000, 0.00000000, 0.00000000, 32656.30000000, 32656.30000000, 'attention passez la monnaie en dollars avant d&#39;exporter le devis, la facture', '<br />\r\nACKNOWLEDGEMENT OF RECEIPT<br />\r\nThe products will be delivered on 09/21/2015<br />\r\nINCOTERMS 2010 : FCA FREE OF CARRIER<br />\r\nPrices in US Dollars USD<br />\r\n<br />\r\n<br />\r\n', 'einstein', 1, NULL, NULL, 2, 2, '2015-09-21', 5, 8, NULL, NULL, NULL);

-- --------------------------------------------------------

--
-- Structure de la table `llx_commandedet`
--

CREATE TABLE IF NOT EXISTS `llx_commandedet` (
  `rowid` int(11) NOT NULL,
  `fk_commande` int(11) NOT NULL,
  `fk_parent_line` int(11) DEFAULT NULL,
  `fk_product` int(11) DEFAULT NULL,
  `label` varchar(255) DEFAULT NULL,
  `description` text,
  `tva_tx` double(6,3) DEFAULT NULL,
  `localtax1_tx` double(6,3) DEFAULT '0.000',
  `localtax1_type` varchar(10) NOT NULL DEFAULT '0',
  `localtax2_tx` double(6,3) DEFAULT '0.000',
  `localtax2_type` varchar(10) NOT NULL DEFAULT '0',
  `qty` double DEFAULT NULL,
  `remise_percent` double DEFAULT '0',
  `remise` double DEFAULT '0',
  `fk_remise_except` int(11) DEFAULT NULL,
  `price` double DEFAULT NULL,
  `subprice` double(24,8) DEFAULT '0.00000000',
  `total_ht` double(24,8) DEFAULT '0.00000000',
  `total_tva` double(24,8) DEFAULT '0.00000000',
  `total_localtax1` double(24,8) DEFAULT '0.00000000',
  `total_localtax2` double(24,8) DEFAULT '0.00000000',
  `total_ttc` double(24,8) DEFAULT '0.00000000',
  `product_type` int(11) DEFAULT '0',
  `date_start` datetime DEFAULT NULL,
  `date_end` datetime DEFAULT NULL,
  `info_bits` int(11) DEFAULT '0',
  `buy_price_ht` double(24,8) DEFAULT '0.00000000',
  `fk_product_fournisseur_price` int(11) DEFAULT NULL,
  `special_code` int(10) unsigned DEFAULT '0',
  `rang` int(11) DEFAULT '0',
  `import_key` varchar(14) DEFAULT NULL
) ENGINE=InnoDB AUTO_INCREMENT=35 DEFAULT CHARSET=utf8;

--
-- Contenu de la table `llx_commandedet`
--

INSERT INTO `llx_commandedet` (`rowid`, `fk_commande`, `fk_parent_line`, `fk_product`, `label`, `description`, `tva_tx`, `localtax1_tx`, `localtax1_type`, `localtax2_tx`, `localtax2_type`, `qty`, `remise_percent`, `remise`, `fk_remise_except`, `price`, `subprice`, `total_ht`, `total_tva`, `total_localtax1`, `total_localtax2`, `total_ttc`, `product_type`, `date_start`, `date_end`, `info_bits`, `buy_price_ht`, `fk_product_fournisseur_price`, `special_code`, `rang`, `import_key`) VALUES
(1, 1, NULL, 1, NULL, '', 19.600, 0.000, '0', 0.000, '0', 1, 0, 0, NULL, 10400, 10400.00000000, 10400.00000000, 2038.40000000, 0.00000000, 0.00000000, 12438.40000000, 0, NULL, NULL, 0, 8249.00000000, NULL, 0, 1, NULL),
(2, 1, NULL, 3, NULL, '', 19.600, 0.000, '0', 0.000, '0', 1, 0, 0, NULL, 140, 140.00000000, 140.00000000, 27.44000000, 0.00000000, 0.00000000, 167.44000000, 0, NULL, NULL, 0, 100.00000000, 3, 0, 2, NULL),
(3, 1, NULL, 4, NULL, '', 19.600, 0.000, '0', 0.000, '0', 1, 0, 0, NULL, 45, 45.00000000, 45.00000000, 8.82000000, 0.00000000, 0.00000000, 53.82000000, 0, NULL, NULL, 0, 30.00000000, 4, 0, 3, NULL),
(4, 1, NULL, 6, NULL, '', 19.600, 0.000, '0', 0.000, '0', 1, 0, 0, NULL, 110, 110.00000000, 110.00000000, 21.56000000, 0.00000000, 0.00000000, 131.56000000, 0, NULL, NULL, 0, 70.00000000, NULL, 0, 4, NULL),
(5, 1, NULL, 7, NULL, '', 19.600, 0.000, '0', 0.000, '0', 1, 0, 0, NULL, 110, 110.00000000, 110.00000000, 21.56000000, 0.00000000, 0.00000000, 131.56000000, 0, NULL, NULL, 0, 80.00000000, NULL, 0, 5, NULL),
(6, 1, NULL, 5, NULL, '', 19.600, 0.000, '0', 0.000, '0', 1, 0, 0, NULL, 155, 155.00000000, 155.00000000, 30.38000000, 0.00000000, 0.00000000, 185.38000000, 0, NULL, NULL, 0, 155.00000000, 5, 0, 6, NULL),
(7, 2, NULL, 10, NULL, 'Wrench designed to adjust the position of the magnet\r\n(Pays d''origine: France)', 20.000, 0.000, '0', 0.000, '0', 1, 100, 55, NULL, 0, 55.00000000, 0.00000000, 0.00000000, 0.00000000, 0.00000000, 0.00000000, 0, NULL, NULL, 0, 28.65000000, 21, 0, 1, NULL),
(8, 3, NULL, 1, NULL, 'Weight and Dimensions\r\nH 25 cm / Diam. 11 cm / Weight 3.4 Kg\r\nTransducer technical characteristics: \r\n- Bandwidth (f-3 db) : Pressure output : 0.01-28 HZ / Pressure derivative output : DC-28 Hz\r\n- BLDR [0.02;4] Hz 117 dB @ f<1.6 Hz  / 109 db @ f=4 Hz\r\n-Self noise < 10 dB under the LNM\r\nResolution [0.02;4] Hz  1.75 mPaRMS\r\nDefault sensitivity: \r\n- Pressure output: 20 mV/Pa \r\n- Pressure derivative output : 2 mV/Pa.s-1\r\nDigitizer technical characteristics :\r\nClipping Level & output range: \r\n- Pressure: ±min (12000 [Pa/s]/2.π.f[Hz] ; 1000[Pa])\r\n- Pressure derivative: ±10000 (Pa/s)\r\nSampling rate: 20, 50,100 Hz\r\nNominal sensitivity:  1,178 10-4 Pa/lsb or 1,178 10-5 Pa/s/lsb @ gain = 1\r\nBuilt in gain: 1, 2, 4, 8\r\nData storage: 1 Go / miniSEED\r\nPower requirements: 12 V DC (7-20V) / 70 mA @ 12 V', 20.000, 0.000, '0', 0.000, '0', 1, 0, 0, NULL, 10600, 10600.00000000, 10600.00000000, 2120.00000000, 0.00000000, 0.00000000, 12720.00000000, 0, NULL, NULL, 0, 8249.00000000, NULL, 0, 1, NULL),
(9, 3, NULL, 3, NULL, '(Pays d''origine: France)', 20.000, 0.000, '0', 0.000, '0', 1, 0, 0, NULL, 145, 145.00000000, 145.00000000, 29.00000000, 0.00000000, 0.00000000, 174.00000000, 0, NULL, NULL, 0, 100.00000000, NULL, 0, 2, NULL),
(10, 3, NULL, 4, NULL, '(Pays d''origine: France)', 20.000, 0.000, '0', 0.000, '0', 1, 0, 0, NULL, 115, 115.00000000, 115.00000000, 23.00000000, 0.00000000, 0.00000000, 138.00000000, 0, NULL, NULL, 0, 30.00000000, NULL, 0, 3, NULL),
(11, 3, NULL, 6, NULL, 'Full hemispherical coverage.\r\nBuilt-in high gain, low noise amplifier.\r\nRight-hand circular polarization (RHCP).\r\nAvailable in black or white\r\n3 V supply voltage\r\nDC supply via RF-connector.\r\nEMC tested to IEC 801 and IEC 255.\r\nTNC (female) connector', 20.000, 0.000, '0', 0.000, '0', 1, 0, 0, NULL, 115, 115.00000000, 115.00000000, 23.00000000, 0.00000000, 0.00000000, 138.00000000, 0, NULL, NULL, 0, 70.00000000, NULL, 0, 4, NULL),
(12, 3, NULL, 7, NULL, 'Capacity: 12Ah / Voltage: 12V / Technology: Lead Acid\r\nExternal Height: 97.5mm / External Width: 98mm\r\nExternal Depth: 151mm / Weight: 4kg\r\nBattery Terminals: Quick Connect\r\nCharge Current Max: 3A', 20.000, 0.000, '0', 0.000, '0', 1, 0, 0, NULL, 115, 115.00000000, 115.00000000, 23.00000000, 0.00000000, 0.00000000, 138.00000000, 0, NULL, NULL, 0, 80.00000000, NULL, 0, 5, NULL),
(13, 3, NULL, 5, NULL, '(Pays d''origine: France)', 20.000, 0.000, '0', 0.000, '0', 1, 0, 0, NULL, 160, 160.00000000, 160.00000000, 32.00000000, 0.00000000, 0.00000000, 192.00000000, 0, NULL, NULL, 0, 155.00000000, NULL, 0, 6, NULL),
(14, 4, NULL, 2, NULL, 'To refer to MB3a user manual', 0.000, 0.000, '0', 0.000, '0', 14, 0, 0, NULL, 7990, 7990.00000000, 111860.00000000, 0.00000000, 0.00000000, 0.00000000, 111860.00000000, 0, NULL, NULL, 0, 5388.25000000, NULL, 0, 1, NULL),
(15, 4, NULL, 1, NULL, 'To refer to MB3d user manual', 0.000, 0.000, '0', 0.000, '0', 5, 0, 0, NULL, 11990, 11990.00000000, 59950.00000000, 0.00000000, 0.00000000, 0.00000000, 59950.00000000, 0, NULL, NULL, 0, 8248.75000000, NULL, 0, 2, NULL),
(16, 4, NULL, 6, NULL, 'Flat-pack GPS-antenna for fixed installations.>\r\nFull hemispherical coverage.\r\nBuilt-in high gain, low noise amplifier.\r\nRight-hand circular polarization (RHCP).\r\nAvailable in black or white\r\n3 V \r\nDC supply via RF-connector.\r\nEMC tested to IEC 801 and IEC 255. / TNC (female) connector</div>', 0.000, 0.000, '0', 0.000, '0', 5, 0, 0, NULL, 110, 110.00000000, 550.00000000, 0.00000000, 0.00000000, 0.00000000, 550.00000000, 0, NULL, NULL, 0, 70.00000000, NULL, 0, 3, NULL),
(17, 4, NULL, 3, NULL, '(Pays d''origine: France) 3 meters\r\n3 pin Fischer connector to 2 wires1.5 mm²', 0.000, 0.000, '0', 0.000, '0', 29, 0, 0, NULL, 232, 232.00000000, 6728.00000000, 0.00000000, 0.00000000, 0.00000000, 6728.00000000, 0, NULL, NULL, 0, 154.70000000, NULL, 0, 4, NULL),
(18, 4, NULL, 18, NULL, '10 m long<br />\r\nCoaxial TNC to TNC<br>\r\n(Pays d''origine: France)', 0.000, 0.000, '0', 0.000, '0', 5, 0, 0, NULL, 170, 170.00000000, 850.00000000, 0.00000000, 0.00000000, 0.00000000, 850.00000000, 0, NULL, NULL, 0, 0.00000000, NULL, 0, 5, NULL),
(19, 4, NULL, 17, NULL, '18 pin to USB<br />\r\n3 m long<br>\r\n(Pays d''origine: France)', 0.000, 0.000, '0', 0.000, '0', 10, 0, 0, NULL, 260, 260.00000000, 2600.00000000, 0.00000000, 0.00000000, 0.00000000, 2600.00000000, 0, NULL, NULL, 0, 0.00000000, NULL, 0, 6, NULL),
(20, 4, NULL, 16, NULL, '3 m long<br />\r\n18 pin to not wired<br>\r\n(Pays d''origine: France)', 0.000, 0.000, '0', 0.000, '0', 24, 0, 0, NULL, 260, 260.00000000, 6240.00000000, 0.00000000, 0.00000000, 0.00000000, 6240.00000000, 0, NULL, NULL, 0, 0.00000000, NULL, 0, 7, NULL),
(21, 4, NULL, 10, NULL, 'Wrench designed to adjust the position of the magnet\r\n(Pays d''origine: France)', 0.000, 0.000, '0', 0.000, '0', 10, 0, 0, NULL, 55, 55.00000000, 550.00000000, 0.00000000, 0.00000000, 0.00000000, 550.00000000, 0, NULL, NULL, 0, 28.65000000, NULL, 0, 8, NULL),
(22, 4, NULL, 20, NULL, '18 pin connector to banana plugs. To connect between the analog module and a multimeter in order to adjust the magnet postion.\r\n(Pays d''origine: France)', 0.000, 0.000, '0', 0.000, '0', 10, 0, 0, NULL, 150, 150.00000000, 1500.00000000, 0.00000000, 0.00000000, 0.00000000, 1500.00000000, 0, NULL, NULL, 0, 0.00000000, NULL, 0, 9, NULL),
(23, 4, NULL, 12, NULL, '<table border="1" cellpadding="0" cellspacing="0">\r\n	<tbody>\r\n		<tr>\r\n			<td style="width:177px;">\r\n				<strong>Key Specifications </strong></td>\r\n			<td style="width:104px;">\r\n				 </td>\r\n		</tr>\r\n		<tr>\r\n			<td style="width:177px;">\r\n				Connector Series 1</td>\r\n			<td style="width:104px;">\r\n				TNC</td>\r\n		</tr>\r\n		<tr>\r\n			<td style="width:177px;">\r\n				Connector Gender 1</td>\r\n			<td style="width:104px;">\r\n				Male</td>\r\n		</tr>\r\n		<tr>\r\n			<td style="width:177px;">\r\n				Connector Polarity 1</td>\r\n			<td style="width:104px;">\r\n				Standard</td>\r\n		</tr>\r\n		<tr>\r\n			<td style="width:177px;">\r\n				Connector Impedance 1</td>\r\n			<td style="width:104px;">\r\n				50 Ohm</td>\r\n		</tr>\r\n		<tr>\r\n			<td style="width:177px;">\r\n				Connector Series 2</td>\r\n			<td style="width:104px;">\r\n				TNC</td>\r\n		</tr>\r\n		<tr>\r\n			<td style="width:177px;">\r\n				Connector Gender 2</td>\r\n			<td style="width:104px;">\r\n				Male</td>\r\n		</tr>\r\n		<tr>\r\n			<td style="width:177px;">\r\n				Connector Polarity 2</td>\r\n			<td style="width:104px;">\r\n				Standard</td>\r\n		</tr>\r\n		<tr>\r\n			<td style="width:177px;">\r\n				Connector Impedance 2</td>\r\n			<td style="width:104px;">\r\n				50 Ohm</td>\r\n		</tr>\r\n		<tr>\r\n			<td style="width:177px;">\r\n				Adapter Body Style</td>\r\n			<td style="width:104px;">\r\n				Right Angle</td>\r\n		</tr>\r\n		<tr>\r\n			<td style="width:177px;">\r\n				Connector Mount Method 1</td>\r\n			<td style="width:104px;">\r\n				None</td>\r\n		</tr>\r\n		<tr>\r\n			<td style="width:177px;">\r\n				Connector Body Material 1</td>\r\n			<td style="width:104px;">\r\n				Brass</td>\r\n		</tr>\r\n		<tr>\r\n			<td style="width:177px;">\r\n				Connector Body Plating 1</td>\r\n			<td style="width:104px;">\r\n				Nickel</td>\r\n		</tr>\r\n		<tr>\r\n			<td style="width:177px;">\r\n				Connector Mount Method 2</td>\r\n			<td style="width:104px;">\r\n				None</td>\r\n		</tr>\r\n		<tr>\r\n			<td style="width:177px;">\r\n				Connector Body Material 2</td>\r\n			<td style="width:104px;">\r\n				Brass</td>\r\n		</tr>\r\n		<tr>\r\n			<td style="width:177px;">\r\n				Connector Body Plating 2</td>\r\n			<td style="width:104px;">\r\n				Nickel</td>\r\n		</tr>\r\n	</tbody>\r\n</table>\r\n <br>\r\n(Pays d''origine: Etats-Unis)', 0.000, 0.000, '0', 0.000, '0', 5, 0, 0, NULL, 90, 90.00000000, 450.00000000, 0.00000000, 0.00000000, 0.00000000, 450.00000000, 0, NULL, NULL, 0, 47.00000000, NULL, 0, 10, NULL),
(24, 4, NULL, 23, NULL, 'ScrewPack Plastic tube with foam', 0.000, 0.000, '0', 0.000, '0', 11, 0, 0, NULL, 130, 130.00000000, 1430.00000000, 0.00000000, 0.00000000, 0.00000000, 1430.00000000, 0, NULL, NULL, 0, 0.00000000, NULL, 0, 11, NULL),
(25, 4, NULL, 19, NULL, 'PELICASE 1650  + adapted foam<br />\r\nInt Dim : L725 x W445 x D270 mm<br />\r\nExt Dim : L802 x W520 x D316 mm<br>\r\n(Pays d''origine: France)', 0.000, 0.000, '0', 0.000, '0', 2, 0, 0, NULL, 1250, 1250.00000000, 2500.00000000, 0.00000000, 0.00000000, 0.00000000, 2500.00000000, 0, NULL, NULL, 0, 0.00000000, NULL, 0, 12, NULL),
(26, 5, NULL, 26, NULL, '1 MB3d digital microbarometer with 4 silicone caps  / SEISMO WAVE\r\n1 Antenna 2000 B 3V / PROCOM\r\n1 GPS Cable (5m long) PR000183-CBL_5 / SEISMO WAVE\r\n1 12v Battery NP12-12  Made in TW Taiwan / YUASA\r\n1 Power Cable (3m long) PR000187-CBL_3 / SEISMO WAVE\r\n1 PC/USB cable (1,5m long) PR000188-CBL_1.5 / SEISMO WAVE\r\n \r\n1 Cd with Dionisos Software, 1 User-guide in pdf format / SEISMO WAVE\r\n1 calibration Certificate\r\n \r\n1 magnet wrench MU000384- / SEISMO WAVE\r\n1 suitcase with Foam 1430 / PELLICASE\r\n\r\n(Code douane: 9015801190 - Pays d''origine: France)', 0.000, 0.000, '0', 0.000, '0', 1, 0, 0, NULL, 11527, 11527.00000000, 11527.00000000, 0.00000000, 0.00000000, 0.00000000, 11527.00000000, 0, NULL, NULL, 0, 7478.60000000, NULL, 0, 1, NULL),
(27, 5, NULL, 27, NULL, 'Direct transport', 0.000, 0.000, '0', 0.000, '0', 1, 0, 0, NULL, 395, 395.00000000, 395.00000000, 0.00000000, 0.00000000, 0.00000000, 395.00000000, 0, NULL, NULL, 0, 0.00000000, NULL, 0, 2, NULL),
(28, 5, NULL, 21, NULL, '100% de la valeur déclarée soit 11527 €', 0.000, 0.000, '0', 0.000, '0', 1, 0, 0, NULL, 210, 210.00000000, 210.00000000, 0.00000000, 0.00000000, 0.00000000, 210.00000000, 1, NULL, NULL, 0, 0.00000000, NULL, 0, 3, NULL),
(29, 5, NULL, 28, NULL, 'Estimation of the duty and tax on FOB value.\r\nThis amount is a provision and will be adjusted once the final cost will be known', 0.000, 0.000, '0', 0.000, '0', 1, 0, 0, NULL, 100, 100.00000000, 100.00000000, 0.00000000, 0.00000000, 0.00000000, 100.00000000, 1, NULL, NULL, 0, 0.00000000, NULL, 0, 4, NULL),
(30, 6, NULL, 2, NULL, '', 0.000, 0.000, '0', 0.000, '0', 3, 0, 0, NULL, 10100, 10100.00000000, 30300.00000000, 0.00000000, 0.00000000, 0.00000000, 30300.00000000, 0, NULL, NULL, 0, 5388.25000000, NULL, 0, 1, NULL),
(31, 6, NULL, 16, NULL, '', 0.000, 0.000, '0', 0.000, '0', 3, 0, 0, NULL, 302.1, 302.10000000, 906.30000000, 0.00000000, 0.00000000, 0.00000000, 906.30000000, 0, NULL, NULL, 0, 0.00000000, NULL, 0, 2, NULL),
(32, 6, NULL, 10, NULL, '', 0.000, 0.000, '0', 0.000, '0', 1, 100, 64, NULL, 0, 64.00000000, 0.00000000, 0.00000000, 0.00000000, 0.00000000, 0.00000000, 0, NULL, NULL, 0, 28.65000000, NULL, 0, 3, NULL),
(33, 6, NULL, 20, NULL, '', 0.000, 0.000, '0', 0.000, '0', 1, 100, 175, NULL, 0, 175.00000000, 0.00000000, 0.00000000, 0.00000000, 0.00000000, 0.00000000, 0, NULL, NULL, 0, 0.00000000, NULL, 0, 4, NULL),
(34, 6, NULL, 19, NULL, '', 0.000, 0.000, '0', 0.000, '0', 1, 0, 0, NULL, 1450, 1450.00000000, 1450.00000000, 0.00000000, 0.00000000, 0.00000000, 1450.00000000, 0, NULL, NULL, 0, 967.20000000, 28, 0, 5, NULL);

-- --------------------------------------------------------

--
-- Structure de la table `llx_commande_extrafields`
--

CREATE TABLE IF NOT EXISTS `llx_commande_extrafields` (
  `rowid` int(11) NOT NULL,
  `tms` timestamp NOT NULL DEFAULT CURRENT_TIMESTAMP ON UPDATE CURRENT_TIMESTAMP,
  `fk_object` int(11) NOT NULL,
  `import_key` varchar(14) DEFAULT NULL
) ENGINE=InnoDB DEFAULT CHARSET=utf8;

-- --------------------------------------------------------

--
-- Structure de la table `llx_commande_fournisseur`
--

CREATE TABLE IF NOT EXISTS `llx_commande_fournisseur` (
  `rowid` int(11) NOT NULL,
  `ref` varchar(30) NOT NULL,
  `entity` int(11) NOT NULL DEFAULT '1',
  `ref_ext` varchar(30) DEFAULT NULL,
  `ref_supplier` varchar(30) DEFAULT NULL,
  `fk_soc` int(11) NOT NULL,
  `fk_projet` int(11) DEFAULT '0',
  `tms` timestamp NOT NULL DEFAULT CURRENT_TIMESTAMP ON UPDATE CURRENT_TIMESTAMP,
  `date_creation` datetime DEFAULT NULL,
  `date_valid` datetime DEFAULT NULL,
  `date_approve` datetime DEFAULT NULL,
  `date_commande` date DEFAULT NULL,
  `fk_user_author` int(11) DEFAULT NULL,
  `fk_user_valid` int(11) DEFAULT NULL,
  `fk_user_approve` int(11) DEFAULT NULL,
  `source` smallint(6) NOT NULL,
  `fk_statut` smallint(6) DEFAULT '0',
  `amount_ht` double DEFAULT '0',
  `remise_percent` double DEFAULT '0',
  `remise` double DEFAULT '0',
  `tva` double(24,8) DEFAULT '0.00000000',
  `localtax1` double(24,8) DEFAULT '0.00000000',
  `localtax2` double(24,8) DEFAULT '0.00000000',
  `total_ht` double(24,8) DEFAULT '0.00000000',
  `total_ttc` double(24,8) DEFAULT '0.00000000',
  `note_private` text,
  `note_public` text,
  `model_pdf` varchar(255) DEFAULT NULL,
  `date_livraison` date DEFAULT NULL,
  `fk_cond_reglement` int(11) DEFAULT NULL,
  `fk_mode_reglement` int(11) DEFAULT NULL,
  `fk_input_method` int(11) DEFAULT '0',
  `import_key` varchar(14) DEFAULT NULL,
  `extraparams` varchar(255) DEFAULT NULL
) ENGINE=InnoDB AUTO_INCREMENT=20 DEFAULT CHARSET=utf8;

--
-- Contenu de la table `llx_commande_fournisseur`
--

INSERT INTO `llx_commande_fournisseur` (`rowid`, `ref`, `entity`, `ref_ext`, `ref_supplier`, `fk_soc`, `fk_projet`, `tms`, `date_creation`, `date_valid`, `date_approve`, `date_commande`, `fk_user_author`, `fk_user_valid`, `fk_user_approve`, `source`, `fk_statut`, `amount_ht`, `remise_percent`, `remise`, `tva`, `localtax1`, `localtax2`, `total_ht`, `total_ttc`, `note_private`, `note_public`, `model_pdf`, `date_livraison`, `fk_cond_reglement`, `fk_mode_reglement`, `fk_input_method`, `import_key`, `extraparams`) VALUES
(1, 'CF1312-0001', 1, NULL, 'D201312009', 3, 0, '2014-06-13 12:42:51', '2013-12-23 09:25:37', '2013-12-23 15:20:07', '2014-06-13 14:41:18', '2013-12-23', 2, 1, 1, 0, 5, 0, 0, 0, 1881.94000000, 0.00000000, 0.00000000, 9601.79000000, 11483.73000000, '', '', 'muscadet', '2014-03-21', 3, 7, 5, NULL, NULL),
(2, 'CF1405-0002', 1, NULL, 'D201403021', 3, 0, '2014-06-13 12:14:48', '2014-05-21 12:03:02', '2014-06-13 14:13:45', '2014-06-13 14:14:06', '2014-06-13', 1, 1, 1, 0, 5, 0, 0, 0, 114.60000000, 0.00000000, 0.00000000, 573.00000000, 687.60000000, '', '', 'muscadet', NULL, NULL, NULL, 5, NULL, NULL),
(5, 'CF1408-0004', 1, NULL, 'D201405020v2.00', 3, 0, '2015-04-10 14:44:12', '2014-08-27 14:47:56', '2014-12-04 12:02:39', '2015-04-10 16:43:29', '2014-12-01', 1, 1, 1, 0, 4, 0, 0, 0, 34835.61000000, 0.00000000, 0.00000000, 174178.03000000, 209013.64000000, 'avenant de commande le 04/12/2014 deduction des commandes CEA de 13 MB3a et 4 MB3d  commande 4600280341/P6H52 et  4600280342/P6H52', 'D201405020v2.00<br />\r\nAffectation prévisionnelle<br />\r\nMB3a : 14 pour ONU CTBTO mi mars 2015; 4 pour Sandia (USA) ; 10 pour NSSC Chine ; 21 pour IGPCEA Chine (mai 2015) ; 1 pour ISLA Hawaii pour 2015.<br />\r\nMB3d : 4 pour IGPCEA Chine (mai 2015) ; 1 pour ISLA Hawaii pour 2015. ', 'muscadet', '2014-12-01', 3, 2, 3, NULL, NULL),
(7, 'CF1501-0006', 1, NULL, '', 3, 0, '2015-07-30 13:35:30', '2015-01-13 14:36:08', '2015-01-19 15:48:39', '2015-04-10 17:09:27', '2015-01-19', 1, 1, 1, 0, 5, 0, 0, 0, 134.36000000, 0.00000000, 0.00000000, 671.80000000, 806.16000000, '', 'Pour demande de devis sur nouvelles références', 'muscadet', NULL, 3, 2, 3, NULL, NULL),
(8, 'CF1504-0007', 1, NULL, 'D201504003', 3, 0, '2015-04-10 15:07:49', '2015-04-10 15:29:01', '2015-04-10 15:42:15', '2015-04-10 17:07:29', '2015-04-10', 1, 1, 1, 0, 5, 0, 0, 0, 526.00000000, 0.00000000, 0.00000000, 2630.00000000, 3156.00000000, '', 'Commande de régularisation au 10/04/2015', 'muscadet', '2015-04-10', 3, 2, 3, NULL, NULL),
(10, 'CF1505-0008', 1, NULL, 'D201504003', 3, 0, '2015-07-30 13:34:53', '2015-05-22 10:13:11', '2015-05-22 10:29:53', '2015-06-01 09:37:09', '2015-05-29', 2, 2, 2, 0, 5, 0, 0, 0, 108.22000000, 0.00000000, 0.00000000, 541.09000000, 649.31000000, '', '', 'muscadet', NULL, 3, 7, 1, NULL, NULL),
(11, 'CF1505-0009', 1, NULL, '', 3, 0, '2015-07-30 13:34:33', '2015-05-22 10:32:52', '2015-05-22 10:47:57', '2015-06-01 09:45:11', '2015-05-29', 2, 2, 2, 0, 5, 0, 0, 0, 143.30000000, 0.00000000, 0.00000000, 716.51000000, 859.81000000, '', '', 'muscadet', NULL, 3, 7, 1, NULL, NULL),
(16, 'CF1506-0010', 1, NULL, '', 3, 0, '2015-07-30 13:34:04', '2015-06-26 09:37:30', '2015-06-26 09:37:53', '2015-07-30 15:06:13', '2015-07-30', 2, 2, 2, 0, 5, 0, 0, 0, 193.44000000, 0.00000000, 0.00000000, 967.20000000, 1160.64000000, '', '', 'muscadet', NULL, NULL, NULL, 1, NULL, NULL),
(17, 'CF1507-0011', 1, NULL, '', 3, 0, '2015-07-30 13:33:41', '2015-07-03 10:35:44', '2015-07-03 11:30:06', '2015-07-30 15:08:23', '2015-06-21', 2, 2, 2, 0, 5, 0, 0, 0, 9.84000000, 0.00000000, 0.00000000, 49.19000000, 59.03000000, '', '', 'muscadet', NULL, NULL, NULL, 1, NULL, NULL),
(19, 'CF1507-0012', 1, NULL, 'D201506009', 3, 0, '2015-07-30 13:33:19', '2015-07-10 11:48:27', '2015-07-10 11:50:11', '2015-07-30 15:18:50', '2015-07-09', 2, 2, 2, 0, 5, 0, 0, 0, 0.00000000, 0.00000000, 0.00000000, 857.66000000, 857.66000000, '', '', 'muscadet', NULL, NULL, NULL, -1, NULL, NULL);

-- --------------------------------------------------------

--
-- Structure de la table `llx_commande_fournisseurdet`
--

CREATE TABLE IF NOT EXISTS `llx_commande_fournisseurdet` (
  `rowid` int(11) NOT NULL,
  `fk_commande` int(11) NOT NULL,
  `fk_product` int(11) DEFAULT NULL,
  `ref` varchar(50) DEFAULT NULL,
  `label` varchar(255) DEFAULT NULL,
  `description` text,
  `tva_tx` double(6,3) DEFAULT '0.000',
  `localtax1_tx` double(6,3) DEFAULT '0.000',
  `localtax1_type` varchar(10) NOT NULL DEFAULT '0',
  `localtax2_tx` double(6,3) DEFAULT '0.000',
  `localtax2_type` varchar(10) NOT NULL DEFAULT '0',
  `qty` double DEFAULT NULL,
  `remise_percent` double DEFAULT '0',
  `remise` double DEFAULT '0',
  `subprice` double(24,8) DEFAULT '0.00000000',
  `total_ht` double(24,8) DEFAULT '0.00000000',
  `total_tva` double(24,8) DEFAULT '0.00000000',
  `total_localtax1` double(24,8) DEFAULT '0.00000000',
  `total_localtax2` double(24,8) DEFAULT '0.00000000',
  `total_ttc` double(24,8) DEFAULT '0.00000000',
  `product_type` int(11) DEFAULT '0',
  `date_start` datetime DEFAULT NULL,
  `date_end` datetime DEFAULT NULL,
  `info_bits` int(11) DEFAULT '0',
  `import_key` varchar(14) DEFAULT NULL
) ENGINE=InnoDB AUTO_INCREMENT=49 DEFAULT CHARSET=utf8;

--
-- Contenu de la table `llx_commande_fournisseurdet`
--

INSERT INTO `llx_commande_fournisseurdet` (`rowid`, `fk_commande`, `fk_product`, `ref`, `label`, `description`, `tva_tx`, `localtax1_tx`, `localtax1_type`, `localtax2_tx`, `localtax2_type`, `qty`, `remise_percent`, `remise`, `subprice`, `total_ht`, `total_tva`, `total_localtax1`, `total_localtax2`, `total_ttc`, `product_type`, `date_start`, `date_end`, `info_bits`, `import_key`) VALUES
(2, 1, 8, 'TMG-ASM-2-90-A', 'Bloc transducteur Equipé', '', 19.600, 0.000, '0', 0.000, '0', 1, 0, 0, 3447.51000000, 3447.51000000, 675.71000000, 0.00000000, 0.00000000, 4123.22000000, 0, NULL, NULL, 0, NULL),
(3, 1, 9, 'TMG-ASM-2-91B', 'Capot Numérique Equipé', '', 19.600, 0.000, '0', 0.000, '0', 1, 0, 0, 3338.07500000, 3338.08000000, 654.26000000, 0.00000000, 0.00000000, 3992.34000000, 0, NULL, NULL, 0, NULL),
(5, 1, 7, 'NP12-12-YUASA-12V-12AH', 'BATTERY NP12-12 YUASA', 'Votre ref : NP 12-12-YUASA-12V-12AH', 19.600, 0.000, '0', 0.000, '0', 1, 0, 0, 41.60000000, 41.60000000, 8.15000000, 0.00000000, 0.00000000, 49.75000000, 0, NULL, NULL, 0, NULL),
(6, 1, 3, 'RSN801_MCE', 'Câble alimentation 12 V', 'Vore ref : RSN801-3', 19.600, 0.000, '0', 0.000, '0', 1, 0, 0, 154.70000000, 154.70000000, 30.32000000, 0.00000000, 0.00000000, 185.02000000, 0, NULL, NULL, 0, NULL),
(7, 1, 5, 'RSN819_MCE', 'Câble PC/USB', 'Votre ref : RSN819-1.5', 19.600, 0.000, '0', 0.000, '0', 1, 0, 0, 162.50000000, 162.50000000, 31.85000000, 0.00000000, 0.00000000, 194.35000000, 0, NULL, NULL, 0, NULL),
(8, 1, 4, 'RSN8_MCE', 'Câble GPS', 'votre Ref : RSN8-5', 19.600, 0.000, '0', 0.000, '0', 1, 0, 0, 100.00000000, 100.00000000, 19.60000000, 0.00000000, 0.00000000, 119.60000000, 0, NULL, NULL, 0, NULL),
(9, 1, 6, '2000BTNC_PROL', 'GPS ANTENNA PROCOM 2000B TNC', 'Votre ref GPS2000-B-TNC-3V', 19.600, 0.000, '0', 0.000, '0', 1, 0, 0, 62.40000000, 62.40000000, 12.23000000, 0.00000000, 0.00000000, 74.63000000, 0, NULL, NULL, 0, NULL),
(10, 1, NULL, '', '', 'DEPLACEMENT\r\nPrestation de déplacement', 19.600, 0.000, '0', 0.000, '0', 10, 0, 0, 50.00000000, 500.00000000, 98.00000000, 0.00000000, 0.00000000, 598.00000000, 1, NULL, NULL, 0, NULL),
(11, 1, NULL, '', '', 'MONTAGE\r\nPrestation Montage', 19.600, 0.000, '0', 0.000, '0', 3, 0, 0, 495.00000000, 1485.00000000, 291.06000000, 0.00000000, 0.00000000, 1776.06000000, 1, NULL, NULL, 0, NULL),
(12, 1, NULL, '', '', 'DEPLACEMENT\r\nPrestation Déplacement', 19.600, 0.000, '0', 0.000, '0', 2, 0, 0, 155.00000000, 310.00000000, 60.76000000, 0.00000000, 0.00000000, 370.76000000, 1, NULL, NULL, 0, NULL),
(13, 2, 10, 'MU000384-/', 'Magnet Wrench', 'Wrench designed to adjust the position of the magnet', 20.000, 0.000, '0', 0.000, '0', 20, 0, 0, 28.65000000, 573.00000000, 114.60000000, 0.00000000, 0.00000000, 687.60000000, 0, NULL, NULL, 0, NULL),
(22, 5, 8, 'D201405020/20', 'Bloc transducteur Equipé', '15 UNITES POUR LE 01/03/2015 14 pour CTBTO et 1 pour IPGP\r\n28 UNITES POUR LE 15/04/2015\r\nCommentaires :\r\nMBTC :  Passer la carte et la sérigraphie en révision 2.2\r\nMBT : Passer la carte et la sérigraphie en révision 2.2\r\nModification du plan de la bride', 20.000, 0.000, '0', 0.000, '0', 43, 0, 0, 2910.63000000, 125157.09000000, 25031.42000000, 0.00000000, 0.00000000, 150188.51000000, 0, NULL, NULL, 0, NULL),
(23, 5, 9, 'TMG-ASM-2-91B', 'Capot Numérique Equipé', '8 unités pour le 01/03/2015\r\ncommentaires:\r\nGAIA : Passer la carte et la sérigraphie en révision 2.2\r\n+ 12 mémoires Micron MT29F8G08ABABAWP-IT-B à fournir à Fullscale à la commande.\r\nMBPH :Passer la carte et la sérigraphie en révision 2.2\r\nMBEF : Passer la carte et la sérigraphie en révision 2.2\r\nMBPV : Passer la carte et la sérigraphie en révision 2.2', 20.000, 0.000, '0', 0.000, '0', 8, 0, 0, 3288.68000000, 26309.44000000, 5261.89000000, 0.00000000, 0.00000000, 31571.33000000, 0, NULL, NULL, 0, NULL),
(24, 5, 13, 'D201405020', 'Capot Analogique Equipé', '14 unités pour le 01/03/2015 14 pour CTBTO\r\n21 unités pour le 01/05/2015\r\nCommentaires:\r\nMBPA : Passer la carte et la sérigraphie en révision 2.2', 20.000, 0.000, '0', 0.000, '0', 35, 0, 0, 648.90000000, 22711.50000000, 4542.30000000, 0.00000000, 0.00000000, 27253.80000000, 0, NULL, NULL, 0, NULL),
(27, 7, 3, 'RSN801_MCE', '12 V Power cable', '29 POUR CTBTO\r\n1 POUR IPGP\r\n1 POUR HAWAII\r\n+ 10 cables pour outillage Prolann (banc de test)', 20.000, 0.000, '0', 0.000, '0', 31, 0, 0, 0.00000000, 0.00000000, 0.00000000, 0.00000000, 0.00000000, 0.00000000, 0, NULL, NULL, 0, NULL),
(28, 7, 18, 'PR_000_183_–_CBL', 'GPS cable 10 m', '10 m long<br />\r\nCoaxial TNC to TNC', 20.000, 0.000, '0', 0.000, '0', 5, 0, 0, 0.00000000, 0.00000000, 0.00000000, 0.00000000, 0.00000000, 0.00000000, 0, NULL, NULL, 0, NULL),
(29, 7, 17, 'PR_000_051_–_CBL', 'PC/USB cable 3 m', '18 pin to USB<br />\r\n3 m long\r\n10 pour CTBTO\r\n+1 pour outillage Prolann (Banc de test)', 20.000, 0.000, '0', 0.000, '0', 10, 0, 0, 0.00000000, 0.00000000, 0.00000000, 0.00000000, 0.00000000, 0.00000000, 0, NULL, NULL, 0, NULL),
(30, 7, 16, 'PR000161-CBL', 'Sensor to digitizer cable', '3 m long<br />\r\n18 pin to not wired', 20.000, 0.000, '0', 0.000, '0', 24, 0, 0, 0.00000000, 0.00000000, 0.00000000, 0.00000000, 0.00000000, 0.00000000, 0, NULL, NULL, 0, NULL),
(31, 7, 20, 'PR000082–CBL', 'Magnet Adjustment Cable', '18 pin connector to banana plugs. To connect between the analog module and a multimeter in order to adjust the magnet postion.\r\n+ 2 pour outillage Prolann (banc de test)', 20.000, 0.000, '0', 0.000, '0', 10, 0, 0, 0.00000000, 0.00000000, 0.00000000, 0.00000000, 0.00000000, 0.00000000, 0, NULL, NULL, 0, NULL),
(32, 7, 6, '2000BTNC_PROL', 'GPS ANTENNA PROCOM 2000B TNC', '5 POUR CTBTO\r\n1 POUR IPGP\r\n1 POUR ISLA HAWAII\r\n+ 9 pour outillage Prolann (banc de test)', 20.000, 0.000, '0', 0.000, '0', 7, 0, 0, 62.40000000, 436.80000000, 87.36000000, 0.00000000, 0.00000000, 524.16000000, 0, NULL, NULL, 0, NULL),
(33, 7, 7, 'NP12-12-YUASA-12V-12AH', 'BATTERY NP12-12 YUASA', '1 POUR IPGP\r\n1 pour hawaii\r\n+ 3 pour outillage Prolann (banc de test)', 20.000, 0.000, '0', 0.000, '0', 2, 0, 0, 0.00000000, 0.00000000, 0.00000000, 0.00000000, 0.00000000, 0.00000000, 0, NULL, NULL, 0, NULL),
(34, 7, 5, 'PR000188-CBL', 'Câble PC/USB', '18 pin to USB<br />\r\n1.5 m long\r\n1 POUR IPGP\r\n1 POUR ISLA HAWAII\r\n+1 pour outillage prolann (banc de test)', 20.000, 0.000, '0', 0.000, '0', 2, 0, 0, 0.00000000, 0.00000000, 0.00000000, 0.00000000, 0.00000000, 0.00000000, 0, NULL, NULL, 0, NULL),
(35, 7, 4, 'PR000183–CBL_3', 'GPS cable 3m', '5 m long<br />\r\nCoaxial TNC to TNC\r\n1 POUR IPGP\r\n1 POUR HAWAII', 20.000, 0.000, '0', 0.000, '0', 2, 0, 0, 0.00000000, 0.00000000, 0.00000000, 0.00000000, 0.00000000, 0.00000000, 0, NULL, NULL, 0, NULL),
(36, 7, 12, 'devis', 'TNC Male to TNC Male Right Angle Adapter', 'fournisseur unique Pasternack\r\nhttp://www.pasternack.com/tnc-male-tnc-male-right-angle-adapter-pe9560-P.aspx\r\n \r\n5 pour CTBTO\r\n+ 3 pour outillage Prolann (banc de test)', 20.000, 0.000, '0', 0.000, '0', 5, 0, 0, 47.00000000, 235.00000000, 47.00000000, 0.00000000, 0.00000000, 282.00000000, 0, NULL, NULL, 0, NULL),
(37, 8, 19, 'TMG-DET-3-73', 'PELICASE 1650 with adapted Foam', 'PELICASE 1650  + adapted foam<br />\r\nInt Dim : L725 x W445 x D270 mm<br />\r\nExt Dim : L802 x W520 x D316 mm\r\nref PR000198 Emballage pelicase 6 MB3', 20.000, 0.000, '0', 0.000, '0', 2, 0, 0, 895.00000000, 1790.00000000, 358.00000000, 0.00000000, 0.00000000, 2148.00000000, 0, NULL, NULL, 0, NULL),
(38, 8, NULL, '', '', 'OUtillage programme développement', 20.000, 0.000, '0', 0.000, '0', 1, 0, 0, 840.00000000, 840.00000000, 168.00000000, 0.00000000, 0.00000000, 1008.00000000, 1, NULL, NULL, 0, NULL),
(40, 10, 23, 'PR000169', 'ScrewPack Plastic tube with foam', '(Affaire CTBTO)', 20.000, 0.000, '0', 0.000, '0', 11, 0, 0, 49.19000000, 541.09000000, 108.22000000, 0.00000000, 0.00000000, 649.31000000, 0, NULL, NULL, 0, NULL),
(41, 11, 16, 'PR000161-CBL', 'Sensor to digitizer cable', '(affaire SANDIA)', 20.000, 0.000, '0', 0.000, '0', 3, 0, 0, 183.84000000, 551.52000000, 110.30000000, 0.00000000, 0.00000000, 661.82000000, 0, NULL, NULL, 0, NULL),
(42, 11, 20, 'PR000082–CBL', 'Magnet Adjustment Cable', '(affaire SANDIA)', 20.000, 0.000, '0', 0.000, '0', 1, 0, 0, 164.99000000, 164.99000000, 33.00000000, 0.00000000, 0.00000000, 197.99000000, 0, NULL, NULL, 0, NULL),
(46, 16, 19, 'TMG-DET-3-73', 'PELICASE 1650 with adapted Foam', 'PELICASE 1650 &nbsp;+ adapted foam<br />\r\nInt Dim : L725 x W445 x D270 mm<br />\r\nExt Dim : L802 x W520 x D316 mm', 20.000, 0.000, '0', 0.000, '0', 1, 0, 0, 967.20000000, 967.20000000, 193.44000000, 0.00000000, 0.00000000, 1160.64000000, 0, NULL, NULL, 0, NULL),
(47, 17, 23, 'PR000169', 'ScrewPack MB3 Transportation box', '', 20.000, 0.000, '0', 0.000, '0', 1, 0, 0, 49.19000000, 49.19000000, 9.84000000, 0.00000000, 0.00000000, 59.03000000, 0, NULL, NULL, 0, NULL),
(48, 19, 25, 'PELI1430_1S', 'PELICASE 1430 with adapted Foam', 'PELICASE 1430 &nbsp;+ adapted foam<br />\r\nDim. int&nbsp;: 344 x 146 x 297 mm<br />\r\nDim. ext&nbsp;: 430 x 244 x 341 mm', 0.000, 0.000, '0', 0.000, '0', 1, 0, 0, 857.66000000, 857.66000000, 0.00000000, 0.00000000, 0.00000000, 857.66000000, 0, NULL, NULL, 0, NULL);

-- --------------------------------------------------------

--
-- Structure de la table `llx_commande_fournisseur_dispatch`
--

CREATE TABLE IF NOT EXISTS `llx_commande_fournisseur_dispatch` (
  `rowid` int(11) NOT NULL,
  `fk_commande` int(11) DEFAULT NULL,
  `fk_product` int(11) DEFAULT NULL,
  `qty` float DEFAULT NULL,
  `fk_entrepot` int(11) DEFAULT NULL,
  `fk_user` int(11) DEFAULT NULL,
  `datec` datetime DEFAULT NULL
) ENGINE=InnoDB AUTO_INCREMENT=40 DEFAULT CHARSET=utf8;

--
-- Contenu de la table `llx_commande_fournisseur_dispatch`
--

INSERT INTO `llx_commande_fournisseur_dispatch` (`rowid`, `fk_commande`, `fk_product`, `qty`, `fk_entrepot`, `fk_user`, `datec`) VALUES
(1, 8, 19, 2, 1, 1, '2015-04-10 17:08:03'),
(2, 5, 8, 8, 1, 1, '2015-04-10 17:08:38'),
(3, 5, 13, 8, 1, 1, '2015-04-10 17:08:38'),
(4, 7, 6, 5, 1, 1, '2015-04-10 17:11:13'),
(5, 7, 12, 5, 1, 1, '2015-04-10 17:11:13'),
(6, 7, 16, 14, 1, 1, '2015-04-10 17:11:13'),
(7, 7, 18, 5, 1, 1, '2015-04-10 17:11:13'),
(8, 7, 3, 14, 1, 1, '2015-04-10 17:11:13'),
(9, 5, 8, 1, 1, 2, '2015-04-30 16:32:47'),
(10, 5, 9, 1, 1, 2, '2015-04-30 16:32:47'),
(11, 7, 4, 1, 1, 2, '2015-05-04 09:36:57'),
(12, 7, 5, 1, 1, 2, '2015-05-04 09:43:08'),
(13, 7, 3, 1, 1, 2, '2015-05-04 09:46:19'),
(14, 7, 7, 1, 1, 2, '2015-05-04 09:49:28'),
(15, 7, 6, 1, 1, 2, '2015-05-04 09:52:29'),
(16, 7, 20, 10, 1, 2, '2015-05-11 13:50:59'),
(17, 7, 16, 10, 1, 2, '2015-05-11 13:51:00'),
(18, 7, 3, 15, 1, 2, '2015-05-11 13:51:00'),
(19, 5, 9, 7, 1, 2, '2015-05-11 13:52:25'),
(20, 5, 13, 6, 1, 2, '2015-05-11 13:52:26'),
(21, 5, 8, 6, 1, 2, '2015-05-11 14:04:27'),
(22, 10, 23, 7, 1, 2, '2015-06-01 09:38:52'),
(23, 5, 8, 3, 1, 2, '2015-06-01 09:43:54'),
(24, 5, 13, 3, 1, 2, '2015-06-01 09:43:54'),
(25, 11, 20, 1, 1, 2, '2015-06-01 09:48:17'),
(26, 11, 16, 1, 1, 2, '2015-06-01 09:48:17'),
(27, 5, 8, 6, 1, 2, '2015-07-09 15:53:01'),
(28, 17, 23, 1, 1, 2, '2015-07-30 15:10:46'),
(29, 17, 23, 1, 1, 2, '2015-07-30 15:11:18'),
(30, 7, 6, 1, 1, 2, '2015-07-30 15:17:30'),
(31, 7, 7, 1, 1, 2, '2015-07-30 15:17:30'),
(32, 7, 4, 1, 1, 2, '2015-07-30 15:17:30'),
(33, 7, 3, 1, 1, 2, '2015-07-30 15:17:30'),
(34, 7, 5, 1, 1, 2, '2015-07-30 15:17:30'),
(35, 7, 17, 10, 1, 2, '2015-07-30 15:17:30'),
(36, 11, 16, 2, 1, 2, '2015-07-30 15:18:05'),
(37, 10, 23, 4, 1, 2, '2015-07-30 15:18:38'),
(38, 19, 25, 1, 1, 2, '2015-07-30 15:19:13'),
(39, 16, 19, 1, 1, 2, '2015-07-30 15:19:49');

-- --------------------------------------------------------

--
-- Structure de la table `llx_commande_fournisseur_extrafields`
--

CREATE TABLE IF NOT EXISTS `llx_commande_fournisseur_extrafields` (
  `rowid` int(11) NOT NULL,
  `tms` timestamp NOT NULL DEFAULT CURRENT_TIMESTAMP ON UPDATE CURRENT_TIMESTAMP,
  `fk_object` int(11) NOT NULL,
  `import_key` varchar(14) DEFAULT NULL,
  `Dat_com` date DEFAULT NULL
) ENGINE=InnoDB DEFAULT CHARSET=utf8;

-- --------------------------------------------------------

--
-- Structure de la table `llx_commande_fournisseur_log`
--

CREATE TABLE IF NOT EXISTS `llx_commande_fournisseur_log` (
  `rowid` int(11) NOT NULL,
  `tms` timestamp NOT NULL DEFAULT CURRENT_TIMESTAMP ON UPDATE CURRENT_TIMESTAMP,
  `datelog` datetime NOT NULL,
  `fk_commande` int(11) NOT NULL,
  `fk_statut` smallint(6) NOT NULL,
  `fk_user` int(11) NOT NULL,
  `comment` varchar(255) DEFAULT NULL
) ENGINE=InnoDB AUTO_INCREMENT=95 DEFAULT CHARSET=utf8;

--
-- Contenu de la table `llx_commande_fournisseur_log`
--

INSERT INTO `llx_commande_fournisseur_log` (`rowid`, `tms`, `datelog`, `fk_commande`, `fk_statut`, `fk_user`, `comment`) VALUES
(1, '2013-12-23 08:25:37', '2013-12-23 09:25:37', 1, 0, 2, NULL),
(2, '2013-12-23 14:13:27', '2013-12-23 15:13:27', 1, 1, 1, NULL),
(3, '2013-12-23 14:13:44', '2013-12-23 15:13:44', 1, 1, 1, NULL),
(4, '2013-12-23 14:16:15', '2013-12-23 15:16:15', 1, 1, 1, NULL),
(5, '2013-12-23 14:16:38', '2013-12-23 15:16:38', 1, 1, 1, NULL),
(6, '2013-12-23 14:16:52', '2013-12-23 15:16:52', 1, 1, 1, NULL),
(7, '2013-12-23 14:17:04', '2013-12-23 15:17:04', 1, 1, 1, NULL),
(8, '2013-12-23 14:20:07', '2013-12-23 15:20:07', 1, 1, 1, NULL),
(9, '2013-12-23 14:20:26', '2013-12-23 15:20:26', 1, 1, 1, NULL),
(10, '2014-05-21 10:03:02', '2014-05-21 12:03:02', 2, 0, 1, NULL),
(11, '2014-05-21 10:04:16', '2014-05-21 12:04:16', 2, 1, 1, NULL),
(12, '2014-06-13 12:13:45', '2014-06-13 14:13:45', 2, 1, 1, NULL),
(13, '2014-06-13 12:13:54', '2014-06-13 14:13:54', 2, 1, 1, NULL),
(14, '2014-06-13 12:14:06', '2014-06-13 14:14:06', 2, 2, 1, NULL),
(15, '2014-06-13 12:14:28', '2014-06-13 00:00:00', 2, 3, 1, NULL),
(16, '2014-06-13 12:14:48', '2014-06-13 00:00:00', 2, 5, 1, NULL),
(17, '2014-06-13 12:41:18', '2014-06-13 14:41:18', 1, 2, 1, NULL),
(18, '2014-06-13 12:42:07', '2013-12-23 00:00:00', 1, 3, 1, NULL),
(19, '2014-06-13 12:42:51', '2014-04-22 00:00:00', 1, 5, 1, NULL),
(20, '2014-07-03 11:41:24', '2014-07-03 13:41:24', 3, 0, 1, NULL),
(21, '2014-07-03 11:53:57', '2014-07-03 13:53:57', 3, 1, 1, NULL),
(22, '2014-07-03 11:54:27', '2014-07-03 13:54:27', 3, 2, 1, NULL),
(23, '2014-07-03 11:54:40', '2014-07-03 00:00:00', 3, 3, 1, NULL),
(24, '2014-08-26 08:43:52', '2014-08-26 10:43:52', 4, 0, 1, NULL),
(25, '2014-08-26 09:14:21', '2014-08-26 11:14:21', 4, 1, 1, NULL),
(26, '2014-08-26 09:24:06', '2014-08-26 11:24:06', 4, 1, 1, NULL),
(27, '2014-08-26 09:25:20', '2014-08-26 11:25:20', 4, 2, 1, NULL),
(28, '2014-08-26 09:25:36', '2014-08-26 00:00:00', 4, 3, 1, NULL),
(29, '2014-08-27 12:47:56', '2014-08-27 14:47:56', 5, 0, 1, NULL),
(30, '2014-08-27 13:24:31', '2014-08-27 15:24:31', 5, 1, 1, NULL),
(31, '2014-08-27 13:25:48', '2014-08-27 15:25:48', 5, 1, 1, NULL),
(32, '2014-08-27 13:36:24', '2014-08-27 15:36:24', 5, 1, 1, NULL),
(33, '2014-08-27 13:42:02', '2014-08-27 15:42:02', 5, 1, 1, NULL),
(34, '2014-08-27 14:12:41', '2014-08-27 16:12:41', 6, 0, 1, NULL),
(35, '2014-08-27 14:22:04', '2014-08-27 16:22:04', 6, 1, 1, NULL),
(36, '2014-08-27 14:34:55', '2014-08-27 16:34:55', 6, 1, 1, NULL),
(37, '2014-10-06 13:50:59', '2014-10-06 15:50:59', 5, 1, 1, NULL),
(38, '2014-12-04 11:02:39', '2014-12-04 12:02:39', 5, 1, 1, NULL),
(39, '2015-01-13 13:36:08', '2015-01-13 14:36:08', 7, 0, 1, NULL),
(40, '2015-01-13 13:36:45', '2015-01-13 14:36:45', 7, 1, 1, NULL),
(41, '2015-01-13 14:01:34', '2015-01-13 15:01:34', 7, 1, 1, NULL),
(42, '2015-01-13 14:18:14', '2015-01-13 15:18:14', 7, 1, 1, NULL),
(43, '2015-01-13 14:44:51', '2015-01-13 15:44:51', 7, 1, 1, NULL),
(44, '2015-01-13 15:14:58', '2015-01-13 16:14:58', 7, 1, 1, NULL),
(45, '2015-01-19 14:38:18', '2015-01-19 15:38:18', 7, 1, 1, NULL),
(46, '2015-01-19 14:48:39', '2015-01-19 15:48:39', 7, 1, 1, NULL),
(47, '2015-04-10 13:29:01', '2015-04-10 15:29:01', 8, 0, 1, NULL),
(48, '2015-04-10 13:33:58', '2015-04-10 15:33:58', 8, 1, 1, NULL),
(49, '2015-04-10 13:42:15', '2015-04-10 15:42:15', 8, 1, 1, NULL),
(50, '2015-04-10 14:43:29', '2015-04-10 16:43:29', 5, 2, 1, NULL),
(51, '2015-04-10 14:43:58', '2014-12-01 00:00:00', 5, 3, 1, NULL),
(52, '2015-04-10 14:44:12', '2015-04-10 00:00:00', 5, 4, 1, NULL),
(53, '2015-04-10 15:07:29', '2015-04-10 17:07:29', 8, 2, 1, NULL),
(54, '2015-04-10 15:07:39', '2015-04-10 00:00:00', 8, 3, 1, NULL),
(55, '2015-04-10 15:07:49', '2015-04-10 00:00:00', 8, 5, 1, NULL),
(56, '2015-04-10 15:09:27', '2015-04-10 17:09:27', 7, 2, 1, NULL),
(57, '2015-04-10 15:09:57', '2015-01-19 00:00:00', 7, 3, 1, NULL),
(58, '2015-04-10 15:10:07', '2015-04-10 00:00:00', 7, 4, 1, NULL),
(59, '2015-05-22 08:07:53', '2015-05-22 10:07:53', 9, 0, 2, NULL),
(60, '2015-05-22 08:13:11', '2015-05-22 10:13:11', 10, 0, 2, NULL),
(61, '2015-05-22 08:25:56', '2015-05-22 10:25:56', 10, 1, 2, NULL),
(62, '2015-05-22 08:28:29', '2015-05-22 10:28:29', 10, 1, 2, NULL),
(63, '2015-05-22 08:29:53', '2015-05-22 10:29:53', 10, 1, 2, NULL),
(64, '2015-05-22 08:32:52', '2015-05-22 10:32:52', 11, 0, 2, NULL),
(65, '2015-05-22 08:44:51', '2015-05-22 10:44:51', 11, 1, 2, NULL),
(66, '2015-05-22 08:47:57', '2015-05-22 10:47:57', 11, 1, 2, NULL),
(67, '2015-05-22 08:52:01', '2015-05-22 10:52:01', 12, 0, 2, NULL),
(68, '2015-05-22 08:53:58', '2015-05-22 10:53:58', 12, 1, 2, NULL),
(69, '2015-06-01 07:37:09', '2015-06-01 09:37:09', 10, 2, 2, NULL),
(70, '2015-06-01 07:38:37', '2015-05-29 00:00:00', 10, 3, 2, NULL),
(71, '2015-06-01 07:45:11', '2015-06-01 09:45:11', 11, 2, 2, NULL),
(72, '2015-06-01 07:45:38', '2015-05-29 00:00:00', 11, 3, 2, NULL),
(73, '2015-06-26 07:30:17', '2015-06-26 09:30:17', 13, 0, 2, NULL),
(74, '2015-06-26 07:31:24', '2015-06-26 09:31:24', 14, 0, 2, NULL),
(75, '2015-06-26 07:33:41', '2015-06-26 09:33:41', 15, 0, 2, NULL),
(76, '2015-06-26 07:37:30', '2015-06-26 09:37:30', 16, 0, 2, NULL),
(77, '2015-06-26 07:37:53', '2015-06-26 09:37:53', 16, 1, 2, NULL),
(78, '2015-07-03 08:35:44', '2015-07-03 10:35:44', 17, 0, 2, NULL),
(79, '2015-07-03 09:27:32', '2015-07-03 11:27:32', 18, 0, 2, NULL),
(80, '2015-07-03 09:30:06', '2015-07-03 11:30:06', 17, 1, 2, NULL),
(81, '2015-07-10 09:48:27', '2015-07-10 11:48:27', 19, 0, 2, NULL),
(82, '2015-07-10 09:50:11', '2015-07-10 11:50:11', 19, 1, 2, NULL),
(83, '2015-07-30 13:06:13', '2015-07-30 15:06:13', 16, 2, 2, NULL),
(84, '2015-07-30 13:06:44', '2015-07-30 00:00:00', 16, 3, 2, NULL),
(85, '2015-07-30 13:08:23', '2015-07-30 15:08:23', 17, 2, 2, NULL),
(86, '2015-07-30 13:08:55', '2015-06-21 00:00:00', 17, 3, 2, NULL),
(87, '2015-07-30 13:18:50', '2015-07-30 15:18:50', 19, 2, 2, NULL),
(88, '2015-07-30 13:19:00', '2015-07-09 00:00:00', 19, 3, 2, NULL),
(89, '2015-07-30 13:33:19', '2015-07-30 00:00:00', 19, 5, 2, NULL),
(90, '2015-07-30 13:33:41', '2015-07-30 00:00:00', 17, 5, 2, NULL),
(91, '2015-07-30 13:34:04', '2015-07-30 00:00:00', 16, 5, 2, NULL),
(92, '2015-07-30 13:34:33', '2015-07-30 00:00:00', 11, 5, 2, NULL),
(93, '2015-07-30 13:34:53', '2015-07-30 00:00:00', 10, 5, 2, NULL),
(94, '2015-07-30 13:35:30', '2015-07-30 00:00:00', 7, 5, 2, NULL);

-- --------------------------------------------------------

--
-- Structure de la table `llx_compta`
--

CREATE TABLE IF NOT EXISTS `llx_compta` (
  `rowid` int(11) NOT NULL,
  `datec` datetime DEFAULT NULL,
  `datev` date DEFAULT NULL,
  `amount` double NOT NULL DEFAULT '0',
  `label` varchar(255) DEFAULT NULL,
  `fk_compta_account` int(11) DEFAULT NULL,
  `fk_user_author` int(11) DEFAULT NULL,
  `fk_user_valid` int(11) DEFAULT NULL,
  `valid` tinyint(4) DEFAULT '0',
  `note` text
) ENGINE=InnoDB DEFAULT CHARSET=utf8;

-- --------------------------------------------------------

--
-- Structure de la table `llx_compta_account`
--

CREATE TABLE IF NOT EXISTS `llx_compta_account` (
  `rowid` int(11) NOT NULL,
  `datec` datetime DEFAULT NULL,
  `number` varchar(12) DEFAULT NULL,
  `label` varchar(255) DEFAULT NULL,
  `fk_user_author` int(11) DEFAULT NULL,
  `note` text
) ENGINE=InnoDB DEFAULT CHARSET=utf8;

-- --------------------------------------------------------

--
-- Structure de la table `llx_compta_compte_generaux`
--

CREATE TABLE IF NOT EXISTS `llx_compta_compte_generaux` (
  `rowid` int(11) NOT NULL,
  `date_creation` datetime DEFAULT NULL,
  `numero` varchar(50) DEFAULT NULL,
  `intitule` varchar(255) DEFAULT NULL,
  `fk_user_author` int(11) DEFAULT NULL,
  `note` text
) ENGINE=InnoDB DEFAULT CHARSET=utf8;

-- --------------------------------------------------------

--
-- Structure de la table `llx_const`
--

CREATE TABLE IF NOT EXISTS `llx_const` (
  `rowid` int(11) NOT NULL,
  `name` varchar(255) NOT NULL,
  `entity` int(11) NOT NULL DEFAULT '1',
  `value` text NOT NULL,
  `type` varchar(6) DEFAULT NULL,
  `visible` tinyint(4) NOT NULL DEFAULT '1',
  `note` text,
  `tms` timestamp NOT NULL DEFAULT CURRENT_TIMESTAMP ON UPDATE CURRENT_TIMESTAMP
) ENGINE=InnoDB AUTO_INCREMENT=665 DEFAULT CHARSET=utf8;

--
-- Contenu de la table `llx_const`
--

INSERT INTO `llx_const` (`rowid`, `name`, `entity`, `value`, `type`, `visible`, `note`, `tms`) VALUES
(2, 'MAIN_FEATURES_LEVEL', 0, '0', 'chaine', 1, 'Level of features to show (0=stable only, 1=stable+experimental, 2=stable+experimental+development', '2013-08-01 07:48:50'),
(3, 'SYSLOG_HANDLERS', 0, '["mod_syslog_file"]', 'chaine', 0, 'Which logger to use', '2013-08-01 07:48:50'),
(4, 'SYSLOG_FILE', 0, 'DOL_DATA_ROOT/dolibarr.log', 'chaine', 0, 'Directory where to write log file', '2013-08-01 07:48:50'),
(5, 'SYSLOG_LEVEL', 0, '7', 'chaine', 0, 'Level of debug info to show', '2013-08-01 07:48:50'),
(8, 'MAIN_UPLOAD_DOC', 0, '2048', 'chaine', 0, 'Max size for file upload (0 means no upload allowed)', '2013-08-01 07:48:50'),
(11, 'MAIN_SIZE_LISTE_LIMIT', 0, '25', 'chaine', 0, 'Longueur maximum des listes', '2013-08-01 07:48:50'),
(12, 'MAIN_SHOW_WORKBOARD', 0, '1', 'yesno', 0, 'Affichage tableau de bord de travail Dolibarr', '2013-08-01 07:48:50'),
(13, 'MAIN_MENU_STANDARD', 1, 'eldy_menu.php', 'chaine', 0, 'Module de gestion de la barre de menu pour utilisateurs internes', '2013-09-30 17:25:12'),
(14, 'MAIN_MENUFRONT_STANDARD', 1, 'eldy_menu.php', 'chaine', 0, 'Module de gestion de la barre de menu pour utilisateurs externes', '2013-09-30 17:25:12'),
(15, 'MAIN_MENU_SMARTPHONE', 1, 'eldy_menu.php', 'chaine', 0, 'Module de gestion de la barre de menu smartphone pour utilisateurs internes', '2013-09-30 17:25:12'),
(16, 'MAIN_MENUFRONT_SMARTPHONE', 1, 'eldy_menu.php', 'chaine', 0, 'Module de gestion de la barre de menu smartphone pour utilisateurs externes', '2013-09-30 17:25:12'),
(17, 'MAIN_DELAY_ACTIONS_TODO', 1, '7', 'chaine', 0, 'Tolérance de retard avant alerte (en jours) sur actions planifiées non réalisées', '2013-08-01 07:48:50'),
(18, 'MAIN_DELAY_ORDERS_TO_PROCESS', 1, '2', 'chaine', 0, 'Tolérance de retard avant alerte (en jours) sur commandes clients non traitées', '2013-08-01 07:48:50'),
(19, 'MAIN_DELAY_SUPPLIER_ORDERS_TO_PROCESS', 1, '7', 'chaine', 0, 'Tolérance de retard avant alerte (en jours) sur commandes fournisseurs non traitées', '2013-08-01 07:48:50'),
(20, 'MAIN_DELAY_PROPALS_TO_CLOSE', 1, '31', 'chaine', 0, 'Tolérance de retard avant alerte (en jours) sur propales à cloturer', '2013-08-01 07:48:50'),
(21, 'MAIN_DELAY_PROPALS_TO_BILL', 1, '7', 'chaine', 0, 'Tolérance de retard avant alerte (en jours) sur propales non facturées', '2013-08-01 07:48:50'),
(22, 'MAIN_DELAY_CUSTOMER_BILLS_UNPAYED', 1, '31', 'chaine', 0, 'Tolérance de retard avant alerte (en jours) sur factures client impayées', '2013-08-01 07:48:50'),
(23, 'MAIN_DELAY_SUPPLIER_BILLS_TO_PAY', 1, '2', 'chaine', 0, 'Tolérance de retard avant alerte (en jours) sur factures fournisseur impayées', '2013-08-01 07:48:50'),
(24, 'MAIN_DELAY_NOT_ACTIVATED_SERVICES', 1, '0', 'chaine', 0, 'Tolérance de retard avant alerte (en jours) sur services à activer', '2013-08-01 07:48:50'),
(25, 'MAIN_DELAY_RUNNING_SERVICES', 1, '0', 'chaine', 0, 'Tolérance de retard avant alerte (en jours) sur services expirés', '2013-08-01 07:48:50'),
(26, 'MAIN_DELAY_MEMBERS', 1, '31', 'chaine', 0, 'Tolérance de retard avant alerte (en jours) sur cotisations adhérent en retard', '2013-08-01 07:48:50'),
(27, 'MAIN_DELAY_TRANSACTIONS_TO_CONCILIATE', 1, '62', 'chaine', 0, 'Tolérance de retard avant alerte (en jours) sur rapprochements bancaires à faire', '2013-08-01 07:48:50'),
(28, 'SOCIETE_NOLIST_COURRIER', 0, '1', 'yesno', 0, 'Liste les fichiers du repertoire courrier', '2013-08-01 07:48:50'),
(53, 'MAIN_INFO_SOCIETE_LOGO', 1, 'logo.png', 'chaine', 0, '', '2013-08-01 07:56:48'),
(54, 'MAIN_INFO_SOCIETE_LOGO_SMALL', 1, 'logo_small.png', 'chaine', 0, '', '2013-08-01 07:56:49'),
(55, 'MAIN_INFO_SOCIETE_LOGO_MINI', 1, 'logo_mini.png', 'chaine', 0, '', '2013-08-01 07:56:49'),
(65, 'SOCIETE_CODECLIENT_ADDON', 1, 'mod_codeclient_leopard', 'chaine', 0, 'Module to control third parties codes', '2013-08-01 07:57:08'),
(66, 'SOCIETE_CODECOMPTA_ADDON', 1, 'mod_codecompta_panicum', 'chaine', 0, 'Module to control third parties codes', '2013-08-01 07:57:08'),
(69, 'COMPANY_ADDON_PDF_ODT_PATH', 1, 'DOL_DATA_ROOT/doctemplates/thirdparties', 'chaine', 0, NULL, '2013-08-01 07:57:08'),
(71, 'PROPALE_ADDON_PDF', 1, 'azur', 'chaine', 0, 'Nom du gestionnaire de generation des propales en PDF', '2013-08-01 07:57:11'),
(72, 'PROPALE_ADDON', 1, 'mod_propale_marbre', 'chaine', 0, 'Nom du gestionnaire de numerotation des propales', '2013-08-01 07:57:11'),
(77, 'COMMANDE_ADDON_PDF', 1, 'einstein', 'chaine', 0, 'Name of PDF model of order', '2013-08-01 07:57:15'),
(78, 'COMMANDE_ADDON', 1, 'mod_commande_marbre', 'chaine', 0, 'Name of numbering numerotation rules of order', '2013-08-01 07:57:15'),
(79, 'COMMANDE_ADDON_PDF_ODT_PATH', 1, 'DOL_DATA_ROOT/doctemplates/orders', 'chaine', 0, NULL, '2013-08-01 07:57:15'),
(81, 'MAIN_MODULE_CONTRAT', 1, '1', NULL, 0, NULL, '2013-08-01 07:57:19'),
(82, 'CONTRACT_ADDON', 1, 'mod_contract_serpis', 'chaine', 0, 'Nom du gestionnaire de numerotation des contrats', '2013-08-01 07:57:19'),
(85, 'MAIN_MODULE_FICHEINTER', 1, '1', NULL, 0, NULL, '2013-08-01 07:57:21'),
(86, 'FICHEINTER_ADDON_PDF', 1, 'soleil', 'chaine', 0, NULL, '2013-08-01 07:57:22'),
(87, 'FICHEINTER_ADDON', 1, 'pacific', 'chaine', 0, NULL, '2013-08-01 07:57:22'),
(89, 'MAIN_MODULE_EXPEDITION', 1, '1', NULL, 0, NULL, '2013-08-01 07:57:24'),
(90, 'EXPEDITION_ADDON_PDF', 1, 'rouget', 'chaine', 0, 'Nom du gestionnaire de generation des bons expeditions en PDF', '2013-08-01 07:57:24'),
(91, 'EXPEDITION_ADDON_NUMBER', 1, 'mod_expedition_safor', 'chaine', 0, 'Nom du gestionnaire de numerotation des expeditions', '2013-08-01 07:57:24'),
(93, 'LIVRAISON_ADDON_NUMBER', 1, 'mod_livraison_jade', 'chaine', 0, 'Nom du gestionnaire de numerotation des bons de reception', '2013-09-30 17:25:12'),
(96, 'MAIN_MODULE_COMPTABILITE', 1, '1', NULL, 0, NULL, '2013-08-01 07:57:40'),
(98, 'FACTURE_ADDON_PDF', 1, 'crabe', 'chaine', 0, 'Name of PDF model of invoice', '2013-08-01 07:57:40'),
(99, 'FACTURE_ADDON', 1, 'mod_facture_terre', 'chaine', 0, 'Name of numbering numerotation rules of invoice', '2013-08-01 07:57:40'),
(100, 'FACTURE_ADDON_PDF_ODT_PATH', 1, 'DOL_DATA_ROOT/doctemplates/invoices', 'chaine', 0, NULL, '2013-08-01 07:57:40'),
(104, 'PRODUCT_CODEPRODUCT_ADDON', 1, 'mod_codeproduct_leopard', 'chaine', 0, 'Module to control product codes', '2013-08-01 07:58:16'),
(106, 'MAIN_MODULE_MAILING', 1, '1', NULL, 0, NULL, '2013-08-01 07:58:38'),
(107, 'MAIN_MODULE_EXPORT', 1, '1', NULL, 0, NULL, '2013-08-01 07:58:44'),
(108, 'MAIN_MODULE_IMPORT', 1, '1', NULL, 0, NULL, '2013-08-01 07:58:47'),
(109, 'MAIN_MODULE_MARGIN', 1, '1', NULL, 0, NULL, '2013-08-01 08:00:05'),
(110, 'MAIN_MODULE_MARGIN_TABS_0', 1, 'product:+margin:Margins:margins:$conf->margin->enabled:/margin/tabs/productMargins.php?id=__ID__', 'chaine', 0, NULL, '2013-08-01 08:00:05'),
(111, 'MAIN_MODULE_MARGIN_TABS_1', 1, 'thirdparty:+margin:Margins:margins:$conf->margin->enabled && empty($user->societe_id):/margin/tabs/thirdpartyMargins.php?socid=__ID__', 'chaine', 0, NULL, '2013-08-01 08:00:05'),
(112, 'MAIN_MODULE_PROPALE', 1, '1', NULL, 0, NULL, '2013-08-01 08:00:05'),
(115, 'MAIN_MODULE_CATEGORIE', 1, '1', NULL, 0, NULL, '2013-08-01 08:00:19'),
(116, 'MAIN_MODULE_FCKEDITOR', 1, '1', NULL, 0, NULL, '2013-08-01 08:00:24'),
(117, 'FCKEDITOR_ENABLE_SOCIETE', 1, '1', 'yesno', 0, 'Activation fckeditor sur notes autres', '2013-08-01 08:00:24'),
(118, 'FCKEDITOR_ENABLE_PRODUCTDESC', 1, '1', 'yesno', 0, 'Activation fckeditor sur notes produits', '2013-08-01 08:00:24'),
(119, 'FCKEDITOR_ENABLE_MAILING', 1, '1', 'yesno', 0, 'Activation fckeditor sur emailing', '2013-08-01 08:00:24'),
(122, 'COMMANDE_SUPPLIER_ADDON_PDF', 1, 'muscadet', 'chaine', 0, NULL, '2013-08-01 08:02:32'),
(123, 'COMMANDE_SUPPLIER_ADDON', 1, 'mod_commande_fournisseur_muguet', 'chaine', 0, NULL, '2013-08-01 08:02:32'),
(124, 'INVOICE_SUPPLIER_ADDON_PDF', 1, 'canelle', 'chaine', 0, NULL, '2013-08-01 08:02:32'),
(127, 'MAIN_MODULE_BANQUE', 1, '1', NULL, 0, NULL, '2013-08-01 08:02:43'),
(154, 'MAIN_MODULE_SOCIETE', 1, '1', NULL, 0, NULL, '2013-09-30 17:27:22'),
(155, 'MAIN_MODULE_SERVICE', 1, '1', NULL, 0, NULL, '2013-09-30 17:27:23'),
(156, 'MAIN_MODULE_COMMANDE', 1, '1', NULL, 0, NULL, '2013-09-30 17:27:23'),
(157, 'MAIN_MODULE_FACTURE', 1, '1', NULL, 0, NULL, '2013-09-30 17:27:23'),
(158, 'MAIN_MODULE_FOURNISSEUR', 1, '1', NULL, 0, NULL, '2013-09-30 17:27:23'),
(159, 'COMMANDE_SUPPLIER_ADDON_NUMBER', 1, 'mod_commande_fournisseur_muguet', 'chaine', 0, 'Nom du gestionnaire de numerotation des commandes fournisseur', '2013-09-30 17:27:23'),
(160, 'INVOICE_SUPPLIER_ADDON_NUMBER', 1, 'mod_facture_fournisseur_cactus', 'chaine', 0, 'Nom du gestionnaire de numerotation des factures fournisseur', '2013-09-30 17:27:23'),
(162, 'MAIN_VERSION_LAST_UPGRADE', 0, '3.4.0', 'chaine', 0, 'Dolibarr version for last upgrade', '2013-09-30 17:27:29'),
(164, 'MAIN_MODULE_OPENSURVEY', 1, '1', NULL, 0, NULL, '2013-09-30 17:44:43'),
(168, 'MAIN_USE_CONNECT_TIMEOUT', 1, '10', 'chaine', 0, '', '2013-09-30 18:07:59'),
(169, 'MAIN_USE_RESPONSE_TIMEOUT', 1, '120', 'chaine', 0, '', '2013-09-30 18:07:59'),
(170, 'MAIN_PROXY_USE', 1, '0', 'chaine', 0, '', '2013-09-30 18:07:59'),
(171, 'FCKEDITOR_ENABLE_MAIL', 1, '1', 'chaine', 0, '', '2013-09-30 18:11:47'),
(172, 'FCKEDITOR_ENABLE_USERSIGN', 1, '1', 'chaine', 0, '', '2013-09-30 18:11:51'),
(173, 'FCKEDITOR_TEST', 1, 'Test', 'chaine', 0, '', '2013-09-30 18:12:10'),
(174, 'PRODUIT_MULTIPRICES', 1, '1', 'chaine', 0, '', '2013-12-23 13:21:09'),
(176, 'PRODUIT_SOUSPRODUITS', 1, '1', 'chaine', 0, '', '2013-12-23 13:35:03'),
(198, 'PROPALE_ADDON_PDF_ODT_PATH', 1, 'DOL_DATA_ROOT/doctemplates/proposals', 'chaine', 0, '', '2014-02-28 13:17:59'),
(200, 'PROPALE_VALIDITY_DURATION', 1, '60', 'chaine', 0, '', '2014-06-13 12:22:44'),
(202, 'MAIN_SUBMODULE_EXPEDITION', 1, '1', 'chaine', 0, '', '2014-06-13 12:24:32'),
(204, 'MAIN_MODULE_STOCK', 1, '1', NULL, 0, NULL, '2014-06-13 12:35:23'),
(205, 'MAIN_MODULE_PRODUCT', 1, '1', NULL, 0, NULL, '2014-06-13 12:35:24'),
(206, 'STOCK_CALCULATE_ON_SHIPMENT', 1, '1', 'chaine', 0, '', '2014-06-13 12:36:09'),
(207, 'STOCK_CALCULATE_ON_SUPPLIER_DISPATCH_ORDER', 1, '1', 'chaine', 0, '', '2014-06-13 12:36:26'),
(210, 'MAILING_EMAIL_UNSUBSCRIBE', 1, '1', 'chaine', 0, '', '2014-08-18 12:46:58'),
(211, 'MAILING_EMAIL_FROM', 1, 'seismowave@groupe-glemot.com', 'chaine', 0, '', '2014-08-18 12:47:51'),
(212, 'MAILING_EMAIL_ERRORSTO', 1, 'no-reply@seismowave.com', 'chaine', 0, '', '2014-08-18 12:47:51'),
(213, 'MAILING_EMAIL_UNSUBSCRIBE_KEY', 1, 'ebd62fc62250b00b2befd0c02016052f', 'chaine', 0, '', '2014-08-18 12:47:51'),
(215, 'PRODUIT_MULTIPRICES_LIMIT', 1, '30', 'chaine', 0, '', '2014-08-20 14:02:35'),
(216, 'MAIN_MODULE_USER', 0, '1', NULL, 0, NULL, '2014-10-02 12:23:15'),
(217, 'MAIN_VERSION_LAST_INSTALL', 0, '3.4.0', 'chaine', 0, 'Dolibarr version when install', '2014-10-02 12:23:16'),
(236, 'MAIN_LANG_DEFAULT', 1, 'fr_FR', 'chaine', 0, '', '2014-11-20 08:57:31'),
(237, 'MAIN_MULTILANGS', 1, '1', 'chaine', 0, '', '2014-11-20 08:57:31'),
(238, 'MAIN_SIZE_LISTE_LIMIT', 1, '25', 'chaine', 0, '', '2014-11-20 08:57:31'),
(239, 'MAIN_DISABLE_JAVASCRIPT', 1, '0', 'chaine', 0, '', '2014-11-20 08:57:31'),
(240, 'MAIN_BUTTON_HIDE_UNAUTHORIZED', 1, '0', 'chaine', 0, '', '2014-11-20 08:57:31'),
(241, 'MAIN_START_WEEK', 1, '1', 'chaine', 0, '', '2014-11-20 08:57:31'),
(242, 'MAIN_SHOW_LOGO', 1, '0', 'chaine', 0, '', '2014-11-20 08:57:31'),
(243, 'MAIN_FIRSTNAME_NAME_POSITION', 1, '0', 'chaine', 0, '', '2014-11-20 08:57:31'),
(244, 'MAIN_THEME', 1, 'bureau2crea', 'chaine', 0, '', '2014-11-20 08:57:31'),
(245, 'MAIN_SEARCHFORM_CONTACT', 1, '1', 'chaine', 0, '', '2014-11-20 08:57:31'),
(246, 'MAIN_SEARCHFORM_SOCIETE', 1, '1', 'chaine', 0, '', '2014-11-20 08:57:31'),
(247, 'MAIN_SEARCHFORM_PRODUITSERVICE', 1, '1', 'chaine', 0, '', '2014-11-20 08:57:31'),
(248, 'MAIN_SEARCHFORM_ADHERENT', 1, '0', 'chaine', 0, '', '2014-11-20 08:57:31'),
(249, 'MAIN_HELPCENTER_DISABLELINK', 0, '0', 'chaine', 0, '', '2014-11-20 08:57:31'),
(250, 'MAIN_HELP_DISABLELINK', 0, '0', 'chaine', 0, '', '2014-11-20 08:57:31'),
(253, 'PRODUIT_DEFAULT_BARCODE_TYPE', 1, '2', 'chaine', 0, '', '2014-11-20 10:19:59'),
(254, 'GENBARCODE_BARCODETYPE_THIRDPARTY', 1, '2', 'chaine', 0, '', '2014-11-20 10:20:03'),
(257, 'MAIN_MODULE_ECM', 1, '1', NULL, 0, NULL, '2014-12-11 09:59:20'),
(258, 'ECM_AUTO_TREE_ENABLED', 1, '1', 'chaine', 0, 'Auto tree is enabled by default', '2014-12-11 09:59:20'),
(259, 'FACTURE_RIB_NUMBER', 1, '2', 'chaine', 0, '', '2014-12-12 10:26:48'),
(260, 'FACTURE_CHQ_NUMBER', 1, '-1', 'chaine', 0, '', '2014-12-12 10:26:50'),
(261, 'PROPALE_FREE_TEXT', 1, 'The sale and export of these goods are conditioned by the French administration authorization, based on the duly signed joined End User & Non Transfer Certificate', 'chaine', 0, '', '2014-12-12 17:08:08'),
(262, 'MAILING_LIMIT_SENDBYWEB', 1, '10', 'chaine', 1, '', '2015-01-08 13:16:07'),
(298, 'MAIN_FIX_FOR_BUGGED_MTA', 1, '1', 'chaine', 1, '', '2015-01-08 16:30:12'),
(559, 'MAIN_INFO_SOCIETE_COUNTRY', 1, '1:FR:France', 'chaine', 0, '', '2015-07-30 13:05:54'),
(560, 'MAIN_INFO_SOCIETE_NOM', 1, 'SEISMO WAVE', 'chaine', 0, '', '2015-07-30 13:05:54'),
(561, 'MAIN_INFO_SOCIETE_ADDRESS', 1, 'Route de Tréguier\r\nRospez', 'chaine', 0, '', '2015-07-30 13:05:54'),
(562, 'MAIN_INFO_SOCIETE_TOWN', 1, 'LANNION', 'chaine', 0, '', '2015-07-30 13:05:54'),
(563, 'MAIN_INFO_SOCIETE_ZIP', 1, '22300', 'chaine', 0, '', '2015-07-30 13:05:54'),
(564, 'MAIN_INFO_SOCIETE_STATE', 1, '24', 'chaine', 0, '', '2015-07-30 13:05:54'),
(565, 'MAIN_MONNAIE', 1, 'EUR', 'chaine', 0, '', '2015-07-30 13:05:54'),
(566, 'MAIN_INFO_SOCIETE_TEL', 1, '02 96 46 16 10', 'chaine', 0, '', '2015-07-30 13:05:54'),
(567, 'MAIN_INFO_SOCIETE_FAX', 1, '02 96 38 07 96', 'chaine', 0, '', '2015-07-30 13:05:54'),
(568, 'MAIN_INFO_SOCIETE_MAIL', 1, 'seismowave@groupe-glemot.com', 'chaine', 0, '', '2015-07-30 13:05:54'),
(569, 'MAIN_INFO_SOCIETE_WEB', 1, 'www.seismowave.com', 'chaine', 0, '', '2015-07-30 13:05:54'),
(570, 'MAIN_INFO_CAPITAL', 1, '70000', 'chaine', 0, '', '2015-07-30 13:05:54'),
(571, 'MAIN_INFO_SOCIETE_FORME_JURIDIQUE', 1, '54', 'chaine', 0, '', '2015-07-30 13:05:54'),
(572, 'MAIN_INFO_SIREN', 1, '327 984 779', 'chaine', 0, '', '2015-07-30 13:05:54'),
(573, 'MAIN_INFO_SIRET', 1, '32798477900022', 'chaine', 0, '', '2015-07-30 13:05:54'),
(574, 'MAIN_INFO_APE', 1, '7112B', 'chaine', 0, '', '2015-07-30 13:05:54'),
(575, 'MAIN_INFO_RCS', 1, 'Saint-Brieuc B 327 984 779', 'chaine', 0, '', '2015-07-30 13:05:54'),
(576, 'MAIN_INFO_TVAINTRA', 1, 'FR 26 327984779', 'chaine', 0, '', '2015-07-30 13:05:54'),
(577, 'SOCIETE_FISCAL_MONTH_START', 1, '1', 'chaine', 0, '', '2015-07-30 13:05:54'),
(578, 'FACTURE_TVAOPTION', 1, 'reel', 'chaine', 0, '', '2015-07-30 13:05:54'),
(639, 'MAIN_DISABLE_ALL_MAILS', 1, '0', 'chaine', 0, '', '2015-08-26 12:14:45'),
(640, 'MAIN_MAIL_SENDMODE', 0, 'smtps', 'chaine', 0, '', '2015-08-26 12:14:45'),
(641, 'MAIN_MAIL_SMTP_PORT', 0, '587', 'chaine', 0, '', '2015-08-26 12:14:45'),
(642, 'MAIN_MAIL_SMTP_SERVER', 0, 'ns0.ovh.net', 'chaine', 0, '', '2015-08-26 12:14:45'),
(643, 'MAIN_MAIL_SMTPS_ID', 0, 'seismowave@groupe-glemot.com', 'chaine', 0, '', '2015-08-26 12:14:45'),
(644, 'MAIN_MAIL_SMTPS_PW', 0, 'gimilee22', 'chaine', 0, '', '2015-08-26 12:14:45'),
(645, 'MAIN_MAIL_EMAIL_TLS', 0, '0', 'chaine', 0, '', '2015-08-26 12:14:45'),
(646, 'MAIN_MAIL_EMAIL_FROM', 1, 'seismowave@groupe-glemot.com', 'chaine', 0, '', '2015-08-26 12:14:45'),
(647, 'MAIN_MAIL_ERRORS_TO', 1, 'no-reply@seismowave.com', 'chaine', 0, '', '2015-08-26 12:14:45'),
(648, 'MAIN_MAIL_AUTOCOPY_TO', 1, 'marketing@groupe-glemot.com', 'chaine', 0, '', '2015-08-26 12:14:45'),
(649, 'MAIN_MODULE_AGENDA', 1, '1', NULL, 0, NULL, '2015-08-26 12:38:16'),
(650, 'MAIN_AGENDA_ACTIONAUTO_COMPANY_CREATE', 1, '1', 'chaine', 0, NULL, '2015-08-26 12:38:16'),
(651, 'MAIN_AGENDA_ACTIONAUTO_CONTRACT_VALIDATE', 1, '1', 'chaine', 0, NULL, '2015-08-26 12:38:16'),
(652, 'MAIN_AGENDA_ACTIONAUTO_PROPAL_VALIDATE', 1, '1', 'chaine', 0, NULL, '2015-08-26 12:38:16'),
(653, 'MAIN_AGENDA_ACTIONAUTO_PROPAL_SENTBYMAIL', 1, '1', 'chaine', 0, NULL, '2015-08-26 12:38:16'),
(654, 'MAIN_AGENDA_ACTIONAUTO_ORDER_VALIDATE', 1, '1', 'chaine', 0, NULL, '2015-08-26 12:38:16'),
(655, 'MAIN_AGENDA_ACTIONAUTO_ORDER_SENTBYMAIL', 1, '1', 'chaine', 0, NULL, '2015-08-26 12:38:16'),
(656, 'MAIN_AGENDA_ACTIONAUTO_BILL_VALIDATE', 1, '1', 'chaine', 0, NULL, '2015-08-26 12:38:16'),
(657, 'MAIN_AGENDA_ACTIONAUTO_BILL_PAYED', 1, '1', 'chaine', 0, NULL, '2015-08-26 12:38:16'),
(658, 'MAIN_AGENDA_ACTIONAUTO_BILL_CANCEL', 1, '1', 'chaine', 0, NULL, '2015-08-26 12:38:16'),
(659, 'MAIN_AGENDA_ACTIONAUTO_BILL_SENTBYMAIL', 1, '1', 'chaine', 0, NULL, '2015-08-26 12:38:16'),
(660, 'MAIN_AGENDA_ACTIONAUTO_ORDER_SUPPLIER_VALIDATE', 1, '1', 'chaine', 0, NULL, '2015-08-26 12:38:16'),
(661, 'MAIN_AGENDA_ACTIONAUTO_BILL_SUPPLIER_VALIDATE', 1, '1', 'chaine', 0, NULL, '2015-08-26 12:38:16'),
(662, 'MAIN_AGENDA_ACTIONAUTO_SHIPPING_VALIDATE', 1, '1', 'chaine', 0, NULL, '2015-08-26 12:38:16'),
(663, 'MAIN_AGENDA_ACTIONAUTO_SHIPPING_SENTBYMAIL', 1, '1', 'chaine', 0, NULL, '2015-08-26 12:38:16'),
(664, 'MAIN_AGENDA_ACTIONAUTO_BILL_UNVALIDATE', 1, '1', 'chaine', 0, NULL, '2015-08-26 12:38:16');

-- --------------------------------------------------------

--
-- Structure de la table `llx_contrat`
--

CREATE TABLE IF NOT EXISTS `llx_contrat` (
  `rowid` int(11) NOT NULL,
  `ref` varchar(30) DEFAULT NULL,
  `entity` int(11) NOT NULL DEFAULT '1',
  `tms` timestamp NOT NULL DEFAULT CURRENT_TIMESTAMP ON UPDATE CURRENT_TIMESTAMP,
  `datec` datetime DEFAULT NULL,
  `date_contrat` datetime DEFAULT NULL,
  `statut` smallint(6) DEFAULT '0',
  `mise_en_service` datetime DEFAULT NULL,
  `fin_validite` datetime DEFAULT NULL,
  `date_cloture` datetime DEFAULT NULL,
  `fk_soc` int(11) NOT NULL,
  `fk_projet` int(11) DEFAULT NULL,
  `fk_commercial_signature` int(11) NOT NULL,
  `fk_commercial_suivi` int(11) NOT NULL,
  `fk_user_author` int(11) NOT NULL DEFAULT '0',
  `fk_user_mise_en_service` int(11) DEFAULT NULL,
  `fk_user_cloture` int(11) DEFAULT NULL,
  `note_private` text,
  `note_public` text,
  `import_key` varchar(14) DEFAULT NULL,
  `extraparams` varchar(255) DEFAULT NULL
) ENGINE=InnoDB DEFAULT CHARSET=utf8;

-- --------------------------------------------------------

--
-- Structure de la table `llx_contratdet`
--

CREATE TABLE IF NOT EXISTS `llx_contratdet` (
  `rowid` int(11) NOT NULL,
  `tms` timestamp NOT NULL DEFAULT CURRENT_TIMESTAMP ON UPDATE CURRENT_TIMESTAMP,
  `fk_contrat` int(11) NOT NULL,
  `fk_product` int(11) DEFAULT NULL,
  `statut` smallint(6) DEFAULT '0',
  `label` text,
  `description` text,
  `fk_remise_except` int(11) DEFAULT NULL,
  `date_commande` datetime DEFAULT NULL,
  `date_ouverture_prevue` datetime DEFAULT NULL,
  `date_ouverture` datetime DEFAULT NULL,
  `date_fin_validite` datetime DEFAULT NULL,
  `date_cloture` datetime DEFAULT NULL,
  `tva_tx` double(6,3) DEFAULT '0.000',
  `localtax1_tx` double(6,3) DEFAULT '0.000',
  `localtax1_type` varchar(10) NOT NULL DEFAULT '0',
  `localtax2_tx` double(6,3) DEFAULT '0.000',
  `localtax2_type` varchar(10) NOT NULL DEFAULT '0',
  `qty` double NOT NULL,
  `remise_percent` double DEFAULT '0',
  `subprice` double(24,8) DEFAULT '0.00000000',
  `price_ht` double DEFAULT NULL,
  `remise` double DEFAULT '0',
  `total_ht` double(24,8) DEFAULT '0.00000000',
  `total_tva` double(24,8) DEFAULT '0.00000000',
  `total_localtax1` double(24,8) DEFAULT '0.00000000',
  `total_localtax2` double(24,8) DEFAULT '0.00000000',
  `total_ttc` double(24,8) DEFAULT '0.00000000',
  `info_bits` int(11) DEFAULT '0',
  `fk_product_fournisseur_price` int(11) DEFAULT NULL,
  `buy_price_ht` double(24,8) DEFAULT '0.00000000',
  `fk_user_author` int(11) NOT NULL DEFAULT '0',
  `fk_user_ouverture` int(11) DEFAULT NULL,
  `fk_user_cloture` int(11) DEFAULT NULL,
  `commentaire` text
) ENGINE=InnoDB DEFAULT CHARSET=utf8;

-- --------------------------------------------------------

--
-- Structure de la table `llx_contratdet_log`
--

CREATE TABLE IF NOT EXISTS `llx_contratdet_log` (
  `rowid` int(11) NOT NULL,
  `tms` timestamp NOT NULL DEFAULT CURRENT_TIMESTAMP ON UPDATE CURRENT_TIMESTAMP,
  `fk_contratdet` int(11) NOT NULL,
  `date` datetime NOT NULL,
  `statut` smallint(6) NOT NULL,
  `fk_user_author` int(11) NOT NULL,
  `commentaire` text
) ENGINE=InnoDB DEFAULT CHARSET=utf8;

-- --------------------------------------------------------

--
-- Structure de la table `llx_cotisation`
--

CREATE TABLE IF NOT EXISTS `llx_cotisation` (
  `rowid` int(11) NOT NULL,
  `tms` timestamp NOT NULL DEFAULT CURRENT_TIMESTAMP ON UPDATE CURRENT_TIMESTAMP,
  `datec` datetime DEFAULT NULL,
  `fk_adherent` int(11) DEFAULT NULL,
  `dateadh` datetime DEFAULT NULL,
  `datef` date DEFAULT NULL,
  `cotisation` double DEFAULT NULL,
  `fk_bank` int(11) DEFAULT NULL,
  `note` text
) ENGINE=InnoDB DEFAULT CHARSET=utf8;

-- --------------------------------------------------------

--
-- Structure de la table `llx_cronjob`
--

CREATE TABLE IF NOT EXISTS `llx_cronjob` (
  `rowid` int(11) NOT NULL,
  `tms` timestamp NOT NULL DEFAULT CURRENT_TIMESTAMP ON UPDATE CURRENT_TIMESTAMP,
  `datec` datetime DEFAULT NULL,
  `jobtype` varchar(10) NOT NULL,
  `label` text NOT NULL,
  `command` varchar(255) DEFAULT NULL,
  `classesname` varchar(255) DEFAULT NULL,
  `objectname` varchar(255) DEFAULT NULL,
  `methodename` varchar(255) DEFAULT NULL,
  `params` text NOT NULL,
  `md5params` varchar(32) DEFAULT NULL,
  `module_name` varchar(255) DEFAULT NULL,
  `priority` int(11) DEFAULT '0',
  `datelastrun` datetime DEFAULT NULL,
  `datenextrun` datetime DEFAULT NULL,
  `datestart` datetime DEFAULT NULL,
  `dateend` datetime DEFAULT NULL,
  `datelastresult` datetime DEFAULT NULL,
  `lastresult` text,
  `lastoutput` text,
  `unitfrequency` int(11) NOT NULL DEFAULT '0',
  `frequency` int(11) NOT NULL DEFAULT '0',
  `nbrun` int(11) DEFAULT NULL,
  `status` int(11) NOT NULL DEFAULT '1',
  `fk_user_author` int(11) DEFAULT NULL,
  `fk_user_mod` int(11) DEFAULT NULL,
  `note` text
) ENGINE=InnoDB DEFAULT CHARSET=utf8;

-- --------------------------------------------------------

--
-- Structure de la table `llx_c_actioncomm`
--

CREATE TABLE IF NOT EXISTS `llx_c_actioncomm` (
  `id` int(11) NOT NULL,
  `code` varchar(12) NOT NULL,
  `type` varchar(10) NOT NULL DEFAULT 'system',
  `libelle` varchar(48) NOT NULL,
  `module` varchar(16) DEFAULT NULL,
  `active` tinyint(4) NOT NULL DEFAULT '1',
  `todo` tinyint(4) DEFAULT NULL,
  `position` int(11) NOT NULL DEFAULT '0'
) ENGINE=InnoDB DEFAULT CHARSET=utf8;

--
-- Contenu de la table `llx_c_actioncomm`
--

INSERT INTO `llx_c_actioncomm` (`id`, `code`, `type`, `libelle`, `module`, `active`, `todo`, `position`) VALUES
(1, 'AC_TEL', 'system', 'Phone call', NULL, 1, NULL, 2),
(2, 'AC_FAX', 'system', 'Send Fax', NULL, 1, NULL, 3),
(3, 'AC_PROP', 'systemauto', 'Send commercial proposal by email', 'propal', 0, NULL, 10),
(4, 'AC_EMAIL', 'system', 'Send Email', NULL, 1, NULL, 4),
(5, 'AC_RDV', 'system', 'Rendez-vous', NULL, 1, NULL, 1),
(8, 'AC_COM', 'systemauto', 'Send customer order by email', 'order', 0, NULL, 8),
(9, 'AC_FAC', 'systemauto', 'Send customer invoice by email', 'invoice', 0, NULL, 6),
(10, 'AC_SHIP', 'systemauto', 'Send shipping by email', 'shipping', 0, NULL, 11),
(30, 'AC_SUP_ORD', 'systemauto', 'Send supplier order by email', 'order_supplier', 0, NULL, 9),
(31, 'AC_SUP_INV', 'systemauto', 'Send supplier invoice by email', 'invoice_supplier', 0, NULL, 7),
(40, 'AC_OTH_AUTO', 'systemauto', 'Other (automatically inserted events)', NULL, 1, NULL, 20),
(50, 'AC_OTH', 'system', 'Other (manually inserted events)', NULL, 1, NULL, 5);

-- --------------------------------------------------------

--
-- Structure de la table `llx_c_action_trigger`
--

CREATE TABLE IF NOT EXISTS `llx_c_action_trigger` (
  `rowid` int(11) NOT NULL,
  `code` varchar(32) NOT NULL,
  `label` varchar(128) NOT NULL,
  `description` varchar(255) DEFAULT NULL,
  `elementtype` varchar(16) NOT NULL,
  `rang` int(11) DEFAULT '0'
) ENGINE=InnoDB AUTO_INCREMENT=30 DEFAULT CHARSET=utf8;

--
-- Contenu de la table `llx_c_action_trigger`
--

INSERT INTO `llx_c_action_trigger` (`rowid`, `code`, `label`, `description`, `elementtype`, `rang`) VALUES
(1, 'FICHINTER_VALIDATE', 'Intervention validated', 'Executed when a intervention is validated', 'ficheinter', 18),
(2, 'BILL_VALIDATE', 'Customer invoice validated', 'Executed when a customer invoice is approved', 'facture', 6),
(3, 'ORDER_SUPPLIER_APPROVE', 'Supplier order request approved', 'Executed when a supplier order is approved', 'order_supplier', 11),
(4, 'ORDER_SUPPLIER_REFUSE', 'Supplier order request refused', 'Executed when a supplier order is refused', 'order_supplier', 12),
(5, 'ORDER_VALIDATE', 'Customer order validate', 'Executed when a customer order is validated', 'commande', 4),
(6, 'PROPAL_VALIDATE', 'Customer proposal validated', 'Executed when a commercial proposal is validated', 'propal', 2),
(10, 'COMPANY_CREATE', 'Third party created', 'Executed when a third party is created', 'societe', 1),
(11, 'CONTRACT_VALIDATE', 'Contract validated', 'Executed when a contract is validated', 'contrat', 17),
(12, 'PROPAL_SENTBYMAIL', 'Commercial proposal sent by mail', 'Executed when a commercial proposal is sent by mail', 'propal', 3),
(13, 'ORDER_SENTBYMAIL', 'Customer order sent by mail', 'Executed when a customer order is sent by mail ', 'commande', 5),
(14, 'BILL_PAYED', 'Customer invoice payed', 'Executed when a customer invoice is payed', 'facture', 7),
(15, 'BILL_CANCEL', 'Customer invoice canceled', 'Executed when a customer invoice is conceled', 'facture', 8),
(16, 'BILL_SENTBYMAIL', 'Customer invoice sent by mail', 'Executed when a customer invoice is sent by mail', 'facture', 9),
(17, 'ORDER_SUPPLIER_VALIDATE', 'Supplier order validated', 'Executed when a supplier order is validated', 'order_supplier', 10),
(18, 'ORDER_SUPPLIER_SENTBYMAIL', 'Supplier order sent by mail', 'Executed when a supplier order is sent by mail', 'order_supplier', 13),
(19, 'BILL_SUPPLIER_VALIDATE', 'Supplier invoice validated', 'Executed when a supplier invoice is validated', 'invoice_supplier', 14),
(20, 'BILL_SUPPLIER_PAYED', 'Supplier invoice payed', 'Executed when a supplier invoice is payed', 'invoice_supplier', 15),
(21, 'BILL_SUPPLIER_SENTBYMAIL', 'Supplier invoice sent by mail', 'Executed when a supplier invoice is sent by mail', 'invoice_supplier', 16),
(22, 'SHIPPING_VALIDATE', 'Shipping validated', 'Executed when a shipping is validated', 'shipping', 19),
(23, 'SHIPPING_SENTBYMAIL', 'Shipping sent by mail', 'Executed when a shipping is sent by mail', 'shipping', 20),
(24, 'MEMBER_VALIDATE', 'Member validated', 'Executed when a member is validated', 'member', 21),
(25, 'MEMBER_SUBSCRIPTION', 'Member subscribed', 'Executed when a member is subscribed', 'member', 22),
(26, 'MEMBER_RESILIATE', 'Member resiliated', 'Executed when a member is resiliated', 'member', 23),
(27, 'MEMBER_DELETE', 'Member deleted', 'Executed when a member is deleted', 'member', 24),
(28, 'BILL_UNVALIDATE', 'Customer invoice unvalidated', 'Executed when a customer invoice status set back to draft', 'facture', 10),
(29, 'FICHINTER_SENTBYMAIL', 'Intervention sent by mail', 'Executed when a intervention is sent by mail', 'ficheinter', 29);

-- --------------------------------------------------------

--
-- Structure de la table `llx_c_availability`
--

CREATE TABLE IF NOT EXISTS `llx_c_availability` (
  `rowid` int(11) NOT NULL,
  `code` varchar(30) NOT NULL,
  `label` varchar(60) NOT NULL,
  `active` tinyint(4) NOT NULL DEFAULT '1'
) ENGINE=InnoDB AUTO_INCREMENT=6 DEFAULT CHARSET=utf8;

--
-- Contenu de la table `llx_c_availability`
--

INSERT INTO `llx_c_availability` (`rowid`, `code`, `label`, `active`) VALUES
(1, 'AV_NOW', 'Immediate', 0),
(2, 'AV_1W', '1 week', 0),
(3, 'AV_2W', '2 weeks', 0),
(4, 'AV_3W', '3 weeks', 0),
(5, 'AV_24W', '24 weeks', 1);

-- --------------------------------------------------------

--
-- Structure de la table `llx_c_barcode_type`
--

CREATE TABLE IF NOT EXISTS `llx_c_barcode_type` (
  `rowid` int(11) NOT NULL,
  `code` varchar(16) NOT NULL,
  `entity` int(11) NOT NULL DEFAULT '1',
  `libelle` varchar(50) NOT NULL,
  `coder` varchar(16) NOT NULL,
  `example` varchar(16) NOT NULL
) ENGINE=InnoDB AUTO_INCREMENT=7 DEFAULT CHARSET=utf8;

--
-- Contenu de la table `llx_c_barcode_type`
--

INSERT INTO `llx_c_barcode_type` (`rowid`, `code`, `entity`, `libelle`, `coder`, `example`) VALUES
(1, 'EAN8', 1, 'EAN8', '0', '1234567'),
(2, 'EAN13', 1, 'EAN13', 'phpbarcode', '123456789012'),
(3, 'UPC', 1, 'UPC', '0', '123456789012'),
(4, 'ISBN', 1, 'ISBN', '0', '123456789'),
(5, 'C39', 1, 'Code 39', '0', '1234567890'),
(6, 'C128', 1, 'Code 128', '0', 'ABCD1234567890');

-- --------------------------------------------------------

--
-- Structure de la table `llx_c_chargesociales`
--

CREATE TABLE IF NOT EXISTS `llx_c_chargesociales` (
  `id` int(11) NOT NULL,
  `libelle` varchar(80) DEFAULT NULL,
  `deductible` smallint(6) NOT NULL DEFAULT '0',
  `active` tinyint(4) NOT NULL DEFAULT '1',
  `code` varchar(12) NOT NULL,
  `accountancy_code` varchar(15) DEFAULT NULL,
  `fk_pays` int(11) NOT NULL DEFAULT '1',
  `module` varchar(32) DEFAULT NULL
) ENGINE=InnoDB AUTO_INCREMENT=231 DEFAULT CHARSET=utf8;

--
-- Contenu de la table `llx_c_chargesociales`
--

INSERT INTO `llx_c_chargesociales` (`id`, `libelle`, `deductible`, `active`, `code`, `accountancy_code`, `fk_pays`, `module`) VALUES
(1, 'Allocations familiales', 1, 1, 'TAXFAM', NULL, 1, NULL),
(2, 'CSG Deductible', 1, 1, 'TAXCSGD', NULL, 1, NULL),
(3, 'CSG/CRDS NON Deductible', 0, 1, 'TAXCSGND', NULL, 1, NULL),
(10, 'Taxe apprentissage', 0, 1, 'TAXAPP', NULL, 1, NULL),
(11, 'Taxe professionnelle', 0, 1, 'TAXPRO', NULL, 1, NULL),
(12, 'Cotisation fonciere des entreprises', 0, 1, 'TAXCFE', NULL, 1, NULL),
(13, 'Cotisation sur la valeur ajoutee des entreprises', 0, 1, 'TAXCVAE', NULL, 1, NULL),
(20, 'Impots locaux/fonciers', 0, 1, 'TAXFON', NULL, 1, NULL),
(25, 'Impots revenus', 0, 1, 'TAXREV', NULL, 1, NULL),
(30, 'Assurance Sante', 0, 1, 'TAXSECU', NULL, 1, NULL),
(40, 'Mutuelle', 0, 1, 'TAXMUT', NULL, 1, NULL),
(50, 'Assurance vieillesse', 0, 1, 'TAXRET', NULL, 1, NULL),
(60, 'Assurance Chomage', 0, 1, 'TAXCHOM', NULL, 1, NULL),
(201, 'ONSS', 1, 1, 'TAXBEONSS', NULL, 2, NULL),
(210, 'Precompte professionnel', 1, 1, 'TAXBEPREPRO', NULL, 2, NULL),
(220, 'Prime existence', 1, 1, 'TAXBEPRIEXI', NULL, 2, NULL),
(230, 'Precompte immobilier', 1, 1, 'TAXBEPREIMMO', NULL, 2, NULL);

-- --------------------------------------------------------

--
-- Structure de la table `llx_c_civilite`
--

CREATE TABLE IF NOT EXISTS `llx_c_civilite` (
  `rowid` int(11) NOT NULL,
  `code` varchar(6) NOT NULL,
  `civilite` varchar(50) DEFAULT NULL,
  `active` tinyint(4) NOT NULL DEFAULT '1',
  `module` varchar(32) DEFAULT NULL
) ENGINE=InnoDB DEFAULT CHARSET=utf8;

--
-- Contenu de la table `llx_c_civilite`
--

INSERT INTO `llx_c_civilite` (`rowid`, `code`, `civilite`, `active`, `module`) VALUES
(1, 'MME', 'Madame', 1, NULL),
(3, 'MR', 'Monsieur', 1, NULL),
(5, 'MLE', 'Mademoiselle', 1, NULL),
(7, 'MTRE', 'Maître', 1, NULL),
(8, 'DR', 'Docteur', 1, NULL);

-- --------------------------------------------------------

--
-- Structure de la table `llx_c_currencies`
--

CREATE TABLE IF NOT EXISTS `llx_c_currencies` (
  `code_iso` varchar(3) NOT NULL,
  `label` varchar(64) NOT NULL,
  `unicode` varchar(32) DEFAULT NULL,
  `active` tinyint(4) NOT NULL DEFAULT '1'
) ENGINE=InnoDB DEFAULT CHARSET=utf8;

--
-- Contenu de la table `llx_c_currencies`
--

INSERT INTO `llx_c_currencies` (`code_iso`, `label`, `unicode`, `active`) VALUES
('AED', 'United Arab Emirates Dirham', NULL, 1),
('AFN', 'Afghanistan Afghani', '[1547]', 1),
('ALL', 'Albania Lek', '[76,101,107]', 1),
('ANG', 'Netherlands Antilles Guilder', '[402]', 1),
('ARP', 'Pesos argentins', NULL, 0),
('ARS', 'Argentino Peso', '[36]', 1),
('ATS', 'Shiliing autrichiens', NULL, 0),
('AUD', 'Australia Dollar', '[36]', 1),
('AWG', 'Aruba Guilder', '[402]', 1),
('AZN', 'Azerbaijan New Manat', '[1084,1072,1085]', 1),
('BAM', 'Bosnia and Herzegovina Convertible Marka', '[75,77]', 1),
('BBD', 'Barbados Dollar', '[36]', 1),
('BEF', 'Francs belges', NULL, 0),
('BGN', 'Bulgaria Lev', '[1083,1074]', 1),
('BMD', 'Bermuda Dollar', '[36]', 1),
('BND', 'Brunei Darussalam Dollar', '[36]', 1),
('BOB', 'Bolivia Boliviano', '[36,98]', 1),
('BRL', 'Brazil Real', '[82,36]', 1),
('BSD', 'Bahamas Dollar', '[36]', 1),
('BWP', 'Botswana Pula', '[80]', 1),
('BYR', 'Belarus Ruble', '[112,46]', 1),
('BZD', 'Belize Dollar', '[66,90,36]', 1),
('CAD', 'Canada Dollar', '[36]', 1),
('CHF', 'Switzerland Franc', '[67,72,70]', 1),
('CLP', 'Chile Peso', '[36]', 1),
('CNY', 'China Yuan Renminbi', '[165]', 1),
('COP', 'Colombia Peso', '[36]', 1),
('CRC', 'Costa Rica Colon', '[8353]', 1),
('CUP', 'Cuba Peso', '[8369]', 1),
('CZK', 'Czech Republic Koruna', '[75,269]', 1),
('DEM', 'Deutsch mark', NULL, 0),
('DKK', 'Denmark Krone', '[107,114]', 1),
('DOP', 'Dominican Republic Peso', '[82,68,36]', 1),
('DZD', 'Algeria Dinar', NULL, 1),
('EEK', 'Estonia Kroon', '[107,114]', 1),
('EGP', 'Egypt Pound', '[163]', 1),
('ESP', 'Pesete', NULL, 0),
('EUR', 'Euro Member Countries', '[8364]', 1),
('FIM', 'Mark finlandais', NULL, 0),
('FJD', 'Fiji Dollar', '[36]', 1),
('FKP', 'Falkland Islands (Malvinas) Pound', '[163]', 1),
('FRF', 'Francs francais', NULL, 0),
('GBP', 'United Kingdom Pound', '[163]', 1),
('GGP', 'Guernsey Pound', '[163]', 1),
('GHC', 'Ghana Cedis', '[162]', 1),
('GIP', 'Gibraltar Pound', '[163]', 1),
('GRD', 'Drachme (grece)', NULL, 0),
('GTQ', 'Guatemala Quetzal', '[81]', 1),
('GYD', 'Guyana Dollar', '[36]', 1),
('HKD', 'Hong Kong Dollar', '[36]', 1),
('HNL', 'Honduras Lempira', '[76]', 1),
('HRK', 'Croatia Kuna', '[107,110]', 1),
('HUF', 'Hungary Forint', '[70,116]', 1),
('IDR', 'Indonesia Rupiah', '[82,112]', 1),
('IEP', 'Livres irlandaises', NULL, 0),
('ILS', 'Israel Shekel', '[8362]', 1),
('IMP', 'Isle of Man Pound', '[163]', 1),
('INR', 'India Rupee', NULL, 1),
('IRR', 'Iran Rial', '[65020]', 1),
('ISK', 'Iceland Krona', '[107,114]', 1),
('ITL', 'Lires', NULL, 0),
('JEP', 'Jersey Pound', '[163]', 1),
('JMD', 'Jamaica Dollar', '[74,36]', 1),
('JPY', 'Japan Yen', '[165]', 1),
('KES', 'Kenya Shilling', NULL, 1),
('KGS', 'Kyrgyzstan Som', '[1083,1074]', 1),
('KHR', 'Cambodia Riel', '[6107]', 1),
('KPW', 'Korea (North) Won', '[8361]', 1),
('KRW', 'Korea (South) Won', '[8361]', 1),
('KYD', 'Cayman Islands Dollar', '[36]', 1),
('KZT', 'Kazakhstan Tenge', '[1083,1074]', 1),
('LAK', 'Laos Kip', '[8365]', 1),
('LBP', 'Lebanon Pound', '[163]', 1),
('LKR', 'Sri Lanka Rupee', '[8360]', 1),
('LRD', 'Liberia Dollar', '[36]', 1),
('LTL', 'Lithuania Litas', '[76,116]', 1),
('LUF', 'Francs luxembourgeois', NULL, 0),
('LVL', 'Latvia Lat', '[76,115]', 1),
('MAD', 'Morocco Dirham', NULL, 1),
('MKD', 'Macedonia Denar', '[1076,1077,1085]', 1),
('MNT', 'Mongolia Tughrik', '[8366]', 1),
('MRO', 'Mauritania Ouguiya', NULL, 1),
('MUR', 'Mauritius Rupee', '[8360]', 1),
('MXN', 'Mexico Peso', '[36]', 1),
('MXP', 'Pesos Mexicans', NULL, 0),
('MYR', 'Malaysia Ringgit', '[82,77]', 1),
('MZN', 'Mozambique Metical', '[77,84]', 1),
('NAD', 'Namibia Dollar', '[36]', 1),
('NGN', 'Nigeria Naira', '[8358]', 1),
('NIO', 'Nicaragua Cordoba', '[67,36]', 1),
('NLG', 'Florins', NULL, 0),
('NOK', 'Norway Krone', '[107,114]', 1),
('NPR', 'Nepal Rupee', '[8360]', 1),
('NZD', 'New Zealand Dollar', '[36]', 1),
('OMR', 'Oman Rial', '[65020]', 1),
('PAB', 'Panama Balboa', '[66,47,46]', 1),
('PEN', 'Peru Nuevo Sol', '[83,47,46]', 1),
('PHP', 'Philippines Peso', '[8369]', 1),
('PKR', 'Pakistan Rupee', '[8360]', 1),
('PLN', 'Poland Zloty', '[122,322]', 1),
('PTE', 'Escudos', NULL, 0),
('PYG', 'Paraguay Guarani', '[71,115]', 1),
('QAR', 'Qatar Riyal', '[65020]', 1),
('RON', 'Romania New Leu', '[108,101,105]', 1),
('RSD', 'Serbia Dinar', '[1044,1080,1085,46]', 1),
('RUB', 'Russia Ruble', '[1088,1091,1073]', 1),
('SAR', 'Saudi Arabia Riyal', '[65020]', 1),
('SBD', 'Solomon Islands Dollar', '[36]', 1),
('SCR', 'Seychelles Rupee', '[8360]', 1),
('SEK', 'Sweden Krona', '[107,114]', 1),
('SGD', 'Singapore Dollar', '[36]', 1),
('SHP', 'Saint Helena Pound', '[163]', 1),
('SKK', 'Couronnes slovaques', NULL, 0),
('SOS', 'Somalia Shilling', '[83]', 1),
('SRD', 'Suriname Dollar', '[36]', 1),
('SUR', 'Rouble', NULL, 0),
('SVC', 'El Salvador Colon', '[36]', 1),
('SYP', 'Syria Pound', '[163]', 1),
('THB', 'Thailand Baht', '[3647]', 1),
('TND', 'Tunisia Dinar', NULL, 1),
('TRL', 'Turkey Lira', '[84,76]', 1),
('TRY', 'Turkey Lira', '[8356]', 1),
('TTD', 'Trinidad and Tobago Dollar', '[84,84,36]', 1),
('TVD', 'Tuvalu Dollar', '[36]', 1),
('TWD', 'Taiwan New Dollar', '[78,84,36]', 1),
('UAH', 'Ukraine Hryvna', '[8372]', 1),
('USD', 'United States Dollar', '[36]', 1),
('UYU', 'Uruguay Peso', '[36,85]', 1),
('UZS', 'Uzbekistan Som', '[1083,1074]', 1),
('VEF', 'Venezuela Bolivar Fuerte', '[66,115]', 1),
('VND', 'Viet Nam Dong', '[8363]', 1),
('XAF', 'Communaute Financiere Africaine (BEAC) CFA Franc', NULL, 1),
('XCD', 'East Caribbean Dollar', '[36]', 1),
('XEU', 'Ecus', NULL, 0),
('XOF', 'Communaute Financiere Africaine (BCEAO) Franc', NULL, 1),
('YER', 'Yemen Rial', '[65020]', 1),
('ZAR', 'South Africa Rand', '[82]', 1),
('ZWD', 'Zimbabwe Dollar', '[90,36]', 1);

-- --------------------------------------------------------

--
-- Structure de la table `llx_c_departements`
--

CREATE TABLE IF NOT EXISTS `llx_c_departements` (
  `rowid` int(11) NOT NULL,
  `code_departement` varchar(6) NOT NULL,
  `fk_region` int(11) DEFAULT NULL,
  `cheflieu` varchar(50) DEFAULT NULL,
  `tncc` int(11) DEFAULT NULL,
  `ncc` varchar(50) DEFAULT NULL,
  `nom` varchar(50) DEFAULT NULL,
  `active` tinyint(4) NOT NULL DEFAULT '1'
) ENGINE=InnoDB AUTO_INCREMENT=855 DEFAULT CHARSET=utf8;

--
-- Contenu de la table `llx_c_departements`
--

INSERT INTO `llx_c_departements` (`rowid`, `code_departement`, `fk_region`, `cheflieu`, `tncc`, `ncc`, `nom`, `active`) VALUES
(1, '0', 0, '0', 0, '-', '-', 1),
(2, '01', 82, '01053', 5, 'AIN', 'Ain', 1),
(3, '02', 22, '02408', 5, 'AISNE', 'Aisne', 1),
(4, '03', 83, '03190', 5, 'ALLIER', 'Allier', 1),
(5, '04', 93, '04070', 4, 'ALPES-DE-HAUTE-PROVENCE', 'Alpes-de-Haute-Provence', 1),
(6, '05', 93, '05061', 4, 'HAUTES-ALPES', 'Hautes-Alpes', 1),
(7, '06', 93, '06088', 4, 'ALPES-MARITIMES', 'Alpes-Maritimes', 1),
(8, '07', 82, '07186', 5, 'ARDECHE', 'Ardèche', 1),
(9, '08', 21, '08105', 4, 'ARDENNES', 'Ardennes', 1),
(10, '09', 73, '09122', 5, 'ARIEGE', 'Ariège', 1),
(11, '10', 21, '10387', 5, 'AUBE', 'Aube', 1),
(12, '11', 91, '11069', 5, 'AUDE', 'Aude', 1),
(13, '12', 73, '12202', 5, 'AVEYRON', 'Aveyron', 1),
(14, '13', 93, '13055', 4, 'BOUCHES-DU-RHONE', 'Bouches-du-Rhône', 1),
(15, '14', 25, '14118', 2, 'CALVADOS', 'Calvados', 1),
(16, '15', 83, '15014', 2, 'CANTAL', 'Cantal', 1),
(17, '16', 54, '16015', 3, 'CHARENTE', 'Charente', 1),
(18, '17', 54, '17300', 3, 'CHARENTE-MARITIME', 'Charente-Maritime', 1),
(19, '18', 24, '18033', 2, 'CHER', 'Cher', 1),
(20, '19', 74, '19272', 3, 'CORREZE', 'Corrèze', 1),
(21, '2A', 94, '2A004', 3, 'CORSE-DU-SUD', 'Corse-du-Sud', 1),
(22, '2B', 94, '2B033', 3, 'HAUTE-CORSE', 'Haute-Corse', 1),
(23, '21', 26, '21231', 3, 'COTE-D OR', 'Côte-d Or', 1),
(24, '22', 53, '22278', 4, 'COTES-D ARMOR', 'Côtes-d Armor', 1),
(25, '23', 74, '23096', 3, 'CREUSE', 'Creuse', 1),
(26, '24', 72, '24322', 3, 'DORDOGNE', 'Dordogne', 1),
(27, '25', 43, '25056', 2, 'DOUBS', 'Doubs', 1),
(28, '26', 82, '26362', 3, 'DROME', 'Drôme', 1),
(29, '27', 23, '27229', 5, 'EURE', 'Eure', 1),
(30, '28', 24, '28085', 1, 'EURE-ET-LOIR', 'Eure-et-Loir', 1),
(31, '29', 53, '29232', 2, 'FINISTERE', 'Finistère', 1),
(32, '30', 91, '30189', 2, 'GARD', 'Gard', 1),
(33, '31', 73, '31555', 3, 'HAUTE-GARONNE', 'Haute-Garonne', 1),
(34, '32', 73, '32013', 2, 'GERS', 'Gers', 1),
(35, '33', 72, '33063', 3, 'GIRONDE', 'Gironde', 1),
(36, '34', 91, '34172', 5, 'HERAULT', 'Hérault', 1),
(37, '35', 53, '35238', 1, 'ILLE-ET-VILAINE', 'Ille-et-Vilaine', 1),
(38, '36', 24, '36044', 5, 'INDRE', 'Indre', 1),
(39, '37', 24, '37261', 1, 'INDRE-ET-LOIRE', 'Indre-et-Loire', 1),
(40, '38', 82, '38185', 5, 'ISERE', 'Isère', 1),
(41, '39', 43, '39300', 2, 'JURA', 'Jura', 1),
(42, '40', 72, '40192', 4, 'LANDES', 'Landes', 1),
(43, '41', 24, '41018', 0, 'LOIR-ET-CHER', 'Loir-et-Cher', 1),
(44, '42', 82, '42218', 3, 'LOIRE', 'Loire', 1),
(45, '43', 83, '43157', 3, 'HAUTE-LOIRE', 'Haute-Loire', 1),
(46, '44', 52, '44109', 3, 'LOIRE-ATLANTIQUE', 'Loire-Atlantique', 1),
(47, '45', 24, '45234', 2, 'LOIRET', 'Loiret', 1),
(48, '46', 73, '46042', 2, 'LOT', 'Lot', 1),
(49, '47', 72, '47001', 0, 'LOT-ET-GARONNE', 'Lot-et-Garonne', 1),
(50, '48', 91, '48095', 3, 'LOZERE', 'Lozère', 1),
(51, '49', 52, '49007', 0, 'MAINE-ET-LOIRE', 'Maine-et-Loire', 1),
(52, '50', 25, '50502', 3, 'MANCHE', 'Manche', 1),
(53, '51', 21, '51108', 3, 'MARNE', 'Marne', 1),
(54, '52', 21, '52121', 3, 'HAUTE-MARNE', 'Haute-Marne', 1),
(55, '53', 52, '53130', 3, 'MAYENNE', 'Mayenne', 1),
(56, '54', 41, '54395', 0, 'MEURTHE-ET-MOSELLE', 'Meurthe-et-Moselle', 1),
(57, '55', 41, '55029', 3, 'MEUSE', 'Meuse', 1),
(58, '56', 53, '56260', 2, 'MORBIHAN', 'Morbihan', 1),
(59, '57', 41, '57463', 3, 'MOSELLE', 'Moselle', 1),
(60, '58', 26, '58194', 3, 'NIEVRE', 'Nièvre', 1),
(61, '59', 31, '59350', 2, 'NORD', 'Nord', 1),
(62, '60', 22, '60057', 5, 'OISE', 'Oise', 1),
(63, '61', 25, '61001', 5, 'ORNE', 'Orne', 1),
(64, '62', 31, '62041', 2, 'PAS-DE-CALAIS', 'Pas-de-Calais', 1),
(65, '63', 83, '63113', 2, 'PUY-DE-DOME', 'Puy-de-Dôme', 1),
(66, '64', 72, '64445', 4, 'PYRENEES-ATLANTIQUES', 'Pyrénées-Atlantiques', 1),
(67, '65', 73, '65440', 4, 'HAUTES-PYRENEES', 'Hautes-Pyrénées', 1),
(68, '66', 91, '66136', 4, 'PYRENEES-ORIENTALES', 'Pyrénées-Orientales', 1),
(69, '67', 42, '67482', 2, 'BAS-RHIN', 'Bas-Rhin', 1),
(70, '68', 42, '68066', 2, 'HAUT-RHIN', 'Haut-Rhin', 1),
(71, '69', 82, '69123', 2, 'RHONE', 'Rhône', 1),
(72, '70', 43, '70550', 3, 'HAUTE-SAONE', 'Haute-Saône', 1),
(73, '71', 26, '71270', 0, 'SAONE-ET-LOIRE', 'Saône-et-Loire', 1),
(74, '72', 52, '72181', 3, 'SARTHE', 'Sarthe', 1),
(75, '73', 82, '73065', 3, 'SAVOIE', 'Savoie', 1),
(76, '74', 82, '74010', 3, 'HAUTE-SAVOIE', 'Haute-Savoie', 1),
(77, '75', 11, '75056', 0, 'PARIS', 'Paris', 1),
(78, '76', 23, '76540', 3, 'SEINE-MARITIME', 'Seine-Maritime', 1),
(79, '77', 11, '77288', 0, 'SEINE-ET-MARNE', 'Seine-et-Marne', 1),
(80, '78', 11, '78646', 4, 'YVELINES', 'Yvelines', 1),
(81, '79', 54, '79191', 4, 'DEUX-SEVRES', 'Deux-Sèvres', 1),
(82, '80', 22, '80021', 3, 'SOMME', 'Somme', 1),
(83, '81', 73, '81004', 2, 'TARN', 'Tarn', 1),
(84, '82', 73, '82121', 0, 'TARN-ET-GARONNE', 'Tarn-et-Garonne', 1),
(85, '83', 93, '83137', 2, 'VAR', 'Var', 1),
(86, '84', 93, '84007', 0, 'VAUCLUSE', 'Vaucluse', 1),
(87, '85', 52, '85191', 3, 'VENDEE', 'Vendée', 1),
(88, '86', 54, '86194', 3, 'VIENNE', 'Vienne', 1),
(89, '87', 74, '87085', 3, 'HAUTE-VIENNE', 'Haute-Vienne', 1),
(90, '88', 41, '88160', 4, 'VOSGES', 'Vosges', 1),
(91, '89', 26, '89024', 5, 'YONNE', 'Yonne', 1),
(92, '90', 43, '90010', 0, 'TERRITOIRE DE BELFORT', 'Territoire de Belfort', 1),
(93, '91', 11, '91228', 5, 'ESSONNE', 'Essonne', 1),
(94, '92', 11, '92050', 4, 'HAUTS-DE-SEINE', 'Hauts-de-Seine', 1),
(95, '93', 11, '93008', 3, 'SEINE-SAINT-DENIS', 'Seine-Saint-Denis', 1),
(96, '94', 11, '94028', 2, 'VAL-DE-MARNE', 'Val-de-Marne', 1),
(97, '95', 11, '95500', 2, 'VAL-D OISE', 'Val-d Oise', 1),
(98, '971', 1, '97105', 3, 'GUADELOUPE', 'Guadeloupe', 1),
(99, '972', 2, '97209', 3, 'MARTINIQUE', 'Martinique', 1),
(100, '973', 3, '97302', 3, 'GUYANE', 'Guyane', 1),
(101, '974', 4, '97411', 3, 'REUNION', 'Réunion', 1),
(102, '01', 201, '', 1, 'ANVERS', 'Anvers', 1),
(103, '02', 203, '', 3, 'BRUXELLES-CAPITALE', 'Bruxelles-Capitale', 1),
(104, '03', 202, '', 2, 'BRABANT-WALLON', 'Brabant-Wallon', 1),
(105, '04', 201, '', 1, 'BRABANT-FLAMAND', 'Brabant-Flamand', 1),
(106, '05', 201, '', 1, 'FLANDRE-OCCIDENTALE', 'Flandre-Occidentale', 1),
(107, '06', 201, '', 1, 'FLANDRE-ORIENTALE', 'Flandre-Orientale', 1),
(108, '07', 202, '', 2, 'HAINAUT', 'Hainaut', 1),
(109, '08', 201, '', 2, 'LIEGE', 'Liège', 1),
(110, '09', 202, '', 1, 'LIMBOURG', 'Limbourg', 1),
(111, '10', 202, '', 2, 'LUXEMBOURG', 'Luxembourg', 1),
(112, '11', 201, '', 2, 'NAMUR', 'Namur', 1),
(113, 'AG', 315, NULL, NULL, NULL, 'AGRIGENTO', 1),
(114, 'AL', 312, NULL, NULL, NULL, 'ALESSANDRIA', 1),
(115, 'AN', 310, NULL, NULL, NULL, 'ANCONA', 1),
(116, 'AO', 319, NULL, NULL, NULL, 'AOSTA', 1),
(117, 'AR', 316, NULL, NULL, NULL, 'AREZZO', 1),
(118, 'AP', 310, NULL, NULL, NULL, 'ASCOLI PICENO', 1),
(119, 'AT', 312, NULL, NULL, NULL, 'ASTI', 1),
(120, 'AV', 304, NULL, NULL, NULL, 'AVELLINO', 1),
(121, 'BA', 313, NULL, NULL, NULL, 'BARI', 1),
(122, 'BT', 313, NULL, NULL, NULL, 'BARLETTA-ANDRIA-TRANI', 1),
(123, 'BL', 320, NULL, NULL, NULL, 'BELLUNO', 1),
(124, 'BN', 304, NULL, NULL, NULL, 'BENEVENTO', 1),
(125, 'BG', 309, NULL, NULL, NULL, 'BERGAMO', 1),
(126, 'BI', 312, NULL, NULL, NULL, 'BIELLA', 1),
(127, 'BO', 305, NULL, NULL, NULL, 'BOLOGNA', 1),
(128, 'BZ', 317, NULL, NULL, NULL, 'BOLZANO', 1),
(129, 'BS', 309, NULL, NULL, NULL, 'BRESCIA', 1),
(130, 'BR', 313, NULL, NULL, NULL, 'BRINDISI', 1),
(131, 'CA', 314, NULL, NULL, NULL, 'CAGLIARI', 1),
(132, 'CL', 315, NULL, NULL, NULL, 'CALTANISSETTA', 1),
(133, 'CB', 311, NULL, NULL, NULL, 'CAMPOBASSO', 1),
(134, 'CI', 314, NULL, NULL, NULL, 'CARBONIA-IGLESIAS', 1),
(135, 'CE', 304, NULL, NULL, NULL, 'CASERTA', 1),
(136, 'CT', 315, NULL, NULL, NULL, 'CATANIA', 1),
(137, 'CZ', 303, NULL, NULL, NULL, 'CATANZARO', 1),
(138, 'CH', 301, NULL, NULL, NULL, 'CHIETI', 1),
(139, 'CO', 309, NULL, NULL, NULL, 'COMO', 1),
(140, 'CS', 303, NULL, NULL, NULL, 'COSENZA', 1),
(141, 'CR', 309, NULL, NULL, NULL, 'CREMONA', 1),
(142, 'KR', 303, NULL, NULL, NULL, 'CROTONE', 1),
(143, 'CN', 312, NULL, NULL, NULL, 'CUNEO', 1),
(144, 'EN', 315, NULL, NULL, NULL, 'ENNA', 1),
(145, 'FM', 310, NULL, NULL, NULL, 'FERMO', 1),
(146, 'FE', 305, NULL, NULL, NULL, 'FERRARA', 1),
(147, 'FI', 316, NULL, NULL, NULL, 'FIRENZE', 1),
(148, 'FG', 313, NULL, NULL, NULL, 'FOGGIA', 1),
(149, 'FC', 305, NULL, NULL, NULL, 'FORLI-CESENA', 1),
(150, 'FR', 307, NULL, NULL, NULL, 'FROSINONE', 1),
(151, 'GE', 308, NULL, NULL, NULL, 'GENOVA', 1),
(152, 'GO', 306, NULL, NULL, NULL, 'GORIZIA', 1),
(153, 'GR', 316, NULL, NULL, NULL, 'GROSSETO', 1),
(154, 'IM', 308, NULL, NULL, NULL, 'IMPERIA', 1),
(155, 'IS', 311, NULL, NULL, NULL, 'ISERNIA', 1),
(156, 'SP', 308, NULL, NULL, NULL, 'LA SPEZIA', 1),
(157, 'AQ', 301, NULL, NULL, NULL, 'L AQUILA', 1),
(158, 'LT', 307, NULL, NULL, NULL, 'LATINA', 1),
(159, 'LE', 313, NULL, NULL, NULL, 'LECCE', 1),
(160, 'LC', 309, NULL, NULL, NULL, 'LECCO', 1),
(161, 'LI', 314, NULL, NULL, NULL, 'LIVORNO', 1),
(162, 'LO', 309, NULL, NULL, NULL, 'LODI', 1),
(163, 'LU', 316, NULL, NULL, NULL, 'LUCCA', 1),
(164, 'MC', 310, NULL, NULL, NULL, 'MACERATA', 1),
(165, 'MN', 309, NULL, NULL, NULL, 'MANTOVA', 1),
(166, 'MS', 316, NULL, NULL, NULL, 'MASSA-CARRARA', 1),
(167, 'MT', 302, NULL, NULL, NULL, 'MATERA', 1),
(168, 'VS', 314, NULL, NULL, NULL, 'MEDIO CAMPIDANO', 1),
(169, 'ME', 315, NULL, NULL, NULL, 'MESSINA', 1),
(170, 'MI', 309, NULL, NULL, NULL, 'MILANO', 1),
(171, 'MB', 309, NULL, NULL, NULL, 'MONZA e BRIANZA', 1),
(172, 'MO', 305, NULL, NULL, NULL, 'MODENA', 1),
(173, 'NA', 304, NULL, NULL, NULL, 'NAPOLI', 1),
(174, 'NO', 312, NULL, NULL, NULL, 'NOVARA', 1),
(175, 'NU', 314, NULL, NULL, NULL, 'NUORO', 1),
(176, 'OG', 314, NULL, NULL, NULL, 'OGLIASTRA', 1),
(177, 'OT', 314, NULL, NULL, NULL, 'OLBIA-TEMPIO', 1),
(178, 'OR', 314, NULL, NULL, NULL, 'ORISTANO', 1),
(179, 'PD', 320, NULL, NULL, NULL, 'PADOVA', 1),
(180, 'PA', 315, NULL, NULL, NULL, 'PALERMO', 1),
(181, 'PR', 305, NULL, NULL, NULL, 'PARMA', 1),
(182, 'PV', 309, NULL, NULL, NULL, 'PAVIA', 1),
(183, 'PG', 318, NULL, NULL, NULL, 'PERUGIA', 1),
(184, 'PU', 310, NULL, NULL, NULL, 'PESARO e URBINO', 1),
(185, 'PE', 301, NULL, NULL, NULL, 'PESCARA', 1),
(186, 'PC', 305, NULL, NULL, NULL, 'PIACENZA', 1),
(187, 'PI', 316, NULL, NULL, NULL, 'PISA', 1),
(188, 'PT', 316, NULL, NULL, NULL, 'PISTOIA', 1),
(189, 'PN', 306, NULL, NULL, NULL, 'PORDENONE', 1),
(190, 'PZ', 302, NULL, NULL, NULL, 'POTENZA', 1),
(191, 'PO', 316, NULL, NULL, NULL, 'PRATO', 1),
(192, 'RG', 315, NULL, NULL, NULL, 'RAGUSA', 1),
(193, 'RA', 305, NULL, NULL, NULL, 'RAVENNA', 1),
(194, 'RC', 303, NULL, NULL, NULL, 'REGGIO CALABRIA', 1),
(195, 'RE', 305, NULL, NULL, NULL, 'REGGIO NELL EMILIA', 1),
(196, 'RI', 307, NULL, NULL, NULL, 'RIETI', 1),
(197, 'RN', 305, NULL, NULL, NULL, 'RIMINI', 1),
(198, 'RM', 307, NULL, NULL, NULL, 'ROMA', 1),
(199, 'RO', 320, NULL, NULL, NULL, 'ROVIGO', 1),
(200, 'SA', 304, NULL, NULL, NULL, 'SALERNO', 1),
(201, 'SS', 314, NULL, NULL, NULL, 'SASSARI', 1),
(202, 'SV', 308, NULL, NULL, NULL, 'SAVONA', 1),
(203, 'SI', 316, NULL, NULL, NULL, 'SIENA', 1),
(204, 'SR', 315, NULL, NULL, NULL, 'SIRACUSA', 1),
(205, 'SO', 309, NULL, NULL, NULL, 'SONDRIO', 1),
(206, 'TA', 313, NULL, NULL, NULL, 'TARANTO', 1),
(207, 'TE', 301, NULL, NULL, NULL, 'TERAMO', 1),
(208, 'TR', 318, NULL, NULL, NULL, 'TERNI', 1),
(209, 'TO', 312, NULL, NULL, NULL, 'TORINO', 1),
(210, 'TP', 315, NULL, NULL, NULL, 'TRAPANI', 1),
(211, 'TN', 317, NULL, NULL, NULL, 'TRENTO', 1),
(212, 'TV', 320, NULL, NULL, NULL, 'TREVISO', 1),
(213, 'TS', 306, NULL, NULL, NULL, 'TRIESTE', 1),
(214, 'UD', 306, NULL, NULL, NULL, 'UDINE', 1),
(215, 'VA', 309, NULL, NULL, NULL, 'VARESE', 1),
(216, 'VE', 320, NULL, NULL, NULL, 'VENEZIA', 1),
(217, 'VB', 312, NULL, NULL, NULL, 'VERBANO-CUSIO-OSSOLA', 1),
(218, 'VC', 312, NULL, NULL, NULL, 'VERCELLI', 1),
(219, 'VR', 320, NULL, NULL, NULL, 'VERONA', 1),
(220, 'VV', 303, NULL, NULL, NULL, 'VIBO VALENTIA', 1),
(221, 'VI', 320, NULL, NULL, NULL, 'VICENZA', 1),
(222, 'VT', 307, NULL, NULL, NULL, 'VITERBO', 1),
(223, 'NSW', 2801, '', 1, '', 'New South Wales', 1),
(224, 'VIC', 2801, '', 1, '', 'Victoria', 1),
(225, 'QLD', 2801, '', 1, '', 'Queensland', 1),
(226, 'SA', 2801, '', 1, '', 'South Australia', 1),
(227, 'ACT', 2801, '', 1, '', 'Australia Capital Territory', 1),
(228, 'TAS', 2801, '', 1, '', 'Tasmania', 1),
(229, 'WA', 2801, '', 1, '', 'Western Australia', 1),
(230, 'NT', 2801, '', 1, '', 'Northern Territory', 1),
(231, 'ON', 1401, '', 1, '', 'Ontario', 1),
(232, 'QC', 1401, '', 1, '', 'Quebec', 1),
(233, 'NS', 1401, '', 1, '', 'Nova Scotia', 1),
(234, 'NB', 1401, '', 1, '', 'New Brunswick', 1),
(235, 'MB', 1401, '', 1, '', 'Manitoba', 1),
(236, 'BC', 1401, '', 1, '', 'British Columbia', 1),
(237, 'PE', 1401, '', 1, '', 'Prince Edward Island', 1),
(238, 'SK', 1401, '', 1, '', 'Saskatchewan', 1),
(239, 'AB', 1401, '', 1, '', 'Alberta', 1),
(240, 'NL', 1401, '', 1, '', 'Newfoundland and Labrador', 1),
(241, '01', 419, '', 19, 'ALAVA', 'Álava', 1),
(242, '02', 404, '', 4, 'ALBACETE', 'Albacete', 1),
(243, '03', 411, '', 11, 'ALICANTE', 'Alicante', 1),
(244, '04', 401, '', 1, 'ALMERIA', 'Almería', 1),
(245, '05', 403, '', 3, 'AVILA', 'Avila', 1),
(246, '06', 412, '', 12, 'BADAJOZ', 'Badajoz', 1),
(247, '07', 414, '', 14, 'ISLAS BALEARES', 'Islas Baleares', 1),
(248, '08', 406, '', 6, 'BARCELONA', 'Barcelona', 1),
(249, '09', 403, '', 8, 'BURGOS', 'Burgos', 1),
(250, '10', 412, '', 12, 'CACERES', 'Cáceres', 1),
(251, '11', 401, '', 1, 'CADIZ', 'Cádiz', 1),
(252, '12', 411, '', 11, 'CASTELLON', 'Castellón', 1),
(253, '13', 404, '', 4, 'CIUDAD REAL', 'Ciudad Real', 1),
(254, '14', 401, '', 1, 'CORDOBA', 'Córdoba', 1),
(255, '15', 413, '', 13, 'LA CORUÑA', 'La Coruña', 1),
(256, '16', 404, '', 4, 'CUENCA', 'Cuenca', 1),
(257, '17', 406, '', 6, 'GERONA', 'Gerona', 1),
(258, '18', 401, '', 1, 'GRANADA', 'Granada', 1),
(259, '19', 404, '', 4, 'GUADALAJARA', 'Guadalajara', 1),
(260, '20', 419, '', 19, 'GUIPUZCOA', 'Guipúzcoa', 1),
(261, '21', 401, '', 1, 'HUELVA', 'Huelva', 1),
(262, '22', 402, '', 2, 'HUESCA', 'Huesca', 1),
(263, '23', 401, '', 1, 'JAEN', 'Jaén', 1),
(264, '24', 403, '', 3, 'LEON', 'León', 1),
(265, '25', 406, '', 6, 'LERIDA', 'Lérida', 1),
(266, '26', 415, '', 15, 'LA RIOJA', 'La Rioja', 1),
(267, '27', 413, '', 13, 'LUGO', 'Lugo', 1),
(268, '28', 416, '', 16, 'MADRID', 'Madrid', 1),
(269, '29', 401, '', 1, 'MALAGA', 'Málaga', 1),
(270, '30', 417, '', 17, 'MURCIA', 'Murcia', 1),
(271, '31', 408, '', 8, 'NAVARRA', 'Navarra', 1),
(272, '32', 413, '', 13, 'ORENSE', 'Orense', 1),
(273, '33', 418, '', 18, 'ASTURIAS', 'Asturias', 1),
(274, '34', 403, '', 3, 'PALENCIA', 'Palencia', 1),
(275, '35', 405, '', 5, 'LAS PALMAS', 'Las Palmas', 1),
(276, '36', 413, '', 13, 'PONTEVEDRA', 'Pontevedra', 1),
(277, '37', 403, '', 3, 'SALAMANCA', 'Salamanca', 1),
(278, '38', 405, '', 5, 'STA. CRUZ DE TENERIFE', 'Sta. Cruz de Tenerife', 1),
(279, '39', 410, '', 10, 'CANTABRIA', 'Cantabria', 1),
(280, '40', 403, '', 3, 'SEGOVIA', 'Segovia', 1),
(281, '41', 401, '', 1, 'SEVILLA', 'Sevilla', 1),
(282, '42', 403, '', 3, 'SORIA', 'Soria', 1),
(283, '43', 406, '', 6, 'TARRAGONA', 'Tarragona', 1),
(284, '44', 402, '', 2, 'TERUEL', 'Teruel', 1),
(285, '45', 404, '', 5, 'TOLEDO', 'Toledo', 1),
(286, '46', 411, '', 11, 'VALENCIA', 'Valencia', 1),
(287, '47', 403, '', 3, 'VALLADOLID', 'Valladolid', 1),
(288, '48', 419, '', 19, 'VIZCAYA', 'Vizcaya', 1),
(289, '49', 403, '', 3, 'ZAMORA', 'Zamora', 1),
(290, '50', 402, '', 1, 'ZARAGOZA', 'Zaragoza', 1),
(291, '51', 407, '', 7, 'CEUTA', 'Ceuta', 1),
(292, '52', 409, '', 9, 'MELILLA', 'Melilla', 1),
(293, '53', 420, '', 20, 'OTROS', 'Otros', 1),
(294, 'BW', 501, NULL, NULL, 'BADEN-WÜRTTEMBERG', 'Baden-Württemberg', 1),
(295, 'BY', 501, NULL, NULL, 'BAYERN', 'Bayern', 1),
(296, 'BE', 501, NULL, NULL, 'BERLIN', 'Berlin', 1),
(297, 'BB', 501, NULL, NULL, 'BRANDENBURG', 'Brandenburg', 1),
(298, 'HB', 501, NULL, NULL, 'BREMEN', 'Bremen', 1),
(299, 'HH', 501, NULL, NULL, 'HAMBURG', 'Hamburg', 1),
(300, 'HE', 501, NULL, NULL, 'HESSEN', 'Hessen', 1),
(301, 'MV', 501, NULL, NULL, 'MECKLENBURG-VORPOMMERN', 'Mecklenburg-Vorpommern', 1),
(302, 'NI', 501, NULL, NULL, 'NIEDERSACHSEN', 'Niedersachsen', 1),
(303, 'NW', 501, NULL, NULL, 'NORDRHEIN-WESTFALEN', 'Nordrhein-Westfalen', 1),
(304, 'RP', 501, NULL, NULL, 'RHEINLAND-PFALZ', 'Rheinland-Pfalz', 1),
(305, 'SL', 501, NULL, NULL, 'SAARLAND', 'Saarland', 1),
(306, 'SN', 501, NULL, NULL, 'SACHSEN', 'Sachsen', 1),
(307, 'ST', 501, NULL, NULL, 'SACHSEN-ANHALT', 'Sachsen-Anhalt', 1),
(308, 'SH', 501, NULL, NULL, 'SCHLESWIG-HOLSTEIN', 'Schleswig-Holstein', 1),
(309, 'TH', 501, NULL, NULL, 'THÜRINGEN', 'Thüringen', 1),
(310, '66', 10201, NULL, NULL, NULL, 'Αθήνα', 1),
(311, '00', 10205, NULL, NULL, NULL, 'Δράμα', 1),
(312, '01', 10205, NULL, NULL, NULL, 'Έβρος', 1),
(313, '02', 10205, NULL, NULL, NULL, 'Θάσος', 1),
(314, '03', 10205, NULL, NULL, NULL, 'Καβάλα', 1),
(315, '04', 10205, NULL, NULL, NULL, 'Ξάνθη', 1),
(316, '05', 10205, NULL, NULL, NULL, 'Ροδόπη', 1),
(317, '06', 10203, NULL, NULL, NULL, 'Ημαθία', 1),
(318, '07', 10203, NULL, NULL, NULL, 'Θεσσαλονίκη', 1),
(319, '08', 10203, NULL, NULL, NULL, 'Κιλκίς', 1),
(320, '09', 10203, NULL, NULL, NULL, 'Πέλλα', 1),
(321, '10', 10203, NULL, NULL, NULL, 'Πιερία', 1),
(322, '11', 10203, NULL, NULL, NULL, 'Σέρρες', 1),
(323, '12', 10203, NULL, NULL, NULL, 'Χαλκιδική', 1),
(324, '13', 10206, NULL, NULL, NULL, 'Άρτα', 1),
(325, '14', 10206, NULL, NULL, NULL, 'Θεσπρωτία', 1),
(326, '15', 10206, NULL, NULL, NULL, 'Ιωάννινα', 1),
(327, '16', 10206, NULL, NULL, NULL, 'Πρέβεζα', 1),
(328, '17', 10213, NULL, NULL, NULL, 'Γρεβενά', 1),
(329, '18', 10213, NULL, NULL, NULL, 'Καστοριά', 1),
(330, '19', 10213, NULL, NULL, NULL, 'Κοζάνη', 1),
(331, '20', 10213, NULL, NULL, NULL, 'Φλώρινα', 1),
(332, '21', 10212, NULL, NULL, NULL, 'Καρδίτσα', 1),
(333, '22', 10212, NULL, NULL, NULL, 'Λάρισα', 1),
(334, '23', 10212, NULL, NULL, NULL, 'Μαγνησία', 1),
(335, '24', 10212, NULL, NULL, NULL, 'Τρίκαλα', 1),
(336, '25', 10212, NULL, NULL, NULL, 'Σποράδες', 1),
(337, '26', 10212, NULL, NULL, NULL, 'Βοιωτία', 1),
(338, '27', 10202, NULL, NULL, NULL, 'Εύβοια', 1),
(339, '28', 10202, NULL, NULL, NULL, 'Ευρυτανία', 1),
(340, '29', 10202, NULL, NULL, NULL, 'Φθιώτιδα', 1),
(341, '30', 10202, NULL, NULL, NULL, 'Φωκίδα', 1),
(342, '31', 10209, NULL, NULL, NULL, 'Αργολίδα', 1),
(343, '32', 10209, NULL, NULL, NULL, 'Αρκαδία', 1),
(344, '33', 10209, NULL, NULL, NULL, 'Κορινθία', 1),
(345, '34', 10209, NULL, NULL, NULL, 'Λακωνία', 1),
(346, '35', 10209, NULL, NULL, NULL, 'Μεσσηνία', 1),
(347, '36', 10211, NULL, NULL, NULL, 'Αιτωλοακαρνανία', 1),
(348, '37', 10211, NULL, NULL, NULL, 'Αχαΐα', 1),
(349, '38', 10211, NULL, NULL, NULL, 'Ηλεία', 1),
(350, '39', 10207, NULL, NULL, NULL, 'Ζάκυνθος', 1),
(351, '40', 10207, NULL, NULL, NULL, 'Κέρκυρα', 1),
(352, '41', 10207, NULL, NULL, NULL, 'Κεφαλληνία', 1),
(353, '42', 10207, NULL, NULL, NULL, 'Ιθάκη', 1),
(354, '43', 10207, NULL, NULL, NULL, 'Λευκάδα', 1),
(355, '44', 10208, NULL, NULL, NULL, 'Ικαρία', 1),
(356, '45', 10208, NULL, NULL, NULL, 'Λέσβος', 1),
(357, '46', 10208, NULL, NULL, NULL, 'Λήμνος', 1),
(358, '47', 10208, NULL, NULL, NULL, 'Σάμος', 1),
(359, '48', 10208, NULL, NULL, NULL, 'Χίος', 1),
(360, '49', 10210, NULL, NULL, NULL, 'Άνδρος', 1),
(361, '50', 10210, NULL, NULL, NULL, 'Θήρα', 1),
(362, '51', 10210, NULL, NULL, NULL, 'Κάλυμνος', 1),
(363, '52', 10210, NULL, NULL, NULL, 'Κάρπαθος', 1),
(364, '53', 10210, NULL, NULL, NULL, 'Κέα-Κύθνος', 1),
(365, '54', 10210, NULL, NULL, NULL, 'Κω', 1),
(366, '55', 10210, NULL, NULL, NULL, 'Μήλος', 1),
(367, '56', 10210, NULL, NULL, NULL, 'Μύκονος', 1),
(368, '57', 10210, NULL, NULL, NULL, 'Νάξος', 1),
(369, '58', 10210, NULL, NULL, NULL, 'Πάρος', 1),
(370, '59', 10210, NULL, NULL, NULL, 'Ρόδος', 1),
(371, '60', 10210, NULL, NULL, NULL, 'Σύρος', 1),
(372, '61', 10210, NULL, NULL, NULL, 'Τήνος', 1),
(373, '62', 10204, NULL, NULL, NULL, 'Ηράκλειο', 1),
(374, '63', 10204, NULL, NULL, NULL, 'Λασίθι', 1),
(375, '64', 10204, NULL, NULL, NULL, 'Ρέθυμνο', 1),
(376, '65', 10204, NULL, NULL, NULL, 'Χανιά', 1),
(377, 'AG', 601, NULL, NULL, 'ARGOVIE', 'Argovie', 1),
(378, 'AI', 601, NULL, NULL, 'APPENZELL RHODES INTERIEURES', 'Appenzell Rhodes intérieures', 1),
(379, 'AR', 601, NULL, NULL, 'APPENZELL RHODES EXTERIEURES', 'Appenzell Rhodes extérieures', 1),
(380, 'BE', 601, NULL, NULL, 'BERNE', 'Berne', 1),
(381, 'BL', 601, NULL, NULL, 'BALE CAMPAGNE', 'Bâle Campagne', 1),
(382, 'BS', 601, NULL, NULL, 'BALE VILLE', 'Bâle Ville', 1),
(383, 'FR', 601, NULL, NULL, 'FRIBOURG', 'Fribourg', 1),
(384, 'GE', 601, NULL, NULL, 'GENEVE', 'Genève', 1),
(385, 'GL', 601, NULL, NULL, 'GLARIS', 'Glaris', 1),
(386, 'GR', 601, NULL, NULL, 'GRISONS', 'Grisons', 1),
(387, 'JU', 601, NULL, NULL, 'JURA', 'Jura', 1),
(388, 'LU', 601, NULL, NULL, 'LUCERNE', 'Lucerne', 1),
(389, 'NE', 601, NULL, NULL, 'NEUCHATEL', 'Neuchâtel', 1),
(390, 'NW', 601, NULL, NULL, 'NIDWALD', 'Nidwald', 1),
(391, 'OW', 601, NULL, NULL, 'OBWALD', 'Obwald', 1),
(392, 'SG', 601, NULL, NULL, 'SAINT-GALL', 'Saint-Gall', 1),
(393, 'SH', 601, NULL, NULL, 'SCHAFFHOUSE', 'Schaffhouse', 1),
(394, 'SO', 601, NULL, NULL, 'SOLEURE', 'Soleure', 1),
(395, 'SZ', 601, NULL, NULL, 'SCHWYZ', 'Schwyz', 1),
(396, 'TG', 601, NULL, NULL, 'THURGOVIE', 'Thurgovie', 1),
(397, 'TI', 601, NULL, NULL, 'TESSIN', 'Tessin', 1),
(398, 'UR', 601, NULL, NULL, 'URI', 'Uri', 1),
(399, 'VD', 601, NULL, NULL, 'VAUD', 'Vaud', 1),
(400, 'VS', 601, NULL, NULL, 'VALAIS', 'Valais', 1),
(401, 'ZG', 601, NULL, NULL, 'ZUG', 'Zug', 1),
(402, 'ZH', 601, NULL, NULL, 'ZURICH', 'Zürich', 1),
(403, '701', 701, NULL, 0, NULL, 'Bedfordshire', 1),
(404, '702', 701, NULL, 0, NULL, 'Berkshire', 1),
(405, '703', 701, NULL, 0, NULL, 'Bristol, City of', 1),
(406, '704', 701, NULL, 0, NULL, 'Buckinghamshire', 1),
(407, '705', 701, NULL, 0, NULL, 'Cambridgeshire', 1),
(408, '706', 701, NULL, 0, NULL, 'Cheshire', 1),
(409, '707', 701, NULL, 0, NULL, 'Cleveland', 1),
(410, '708', 701, NULL, 0, NULL, 'Cornwall', 1),
(411, '709', 701, NULL, 0, NULL, 'Cumberland', 1),
(412, '710', 701, NULL, 0, NULL, 'Cumbria', 1),
(413, '711', 701, NULL, 0, NULL, 'Derbyshire', 1),
(414, '712', 701, NULL, 0, NULL, 'Devon', 1),
(415, '713', 701, NULL, 0, NULL, 'Dorset', 1),
(416, '714', 701, NULL, 0, NULL, 'Co. Durham', 1),
(417, '715', 701, NULL, 0, NULL, 'East Riding of Yorkshire', 1),
(418, '716', 701, NULL, 0, NULL, 'East Sussex', 1),
(419, '717', 701, NULL, 0, NULL, 'Essex', 1),
(420, '718', 701, NULL, 0, NULL, 'Gloucestershire', 1),
(421, '719', 701, NULL, 0, NULL, 'Greater Manchester', 1),
(422, '720', 701, NULL, 0, NULL, 'Hampshire', 1),
(423, '721', 701, NULL, 0, NULL, 'Hertfordshire', 1),
(424, '722', 701, NULL, 0, NULL, 'Hereford and Worcester', 1),
(425, '723', 701, NULL, 0, NULL, 'Herefordshire', 1),
(426, '724', 701, NULL, 0, NULL, 'Huntingdonshire', 1),
(427, '725', 701, NULL, 0, NULL, 'Isle of Man', 1),
(428, '726', 701, NULL, 0, NULL, 'Isle of Wight', 1),
(429, '727', 701, NULL, 0, NULL, 'Jersey', 1),
(430, '728', 701, NULL, 0, NULL, 'Kent', 1),
(431, '729', 701, NULL, 0, NULL, 'Lancashire', 1),
(432, '730', 701, NULL, 0, NULL, 'Leicestershire', 1),
(433, '731', 701, NULL, 0, NULL, 'Lincolnshire', 1),
(434, '732', 701, NULL, 0, NULL, 'London - City of London', 1),
(435, '733', 701, NULL, 0, NULL, 'Merseyside', 1),
(436, '734', 701, NULL, 0, NULL, 'Middlesex', 1),
(437, '735', 701, NULL, 0, NULL, 'Norfolk', 1),
(438, '736', 701, NULL, 0, NULL, 'North Yorkshire', 1),
(439, '737', 701, NULL, 0, NULL, 'North Riding of Yorkshire', 1),
(440, '738', 701, NULL, 0, NULL, 'Northamptonshire', 1),
(441, '739', 701, NULL, 0, NULL, 'Northumberland', 1),
(442, '740', 701, NULL, 0, NULL, 'Nottinghamshire', 1),
(443, '741', 701, NULL, 0, NULL, 'Oxfordshire', 1),
(444, '742', 701, NULL, 0, NULL, 'Rutland', 1),
(445, '743', 701, NULL, 0, NULL, 'Shropshire', 1),
(446, '744', 701, NULL, 0, NULL, 'Somerset', 1),
(447, '745', 701, NULL, 0, NULL, 'Staffordshire', 1),
(448, '746', 701, NULL, 0, NULL, 'Suffolk', 1),
(449, '747', 701, NULL, 0, NULL, 'Surrey', 1),
(450, '748', 701, NULL, 0, NULL, 'Sussex', 1),
(451, '749', 701, NULL, 0, NULL, 'Tyne and Wear', 1),
(452, '750', 701, NULL, 0, NULL, 'Warwickshire', 1),
(453, '751', 701, NULL, 0, NULL, 'West Midlands', 1),
(454, '752', 701, NULL, 0, NULL, 'West Sussex', 1),
(455, '753', 701, NULL, 0, NULL, 'West Yorkshire', 1),
(456, '754', 701, NULL, 0, NULL, 'West Riding of Yorkshire', 1),
(457, '755', 701, NULL, 0, NULL, 'Wiltshire', 1),
(458, '756', 701, NULL, 0, NULL, 'Worcestershire', 1),
(459, '757', 701, NULL, 0, NULL, 'Yorkshire', 1),
(460, '758', 702, NULL, 0, NULL, 'Anglesey', 1),
(461, '759', 702, NULL, 0, NULL, 'Breconshire', 1),
(462, '760', 702, NULL, 0, NULL, 'Caernarvonshire', 1),
(463, '761', 702, NULL, 0, NULL, 'Cardiganshire', 1),
(464, '762', 702, NULL, 0, NULL, 'Carmarthenshire', 1),
(465, '763', 702, NULL, 0, NULL, 'Ceredigion', 1),
(466, '764', 702, NULL, 0, NULL, 'Denbighshire', 1),
(467, '765', 702, NULL, 0, NULL, 'Flintshire', 1),
(468, '766', 702, NULL, 0, NULL, 'Glamorgan', 1),
(469, '767', 702, NULL, 0, NULL, 'Gwent', 1),
(470, '768', 702, NULL, 0, NULL, 'Gwynedd', 1),
(471, '769', 702, NULL, 0, NULL, 'Merionethshire', 1),
(472, '770', 702, NULL, 0, NULL, 'Monmouthshire', 1),
(473, '771', 702, NULL, 0, NULL, 'Mid Glamorgan', 1),
(474, '772', 702, NULL, 0, NULL, 'Montgomeryshire', 1),
(475, '773', 702, NULL, 0, NULL, 'Pembrokeshire', 1),
(476, '774', 702, NULL, 0, NULL, 'Powys', 1),
(477, '775', 702, NULL, 0, NULL, 'Radnorshire', 1),
(478, '776', 702, NULL, 0, NULL, 'South Glamorgan', 1),
(479, '777', 703, NULL, 0, NULL, 'Aberdeen, City of', 1),
(480, '778', 703, NULL, 0, NULL, 'Angus', 1),
(481, '779', 703, NULL, 0, NULL, 'Argyll', 1),
(482, '780', 703, NULL, 0, NULL, 'Ayrshire', 1),
(483, '781', 703, NULL, 0, NULL, 'Banffshire', 1),
(484, '782', 703, NULL, 0, NULL, 'Berwickshire', 1),
(485, '783', 703, NULL, 0, NULL, 'Bute', 1),
(486, '784', 703, NULL, 0, NULL, 'Caithness', 1),
(487, '785', 703, NULL, 0, NULL, 'Clackmannanshire', 1),
(488, '786', 703, NULL, 0, NULL, 'Dumfriesshire', 1),
(489, '787', 703, NULL, 0, NULL, 'Dumbartonshire', 1),
(490, '788', 703, NULL, 0, NULL, 'Dundee, City of', 1),
(491, '789', 703, NULL, 0, NULL, 'East Lothian', 1),
(492, '790', 703, NULL, 0, NULL, 'Fife', 1),
(493, '791', 703, NULL, 0, NULL, 'Inverness', 1),
(494, '792', 703, NULL, 0, NULL, 'Kincardineshire', 1),
(495, '793', 703, NULL, 0, NULL, 'Kinross-shire', 1),
(496, '794', 703, NULL, 0, NULL, 'Kirkcudbrightshire', 1),
(497, '795', 703, NULL, 0, NULL, 'Lanarkshire', 1),
(498, '796', 703, NULL, 0, NULL, 'Midlothian', 1),
(499, '797', 703, NULL, 0, NULL, 'Morayshire', 1),
(500, '798', 703, NULL, 0, NULL, 'Nairnshire', 1),
(501, '799', 703, NULL, 0, NULL, 'Orkney', 1),
(502, '800', 703, NULL, 0, NULL, 'Peebleshire', 1),
(503, '801', 703, NULL, 0, NULL, 'Perthshire', 1),
(504, '802', 703, NULL, 0, NULL, 'Renfrewshire', 1),
(505, '803', 703, NULL, 0, NULL, 'Ross & Cromarty', 1),
(506, '804', 703, NULL, 0, NULL, 'Roxburghshire', 1),
(507, '805', 703, NULL, 0, NULL, 'Selkirkshire', 1),
(508, '806', 703, NULL, 0, NULL, 'Shetland', 1),
(509, '807', 703, NULL, 0, NULL, 'Stirlingshire', 1),
(510, '808', 703, NULL, 0, NULL, 'Sutherland', 1),
(511, '809', 703, NULL, 0, NULL, 'West Lothian', 1),
(512, '810', 703, NULL, 0, NULL, 'Wigtownshire', 1),
(513, '811', 704, NULL, 0, NULL, 'Antrim', 1),
(514, '812', 704, NULL, 0, NULL, 'Armagh', 1),
(515, '813', 704, NULL, 0, NULL, 'Co. Down', 1),
(516, '814', 704, NULL, 0, NULL, 'Co. Fermanagh', 1),
(517, '815', 704, NULL, 0, NULL, 'Co. Londonderry', 1),
(518, 'AL', 1101, '', 0, 'ALABAMA', 'Alabama', 1),
(519, 'AK', 1101, '', 0, 'ALASKA', 'Alaska', 1),
(520, 'AZ', 1101, '', 0, 'ARIZONA', 'Arizona', 1),
(521, 'AR', 1101, '', 0, 'ARKANSAS', 'Arkansas', 1),
(522, 'CA', 1101, '', 0, 'CALIFORNIA', 'California', 1),
(523, 'CO', 1101, '', 0, 'COLORADO', 'Colorado', 1),
(524, 'CT', 1101, '', 0, 'CONNECTICUT', 'Connecticut', 1),
(525, 'DE', 1101, '', 0, 'DELAWARE', 'Delaware', 1),
(526, 'FL', 1101, '', 0, 'FLORIDA', 'Florida', 1),
(527, 'GA', 1101, '', 0, 'GEORGIA', 'Georgia', 1),
(528, 'HI', 1101, '', 0, 'HAWAII', 'Hawaii', 1),
(529, 'ID', 1101, '', 0, 'IDAHO', 'Idaho', 1),
(530, 'IL', 1101, '', 0, 'ILLINOIS', 'Illinois', 1),
(531, 'IN', 1101, '', 0, 'INDIANA', 'Indiana', 1),
(532, 'IA', 1101, '', 0, 'IOWA', 'Iowa', 1),
(533, 'KS', 1101, '', 0, 'KANSAS', 'Kansas', 1),
(534, 'KY', 1101, '', 0, 'KENTUCKY', 'Kentucky', 1),
(535, 'LA', 1101, '', 0, 'LOUISIANA', 'Louisiana', 1),
(536, 'ME', 1101, '', 0, 'MAINE', 'Maine', 1),
(537, 'MD', 1101, '', 0, 'MARYLAND', 'Maryland', 1),
(538, 'MA', 1101, '', 0, 'MASSACHUSSETTS', 'Massachusetts', 1),
(539, 'MI', 1101, '', 0, 'MICHIGAN', 'Michigan', 1),
(540, 'MN', 1101, '', 0, 'MINNESOTA', 'Minnesota', 1),
(541, 'MS', 1101, '', 0, 'MISSISSIPPI', 'Mississippi', 1),
(542, 'MO', 1101, '', 0, 'MISSOURI', 'Missouri', 1),
(543, 'MT', 1101, '', 0, 'MONTANA', 'Montana', 1),
(544, 'NE', 1101, '', 0, 'NEBRASKA', 'Nebraska', 1),
(545, 'NV', 1101, '', 0, 'NEVADA', 'Nevada', 1),
(546, 'NH', 1101, '', 0, 'NEW HAMPSHIRE', 'New Hampshire', 1),
(547, 'NJ', 1101, '', 0, 'NEW JERSEY', 'New Jersey', 1),
(548, 'NM', 1101, '', 0, 'NEW MEXICO', 'New Mexico', 1),
(549, 'NY', 1101, '', 0, 'NEW YORK', 'New York', 1),
(550, 'NC', 1101, '', 0, 'NORTH CAROLINA', 'North Carolina', 1),
(551, 'ND', 1101, '', 0, 'NORTH DAKOTA', 'North Dakota', 1),
(552, 'OH', 1101, '', 0, 'OHIO', 'Ohio', 1),
(553, 'OK', 1101, '', 0, 'OKLAHOMA', 'Oklahoma', 1),
(554, 'OR', 1101, '', 0, 'OREGON', 'Oregon', 1),
(555, 'PA', 1101, '', 0, 'PENNSYLVANIA', 'Pennsylvania', 1),
(556, 'RI', 1101, '', 0, 'RHODE ISLAND', 'Rhode Island', 1),
(557, 'SC', 1101, '', 0, 'SOUTH CAROLINA', 'South Carolina', 1),
(558, 'SD', 1101, '', 0, 'SOUTH DAKOTA', 'South Dakota', 1),
(559, 'TN', 1101, '', 0, 'TENNESSEE', 'Tennessee', 1),
(560, 'TX', 1101, '', 0, 'TEXAS', 'Texas', 1),
(561, 'UT', 1101, '', 0, 'UTAH', 'Utah', 1),
(562, 'VT', 1101, '', 0, 'VERMONT', 'Vermont', 1),
(563, 'VA', 1101, '', 0, 'VIRGINIA', 'Virginia', 1),
(564, 'WA', 1101, '', 0, 'WASHINGTON', 'Washington', 1),
(565, 'WV', 1101, '', 0, 'WEST VIRGINIA', 'West Virginia', 1),
(566, 'WI', 1101, '', 0, 'WISCONSIN', 'Wisconsin', 1),
(567, 'WY', 1101, '', 0, 'WYOMING', 'Wyoming', 1),
(568, 'GR', 1701, NULL, NULL, NULL, 'Groningen', 1),
(569, 'FR', 1701, NULL, NULL, NULL, 'Friesland', 1),
(570, 'DR', 1701, NULL, NULL, NULL, 'Drenthe', 1),
(571, 'OV', 1701, NULL, NULL, NULL, 'Overijssel', 1),
(572, 'GD', 1701, NULL, NULL, NULL, 'Gelderland', 1),
(573, 'FL', 1701, NULL, NULL, NULL, 'Flevoland', 1),
(574, 'UT', 1701, NULL, NULL, NULL, 'Utrecht', 1),
(575, 'NH', 1701, NULL, NULL, NULL, 'Noord-Holland', 1),
(576, 'ZH', 1701, NULL, NULL, NULL, 'Zuid-Holland', 1),
(577, 'ZL', 1701, NULL, NULL, NULL, 'Zeeland', 1),
(578, 'NB', 1701, NULL, NULL, NULL, 'Noord-Brabant', 1),
(579, 'LB', 1701, NULL, NULL, NULL, 'Limburg', 1),
(580, 'SS', 8601, NULL, NULL, NULL, 'San Salvador', 1),
(581, 'SA', 8603, NULL, NULL, NULL, 'Santa Ana', 1),
(582, 'AH', 8603, NULL, NULL, NULL, 'Ahuachapan', 1),
(583, 'SO', 8603, NULL, NULL, NULL, 'Sonsonate', 1),
(584, 'US', 8602, NULL, NULL, NULL, 'Usulutan', 1),
(585, 'SM', 8602, NULL, NULL, NULL, 'San Miguel', 1),
(586, 'MO', 8602, NULL, NULL, NULL, 'Morazan', 1),
(587, 'LU', 8602, NULL, NULL, NULL, 'La Union', 1),
(588, 'LL', 8601, NULL, NULL, NULL, 'La Libertad', 1),
(589, 'CH', 8601, NULL, NULL, NULL, 'Chalatenango', 1),
(590, 'CA', 8601, NULL, NULL, NULL, 'Cabañas', 1),
(591, 'LP', 8601, NULL, NULL, NULL, 'La Paz', 1),
(592, 'SV', 8601, NULL, NULL, NULL, 'San Vicente', 1),
(593, 'CU', 8601, NULL, NULL, NULL, 'Cuscatlan', 1),
(594, '2301', 2301, '', 0, 'CATAMARCA', 'Catamarca', 1),
(595, '2302', 2301, '', 0, 'JUJUY', 'Jujuy', 1),
(596, '2303', 2301, '', 0, 'TUCAMAN', 'Tucamán', 1),
(597, '2304', 2301, '', 0, 'SANTIAGO DEL ESTERO', 'Santiago del Estero', 1),
(598, '2305', 2301, '', 0, 'SALTA', 'Salta', 1),
(599, '2306', 2302, '', 0, 'CHACO', 'Chaco', 1),
(600, '2307', 2302, '', 0, 'CORRIENTES', 'Corrientes', 1),
(601, '2308', 2302, '', 0, 'ENTRE RIOS', 'Entre Ríos', 1),
(602, '2309', 2302, '', 0, 'FORMOSA MISIONES', 'Formosa Misiones', 1),
(603, '2310', 2302, '', 0, 'SANTA FE', 'Santa Fe', 1),
(604, '2311', 2303, '', 0, 'LA RIOJA', 'La Rioja', 1),
(605, '2312', 2303, '', 0, 'MENDOZA', 'Mendoza', 1),
(606, '2313', 2303, '', 0, 'SAN JUAN', 'San Juan', 1),
(607, '2314', 2303, '', 0, 'SAN LUIS', 'San Luis', 1),
(608, '2315', 2304, '', 0, 'CORDOBA', 'Córdoba', 1),
(609, '2316', 2304, '', 0, 'BUENOS AIRES', 'Buenos Aires', 1),
(610, '2317', 2304, '', 0, 'CABA', 'Caba', 1),
(611, '2318', 2305, '', 0, 'LA PAMPA', 'La Pampa', 1),
(612, '2319', 2305, '', 0, 'NEUQUEN', 'Neuquén', 1),
(613, '2320', 2305, '', 0, 'RIO NEGRO', 'Río Negro', 1),
(614, '2321', 2305, '', 0, 'CHUBUT', 'Chubut', 1),
(615, '2322', 2305, '', 0, 'SANTA CRUZ', 'Santa Cruz', 1),
(616, '2323', 2305, '', 0, 'TIERRA DEL FUEGO', 'Tierra del Fuego', 1),
(617, '2324', 2305, '', 0, 'ISLAS MALVINAS', 'Islas Malvinas', 1),
(618, '2325', 2305, '', 0, 'ANTARTIDA', 'Antártida', 1),
(619, 'AC', 5601, 'ACRE', 0, 'AC', 'Acre', 1),
(620, 'AL', 5601, 'ALAGOAS', 0, 'AL', 'Alagoas', 1),
(621, 'AP', 5601, 'AMAPA', 0, 'AP', 'Amapá', 1),
(622, 'AM', 5601, 'AMAZONAS', 0, 'AM', 'Amazonas', 1),
(623, 'BA', 5601, 'BAHIA', 0, 'BA', 'Bahia', 1),
(624, 'CE', 5601, 'CEARA', 0, 'CE', 'Ceará', 1),
(625, 'ES', 5601, 'ESPIRITO SANTO', 0, 'ES', 'Espirito Santo', 1),
(626, 'GO', 5601, 'GOIAS', 0, 'GO', 'Goiás', 1),
(627, 'MA', 5601, 'MARANHAO', 0, 'MA', 'Maranhão', 1),
(628, 'MT', 5601, 'MATO GROSSO', 0, 'MT', 'Mato Grosso', 1),
(629, 'MS', 5601, 'MATO GROSSO DO SUL', 0, 'MS', 'Mato Grosso do Sul', 1),
(630, 'MG', 5601, 'MINAS GERAIS', 0, 'MG', 'Minas Gerais', 1),
(631, 'PA', 5601, 'PARA', 0, 'PA', 'Pará', 1),
(632, 'PB', 5601, 'PARAIBA', 0, 'PB', 'Paraiba', 1),
(633, 'PR', 5601, 'PARANA', 0, 'PR', 'Paraná', 1),
(634, 'PE', 5601, 'PERNAMBUCO', 0, 'PE', 'Pernambuco', 1),
(635, 'PI', 5601, 'PIAUI', 0, 'PI', 'Piauí', 1),
(636, 'RJ', 5601, 'RIO DE JANEIRO', 0, 'RJ', 'Rio de Janeiro', 1),
(637, 'RN', 5601, 'RIO GRANDE DO NORTE', 0, 'RN', 'Rio Grande do Norte', 1),
(638, 'RS', 5601, 'RIO GRANDE DO SUL', 0, 'RS', 'Rio Grande do Sul', 1),
(639, 'RO', 5601, 'RONDONIA', 0, 'RO', 'Rondônia', 1),
(640, 'RR', 5601, 'RORAIMA', 0, 'RR', 'Roraima', 1),
(641, 'SC', 5601, 'SANTA CATARINA', 0, 'SC', 'Santa Catarina', 1),
(642, 'SE', 5601, 'SERGIPE', 0, 'SE', 'Sergipe', 1),
(643, 'SP', 5601, 'SAO PAULO', 0, 'SP', 'Sao Paulo', 1),
(644, 'TO', 5601, 'TOCANTINS', 0, 'TO', 'Tocantins', 1),
(645, 'DF', 5601, 'DISTRITO FEDERAL', 0, 'DF', 'Distrito Federal', 1),
(646, '151', 6715, '', 0, '151', 'Arica', 1),
(647, '152', 6715, '', 0, '152', 'Parinacota', 1),
(648, '011', 6701, '', 0, '011', 'Iquique', 1),
(649, '014', 6701, '', 0, '014', 'Tamarugal', 1),
(650, '021', 6702, '', 0, '021', 'Antofagasa', 1),
(651, '022', 6702, '', 0, '022', 'El Loa', 1),
(652, '023', 6702, '', 0, '023', 'Tocopilla', 1),
(653, '031', 6703, '', 0, '031', 'Copiapó', 1),
(654, '032', 6703, '', 0, '032', 'Chañaral', 1),
(655, '033', 6703, '', 0, '033', 'Huasco', 1),
(656, '041', 6704, '', 0, '041', 'Elqui', 1),
(657, '042', 6704, '', 0, '042', 'Choapa', 1),
(658, '043', 6704, '', 0, '043', 'Limarí', 1),
(659, '051', 6705, '', 0, '051', 'Valparaíso', 1),
(660, '052', 6705, '', 0, '052', 'Isla de Pascua', 1),
(661, '053', 6705, '', 0, '053', 'Los Andes', 1),
(662, '054', 6705, '', 0, '054', 'Petorca', 1),
(663, '055', 6705, '', 0, '055', 'Quillota', 1),
(664, '056', 6705, '', 0, '056', 'San Antonio', 1),
(665, '057', 6705, '', 0, '057', 'San Felipe de Aconcagua', 1),
(666, '058', 6705, '', 0, '058', 'Marga Marga', 1),
(667, '061', 6706, '', 0, '061', 'Cachapoal', 1),
(668, '062', 6706, '', 0, '062', 'Cardenal Caro', 1),
(669, '063', 6706, '', 0, '063', 'Colchagua', 1),
(670, '071', 6707, '', 0, '071', 'Talca', 1),
(671, '072', 6707, '', 0, '072', 'Cauquenes', 1),
(672, '073', 6707, '', 0, '073', 'Curicó', 1),
(673, '074', 6707, '', 0, '074', 'Linares', 1),
(674, '081', 6708, '', 0, '081', 'Concepción', 1),
(675, '082', 6708, '', 0, '082', 'Arauco', 1),
(676, '083', 6708, '', 0, '083', 'Biobío', 1),
(677, '084', 6708, '', 0, '084', 'Ñuble', 1),
(678, '091', 6709, '', 0, '091', 'Cautín', 1),
(679, '092', 6709, '', 0, '092', 'Malleco', 1),
(680, '141', 6714, '', 0, '141', 'Valdivia', 1),
(681, '142', 6714, '', 0, '142', 'Ranco', 1),
(682, '101', 6710, '', 0, '101', 'Llanquihue', 1),
(683, '102', 6710, '', 0, '102', 'Chiloé', 1),
(684, '103', 6710, '', 0, '103', 'Osorno', 1),
(685, '104', 6710, '', 0, '104', 'Palena', 1),
(686, '111', 6711, '', 0, '111', 'Coihaique', 1),
(687, '112', 6711, '', 0, '112', 'Aisén', 1),
(688, '113', 6711, '', 0, '113', 'Capitán Prat', 1),
(689, '114', 6711, '', 0, '114', 'General Carrera', 1),
(690, '121', 6712, '', 0, '121', 'Magallanes', 1),
(691, '122', 6712, '', 0, '122', 'Antártica Chilena', 1),
(692, '123', 6712, '', 0, '123', 'Tierra del Fuego', 1),
(693, '124', 6712, '', 0, '124', 'Última Esperanza', 1),
(694, '131', 6713, '', 0, '131', 'Santiago', 1),
(695, '132', 6713, '', 0, '132', 'Cordillera', 1),
(696, '133', 6713, '', 0, '133', 'Chacabuco', 1),
(697, '134', 6713, '', 0, '134', 'Maipo', 1),
(698, '135', 6713, '', 0, '135', 'Melipilla', 1),
(699, '136', 6713, '', 0, '136', 'Talagante', 1),
(700, 'AN', 11701, NULL, 0, 'AN', 'Andaman & Nicobar', 1),
(701, 'AP', 11701, NULL, 0, 'AP', 'Andhra Pradesh', 1),
(702, 'AR', 11701, NULL, 0, 'AR', 'Arunachal Pradesh', 1),
(703, 'AS', 11701, NULL, 0, 'AS', 'Assam', 1),
(704, 'BR', 11701, NULL, 0, 'BR', 'Bihar', 1),
(705, 'CG', 11701, NULL, 0, 'CG', 'Chattisgarh', 1),
(706, 'CH', 11701, NULL, 0, 'CH', 'Chandigarh', 1),
(707, 'DD', 11701, NULL, 0, 'DD', 'Daman & Diu', 1),
(708, 'DL', 11701, NULL, 0, 'DL', 'Delhi', 1),
(709, 'DN', 11701, NULL, 0, 'DN', 'Dadra and Nagar Haveli', 1),
(710, 'GA', 11701, NULL, 0, 'GA', 'Goa', 1),
(711, 'GJ', 11701, NULL, 0, 'GJ', 'Gujarat', 1),
(712, 'HP', 11701, NULL, 0, 'HP', 'Himachal Pradesh', 1),
(713, 'HR', 11701, NULL, 0, 'HR', 'Haryana', 1),
(714, 'JH', 11701, NULL, 0, 'JH', 'Jharkhand', 1),
(715, 'JK', 11701, NULL, 0, 'JK', 'Jammu & Kashmir', 1),
(716, 'KA', 11701, NULL, 0, 'KA', 'Karnataka', 1),
(717, 'KL', 11701, NULL, 0, 'KL', 'Kerala', 1),
(718, 'LD', 11701, NULL, 0, 'LD', 'Lakshadweep', 1),
(719, 'MH', 11701, NULL, 0, 'MH', 'Maharashtra', 1),
(720, 'ML', 11701, NULL, 0, 'ML', 'Meghalaya', 1),
(721, 'MN', 11701, NULL, 0, 'MN', 'Manipur', 1),
(722, 'MP', 11701, NULL, 0, 'MP', 'Madhya Pradesh', 1),
(723, 'MZ', 11701, NULL, 0, 'MZ', 'Mizoram', 1),
(724, 'NL', 11701, NULL, 0, 'NL', 'Nagaland', 1),
(725, 'OR', 11701, NULL, 0, 'OR', 'Orissa', 1),
(726, 'PB', 11701, NULL, 0, 'PB', 'Punjab', 1),
(727, 'PY', 11701, NULL, 0, 'PY', 'Puducherry', 1),
(728, 'RJ', 11701, NULL, 0, 'RJ', 'Rajasthan', 1),
(729, 'SK', 11701, NULL, 0, 'SK', 'Sikkim', 1),
(730, 'TN', 11701, NULL, 0, 'TN', 'Tamil Nadu', 1),
(731, 'TR', 11701, NULL, 0, 'TR', 'Tripura', 1),
(732, 'UL', 11701, NULL, 0, 'UL', 'Uttarakhand', 1),
(733, 'UP', 11701, NULL, 0, 'UP', 'Uttar Pradesh', 1),
(734, 'WB', 11701, NULL, 0, 'WB', 'West Bengal', 1),
(735, 'DIF', 15401, '', 0, 'DIF', 'Distrito Federal', 1),
(736, 'AGS', 15401, '', 0, 'AGS', 'Aguascalientes', 1),
(737, 'BCN', 15401, '', 0, 'BCN', 'Baja California Norte', 1),
(738, 'BCS', 15401, '', 0, 'BCS', 'Baja California Sur', 1),
(739, 'CAM', 15401, '', 0, 'CAM', 'Campeche', 1),
(740, 'CHP', 15401, '', 0, 'CHP', 'Chiapas', 1),
(741, 'CHI', 15401, '', 0, 'CHI', 'Chihuahua', 1),
(742, 'COA', 15401, '', 0, 'COA', 'Coahuila', 1),
(743, 'COL', 15401, '', 0, 'COL', 'Colima', 1),
(744, 'DUR', 15401, '', 0, 'DUR', 'Durango', 1),
(745, 'GTO', 15401, '', 0, 'GTO', 'Guanajuato', 1),
(746, 'GRO', 15401, '', 0, 'GRO', 'Guerrero', 1),
(747, 'HGO', 15401, '', 0, 'HGO', 'Hidalgo', 1),
(748, 'JAL', 15401, '', 0, 'JAL', 'Jalisco', 1),
(749, 'MEX', 15401, '', 0, 'MEX', 'México', 1),
(750, 'MIC', 15401, '', 0, 'MIC', 'Michoacán de Ocampo', 1),
(751, 'MOR', 15401, '', 0, 'MOR', 'Morelos', 1),
(752, 'NAY', 15401, '', 0, 'NAY', 'Nayarit', 1),
(753, 'NLE', 15401, '', 0, 'NLE', 'Nuevo León', 1),
(754, 'OAX', 15401, '', 0, 'OAX', 'Oaxaca', 1),
(755, 'PUE', 15401, '', 0, 'PUE', 'Puebla', 1),
(756, 'QRO', 15401, '', 0, 'QRO', 'Querétaro', 1),
(757, 'ROO', 15401, '', 0, 'ROO', 'Quintana Roo', 1),
(758, 'SLP', 15401, '', 0, 'SLP', 'San Luis Potosí', 1),
(759, 'SIN', 15401, '', 0, 'SIN', 'Sinaloa', 1),
(760, 'SON', 15401, '', 0, 'SON', 'Sonora', 1),
(761, 'TAB', 15401, '', 0, 'TAB', 'Tabasco', 1),
(762, 'TAM', 15401, '', 0, 'TAM', 'Tamaulipas', 1),
(763, 'TLX', 15401, '', 0, 'TLX', 'Tlaxcala', 1),
(764, 'VER', 15401, '', 0, 'VER', 'Veracruz', 1),
(765, 'YUC', 15401, '', 0, 'YUC', 'Yucatán', 1),
(766, 'ZAC', 15401, '', 0, 'ZAC', 'Zacatecas', 1),
(767, 'ANT', 7001, '', 0, 'ANT', 'Antioquia', 1),
(768, 'BOL', 7001, '', 0, 'BOL', 'Bolívar', 1),
(769, 'BOY', 7001, '', 0, 'BOY', 'Boyacá', 1),
(770, 'CAL', 7001, '', 0, 'CAL', 'Caldas', 1),
(771, 'CAU', 7001, '', 0, 'CAU', 'Cauca', 1),
(772, 'CUN', 7001, '', 0, 'CUN', 'Cundinamarca', 1),
(773, 'HUI', 7001, '', 0, 'HUI', 'Huila', 1),
(774, 'LAG', 7001, '', 0, 'LAG', 'La Guajira', 1),
(775, 'MET', 7001, '', 0, 'MET', 'Meta', 1),
(776, 'NAR', 7001, '', 0, 'NAR', 'Nariño', 1),
(777, 'NDS', 7001, '', 0, 'NDS', 'Norte de Santander', 1),
(778, 'SAN', 7001, '', 0, 'SAN', 'Santander', 1),
(779, 'SUC', 7001, '', 0, 'SUC', 'Sucre', 1),
(780, 'TOL', 7001, '', 0, 'TOL', 'Tolima', 1),
(781, 'VAC', 7001, '', 0, 'VAC', 'Valle del Cauca', 1),
(782, 'RIS', 7001, '', 0, 'RIS', 'Risalda', 1),
(783, 'ATL', 7001, '', 0, 'ATL', 'Atlántico', 1),
(784, 'COR', 7001, '', 0, 'COR', 'Córdoba', 1),
(785, 'SAP', 7001, '', 0, 'SAP', 'San Andrés, Providencia y Santa Catalina', 1),
(786, 'ARA', 7001, '', 0, 'ARA', 'Arauca', 1),
(787, 'CAS', 7001, '', 0, 'CAS', 'Casanare', 1),
(788, 'AMA', 7001, '', 0, 'AMA', 'Amazonas', 1),
(789, 'CAQ', 7001, '', 0, 'CAQ', 'Caquetá', 1),
(790, 'CHO', 7001, '', 0, 'CHO', 'Chocó', 1),
(791, 'GUA', 7001, '', 0, 'GUA', 'Guainía', 1),
(792, 'GUV', 7001, '', 0, 'GUV', 'Guaviare', 1),
(793, 'PUT', 7001, '', 0, 'PUT', 'Putumayo', 1),
(794, 'QUI', 7001, '', 0, 'QUI', 'Quindío', 1),
(795, 'VAU', 7001, '', 0, 'VAU', 'Vaupés', 1),
(796, 'BOG', 7001, '', 0, 'BOG', 'Bogotá', 1),
(797, 'VID', 7001, '', 0, 'VID', 'Vichada', 1),
(798, 'CES', 7001, '', 0, 'CES', 'Cesar', 1),
(799, 'MAG', 7001, '', 0, 'MAG', 'Magdalena', 1),
(800, 'AT', 11401, '', 0, 'AT', 'Atlántida', 1),
(801, 'CH', 11401, '', 0, 'CH', 'Choluteca', 1),
(802, 'CL', 11401, '', 0, 'CL', 'Colón', 1),
(803, 'CM', 11401, '', 0, 'CM', 'Comayagua', 1),
(804, 'CO', 11401, '', 0, 'CO', 'Copán', 1),
(805, 'CR', 11401, '', 0, 'CR', 'Cortés', 1),
(806, 'EP', 11401, '', 0, 'EP', 'El Paraíso', 1),
(807, 'FM', 11401, '', 0, 'FM', 'Francisco Morazán', 1),
(808, 'GD', 11401, '', 0, 'GD', 'Gracias a Dios', 1),
(809, 'IN', 11401, '', 0, 'IN', 'Intibucá', 1),
(810, 'IB', 11401, '', 0, 'IB', 'Islas de la Bahía', 1),
(811, 'LP', 11401, '', 0, 'LP', 'La Paz', 1),
(812, 'LM', 11401, '', 0, 'LM', 'Lempira', 1),
(813, 'OC', 11401, '', 0, 'OC', 'Ocotepeque', 1),
(814, 'OL', 11401, '', 0, 'OL', 'Olancho', 1),
(815, 'SB', 11401, '', 0, 'SB', 'Santa Bárbara', 1),
(816, 'VL', 11401, '', 0, 'VL', 'Valle', 1),
(817, 'YO', 11401, '', 0, 'YO', 'Yoro', 1),
(818, 'DC', 11401, '', 0, 'DC', 'Distrito Central', 1),
(819, 'CC', 4601, 'Oistins', 0, 'CC', 'Christ Church', 1),
(820, 'SA', 4601, 'Greenland', 0, 'SA', 'Saint Andrew', 1),
(821, 'SG', 4601, 'Bulkeley', 0, 'SG', 'Saint George', 1),
(822, 'JA', 4601, 'Holetown', 0, 'JA', 'Saint James', 1),
(823, 'SJ', 4601, 'Four Roads', 0, 'SJ', 'Saint John', 1),
(824, 'SB', 4601, 'Bathsheba', 0, 'SB', 'Saint Joseph', 1),
(825, 'SL', 4601, 'Crab Hill', 0, 'SL', 'Saint Lucy', 1),
(826, 'SM', 4601, 'Bridgetown', 0, 'SM', 'Saint Michael', 1),
(827, 'SP', 4601, 'Speightstown', 0, 'SP', 'Saint Peter', 1),
(828, 'SC', 4601, 'Crane', 0, 'SC', 'Saint Philip', 1),
(829, 'ST', 4601, 'Hillaby', 0, 'ST', 'Saint Thomas', 1),
(830, 'VE-L', 23201, '', 0, 'VE-L', 'Mérida', 1),
(831, 'VE-T', 23201, '', 0, 'VE-T', 'Trujillo', 1),
(832, 'VE-E', 23201, '', 0, 'VE-E', 'Barinas', 1),
(833, 'VE-M', 23202, '', 0, 'VE-M', 'Miranda', 1),
(834, 'VE-W', 23202, '', 0, 'VE-W', 'Vargas', 1),
(835, 'VE-A', 23202, '', 0, 'VE-A', 'Distrito Capital', 1),
(836, 'VE-D', 23203, '', 0, 'VE-D', 'Aragua', 1),
(837, 'VE-G', 23203, '', 0, 'VE-G', 'Carabobo', 1),
(838, 'VE-I', 23204, '', 0, 'VE-I', 'Falcón', 1),
(839, 'VE-K', 23204, '', 0, 'VE-K', 'Lara', 1),
(840, 'VE-U', 23204, '', 0, 'VE-U', 'Yaracuy', 1),
(841, 'VE-F', 23205, '', 0, 'VE-F', 'Bolívar', 1),
(842, 'VE-X', 23205, '', 0, 'VE-X', 'Amazonas', 1),
(843, 'VE-Y', 23205, '', 0, 'VE-Y', 'Delta Amacuro', 1),
(844, 'VE-O', 23206, '', 0, 'VE-O', 'Nueva Esparta', 1),
(845, 'VE-Z', 23206, '', 0, 'VE-Z', 'Dependencias Federales', 1),
(846, 'VE-C', 23207, '', 0, 'VE-C', 'Apure', 1),
(847, 'VE-J', 23207, '', 0, 'VE-J', 'Guárico', 1),
(848, 'VE-H', 23207, '', 0, 'VE-H', 'Cojedes', 1),
(849, 'VE-P', 23207, '', 0, 'VE-P', 'Portuguesa', 1),
(850, 'VE-B', 23208, '', 0, 'VE-B', 'Anzoátegui', 1),
(851, 'VE-N', 23208, '', 0, 'VE-N', 'Monagas', 1),
(852, 'VE-R', 23208, '', 0, 'VE-R', 'Sucre', 1),
(853, 'VE-V', 23209, '', 0, 'VE-V', 'Zulia', 1),
(854, 'VE-S', 23209, '', 0, 'VE-S', 'Táchira', 1);

-- --------------------------------------------------------

--
-- Structure de la table `llx_c_ecotaxe`
--

CREATE TABLE IF NOT EXISTS `llx_c_ecotaxe` (
  `rowid` int(11) NOT NULL,
  `code` varchar(64) NOT NULL,
  `libelle` varchar(255) DEFAULT NULL,
  `price` double(24,8) DEFAULT NULL,
  `organization` varchar(255) DEFAULT NULL,
  `fk_pays` int(11) NOT NULL,
  `active` tinyint(4) NOT NULL DEFAULT '1'
) ENGINE=InnoDB AUTO_INCREMENT=39 DEFAULT CHARSET=utf8;

--
-- Contenu de la table `llx_c_ecotaxe`
--

INSERT INTO `llx_c_ecotaxe` (`rowid`, `code`, `libelle`, `price`, `organization`, `fk_pays`, `active`) VALUES
(1, 'ER-A-A', 'Materiels electriques < 0,2kg', 0.01000000, 'ERP', 1, 1),
(2, 'ER-A-B', 'Materiels electriques >= 0,2 kg et < 0,5 kg', 0.03000000, 'ERP', 1, 1),
(3, 'ER-A-C', 'Materiels electriques >= 0,5 kg et < 1 kg', 0.04000000, 'ERP', 1, 1),
(4, 'ER-A-D', 'Materiels electriques >= 1 kg et < 2 kg', 0.13000000, 'ERP', 1, 1),
(5, 'ER-A-E', 'Materiels electriques >= 2 kg et < 4kg', 0.21000000, 'ERP', 1, 1),
(6, 'ER-A-F', 'Materiels electriques >= 4 kg et < 8 kg', 0.42000000, 'ERP', 1, 1),
(7, 'ER-A-G', 'Materiels electriques >= 8 kg et < 15 kg', 0.84000000, 'ERP', 1, 1),
(8, 'ER-A-H', 'Materiels electriques >= 15 kg et < 20 kg', 1.25000000, 'ERP', 1, 1),
(9, 'ER-A-I', 'Materiels electriques >= 20 kg et < 30 kg', 1.88000000, 'ERP', 1, 1),
(10, 'ER-A-J', 'Materiels electriques >= 30 kg', 3.34000000, 'ERP', 1, 1),
(11, 'ER-M-1', 'TV, Moniteurs < 9kg', 0.84000000, 'ERP', 1, 1),
(12, 'ER-M-2', 'TV, Moniteurs >= 9kg et < 15kg', 1.67000000, 'ERP', 1, 1),
(13, 'ER-M-3', 'TV, Moniteurs >= 15kg et < 30kg', 3.34000000, 'ERP', 1, 1),
(14, 'ER-M-4', 'TV, Moniteurs >= 30 kg', 6.69000000, 'ERP', 1, 1),
(15, 'EC-A-A', 'Materiels electriques  0,2 kg max', 0.00840000, 'Ecologic', 1, 1),
(16, 'EC-A-B', 'Materiels electriques 0,21 kg min - 0,50 kg max', 0.02500000, 'Ecologic', 1, 1),
(17, 'EC-A-C', 'Materiels electriques  0,51 kg min - 1 kg max', 0.04000000, 'Ecologic', 1, 1),
(18, 'EC-A-D', 'Materiels electriques  1,01 kg min - 2,5 kg max', 0.13000000, 'Ecologic', 1, 1),
(19, 'EC-A-E', 'Materiels electriques  2,51 kg min - 4 kg max', 0.21000000, 'Ecologic', 1, 1),
(20, 'EC-A-F', 'Materiels electriques 4,01 kg min - 8 kg max', 0.42000000, 'Ecologic', 1, 1),
(21, 'EC-A-G', 'Materiels electriques  8,01 kg min - 12 kg max', 0.63000000, 'Ecologic', 1, 1),
(22, 'EC-A-H', 'Materiels electriques 12,01 kg min - 20 kg max', 1.05000000, 'Ecologic', 1, 1),
(23, 'EC-A-I', 'Materiels electriques  20,01 kg min', 1.88000000, 'Ecologic', 1, 1),
(24, 'EC-M-1', 'TV, Moniteurs 9 kg max', 0.84000000, 'Ecologic', 1, 1),
(25, 'EC-M-2', 'TV, Moniteurs 9,01 kg min - 18 kg max', 1.67000000, 'Ecologic', 1, 1),
(26, 'EC-M-3', 'TV, Moniteurs 18,01 kg min - 36 kg max', 3.34000000, 'Ecologic', 1, 1),
(27, 'EC-M-4', 'TV, Moniteurs 36,01 kg min', 6.69000000, 'Ecologic', 1, 1),
(28, 'ES-M-1', 'TV, Moniteurs <= 20 pouces', 0.84000000, 'Eco-systemes', 1, 1),
(29, 'ES-M-2', 'TV, Moniteurs > 20 pouces et <= 32 pouces', 3.34000000, 'Eco-systemes', 1, 1),
(30, 'ES-M-3', 'TV, Moniteurs > 32 pouces et autres grands ecrans', 6.69000000, 'Eco-systemes', 1, 1),
(31, 'ES-A-A', 'Ordinateur fixe, Audio home systems (HIFI), elements hifi separes', 0.84000000, 'Eco-systemes', 1, 1),
(32, 'ES-A-B', 'Ordinateur portable, CD-RCR, VCR, lecteurs et enregistreurs DVD, instruments de musique et caisses de resonance, haut parleurs...', 0.25000000, 'Eco-systemes', 1, 1),
(33, 'ES-A-C', 'Imprimante, photocopieur, telecopieur', 0.42000000, 'Eco-systemes', 1, 1),
(34, 'ES-A-D', 'Accessoires, clavier, souris, PDA, imprimante photo, appareil photo, gps, telephone, repondeur, telephone sans fil, modem, telecommande, casque, camescope, baladeur mp3, radio portable, radio K7 et CD portable, radio reveil', 0.08400000, 'Eco-systemes', 1, 1),
(35, 'ES-A-E', 'GSM', 0.00840000, 'Eco-systemes', 1, 1),
(36, 'ES-A-F', 'Jouets et equipements de loisirs et de sports < 0,5 kg', 0.04200000, 'Eco-systemes', 1, 1),
(37, 'ES-A-G', 'Jouets et equipements de loisirs et de sports > 0,5 kg', 0.17000000, 'Eco-systemes', 1, 1),
(38, 'ES-A-H', 'Jouets et equipements de loisirs et de sports > 10 kg', 1.25000000, 'Eco-systemes', 1, 1);

-- --------------------------------------------------------

--
-- Structure de la table `llx_c_effectif`
--

CREATE TABLE IF NOT EXISTS `llx_c_effectif` (
  `id` int(11) NOT NULL,
  `code` varchar(12) NOT NULL,
  `libelle` varchar(30) DEFAULT NULL,
  `active` tinyint(4) NOT NULL DEFAULT '1',
  `module` varchar(32) DEFAULT NULL
) ENGINE=InnoDB DEFAULT CHARSET=utf8;

--
-- Contenu de la table `llx_c_effectif`
--

INSERT INTO `llx_c_effectif` (`id`, `code`, `libelle`, `active`, `module`) VALUES
(0, 'EF0', '-', 1, NULL),
(1, 'EF1-5', '1 - 5', 1, NULL),
(2, 'EF6-10', '6 - 10', 1, NULL),
(3, 'EF11-50', '11 - 50', 1, NULL),
(4, 'EF51-100', '51 - 100', 1, NULL),
(5, 'EF100-500', '100 - 500', 1, NULL),
(6, 'EF500-', '> 500', 1, NULL);

-- --------------------------------------------------------

--
-- Structure de la table `llx_c_field_list`
--

CREATE TABLE IF NOT EXISTS `llx_c_field_list` (
  `rowid` int(11) NOT NULL,
  `tms` timestamp NOT NULL DEFAULT CURRENT_TIMESTAMP ON UPDATE CURRENT_TIMESTAMP,
  `element` varchar(64) NOT NULL,
  `entity` int(11) NOT NULL DEFAULT '1',
  `name` varchar(32) NOT NULL,
  `alias` varchar(32) NOT NULL,
  `title` varchar(32) NOT NULL,
  `align` varchar(6) DEFAULT 'left',
  `sort` tinyint(4) NOT NULL DEFAULT '1',
  `search` tinyint(4) NOT NULL DEFAULT '0',
  `enabled` varchar(255) DEFAULT '1',
  `rang` int(11) DEFAULT '0'
) ENGINE=InnoDB DEFAULT CHARSET=utf8;

-- --------------------------------------------------------

--
-- Structure de la table `llx_c_forme_juridique`
--

CREATE TABLE IF NOT EXISTS `llx_c_forme_juridique` (
  `rowid` int(11) NOT NULL,
  `code` int(11) NOT NULL,
  `fk_pays` int(11) NOT NULL,
  `libelle` varchar(255) DEFAULT NULL,
  `isvatexempted` tinyint(4) NOT NULL DEFAULT '0',
  `active` tinyint(4) NOT NULL DEFAULT '1',
  `module` varchar(32) DEFAULT NULL
) ENGINE=InnoDB AUTO_INCREMENT=181 DEFAULT CHARSET=utf8;

--
-- Contenu de la table `llx_c_forme_juridique`
--

INSERT INTO `llx_c_forme_juridique` (`rowid`, `code`, `fk_pays`, `libelle`, `isvatexempted`, `active`, `module`) VALUES
(1, 0, 0, '-', 0, 1, NULL),
(2, 2301, 23, 'Monotributista', 0, 1, NULL),
(3, 2302, 23, 'Sociedad Civil', 0, 1, NULL),
(4, 2303, 23, 'Sociedades Comerciales', 0, 1, NULL),
(5, 2304, 23, 'Sociedades de Hecho', 0, 1, NULL),
(6, 2305, 23, 'Sociedades Irregulares', 0, 1, NULL),
(7, 2306, 23, 'Sociedad Colectiva', 0, 1, NULL),
(8, 2307, 23, 'Sociedad en Comandita Simple', 0, 1, NULL),
(9, 2308, 23, 'Sociedad de Capital e Industria', 0, 1, NULL),
(10, 2309, 23, 'Sociedad Accidental o en participación', 0, 1, NULL),
(11, 2310, 23, 'Sociedad de Responsabilidad Limitada', 0, 1, NULL),
(12, 2311, 23, 'Sociedad Anónima', 0, 1, NULL),
(13, 2312, 23, 'Sociedad Anónima con Participación Estatal Mayoritaria', 0, 1, NULL),
(14, 2313, 23, 'Sociedad en Comandita por Acciones (arts. 315 a 324, LSC)', 0, 1, NULL),
(15, 11, 1, 'Artisan Commerçant (EI)', 0, 1, NULL),
(16, 12, 1, 'Commerçant (EI)', 0, 1, NULL),
(17, 13, 1, 'Artisan (EI)', 0, 1, NULL),
(18, 14, 1, 'Officier public ou ministériel', 0, 1, NULL),
(19, 15, 1, 'Profession libérale (EI)', 0, 1, NULL),
(20, 16, 1, 'Exploitant agricole', 0, 1, NULL),
(21, 17, 1, 'Agent commercial', 0, 1, NULL),
(22, 18, 1, 'Associé Gérant de société', 0, 1, NULL),
(23, 19, 1, 'Personne physique', 0, 1, NULL),
(24, 21, 1, 'Indivision', 0, 1, NULL),
(25, 22, 1, 'Société créée de fait', 0, 1, NULL),
(26, 23, 1, 'Société en participation', 0, 1, NULL),
(27, 27, 1, 'Paroisse hors zone concordataire', 0, 1, NULL),
(28, 29, 1, 'Groupement de droit privé non doté de la personnalité morale', 0, 1, NULL),
(29, 31, 1, 'Personne morale de droit étranger, immatriculée au RCS', 0, 1, NULL),
(30, 32, 1, 'Personne morale de droit étranger, non immatriculée au RCS', 0, 1, NULL),
(31, 35, 1, 'Régime auto-entrepreneur', 0, 1, NULL),
(32, 41, 1, 'Établissement public ou régie à caractère industriel ou commercial', 0, 1, NULL),
(33, 51, 1, 'Société coopérative commerciale particulière', 0, 1, NULL),
(34, 52, 1, 'Société en nom collectif', 0, 1, NULL),
(35, 53, 1, 'Société en commandite', 0, 1, NULL),
(36, 54, 1, 'Société à responsabilité limitée (SARL)', 0, 1, NULL),
(37, 55, 1, 'Société anonyme à conseil d administration', 0, 1, NULL),
(38, 56, 1, 'Société anonyme à directoire', 0, 1, NULL),
(39, 57, 1, 'Société par actions simplifiée', 0, 1, NULL),
(40, 58, 1, 'Entreprise Unipersonnelle à Responsabilité Limitée (EURL)', 0, 1, NULL),
(41, 61, 1, 'Caisse d''épargne et de prévoyance', 0, 1, NULL),
(42, 62, 1, 'Groupement d''intérêt économique (GIE)', 0, 1, NULL),
(43, 63, 1, 'Société coopérative agricole', 0, 1, NULL),
(44, 64, 1, 'Société non commerciale d assurances', 0, 1, NULL),
(45, 65, 1, 'Société civile', 0, 1, NULL),
(46, 69, 1, 'Personnes de droit privé inscrites au RCS', 0, 1, NULL),
(47, 71, 1, 'Administration de l état', 0, 1, NULL),
(48, 72, 1, 'Collectivité territoriale', 0, 1, NULL),
(49, 73, 1, 'Établissement public administratif', 0, 1, NULL),
(50, 74, 1, 'Personne morale de droit public administratif', 0, 1, NULL),
(51, 81, 1, 'Organisme gérant régime de protection social à adhésion obligatoire', 0, 1, NULL),
(52, 82, 1, 'Organisme mutualiste', 0, 1, NULL),
(53, 83, 1, 'Comité d entreprise', 0, 1, NULL),
(54, 84, 1, 'Organisme professionnel', 0, 1, NULL),
(55, 85, 1, 'Organisme de retraite à adhésion non obligatoire', 0, 1, NULL),
(56, 91, 1, 'Syndicat de propriétaires', 0, 1, NULL),
(57, 92, 1, 'Association loi 1901 ou assimilé', 0, 1, NULL),
(58, 93, 1, 'Fondation', 0, 1, NULL),
(59, 99, 1, 'Personne morale de droit privé', 0, 1, NULL),
(60, 200, 2, 'Indépendant', 0, 1, NULL),
(61, 201, 2, 'SPRL - Société à responsabilité limitée', 0, 1, NULL),
(62, 202, 2, 'SA   - Société Anonyme', 0, 1, NULL),
(63, 203, 2, 'SCRL - Société coopérative à responsabilité limitée', 0, 1, NULL),
(64, 204, 2, 'ASBL - Association sans but Lucratif', 0, 1, NULL),
(65, 205, 2, 'SCRI - Société coopérative à responsabilité illimitée', 0, 1, NULL),
(66, 206, 2, 'SCS  - Société en commandite simple', 0, 1, NULL),
(67, 207, 2, 'SCA  - Société en commandite par action', 0, 1, NULL),
(68, 208, 2, 'SNC  - Société en nom collectif', 0, 1, NULL),
(69, 209, 2, 'GIE  - Groupement d intérêt économique', 0, 1, NULL),
(70, 210, 2, 'GEIE - Groupement européen d intérêt économique', 0, 1, NULL),
(71, 500, 5, 'GmbH - Gesellschaft mit beschränkter Haftung', 0, 1, NULL),
(72, 501, 5, 'AG - Aktiengesellschaft ', 0, 1, NULL),
(73, 502, 5, 'GmbH&Co. KG - Gesellschaft mit beschränkter Haftung & Compagnie Kommanditgesellschaft', 0, 1, NULL),
(74, 503, 5, 'Gewerbe - Personengesellschaft', 0, 1, NULL),
(75, 504, 5, 'UG - Unternehmergesellschaft -haftungsbeschränkt-', 0, 1, NULL),
(76, 505, 5, 'GbR - Gesellschaft des bürgerlichen Rechts', 0, 1, NULL),
(77, 506, 5, 'KG - Kommanditgesellschaft', 0, 1, NULL),
(78, 507, 5, 'Ltd. - Limited Company', 0, 1, NULL),
(79, 508, 5, 'OHG - Offene Handelsgesellschaft', 0, 1, NULL),
(80, 10201, 102, 'Ατομική επιχείρηση', 0, 1, NULL),
(81, 10202, 102, 'Εταιρική  επιχείρηση', 0, 1, NULL),
(82, 10203, 102, 'Ομόρρυθμη Εταιρεία Ο.Ε', 0, 1, NULL),
(83, 10204, 102, 'Ετερόρρυθμη Εταιρεία Ε.Ε', 0, 1, NULL),
(84, 10205, 102, 'Εταιρεία Περιορισμένης Ευθύνης Ε.Π.Ε', 0, 1, NULL),
(85, 10206, 102, 'Ανώνυμη Εταιρεία Α.Ε', 0, 1, NULL),
(86, 10207, 102, 'Ανώνυμη ναυτιλιακή εταιρεία Α.Ν.Ε', 0, 1, NULL),
(87, 10208, 102, 'Συνεταιρισμός', 0, 1, NULL),
(88, 10209, 102, 'Συμπλοιοκτησία', 0, 1, NULL),
(89, 301, 3, 'Società semplice', 0, 1, NULL),
(90, 302, 3, 'Società in nome collettivo s.n.c.', 0, 1, NULL),
(91, 303, 3, 'Società in accomandita semplice s.a.s.', 0, 1, NULL),
(92, 304, 3, 'Società per azioni s.p.a.', 0, 1, NULL),
(93, 305, 3, 'Società a responsabilità limitata s.r.l.', 0, 1, NULL),
(94, 306, 3, 'Società in accomandita per azioni s.a.p.a.', 0, 1, NULL),
(95, 307, 3, 'Società cooperativa a r.l.', 0, 1, NULL),
(96, 308, 3, 'Società consortile', 0, 1, NULL),
(97, 309, 3, 'Società europea', 0, 1, NULL),
(98, 310, 3, 'Società cooperativa europea', 0, 1, NULL),
(99, 311, 3, 'Società unipersonale', 0, 1, NULL),
(100, 312, 3, 'Società di professionisti', 0, 1, NULL),
(101, 313, 3, 'Società di fatto', 0, 1, NULL),
(102, 315, 3, 'Società apparente', 0, 1, NULL),
(103, 316, 3, 'Impresa individuale ', 0, 1, NULL),
(104, 317, 3, 'Impresa coniugale', 0, 1, NULL),
(105, 318, 3, 'Impresa familiare', 0, 1, NULL),
(106, 319, 3, 'Consorzio cooperativo', 0, 1, NULL),
(107, 320, 3, 'Società cooperativa sociale', 0, 1, NULL),
(108, 321, 3, 'Società cooperativa di consumo', 0, 1, NULL),
(109, 322, 3, 'Società cooperativa agricola', 0, 1, NULL),
(110, 323, 3, 'A.T.I. Associazione temporanea di imprese', 0, 1, NULL),
(111, 324, 3, 'R.T.I. Raggruppamento temporaneo di imprese', 0, 1, NULL),
(112, 325, 3, 'Studio associato', 0, 1, NULL),
(113, 600, 6, 'Raison Individuelle', 0, 1, NULL),
(114, 601, 6, 'Société Simple', 0, 1, NULL),
(115, 602, 6, 'Société en nom collectif', 0, 1, NULL),
(116, 603, 6, 'Société en commandite', 0, 1, NULL),
(117, 604, 6, 'Société anonyme (SA)', 0, 1, NULL),
(118, 605, 6, 'Société en commandite par actions', 0, 1, NULL),
(119, 606, 6, 'Société à responsabilité limitée (SARL)', 0, 1, NULL),
(120, 607, 6, 'Société coopérative', 0, 1, NULL),
(121, 608, 6, 'Association', 0, 1, NULL),
(122, 609, 6, 'Fondation', 0, 1, NULL),
(123, 700, 7, 'Sole Trader', 0, 1, NULL),
(124, 701, 7, 'Partnership', 0, 1, NULL),
(125, 702, 7, 'Private Limited Company by shares (LTD)', 0, 1, NULL),
(126, 703, 7, 'Public Limited Company', 0, 1, NULL),
(127, 704, 7, 'Workers Cooperative', 0, 1, NULL),
(128, 705, 7, 'Limited Liability Partnership', 0, 1, NULL),
(129, 706, 7, 'Franchise', 0, 1, NULL),
(130, 1000, 10, 'Société à responsabilité limitée (SARL)', 0, 1, NULL),
(131, 1001, 10, 'Société en Nom Collectif (SNC)', 0, 1, NULL),
(132, 1002, 10, 'Société en Commandite Simple (SCS)', 0, 1, NULL),
(133, 1003, 10, 'société en participation', 0, 1, NULL),
(134, 1004, 10, 'Société Anonyme (SA)', 0, 1, NULL),
(135, 1005, 10, 'Société Unipersonnelle à Responsabilité Limitée (SUARL)', 0, 1, NULL),
(136, 1006, 10, 'Groupement d''intérêt économique (GEI)', 0, 1, NULL),
(137, 1007, 10, 'Groupe de sociétés', 0, 1, NULL),
(138, 1701, 17, 'Eenmanszaak', 0, 1, NULL),
(139, 1702, 17, 'Maatschap', 0, 1, NULL),
(140, 1703, 17, 'Vennootschap onder firma', 0, 1, NULL),
(141, 1704, 17, 'Commanditaire vennootschap', 0, 1, NULL),
(142, 1705, 17, 'Besloten vennootschap (BV)', 0, 1, NULL),
(143, 1706, 17, 'Naamloze Vennootschap (NV)', 0, 1, NULL),
(144, 1707, 17, 'Vereniging', 0, 1, NULL),
(145, 1708, 17, 'Stichting', 0, 1, NULL),
(146, 1709, 17, 'Coöperatie met beperkte aansprakelijkheid (BA)', 0, 1, NULL),
(147, 1710, 17, 'Coöperatie met uitgesloten aansprakelijkheid (UA)', 0, 1, NULL),
(148, 1711, 17, 'Coöperatie met wettelijke aansprakelijkheid (WA)', 0, 1, NULL),
(149, 1712, 17, 'Onderlinge waarborgmaatschappij', 0, 1, NULL),
(150, 401, 4, 'Empresario Individual', 0, 1, NULL),
(151, 402, 4, 'Comunidad de Bienes', 0, 1, NULL),
(152, 403, 4, 'Sociedad Civil', 0, 1, NULL),
(153, 404, 4, 'Sociedad Colectiva', 0, 1, NULL),
(154, 405, 4, 'Sociedad Limitada', 0, 1, NULL),
(155, 406, 4, 'Sociedad Anónima', 0, 1, NULL),
(156, 407, 4, 'Sociedad Comandataria por Acciones', 0, 1, NULL),
(157, 408, 4, 'Sociedad Comandataria Simple', 0, 1, NULL),
(158, 409, 4, 'Sociedad Laboral', 0, 1, NULL),
(159, 410, 4, 'Sociedad Cooperativa', 0, 1, NULL),
(160, 411, 4, 'Sociedad de Garantía Recíproca', 0, 1, NULL),
(161, 412, 4, 'Entidad de Capital-Riesgo', 0, 1, NULL),
(162, 413, 4, 'Agrupación de Interés Económico', 0, 1, NULL),
(163, 414, 4, 'Sociedad de Inversión Mobiliaria', 0, 1, NULL),
(164, 415, 4, 'Agrupación sin Ánimo de Lucro', 0, 1, NULL),
(165, 15201, 152, 'Mauritius Private Company Limited By Shares', 0, 1, NULL),
(166, 15202, 152, 'Mauritius Company Limited By Guarantee', 0, 1, NULL),
(167, 15203, 152, 'Mauritius Public Company Limited By Shares', 0, 1, NULL),
(168, 15204, 152, 'Mauritius Foreign Company', 0, 1, NULL),
(169, 15205, 152, 'Mauritius GBC1 (Offshore Company)', 0, 1, NULL),
(170, 15206, 152, 'Mauritius GBC2 (International Company)', 0, 1, NULL),
(171, 15207, 152, 'Mauritius General Partnership', 0, 1, NULL),
(172, 15208, 152, 'Mauritius Limited Partnership', 0, 1, NULL),
(173, 15209, 152, 'Mauritius Sole Proprietorship', 0, 1, NULL),
(174, 15210, 152, 'Mauritius Trusts', 0, 1, NULL),
(175, 15401, 154, 'Sociedad en nombre colectivo', 0, 1, NULL),
(176, 15402, 154, 'Sociedad en comandita simple', 0, 1, NULL),
(177, 15403, 154, 'Sociedad de responsabilidad limitada', 0, 1, NULL),
(178, 15404, 154, 'Sociedad anónima', 0, 1, NULL),
(179, 15405, 154, 'Sociedad en comandita por acciones', 0, 1, NULL),
(180, 15406, 154, 'Sociedad cooperativa', 0, 1, NULL);

-- --------------------------------------------------------

--
-- Structure de la table `llx_c_input_method`
--

CREATE TABLE IF NOT EXISTS `llx_c_input_method` (
  `rowid` int(11) NOT NULL,
  `code` varchar(30) DEFAULT NULL,
  `libelle` varchar(60) DEFAULT NULL,
  `active` tinyint(4) NOT NULL DEFAULT '1',
  `module` varchar(32) DEFAULT NULL
) ENGINE=InnoDB AUTO_INCREMENT=6 DEFAULT CHARSET=utf8;

--
-- Contenu de la table `llx_c_input_method`
--

INSERT INTO `llx_c_input_method` (`rowid`, `code`, `libelle`, `active`, `module`) VALUES
(1, 'OrderByMail', 'Courrier', 1, NULL),
(2, 'OrderByFax', 'Fax', 1, NULL),
(3, 'OrderByEMail', 'EMail', 1, NULL),
(4, 'OrderByPhone', 'Téléphone', 1, NULL),
(5, 'OrderByWWW', 'En ligne', 1, NULL);

-- --------------------------------------------------------

--
-- Structure de la table `llx_c_input_reason`
--

CREATE TABLE IF NOT EXISTS `llx_c_input_reason` (
  `rowid` int(11) NOT NULL,
  `code` varchar(30) DEFAULT NULL,
  `label` varchar(60) DEFAULT NULL,
  `active` tinyint(4) NOT NULL DEFAULT '1',
  `module` varchar(32) DEFAULT NULL
) ENGINE=InnoDB AUTO_INCREMENT=12 DEFAULT CHARSET=utf8;

--
-- Contenu de la table `llx_c_input_reason`
--

INSERT INTO `llx_c_input_reason` (`rowid`, `code`, `label`, `active`, `module`) VALUES
(1, 'SRC_INTE', 'Web site', 1, NULL),
(2, 'SRC_CAMP_MAIL', 'Mailing campaign', 1, NULL),
(3, 'SRC_CAMP_PHO', 'Phone campaign', 1, NULL),
(4, 'SRC_CAMP_FAX', 'Fax campaign', 1, NULL),
(5, 'SRC_COMM', 'Commercial contact', 1, NULL),
(6, 'SRC_SHOP', 'Shop contact', 1, NULL),
(7, 'SRC_CAMP_EMAIL', 'EMailing campaign', 1, NULL),
(8, 'SRC_WOM', 'Word of mouth', 1, NULL),
(9, 'SRC_PARTNER', 'Partner', 1, NULL),
(10, 'SRC_EMPLOYEE', 'Employee', 1, NULL),
(11, 'SRC_SPONSORING', 'Sponsorship', 1, NULL);

-- --------------------------------------------------------

--
-- Structure de la table `llx_c_paiement`
--

CREATE TABLE IF NOT EXISTS `llx_c_paiement` (
  `id` int(11) NOT NULL,
  `code` varchar(6) NOT NULL,
  `libelle` varchar(30) DEFAULT NULL,
  `type` smallint(6) DEFAULT NULL,
  `active` tinyint(4) NOT NULL DEFAULT '1',
  `module` varchar(32) DEFAULT NULL
) ENGINE=InnoDB DEFAULT CHARSET=utf8;

--
-- Contenu de la table `llx_c_paiement`
--

INSERT INTO `llx_c_paiement` (`id`, `code`, `libelle`, `type`, `active`, `module`) VALUES
(0, '', '-', 3, 1, NULL),
(1, 'TIP', 'TIP', 2, 1, NULL),
(2, 'VIR', 'Virement', 2, 1, NULL),
(3, 'PRE', 'Prélèvement', 2, 1, NULL),
(4, 'LIQ', 'Espèces', 2, 1, NULL),
(6, 'CB', 'Carte Bancaire', 2, 1, NULL),
(7, 'CHQ', 'Chèque', 2, 1, NULL),
(50, 'VAD', 'Paiement en ligne', 2, 0, NULL),
(51, 'TRA', 'Traite', 2, 0, NULL),
(52, 'LCR', 'LCR', 2, 0, NULL),
(53, 'FAC', 'Factor', 2, 0, NULL),
(54, 'PRO', 'Proforma', 2, 0, NULL);

-- --------------------------------------------------------

--
-- Structure de la table `llx_c_paper_format`
--

CREATE TABLE IF NOT EXISTS `llx_c_paper_format` (
  `rowid` int(11) NOT NULL,
  `code` varchar(16) NOT NULL,
  `label` varchar(50) NOT NULL,
  `width` float(6,2) DEFAULT '0.00',
  `height` float(6,2) DEFAULT '0.00',
  `unit` varchar(5) NOT NULL,
  `active` tinyint(4) NOT NULL DEFAULT '1',
  `module` varchar(32) DEFAULT NULL
) ENGINE=InnoDB AUTO_INCREMENT=226 DEFAULT CHARSET=utf8;

--
-- Contenu de la table `llx_c_paper_format`
--

INSERT INTO `llx_c_paper_format` (`rowid`, `code`, `label`, `width`, `height`, `unit`, `active`, `module`) VALUES
(1, 'EU4A0', 'Format 4A0', 1682.00, 2378.00, 'mm', 1, NULL),
(2, 'EU2A0', 'Format 2A0', 1189.00, 1682.00, 'mm', 1, NULL),
(3, 'EUA0', 'Format A0', 840.00, 1189.00, 'mm', 1, NULL),
(4, 'EUA1', 'Format A1', 594.00, 840.00, 'mm', 1, NULL),
(5, 'EUA2', 'Format A2', 420.00, 594.00, 'mm', 1, NULL),
(6, 'EUA3', 'Format A3', 297.00, 420.00, 'mm', 1, NULL),
(7, 'EUA4', 'Format A4', 210.00, 297.00, 'mm', 1, NULL),
(8, 'EUA5', 'Format A5', 148.00, 210.00, 'mm', 1, NULL),
(9, 'EUA6', 'Format A6', 105.00, 148.00, 'mm', 1, NULL),
(100, 'USLetter', 'Format Letter (A)', 216.00, 279.00, 'mm', 1, NULL),
(105, 'USLegal', 'Format Legal', 216.00, 356.00, 'mm', 1, NULL),
(110, 'USExecutive', 'Format Executive', 190.00, 254.00, 'mm', 1, NULL),
(115, 'USLedger', 'Format Ledger/Tabloid (B)', 279.00, 432.00, 'mm', 1, NULL),
(200, 'CAP1', 'Format Canadian P1', 560.00, 860.00, 'mm', 1, NULL),
(205, 'CAP2', 'Format Canadian P2', 430.00, 560.00, 'mm', 1, NULL),
(210, 'CAP3', 'Format Canadian P3', 280.00, 430.00, 'mm', 1, NULL),
(215, 'CAP4', 'Format Canadian P4', 215.00, 280.00, 'mm', 1, NULL),
(220, 'CAP5', 'Format Canadian P5', 140.00, 215.00, 'mm', 1, NULL),
(225, 'CAP6', 'Format Canadian P6', 107.00, 140.00, 'mm', 1, NULL);

-- --------------------------------------------------------

--
-- Structure de la table `llx_c_payment_term`
--

CREATE TABLE IF NOT EXISTS `llx_c_payment_term` (
  `rowid` int(11) NOT NULL,
  `code` varchar(16) DEFAULT NULL,
  `sortorder` smallint(6) DEFAULT NULL,
  `active` tinyint(4) DEFAULT '1',
  `libelle` varchar(255) DEFAULT NULL,
  `libelle_facture` text,
  `fdm` tinyint(4) DEFAULT NULL,
  `nbjour` smallint(6) DEFAULT NULL,
  `decalage` smallint(6) DEFAULT NULL,
  `module` varchar(32) DEFAULT NULL
) ENGINE=InnoDB DEFAULT CHARSET=utf8;

--
-- Contenu de la table `llx_c_payment_term`
--

INSERT INTO `llx_c_payment_term` (`rowid`, `code`, `sortorder`, `active`, `libelle`, `libelle_facture`, `fdm`, `nbjour`, `decalage`, `module`) VALUES
(1, 'RECEP', 1, 1, 'A réception de facture', 'Réception de facture', 0, 0, NULL, NULL),
(2, '30D', 2, 1, '30 jours', 'Réglement à 30 jours', 0, 30, NULL, NULL),
(3, '30DENDMONTH', 3, 1, '30 jours fin de mois', 'Réglement à 30 jours fin de mois', 1, 30, NULL, NULL),
(4, '60D', 4, 1, '60 jours', 'Réglement à 60 jours', 0, 60, NULL, NULL),
(5, '60DENDMONTH', 5, 1, '60 jours fin de mois', 'Réglement à 60 jours fin de mois', 1, 60, NULL, NULL),
(6, 'PT_ORDER', 6, 1, 'A réception de commande', 'A réception de commande', 0, 0, NULL, NULL),
(7, 'PT_DELIVERY', 7, 1, 'Livraison', 'Règlement à la livraison', 0, 0, NULL, NULL),
(8, 'PT_5050', 8, 1, '50 et 50', 'Règlement 50% à la commande, 50% à la livraison', 0, 0, NULL, NULL);

-- --------------------------------------------------------

--
-- Structure de la table `llx_c_pays`
--

CREATE TABLE IF NOT EXISTS `llx_c_pays` (
  `rowid` int(11) NOT NULL,
  `code` varchar(2) NOT NULL,
  `code_iso` varchar(3) DEFAULT NULL,
  `libelle` varchar(50) NOT NULL,
  `active` tinyint(4) NOT NULL DEFAULT '1'
) ENGINE=InnoDB DEFAULT CHARSET=utf8;

--
-- Contenu de la table `llx_c_pays`
--

INSERT INTO `llx_c_pays` (`rowid`, `code`, `code_iso`, `libelle`, `active`) VALUES
(0, '', NULL, '-', 1),
(1, 'FR', NULL, 'France', 1),
(2, 'BE', NULL, 'Belgium', 1),
(3, 'IT', NULL, 'Italy', 1),
(4, 'ES', NULL, 'Spain', 1),
(5, 'DE', NULL, 'Germany', 1),
(6, 'CH', NULL, 'Suisse', 1),
(7, 'GB', NULL, 'United Kingdom', 1),
(8, 'IE', NULL, 'Irland', 1),
(9, 'CN', NULL, 'China', 1),
(10, 'TN', NULL, 'Tunisie', 1),
(11, 'US', NULL, 'United States', 1),
(12, 'MA', NULL, 'Maroc', 1),
(13, 'DZ', NULL, 'Algérie', 1),
(14, 'CA', NULL, 'Canada', 1),
(15, 'TG', NULL, 'Togo', 1),
(16, 'GA', NULL, 'Gabon', 1),
(17, 'NL', NULL, 'Nerderland', 1),
(18, 'HU', NULL, 'Hongrie', 1),
(19, 'RU', NULL, 'Russia', 1),
(20, 'SE', NULL, 'Sweden', 1),
(21, 'CI', NULL, 'Côte d''Ivoire', 1),
(22, 'SN', NULL, 'Sénégal', 1),
(23, 'AR', NULL, 'Argentine', 1),
(24, 'CM', NULL, 'Cameroun', 1),
(25, 'PT', NULL, 'Portugal', 1),
(26, 'SA', NULL, 'Arabie Saoudite', 1),
(27, 'MC', NULL, 'Monaco', 1),
(28, 'AU', NULL, 'Australia', 1),
(29, 'SG', NULL, 'Singapour', 1),
(30, 'AF', NULL, 'Afghanistan', 1),
(31, 'AX', NULL, 'Iles Aland', 1),
(32, 'AL', NULL, 'Albanie', 1),
(33, 'AS', NULL, 'Samoa américaines', 1),
(34, 'AD', NULL, 'Andorre', 1),
(35, 'AO', NULL, 'Angola', 1),
(36, 'AI', NULL, 'Anguilla', 1),
(37, 'AQ', NULL, 'Antarctique', 1),
(38, 'AG', NULL, 'Antigua-et-Barbuda', 1),
(39, 'AM', NULL, 'Arménie', 1),
(40, 'AW', NULL, 'Aruba', 1),
(41, 'AT', NULL, 'Autriche', 1),
(42, 'AZ', NULL, 'Azerbaïdjan', 1),
(43, 'BS', NULL, 'Bahamas', 1),
(44, 'BH', NULL, 'Bahreïn', 1),
(45, 'BD', NULL, 'Bangladesh', 1),
(46, 'BB', NULL, 'Barbade', 1),
(47, 'BY', NULL, 'Biélorussie', 1),
(48, 'BZ', NULL, 'Belize', 1),
(49, 'BJ', NULL, 'Bénin', 1),
(50, 'BM', NULL, 'Bermudes', 1),
(51, 'BT', NULL, 'Bhoutan', 1),
(52, 'BO', NULL, 'Bolivie', 1),
(53, 'BA', NULL, 'Bosnie-Herzégovine', 1),
(54, 'BW', NULL, 'Botswana', 1),
(55, 'BV', NULL, 'Ile Bouvet', 1),
(56, 'BR', NULL, 'Brazil', 1),
(57, 'IO', NULL, 'Territoire britannique de l''Océan Indien', 1),
(58, 'BN', NULL, 'Brunei', 1),
(59, 'BG', NULL, 'Bulgarie', 1),
(60, 'BF', NULL, 'Burkina Faso', 1),
(61, 'BI', NULL, 'Burundi', 1),
(62, 'KH', NULL, 'Cambodge', 1),
(63, 'CV', NULL, 'Cap-Vert', 1),
(64, 'KY', NULL, 'Iles Cayman', 1),
(65, 'CF', NULL, 'République centrafricaine', 1),
(66, 'TD', NULL, 'Tchad', 1),
(67, 'CL', NULL, 'Chili', 1),
(68, 'CX', NULL, 'Ile Christmas', 1),
(69, 'CC', NULL, 'Iles des Cocos (Keeling)', 1),
(70, 'CO', NULL, 'Colombie', 1),
(71, 'KM', NULL, 'Comores', 1),
(72, 'CG', NULL, 'Congo', 1),
(73, 'CD', NULL, 'République démocratique du Congo', 1),
(74, 'CK', NULL, 'Iles Cook', 1),
(75, 'CR', NULL, 'Costa Rica', 1),
(76, 'HR', NULL, 'Croatie', 1),
(77, 'CU', NULL, 'Cuba', 1),
(78, 'CY', NULL, 'Chypre', 1),
(79, 'CZ', NULL, 'République Tchèque', 1),
(80, 'DK', NULL, 'Danemark', 1),
(81, 'DJ', NULL, 'Djibouti', 1),
(82, 'DM', NULL, 'Dominique', 1),
(83, 'DO', NULL, 'République Dominicaine', 1),
(84, 'EC', NULL, 'Equateur', 1),
(85, 'EG', NULL, 'Egypte', 1),
(86, 'SV', NULL, 'Salvador', 1),
(87, 'GQ', NULL, 'Guinée Equatoriale', 1),
(88, 'ER', NULL, 'Erythrée', 1),
(89, 'EE', NULL, 'Estonia', 1),
(90, 'ET', NULL, 'Ethiopie', 1),
(91, 'FK', NULL, 'Iles Falkland', 1),
(92, 'FO', NULL, 'Iles Féroé', 1),
(93, 'FJ', NULL, 'Iles Fidji', 1),
(94, 'FI', NULL, 'Finlande', 1),
(95, 'GF', NULL, 'Guyane française', 1),
(96, 'PF', NULL, 'Polynésie française', 1),
(97, 'TF', NULL, 'Terres australes françaises', 1),
(98, 'GM', NULL, 'Gambie', 1),
(99, 'GE', NULL, 'Georgia', 1),
(100, 'GH', NULL, 'Ghana', 1),
(101, 'GI', NULL, 'Gibraltar', 1),
(102, 'GR', NULL, 'Greece', 1),
(103, 'GL', NULL, 'Groenland', 1),
(104, 'GD', NULL, 'Grenade', 1),
(106, 'GU', NULL, 'Guam', 1),
(107, 'GT', NULL, 'Guatemala', 1),
(108, 'GN', NULL, 'Guinea', 1),
(109, 'GW', NULL, 'Guinea-Bissao', 1),
(111, 'HT', NULL, 'Haiti', 1),
(112, 'HM', NULL, 'Iles Heard et McDonald', 1),
(113, 'VA', NULL, 'Saint-Siège (Vatican)', 1),
(114, 'HN', NULL, 'Honduras', 1),
(115, 'HK', NULL, 'Hong Kong', 1),
(116, 'IS', NULL, 'Islande', 1),
(117, 'IN', NULL, 'India', 1),
(118, 'ID', NULL, 'Indonésie', 1),
(119, 'IR', NULL, 'Iran', 1),
(120, 'IQ', NULL, 'Iraq', 1),
(121, 'IL', NULL, 'Israel', 1),
(122, 'JM', NULL, 'Jamaïque', 1),
(123, 'JP', NULL, 'Japon', 1),
(124, 'JO', NULL, 'Jordanie', 1),
(125, 'KZ', NULL, 'Kazakhstan', 1),
(126, 'KE', NULL, 'Kenya', 1),
(127, 'KI', NULL, 'Kiribati', 1),
(128, 'KP', NULL, 'North Corea', 1),
(129, 'KR', NULL, 'South Corea', 1),
(130, 'KW', NULL, 'Koweït', 1),
(131, 'KG', NULL, 'Kirghizistan', 1),
(132, 'LA', NULL, 'Laos', 1),
(133, 'LV', NULL, 'Lettonie', 1),
(134, 'LB', NULL, 'Liban', 1),
(135, 'LS', NULL, 'Lesotho', 1),
(136, 'LR', NULL, 'Liberia', 1),
(137, 'LY', NULL, 'Libye', 1),
(138, 'LI', NULL, 'Liechtenstein', 1),
(139, 'LT', NULL, 'Lituanie', 1),
(140, 'LU', NULL, 'Luxembourg', 1),
(141, 'MO', NULL, 'Macao', 1),
(142, 'MK', NULL, 'ex-République yougoslave de Macédoine', 1),
(143, 'MG', NULL, 'Madagascar', 1),
(144, 'MW', NULL, 'Malawi', 1),
(145, 'MY', NULL, 'Malaisie', 1),
(146, 'MV', NULL, 'Maldives', 1),
(147, 'ML', NULL, 'Mali', 1),
(148, 'MT', NULL, 'Malte', 1),
(149, 'MH', NULL, 'Iles Marshall', 1),
(151, 'MR', NULL, 'Mauritanie', 1),
(152, 'MU', NULL, 'Maurice', 1),
(153, 'YT', NULL, 'Mayotte', 1),
(154, 'MX', NULL, 'Mexique', 1),
(155, 'FM', NULL, 'Micronésie', 1),
(156, 'MD', NULL, 'Moldavie', 1),
(157, 'MN', NULL, 'Mongolie', 1),
(158, 'MS', NULL, 'Monserrat', 1),
(159, 'MZ', NULL, 'Mozambique', 1),
(160, 'MM', NULL, 'Birmanie (Myanmar)', 1),
(161, 'NA', NULL, 'Namibie', 1),
(162, 'NR', NULL, 'Nauru', 1),
(163, 'NP', NULL, 'Népal', 1),
(164, 'AN', NULL, 'Antilles néerlandaises', 1),
(165, 'NC', NULL, 'Nouvelle-Calédonie', 1),
(166, 'NZ', NULL, 'Nouvelle-Zélande', 1),
(167, 'NI', NULL, 'Nicaragua', 1),
(168, 'NE', NULL, 'Niger', 1),
(169, 'NG', NULL, 'Nigeria', 1),
(170, 'NU', NULL, 'Nioué', 1),
(171, 'NF', NULL, 'Ile Norfolk', 1),
(172, 'MP', NULL, 'Mariannes du Nord', 1),
(173, 'NO', NULL, 'Norvège', 1),
(174, 'OM', NULL, 'Oman', 1),
(175, 'PK', NULL, 'Pakistan', 1),
(176, 'PW', NULL, 'Palaos', 1),
(177, 'PS', NULL, 'Territoire Palestinien Occupé', 1),
(178, 'PA', NULL, 'Panama', 1),
(179, 'PG', NULL, 'Papouasie-Nouvelle-Guinée', 1),
(180, 'PY', NULL, 'Paraguay', 1),
(181, 'PE', NULL, 'Pérou', 1),
(182, 'PH', NULL, 'Philippines', 1),
(183, 'PN', NULL, 'Iles Pitcairn', 1),
(184, 'PL', NULL, 'Pologne', 1),
(185, 'PR', NULL, 'Porto Rico', 1),
(186, 'QA', NULL, 'Qatar', 1),
(188, 'RO', NULL, 'Roumanie', 1),
(189, 'RW', NULL, 'Rwanda', 1),
(190, 'SH', NULL, 'Sainte-Hélène', 1),
(191, 'KN', NULL, 'Saint-Christophe-et-Niévès', 1),
(192, 'LC', NULL, 'Sainte-Lucie', 1),
(193, 'PM', NULL, 'Saint-Pierre-et-Miquelon', 1),
(194, 'VC', NULL, 'Saint-Vincent-et-les-Grenadines', 1),
(195, 'WS', NULL, 'Samoa', 1),
(196, 'SM', NULL, 'Saint-Marin', 1),
(197, 'ST', NULL, 'Sao Tomé-et-Principe', 1),
(198, 'RS', NULL, 'Serbie', 1),
(199, 'SC', NULL, 'Seychelles', 1),
(200, 'SL', NULL, 'Sierra Leone', 1),
(201, 'SK', NULL, 'Slovaquie', 1),
(202, 'SI', NULL, 'Slovénie', 1),
(203, 'SB', NULL, 'Iles Salomon', 1),
(204, 'SO', NULL, 'Somalie', 1),
(205, 'ZA', NULL, 'Afrique du Sud', 1),
(206, 'GS', NULL, 'Iles Géorgie du Sud et Sandwich du Sud', 1),
(207, 'LK', NULL, 'Sri Lanka', 1),
(208, 'SD', NULL, 'Soudan', 1),
(209, 'SR', NULL, 'Suriname', 1),
(210, 'SJ', NULL, 'Iles Svalbard et Jan Mayen', 1),
(211, 'SZ', NULL, 'Swaziland', 1),
(212, 'SY', NULL, 'Syrie', 1),
(213, 'TW', NULL, 'Taïwan', 1),
(214, 'TJ', NULL, 'Tadjikistan', 1),
(215, 'TZ', NULL, 'Tanzanie', 1),
(216, 'TH', NULL, 'Thaïlande', 1),
(217, 'TL', NULL, 'Timor Oriental', 1),
(218, 'TK', NULL, 'Tokélaou', 1),
(219, 'TO', NULL, 'Tonga', 1),
(220, 'TT', NULL, 'Trinité-et-Tobago', 1),
(221, 'TR', NULL, 'Turquie', 1),
(222, 'TM', NULL, 'Turkménistan', 1),
(223, 'TC', NULL, 'Iles Turks-et-Caicos', 1),
(224, 'TV', NULL, 'Tuvalu', 1),
(225, 'UG', NULL, 'Ouganda', 1),
(226, 'UA', NULL, 'Ukraine', 1),
(227, 'AE', NULL, 'Émirats arabes unis', 1),
(228, 'UM', NULL, 'Iles mineures éloignées des États-Unis', 1),
(229, 'UY', NULL, 'Uruguay', 1),
(230, 'UZ', NULL, 'Ouzbékistan', 1),
(231, 'VU', NULL, 'Vanuatu', 1),
(232, 'VE', NULL, 'Vénézuela', 1),
(233, 'VN', NULL, 'Viêt Nam', 1),
(234, 'VG', NULL, 'Iles Vierges britanniques', 1),
(235, 'VI', NULL, 'Iles Vierges américaines', 1),
(236, 'WF', NULL, 'Wallis-et-Futuna', 1),
(237, 'EH', NULL, 'Sahara occidental', 1),
(238, 'YE', NULL, 'Yémen', 1),
(239, 'ZM', NULL, 'Zambie', 1),
(240, 'ZW', NULL, 'Zimbabwe', 1),
(241, 'GG', NULL, 'Guernesey', 1),
(242, 'IM', NULL, 'Ile de Man', 1),
(243, 'JE', NULL, 'Jersey', 1),
(244, 'ME', NULL, 'Monténégro', 1),
(245, 'BL', NULL, 'Saint-Barthélemy', 1),
(246, 'MF', NULL, 'Saint-Martin', 1);

-- --------------------------------------------------------

--
-- Structure de la table `llx_c_propalst`
--

CREATE TABLE IF NOT EXISTS `llx_c_propalst` (
  `id` smallint(6) NOT NULL,
  `code` varchar(12) NOT NULL,
  `label` varchar(30) DEFAULT NULL,
  `active` tinyint(4) NOT NULL DEFAULT '1'
) ENGINE=InnoDB DEFAULT CHARSET=utf8;

--
-- Contenu de la table `llx_c_propalst`
--

INSERT INTO `llx_c_propalst` (`id`, `code`, `label`, `active`) VALUES
(0, 'PR_DRAFT', 'Brouillon', 1),
(1, 'PR_OPEN', 'Ouverte', 1),
(2, 'PR_SIGNED', 'Signée', 1),
(3, 'PR_NOTSIGNED', 'Non Signée', 1),
(4, 'PR_FAC', 'Facturée', 1);

-- --------------------------------------------------------

--
-- Structure de la table `llx_c_prospectlevel`
--

CREATE TABLE IF NOT EXISTS `llx_c_prospectlevel` (
  `code` varchar(12) NOT NULL,
  `label` varchar(30) DEFAULT NULL,
  `sortorder` smallint(6) DEFAULT NULL,
  `active` smallint(6) NOT NULL DEFAULT '1',
  `module` varchar(32) DEFAULT NULL
) ENGINE=InnoDB DEFAULT CHARSET=utf8;

--
-- Contenu de la table `llx_c_prospectlevel`
--

INSERT INTO `llx_c_prospectlevel` (`code`, `label`, `sortorder`, `active`, `module`) VALUES
('PL_HIGH', 'High', 4, 1, NULL),
('PL_LOW', 'Low', 2, 1, NULL),
('PL_MEDIUM', 'Medium', 3, 1, NULL),
('PL_NONE', 'None', 1, 1, NULL);

-- --------------------------------------------------------

--
-- Structure de la table `llx_c_regions`
--

CREATE TABLE IF NOT EXISTS `llx_c_regions` (
  `rowid` int(11) NOT NULL,
  `code_region` int(11) NOT NULL,
  `fk_pays` int(11) NOT NULL,
  `cheflieu` varchar(50) DEFAULT NULL,
  `tncc` int(11) DEFAULT NULL,
  `nom` varchar(50) DEFAULT NULL,
  `active` tinyint(4) NOT NULL DEFAULT '1'
) ENGINE=InnoDB AUTO_INCREMENT=23210 DEFAULT CHARSET=utf8;

--
-- Contenu de la table `llx_c_regions`
--

INSERT INTO `llx_c_regions` (`rowid`, `code_region`, `fk_pays`, `cheflieu`, `tncc`, `nom`, `active`) VALUES
(1, 0, 0, '0', 0, '-', 1),
(101, 1, 1, '97105', 3, 'Guadeloupe', 1),
(102, 2, 1, '97209', 3, 'Martinique', 1),
(103, 3, 1, '97302', 3, 'Guyane', 1),
(104, 4, 1, '97411', 3, 'Réunion', 1),
(105, 11, 1, '75056', 1, 'Île-de-France', 1),
(106, 21, 1, '51108', 0, 'Champagne-Ardenne', 1),
(107, 22, 1, '80021', 0, 'Picardie', 1),
(108, 23, 1, '76540', 0, 'Haute-Normandie', 1),
(109, 24, 1, '45234', 2, 'Centre', 1),
(110, 25, 1, '14118', 0, 'Basse-Normandie', 1),
(111, 26, 1, '21231', 0, 'Bourgogne', 1),
(112, 31, 1, '59350', 2, 'Nord-Pas-de-Calais', 1),
(113, 41, 1, '57463', 0, 'Lorraine', 1),
(114, 42, 1, '67482', 1, 'Alsace', 1),
(115, 43, 1, '25056', 0, 'Franche-Comté', 1),
(116, 52, 1, '44109', 4, 'Pays de la Loire', 1),
(117, 53, 1, '35238', 0, 'Bretagne', 1),
(118, 54, 1, '86194', 2, 'Poitou-Charentes', 1),
(119, 72, 1, '33063', 1, 'Aquitaine', 1),
(120, 73, 1, '31555', 0, 'Midi-Pyrénées', 1),
(121, 74, 1, '87085', 2, 'Limousin', 1),
(122, 82, 1, '69123', 2, 'Rhône-Alpes', 1),
(123, 83, 1, '63113', 1, 'Auvergne', 1),
(124, 91, 1, '34172', 2, 'Languedoc-Roussillon', 1),
(125, 93, 1, '13055', 0, 'Provence-Alpes-Côte d''Azur', 1),
(126, 94, 1, '2A004', 0, 'Corse', 1),
(201, 201, 2, '', 1, 'Flandre', 1),
(202, 202, 2, '', 2, 'Wallonie', 1),
(203, 203, 2, '', 3, 'Bruxelles-Capitale', 1),
(301, 301, 3, NULL, 1, 'Abruzzo', 1),
(302, 302, 3, NULL, 1, 'Basilicata', 1),
(303, 303, 3, NULL, 1, 'Calabria', 1),
(304, 304, 3, NULL, 1, 'Campania', 1),
(305, 305, 3, NULL, 1, 'Emilia-Romagna', 1),
(306, 306, 3, NULL, 1, 'Friuli-Venezia Giulia', 1),
(307, 307, 3, NULL, 1, 'Lazio', 1),
(308, 308, 3, NULL, 1, 'Liguria', 1),
(309, 309, 3, NULL, 1, 'Lombardia', 1),
(310, 310, 3, NULL, 1, 'Marche', 1),
(311, 311, 3, NULL, 1, 'Molise', 1),
(312, 312, 3, NULL, 1, 'Piemonte', 1),
(313, 313, 3, NULL, 1, 'Puglia', 1),
(314, 314, 3, NULL, 1, 'Sardegna', 1),
(315, 315, 3, NULL, 1, 'Sicilia', 1),
(316, 316, 3, NULL, 1, 'Toscana', 1),
(317, 317, 3, NULL, 1, 'Trentino-Alto Adige', 1),
(318, 318, 3, NULL, 1, 'Umbria', 1),
(319, 319, 3, NULL, 1, 'Valle d Aosta', 1),
(320, 320, 3, NULL, 1, 'Veneto', 1),
(401, 401, 4, '', 0, 'Andalucia', 1),
(402, 402, 4, '', 0, 'Aragón', 1),
(403, 403, 4, '', 0, 'Castilla y León', 1),
(404, 404, 4, '', 0, 'Castilla la Mancha', 1),
(405, 405, 4, '', 0, 'Canarias', 1),
(406, 406, 4, '', 0, 'Cataluña', 1),
(407, 407, 4, '', 0, 'Comunidad de Ceuta', 1),
(408, 408, 4, '', 0, 'Comunidad Foral de Navarra', 1),
(409, 409, 4, '', 0, 'Comunidad de Melilla', 1),
(410, 410, 4, '', 0, 'Cantabria', 1),
(411, 411, 4, '', 0, 'Comunidad Valenciana', 1),
(412, 412, 4, '', 0, 'Extemadura', 1),
(413, 413, 4, '', 0, 'Galicia', 1),
(414, 414, 4, '', 0, 'Islas Baleares', 1),
(415, 415, 4, '', 0, 'La Rioja', 1),
(416, 416, 4, '', 0, 'Comunidad de Madrid', 1),
(417, 417, 4, '', 0, 'Región de Murcia', 1),
(418, 418, 4, '', 0, 'Principado de Asturias', 1),
(419, 419, 4, '', 0, 'Pais Vasco', 1),
(420, 420, 4, '', 0, 'Otros', 1),
(501, 501, 5, '', 0, 'Deutschland', 1),
(601, 601, 6, '', 1, 'Cantons', 1),
(701, 701, 7, '', 0, 'England', 1),
(702, 702, 7, '', 0, 'Wales', 1),
(703, 703, 7, '', 0, 'Scotland', 1),
(704, 704, 7, '', 0, 'Northern Ireland', 1),
(1001, 1001, 10, '', 0, 'Ariana', 1),
(1002, 1002, 10, '', 0, 'Béja', 1),
(1003, 1003, 10, '', 0, 'Ben Arous', 1),
(1004, 1004, 10, '', 0, 'Bizerte', 1),
(1005, 1005, 10, '', 0, 'Gabès', 1),
(1006, 1006, 10, '', 0, 'Gafsa', 1),
(1007, 1007, 10, '', 0, 'Jendouba', 1),
(1008, 1008, 10, '', 0, 'Kairouan', 1),
(1009, 1009, 10, '', 0, 'Kasserine', 1),
(1010, 1010, 10, '', 0, 'Kébili', 1),
(1011, 1011, 10, '', 0, 'La Manouba', 1),
(1012, 1012, 10, '', 0, 'Le Kef', 1),
(1013, 1013, 10, '', 0, 'Mahdia', 1),
(1014, 1014, 10, '', 0, 'Médenine', 1),
(1015, 1015, 10, '', 0, 'Monastir', 1),
(1016, 1016, 10, '', 0, 'Nabeul', 1),
(1017, 1017, 10, '', 0, 'Sfax', 1),
(1018, 1018, 10, '', 0, 'Sidi Bouzid', 1),
(1019, 1019, 10, '', 0, 'Siliana', 1),
(1020, 1020, 10, '', 0, 'Sousse', 1),
(1021, 1021, 10, '', 0, 'Tataouine', 1),
(1022, 1022, 10, '', 0, 'Tozeur', 1),
(1023, 1023, 10, '', 0, 'Tunis', 1),
(1024, 1024, 10, '', 0, 'Zaghouan', 1),
(1101, 1101, 11, '', 0, 'United-States', 1),
(1401, 1401, 14, '', 0, 'Canada', 1),
(1701, 1701, 17, '', 0, 'Provincies van Nederland ', 1),
(2301, 2301, 23, '', 0, 'Norte', 1),
(2302, 2302, 23, '', 0, 'Litoral', 1),
(2303, 2303, 23, '', 0, 'Cuyana', 1),
(2304, 2304, 23, '', 0, 'Central', 1),
(2305, 2305, 23, '', 0, 'Patagonia', 1),
(2801, 2801, 28, '', 0, 'Australia', 1),
(4601, 4601, 46, '', 0, 'Barbados', 1),
(5601, 5601, 56, '', 0, 'Brasil', 1),
(6701, 6701, 67, NULL, NULL, 'Tarapacá', 1),
(6702, 6702, 67, NULL, NULL, 'Antofagasta', 1),
(6703, 6703, 67, NULL, NULL, 'Atacama', 1),
(6704, 6704, 67, NULL, NULL, 'Coquimbo', 1),
(6705, 6705, 67, NULL, NULL, 'Valparaíso', 1),
(6706, 6706, 67, NULL, NULL, 'General Bernardo O Higgins', 1),
(6707, 6707, 67, NULL, NULL, 'Maule', 1),
(6708, 6708, 67, NULL, NULL, 'Biobío', 1),
(6709, 6709, 67, NULL, NULL, 'Raucanía', 1),
(6710, 6710, 67, NULL, NULL, 'Los Lagos', 1),
(6711, 6711, 67, NULL, NULL, 'Aysén General Carlos Ibáñez del Campo', 1),
(6712, 6712, 67, NULL, NULL, 'Magallanes y Antártica Chilena', 1),
(6713, 6713, 67, NULL, NULL, 'Metropolitana de Santiago', 1),
(6714, 6714, 67, NULL, NULL, 'Los Ríos', 1),
(6715, 6715, 67, NULL, NULL, 'Arica y Parinacota', 1),
(7001, 7001, 70, '', 0, 'Colombie', 1),
(8601, 8601, 86, NULL, NULL, 'Central', 1),
(8602, 8602, 86, NULL, NULL, 'Oriental', 1),
(8603, 8603, 86, NULL, NULL, 'Occidental', 1),
(10201, 10201, 102, NULL, NULL, 'Αττική', 1),
(10202, 10202, 102, NULL, NULL, 'Στερεά Ελλάδα', 1),
(10203, 10203, 102, NULL, NULL, 'Κεντρική Μακεδονία', 1),
(10204, 10204, 102, NULL, NULL, 'Κρήτη', 1),
(10205, 10205, 102, NULL, NULL, 'Ανατολική Μακεδονία και Θράκη', 1),
(10206, 10206, 102, NULL, NULL, 'Ήπειρος', 1),
(10207, 10207, 102, NULL, NULL, 'Ιόνια νησιά', 1),
(10208, 10208, 102, NULL, NULL, 'Βόρειο Αιγαίο', 1),
(10209, 10209, 102, NULL, NULL, 'Πελοπόννησος', 1),
(10210, 10210, 102, NULL, NULL, 'Νότιο Αιγαίο', 1),
(10211, 10211, 102, NULL, NULL, 'Δυτική Ελλάδα', 1),
(10212, 10212, 102, NULL, NULL, 'Θεσσαλία', 1),
(10213, 10213, 102, NULL, NULL, 'Δυτική Μακεδονία', 1),
(11401, 11401, 114, '', 0, 'Honduras', 1),
(11701, 11701, 117, '', 0, 'India', 1),
(15201, 15201, 152, '', 0, 'Rivière Noire', 1),
(15202, 15202, 152, '', 0, 'Flacq', 1),
(15203, 15203, 152, '', 0, 'Grand Port', 1),
(15204, 15204, 152, '', 0, 'Moka', 1),
(15205, 15205, 152, '', 0, 'Pamplemousses', 1),
(15206, 15206, 152, '', 0, 'Plaines Wilhems', 1),
(15207, 15207, 152, '', 0, 'Port-Louis', 1),
(15208, 15208, 152, '', 0, 'Rivière du Rempart', 1),
(15209, 15209, 152, '', 0, 'Savanne', 1),
(15210, 15210, 152, '', 0, 'Rodrigues', 1),
(15211, 15211, 152, '', 0, 'Les îles Agaléga', 1),
(15212, 15212, 152, '', 0, 'Les écueils des Cargados Carajos', 1),
(15401, 15401, 154, '', 0, 'Mexique', 1),
(23201, 23201, 232, '', 0, 'Los Andes', 1),
(23202, 23202, 232, '', 0, 'Capital', 1),
(23203, 23203, 232, '', 0, 'Central', 1),
(23204, 23204, 232, '', 0, 'Cento Occidental', 1),
(23205, 23205, 232, '', 0, 'Guayana', 1),
(23206, 23206, 232, '', 0, 'Insular', 1),
(23207, 23207, 232, '', 0, 'Los Llanos', 1),
(23208, 23208, 232, '', 0, 'Nor-Oriental', 1),
(23209, 23209, 232, '', 0, 'Zuliana', 1);

-- --------------------------------------------------------

--
-- Structure de la table `llx_c_revenuestamp`
--

CREATE TABLE IF NOT EXISTS `llx_c_revenuestamp` (
  `rowid` int(11) NOT NULL,
  `fk_pays` int(11) NOT NULL,
  `taux` double NOT NULL,
  `note` varchar(128) DEFAULT NULL,
  `active` tinyint(4) NOT NULL DEFAULT '1',
  `accountancy_code_sell` varchar(15) DEFAULT NULL,
  `accountancy_code_buy` varchar(15) DEFAULT NULL
) ENGINE=InnoDB AUTO_INCREMENT=102 DEFAULT CHARSET=utf8;

--
-- Contenu de la table `llx_c_revenuestamp`
--

INSERT INTO `llx_c_revenuestamp` (`rowid`, `fk_pays`, `taux`, `note`, `active`, `accountancy_code_sell`, `accountancy_code_buy`) VALUES
(101, 10, 0.4, 'Timbre fiscal', 1, NULL, NULL);

-- --------------------------------------------------------

--
-- Structure de la table `llx_c_shipment_mode`
--

CREATE TABLE IF NOT EXISTS `llx_c_shipment_mode` (
  `rowid` int(11) NOT NULL,
  `tms` timestamp NOT NULL DEFAULT CURRENT_TIMESTAMP ON UPDATE CURRENT_TIMESTAMP,
  `code` varchar(30) NOT NULL,
  `libelle` varchar(50) NOT NULL,
  `description` text,
  `tracking` varchar(256) NOT NULL DEFAULT '',
  `active` tinyint(4) DEFAULT '0',
  `module` varchar(32) DEFAULT NULL
) ENGINE=InnoDB AUTO_INCREMENT=5 DEFAULT CHARSET=utf8;

--
-- Contenu de la table `llx_c_shipment_mode`
--

INSERT INTO `llx_c_shipment_mode` (`rowid`, `tms`, `code`, `libelle`, `description`, `tracking`, `active`, `module`) VALUES
(1, '2013-08-01 07:48:50', 'CATCH', 'Catch', 'Catch by client', '', 1, NULL),
(2, '2013-08-01 07:48:50', 'TRANS', 'Transporter', 'Generic transporter', '', 1, NULL),
(3, '2013-08-01 07:48:50', 'COLSUI', 'Colissimo Suivi', 'Colissimo Suivi', '', 0, NULL),
(4, '2013-08-01 07:48:50', 'LETTREMAX', 'Lettre Max', 'Courrier Suivi et Lettre Max', '', 0, NULL);

-- --------------------------------------------------------

--
-- Structure de la table `llx_c_stcomm`
--

CREATE TABLE IF NOT EXISTS `llx_c_stcomm` (
  `id` int(11) NOT NULL,
  `code` varchar(12) NOT NULL,
  `libelle` varchar(30) DEFAULT NULL,
  `active` tinyint(4) NOT NULL DEFAULT '1'
) ENGINE=InnoDB DEFAULT CHARSET=utf8;

--
-- Contenu de la table `llx_c_stcomm`
--

INSERT INTO `llx_c_stcomm` (`id`, `code`, `libelle`, `active`) VALUES
(-1, 'ST_NO', 'Ne pas contacter', 1),
(0, 'ST_NEVER', 'Jamais contacté', 1),
(1, 'ST_TODO', 'A contacter', 1),
(2, 'ST_PEND', 'Contact en cours', 1),
(3, 'ST_DONE', 'Contactée', 1);

-- --------------------------------------------------------

--
-- Structure de la table `llx_c_tva`
--

CREATE TABLE IF NOT EXISTS `llx_c_tva` (
  `rowid` int(11) NOT NULL,
  `fk_pays` int(11) NOT NULL,
  `taux` double NOT NULL,
  `localtax1` double NOT NULL DEFAULT '0',
  `localtax1_type` varchar(10) NOT NULL DEFAULT '0',
  `localtax2` double NOT NULL DEFAULT '0',
  `localtax2_type` varchar(10) NOT NULL DEFAULT '0',
  `recuperableonly` int(11) NOT NULL DEFAULT '0',
  `note` varchar(128) DEFAULT NULL,
  `active` tinyint(4) NOT NULL DEFAULT '1',
  `accountancy_code_sell` varchar(15) DEFAULT NULL,
  `accountancy_code_buy` varchar(15) DEFAULT NULL
) ENGINE=InnoDB AUTO_INCREMENT=2462 DEFAULT CHARSET=utf8;

--
-- Contenu de la table `llx_c_tva`
--

INSERT INTO `llx_c_tva` (`rowid`, `fk_pays`, `taux`, `localtax1`, `localtax1_type`, `localtax2`, `localtax2_type`, `recuperableonly`, `note`, `active`, `accountancy_code_sell`, `accountancy_code_buy`) VALUES
(11, 1, 20, 0, '0', 0, '0', 0, 'VAT standard rate (France hors DOM-TOM)', 1, NULL, NULL),
(12, 1, 8.5, 0, '0', 0, '0', 0, 'VAT standard rate (DOM sauf Guyane et Saint-Martin)', 0, NULL, NULL),
(13, 1, 8.5, 0, '0', 0, '0', 1, 'VAT standard rate (DOM sauf Guyane et Saint-Martin), non perçu par le vendeur mais récupérable par acheteur', 0, NULL, NULL),
(14, 1, 5.5, 0, '0', 0, '0', 0, 'VAT reduced rate (France hors DOM-TOM)', 1, NULL, NULL),
(15, 1, 0, 0, '0', 0, '0', 0, 'VAT Rate 0 ou non applicable', 1, NULL, NULL),
(16, 1, 2.1, 0, '0', 0, '0', 0, 'VAT super-reduced rate', 1, NULL, NULL),
(17, 1, 7, 0, '0', 0, '0', 0, 'VAT reduced rate', 1, NULL, NULL),
(21, 2, 21, 0, '0', 0, '0', 0, 'VAT standard rate', 1, NULL, NULL),
(22, 2, 6, 0, '0', 0, '0', 0, 'VAT reduced rate', 1, NULL, NULL),
(23, 2, 0, 0, '0', 0, '0', 0, 'VAT Rate 0 ou non applicable', 1, NULL, NULL),
(24, 2, 12, 0, '0', 0, '0', 0, 'VAT reduced rate', 1, NULL, NULL),
(31, 3, 21, 0, '0', 0, '0', 0, 'VAT standard rate', 1, NULL, NULL),
(32, 3, 10, 0, '0', 0, '0', 0, 'VAT reduced rate', 1, NULL, NULL),
(33, 3, 4, 0, '0', 0, '0', 0, 'VAT super-reduced rate', 1, NULL, NULL),
(34, 3, 0, 0, '0', 0, '0', 0, 'VAT Rate 0', 1, NULL, NULL),
(41, 4, 21, 5.2, '3', -21, '1', 0, 'VAT standard rate', 1, NULL, NULL),
(42, 4, 10, 1.4, '3', -21, '1', 0, 'VAT reduced rate', 1, NULL, NULL),
(43, 4, 4, 0.5, '3', -21, '1', 0, 'VAT super-reduced rate', 1, NULL, NULL),
(44, 4, 0, 0, '3', -21, '1', 0, 'VAT Rate 0', 1, NULL, NULL),
(51, 5, 19, 0, '0', 0, '0', 0, 'allgemeine Ust.', 1, NULL, NULL),
(52, 5, 7, 0, '0', 0, '0', 0, 'ermäßigte USt.', 1, NULL, NULL),
(53, 5, 0, 0, '0', 0, '0', 0, 'keine USt.', 1, NULL, NULL),
(54, 5, 5.5, 0, '0', 0, '0', 0, 'USt. Forst', 0, NULL, NULL),
(55, 5, 10.7, 0, '0', 0, '0', 0, 'USt. Landwirtschaft', 0, NULL, NULL),
(61, 6, 8, 0, '0', 0, '0', 0, 'VAT standard rate', 1, NULL, NULL),
(62, 6, 3.8, 0, '0', 0, '0', 0, 'VAT reduced rate', 1, NULL, NULL),
(63, 6, 2.5, 0, '0', 0, '0', 0, 'VAT super-reduced rate', 1, NULL, NULL),
(64, 6, 0, 0, '0', 0, '0', 0, 'VAT Rate 0', 1, NULL, NULL),
(71, 7, 20, 0, '0', 0, '0', 0, 'VAT standard rate', 1, NULL, NULL),
(72, 7, 17.5, 0, '0', 0, '0', 0, 'VAT standard rate before 2011', 1, NULL, NULL),
(73, 7, 5, 0, '0', 0, '0', 0, 'VAT reduced rate', 1, NULL, NULL),
(74, 7, 0, 0, '0', 0, '0', 0, 'VAT Rate 0', 1, NULL, NULL),
(91, 9, 17, 0, '0', 0, '0', 0, 'VAT standard rate', 1, NULL, NULL),
(92, 9, 13, 0, '0', 0, '0', 0, 'VAT reduced rate 0', 1, NULL, NULL),
(93, 9, 3, 0, '0', 0, '0', 0, 'VAT super reduced rate 0', 1, NULL, NULL),
(94, 9, 0, 0, '0', 0, '0', 0, 'VAT Rate 0', 1, NULL, NULL),
(101, 10, 6, 1, '4', 0, '0', 0, 'VAT 6%', 1, NULL, NULL),
(102, 10, 12, 1, '4', 0, '0', 0, 'VAT 12%', 1, NULL, NULL),
(103, 10, 18, 1, '4', 0, '0', 0, 'VAT 18%', 1, NULL, NULL),
(104, 10, 7.5, 1, '4', 0, '0', 0, 'VAT 6% Majoré à 25% (7.5%)', 1, NULL, NULL),
(105, 10, 15, 1, '4', 0, '0', 0, 'VAT 12% Majoré à 25% (15%)', 1, NULL, NULL),
(106, 10, 22.5, 1, '4', 0, '0', 0, 'VAT 18% Majoré à 25% (22.5%)', 1, NULL, NULL),
(107, 10, 0, 1, '4', 0, '0', 0, 'VAT Rate 0', 1, NULL, NULL),
(111, 11, 0, 0, '0', 0, '0', 0, 'No Sales Tax', 1, NULL, NULL),
(112, 11, 4, 0, '0', 0, '0', 0, 'Sales Tax 4%', 1, NULL, NULL),
(113, 11, 6, 0, '0', 0, '0', 0, 'Sales Tax 6%', 1, NULL, NULL),
(121, 12, 20, 0, '0', 0, '0', 0, 'VAT standard rate', 1, NULL, NULL),
(122, 12, 14, 0, '0', 0, '0', 0, 'VAT reduced rate', 1, NULL, NULL),
(123, 12, 10, 0, '0', 0, '0', 0, 'VAT reduced rate', 1, NULL, NULL),
(124, 12, 7, 0, '0', 0, '0', 0, 'VAT super-reduced rate', 1, NULL, NULL),
(125, 12, 0, 0, '0', 0, '0', 0, 'VAT Rate 0', 1, NULL, NULL),
(141, 14, 7, 0, '0', 0, '0', 0, 'VAT standard rate', 1, NULL, NULL),
(142, 14, 0, 0, '0', 0, '0', 0, 'VAT Rate 0', 1, NULL, NULL),
(143, 14, 5, 9.975, '1', 0, '0', 0, 'TPS and TVQ rate', 1, NULL, NULL),
(171, 17, 19, 0, '0', 0, '0', 0, 'Algemeen BTW tarief', 1, NULL, NULL),
(172, 17, 6, 0, '0', 0, '0', 0, 'Verlaagd BTW tarief', 1, NULL, NULL),
(173, 17, 0, 0, '0', 0, '0', 0, '0 BTW tarief', 1, NULL, NULL),
(174, 17, 21, 0, '0', 0, '0', 0, 'Algemeen BTW tarief (vanaf 1 oktober 2012)', 0, NULL, NULL),
(201, 20, 25, 0, '0', 0, '0', 0, 'VAT standard rate', 1, NULL, NULL),
(202, 20, 12, 0, '0', 0, '0', 0, 'VAT reduced rate', 1, NULL, NULL),
(203, 20, 6, 0, '0', 0, '0', 0, 'VAT super-reduced rate', 1, NULL, NULL),
(204, 20, 0, 0, '0', 0, '0', 0, 'VAT Rate 0', 1, NULL, NULL),
(231, 23, 21, 0, '0', 0, '0', 0, 'IVA standard rate', 1, NULL, NULL),
(232, 23, 10.5, 0, '0', 0, '0', 0, 'IVA reduced rate', 1, NULL, NULL),
(233, 23, 0, 0, '0', 0, '0', 0, 'IVA Rate 0', 1, NULL, NULL),
(241, 24, 19.25, 0, '0', 0, '0', 0, 'VAT standard rate', 1, NULL, NULL),
(242, 24, 0, 0, '0', 0, '0', 0, 'VAT Rate 0', 1, NULL, NULL),
(251, 25, 23, 0, '0', 0, '0', 0, 'VAT standard rate', 1, NULL, NULL),
(252, 25, 13, 0, '0', 0, '0', 0, 'VAT reduced rate', 1, NULL, NULL),
(253, 25, 0, 0, '0', 0, '0', 0, 'VAT Rate 0', 1, NULL, NULL),
(254, 25, 6, 0, '0', 0, '0', 0, 'VAT reduced rate', 1, NULL, NULL),
(271, 27, 19.6, 0, '0', 0, '0', 0, 'VAT standard rate (France hors DOM-TOM)', 1, NULL, NULL),
(272, 27, 8.5, 0, '0', 0, '0', 0, 'VAT standard rate (DOM sauf Guyane et Saint-Martin)', 0, NULL, NULL),
(273, 27, 8.5, 0, '0', 0, '0', 1, 'VAT standard rate (DOM sauf Guyane et Saint-Martin), non perçu par le vendeur mais récupérable par acheteur', 0, NULL, NULL),
(274, 27, 5.5, 0, '0', 0, '0', 0, 'VAT reduced rate (France hors DOM-TOM)', 0, NULL, NULL),
(275, 27, 0, 0, '0', 0, '0', 0, 'VAT Rate 0 ou non applicable', 1, NULL, NULL),
(276, 27, 2.1, 0, '0', 0, '0', 0, 'VAT super-reduced rate', 1, NULL, NULL),
(277, 27, 7, 0, '0', 0, '0', 0, 'VAT reduced rate', 1, NULL, NULL),
(281, 28, 10, 0, '0', 0, '0', 0, 'VAT standard rate', 1, NULL, NULL),
(282, 28, 0, 0, '0', 0, '0', 0, 'VAT Rate 0', 1, NULL, NULL),
(411, 41, 20, 0, '0', 0, '0', 0, 'VAT standard rate', 1, NULL, NULL),
(412, 41, 10, 0, '0', 0, '0', 0, 'VAT reduced rate', 1, NULL, NULL),
(413, 41, 0, 0, '0', 0, '0', 0, 'VAT Rate 0', 1, NULL, NULL),
(461, 46, 0, 0, '0', 0, '0', 0, 'No VAT', 1, NULL, NULL),
(462, 46, 15, 0, '0', 0, '0', 0, 'VAT 15%', 1, NULL, NULL),
(463, 46, 7.5, 0, '0', 0, '0', 0, 'VAT 7.5%', 1, NULL, NULL),
(561, 56, 0, 0, '0', 0, '0', 0, 'VAT reduced rate', 1, NULL, NULL),
(591, 59, 20, 0, '0', 0, '0', 0, 'VAT standard rate', 1, NULL, NULL),
(592, 59, 7, 0, '0', 0, '0', 0, 'VAT reduced rate', 1, NULL, NULL),
(593, 59, 0, 0, '0', 0, '0', 0, 'VAT Rate 0', 1, NULL, NULL),
(671, 67, 19, 0, '0', 0, '0', 0, 'VAT standard rate', 1, NULL, NULL),
(672, 67, 0, 0, '0', 0, '0', 0, 'VAT Rate 0', 1, NULL, NULL),
(801, 80, 25, 0, '0', 0, '0', 0, 'VAT standard rate', 1, NULL, NULL),
(802, 80, 0, 0, '0', 0, '0', 0, 'VAT Rate 0', 1, NULL, NULL),
(861, 86, 13, 0, '0', 0, '0', 0, 'IVA 13', 1, NULL, NULL),
(862, 86, 0, 0, '0', 0, '0', 0, 'SIN IVA', 1, NULL, NULL),
(1141, 114, 0, 0, '0', 0, '0', 0, 'No ISV', 1, NULL, NULL),
(1142, 114, 12, 0, '0', 0, '0', 0, 'ISV 12%', 1, NULL, NULL),
(1161, 116, 25.5, 0, '0', 0, '0', 0, 'VAT standard rate', 1, NULL, NULL),
(1162, 116, 7, 0, '0', 0, '0', 0, 'VAT reduced rate', 1, NULL, NULL),
(1163, 116, 0, 0, '0', 0, '0', 0, 'VAT rate 0', 1, NULL, NULL),
(1171, 117, 12.5, 0, '0', 0, '0', 0, 'VAT standard rate', 1, NULL, NULL),
(1172, 117, 4, 0, '0', 0, '0', 0, 'VAT reduced rate', 1, NULL, NULL),
(1173, 117, 1, 0, '0', 0, '0', 0, 'VAT super-reduced rate', 1, NULL, NULL),
(1174, 117, 0, 0, '0', 0, '0', 0, 'VAT Rate 0', 1, NULL, NULL),
(1231, 123, 0, 0, '0', 0, '0', 0, 'VAT Rate 0', 1, NULL, NULL),
(1232, 123, 5, 0, '0', 0, '0', 0, 'VAT Rate 5', 1, NULL, NULL),
(1401, 140, 15, 0, '0', 0, '0', 0, 'VAT standard rate', 1, NULL, NULL),
(1402, 140, 12, 0, '0', 0, '0', 0, 'VAT reduced rate', 1, NULL, NULL),
(1403, 140, 6, 0, '0', 0, '0', 0, 'VAT reduced rate', 1, NULL, NULL),
(1404, 140, 3, 0, '0', 0, '0', 0, 'VAT super-reduced rate', 1, NULL, NULL),
(1405, 140, 0, 0, '0', 0, '0', 0, 'VAT Rate 0', 1, NULL, NULL),
(1521, 152, 0, 0, '0', 0, '0', 0, 'VAT Rate 0', 1, NULL, NULL),
(1522, 152, 15, 0, '0', 0, '0', 0, 'VAT Rate 15', 1, NULL, NULL),
(1541, 154, 0, 0, '0', 0, '0', 0, 'No VAT', 1, NULL, NULL),
(1542, 154, 16, 0, '0', 0, '0', 0, 'VAT 16%', 1, NULL, NULL),
(1543, 154, 10, 0, '0', 0, '0', 0, 'VAT Frontero', 1, NULL, NULL),
(1662, 166, 15, 0, '0', 0, '0', 0, 'VAT standard rate', 1, NULL, NULL),
(1663, 166, 0, 0, '0', 0, '0', 0, 'VAT Rate 0', 1, NULL, NULL),
(1692, 169, 5, 0, '0', 0, '0', 0, 'VAT standard rate', 1, NULL, NULL),
(1693, 169, 0, 0, '0', 0, '0', 0, 'VAT Rate 0', 1, NULL, NULL),
(1731, 173, 25, 0, '0', 0, '0', 0, 'VAT standard rate', 1, NULL, NULL),
(1732, 173, 14, 0, '0', 0, '0', 0, 'VAT reduced rate', 1, NULL, NULL),
(1733, 173, 8, 0, '0', 0, '0', 0, 'VAT reduced rate', 1, NULL, NULL),
(1734, 173, 0, 0, '0', 0, '0', 0, 'VAT Rate 0', 1, NULL, NULL),
(1841, 184, 20, 0, '0', 0, '0', 0, 'VAT standard rate', 1, NULL, NULL),
(1842, 184, 7, 0, '0', 0, '0', 0, 'VAT reduced rate', 1, NULL, NULL),
(1843, 184, 3, 0, '0', 0, '0', 0, 'VAT reduced rate', 1, NULL, NULL),
(1844, 184, 0, 0, '0', 0, '0', 0, 'VAT Rate 0', 1, NULL, NULL),
(1881, 188, 24, 0, '0', 0, '0', 0, 'VAT standard rate', 1, NULL, NULL),
(1882, 188, 9, 0, '0', 0, '0', 0, 'VAT reduced rate', 1, NULL, NULL),
(1883, 188, 0, 0, '0', 0, '0', 0, 'VAT Rate 0', 1, NULL, NULL),
(1884, 188, 5, 0, '0', 0, '0', 0, 'VAT reduced rate', 1, NULL, NULL),
(1931, 193, 0, 0, '0', 0, '0', 0, 'No VAT in SPM', 1, NULL, NULL),
(2011, 201, 19, 0, '0', 0, '0', 0, 'VAT standard rate', 1, NULL, NULL),
(2012, 201, 10, 0, '0', 0, '0', 0, 'VAT reduced rate', 1, NULL, NULL),
(2013, 201, 0, 0, '0', 0, '0', 0, 'VAT Rate 0', 1, NULL, NULL),
(2021, 202, 20, 0, '0', 0, '0', 0, 'VAT standard rate', 1, NULL, NULL),
(2022, 202, 8.5, 0, '0', 0, '0', 0, 'VAT reduced rate', 1, NULL, NULL),
(2023, 202, 0, 0, '0', 0, '0', 0, 'VAT Rate 0', 1, NULL, NULL),
(2051, 205, 0, 0, '0', 0, '0', 0, 'No VAT', 1, NULL, NULL),
(2052, 205, 14, 0, '0', 0, '0', 0, 'VAT 14%', 1, NULL, NULL),
(2261, 226, 20, 0, '0', 0, '0', 0, 'VAT standart rate', 1, NULL, NULL),
(2262, 226, 0, 0, '0', 0, '0', 0, 'VAT Rate 0', 1, NULL, NULL),
(2321, 232, 0, 0, '0', 0, '0', 0, 'No VAT', 1, NULL, NULL),
(2322, 232, 12, 0, '0', 0, '0', 0, 'VAT 12%', 1, NULL, NULL),
(2323, 232, 8, 0, '0', 0, '0', 0, 'VAT 8%', 1, NULL, NULL),
(2461, 246, 0, 0, '0', 0, '0', 0, 'VAT Rate 0', 1, NULL, NULL);

-- --------------------------------------------------------

--
-- Structure de la table `llx_c_typent`
--

