CREATE TABLE IF NOT EXISTS `llx_c_typent` (
  `id` int(11) NOT NULL,
  `code` varchar(12) NOT NULL,
  `libelle` varchar(30) DEFAULT NULL,
  `active` tinyint(4) NOT NULL DEFAULT '1',
  `module` varchar(32) DEFAULT NULL
) ENGINE=InnoDB DEFAULT CHARSET=utf8;

--
-- Contenu de la table `llx_c_typent`
--

INSERT INTO `llx_c_typent` (`id`, `code`, `libelle`, `active`, `module`) VALUES
(0, 'TE_UNKNOWN', '-', 1, NULL),
(1, 'TE_STARTUP', 'Start-up', 0, NULL),
(2, 'TE_GROUP', 'Grand groupe', 1, NULL),
(3, 'TE_MEDIUM', 'PME/PMI', 1, NULL),
(4, 'TE_SMALL', 'TPE', 1, NULL),
(5, 'TE_ADMIN', 'Administration', 1, NULL),
(6, 'TE_WHOLE', 'Grossiste', 0, NULL),
(7, 'TE_RETAIL', 'Revendeur', 0, NULL),
(8, 'TE_PRIVATE', 'Particulier', 1, NULL),
(100, 'TE_OTHER', 'Autres', 1, NULL);

-- --------------------------------------------------------

--
-- Structure de la table `llx_c_type_contact`
--

CREATE TABLE IF NOT EXISTS `llx_c_type_contact` (
  `rowid` int(11) NOT NULL,
  `element` varchar(30) NOT NULL,
  `source` varchar(8) NOT NULL DEFAULT 'external',
  `code` varchar(16) NOT NULL,
  `libelle` varchar(64) NOT NULL,
  `active` tinyint(4) NOT NULL DEFAULT '1',
  `module` varchar(32) DEFAULT NULL
) ENGINE=InnoDB DEFAULT CHARSET=utf8;

--
-- Contenu de la table `llx_c_type_contact`
--

INSERT INTO `llx_c_type_contact` (`rowid`, `element`, `source`, `code`, `libelle`, `active`, `module`) VALUES
(10, 'contrat', 'internal', 'SALESREPSIGN', 'Commercial signataire du contrat', 1, NULL),
(11, 'contrat', 'internal', 'SALESREPFOLL', 'Commercial suivi du contrat', 1, NULL),
(20, 'contrat', 'external', 'BILLING', 'Contact client facturation contrat', 1, NULL),
(21, 'contrat', 'external', 'CUSTOMER', 'Contact client suivi contrat', 1, NULL),
(22, 'contrat', 'external', 'SALESREPSIGN', 'Contact client signataire contrat', 1, NULL),
(31, 'propal', 'internal', 'SALESREPFOLL', 'Commercial à l''origine de la propale', 1, NULL),
(40, 'propal', 'external', 'BILLING', 'Contact client facturation propale', 1, NULL),
(41, 'propal', 'external', 'CUSTOMER', 'Contact client suivi propale', 1, NULL),
(50, 'facture', 'internal', 'SALESREPFOLL', 'Responsable suivi du paiement', 1, NULL),
(60, 'facture', 'external', 'BILLING', 'Contact client facturation', 1, NULL),
(61, 'facture', 'external', 'SHIPPING', 'Contact client livraison', 1, NULL),
(62, 'facture', 'external', 'SERVICE', 'Contact client prestation', 1, NULL),
(70, 'invoice_supplier', 'internal', 'SALESREPFOLL', 'Responsable suivi du paiement', 1, NULL),
(71, 'invoice_supplier', 'external', 'BILLING', 'Contact fournisseur facturation', 1, NULL),
(72, 'invoice_supplier', 'external', 'SHIPPING', 'Contact fournisseur livraison', 1, NULL),
(73, 'invoice_supplier', 'external', 'SERVICE', 'Contact fournisseur prestation', 1, NULL),
(80, 'agenda', 'internal', 'ACTOR', 'Responsable', 1, NULL),
(81, 'agenda', 'internal', 'GUEST', 'Guest', 1, NULL),
(85, 'agenda', 'external', 'ACTOR', 'Responsable', 1, NULL),
(86, 'agenda', 'external', 'GUEST', 'Guest', 1, NULL),
(91, 'commande', 'internal', 'SALESREPFOLL', 'Responsable suivi de la commande', 1, NULL),
(100, 'commande', 'external', 'BILLING', 'Contact client facturation commande', 1, NULL),
(101, 'commande', 'external', 'CUSTOMER', 'Contact client suivi commande', 1, NULL),
(102, 'commande', 'external', 'SHIPPING', 'Contact client livraison commande', 1, NULL),
(120, 'fichinter', 'internal', 'INTERREPFOLL', 'Responsable suivi de l''intervention', 1, NULL),
(121, 'fichinter', 'internal', 'INTERVENING', 'Intervenant', 1, NULL),
(130, 'fichinter', 'external', 'BILLING', 'Contact client facturation intervention', 1, NULL),
(131, 'fichinter', 'external', 'CUSTOMER', 'Contact client suivi de l''intervention', 1, NULL),
(140, 'order_supplier', 'internal', 'SALESREPFOLL', 'Responsable suivi de la commande', 1, NULL),
(141, 'order_supplier', 'internal', 'SHIPPING', 'Responsable réception de la commande', 1, NULL),
(142, 'order_supplier', 'external', 'BILLING', 'Contact fournisseur facturation commande', 1, NULL),
(143, 'order_supplier', 'external', 'CUSTOMER', 'Contact fournisseur suivi commande', 1, NULL),
(145, 'order_supplier', 'external', 'SHIPPING', 'Contact fournisseur livraison commande', 1, NULL),
(160, 'project', 'internal', 'PROJECTLEADER', 'Chef de Projet', 1, NULL),
(161, 'project', 'internal', 'CONTRIBUTOR', 'Intervenant', 1, NULL),
(170, 'project', 'external', 'PROJECTLEADER', 'Chef de Projet', 1, NULL),
(171, 'project', 'external', 'CONTRIBUTOR', 'Intervenant', 1, NULL),
(180, 'project_task', 'internal', 'TASKEXECUTIVE', 'Responsable', 1, NULL),
(181, 'project_task', 'internal', 'CONTRIBUTOR', 'Intervenant', 1, NULL),
(190, 'project_task', 'external', 'TASKEXECUTIVE', 'Responsable', 1, NULL),
(191, 'project_task', 'external', 'CONTRIBUTOR', 'Intervenant', 1, NULL);

-- --------------------------------------------------------

--
-- Structure de la table `llx_c_type_fees`
--

CREATE TABLE IF NOT EXISTS `llx_c_type_fees` (
  `id` int(11) NOT NULL,
  `code` varchar(12) NOT NULL,
  `libelle` varchar(30) DEFAULT NULL,
  `active` tinyint(4) NOT NULL DEFAULT '1',
  `module` varchar(32) DEFAULT NULL
) ENGINE=InnoDB AUTO_INCREMENT=4 DEFAULT CHARSET=utf8;

--
-- Contenu de la table `llx_c_type_fees`
--

INSERT INTO `llx_c_type_fees` (`id`, `code`, `libelle`, `active`, `module`) VALUES
(1, 'TF_OTHER', 'Other', 1, NULL),
(2, 'TF_TRIP', 'Trip', 1, NULL),
(3, 'TF_LUNCH', 'Lunch', 1, NULL);

-- --------------------------------------------------------

--
-- Structure de la table `llx_c_ziptown`
--

CREATE TABLE IF NOT EXISTS `llx_c_ziptown` (
  `rowid` int(11) NOT NULL,
  `code` varchar(5) DEFAULT NULL,
  `fk_county` int(11) DEFAULT NULL,
  `fk_pays` int(11) NOT NULL DEFAULT '0',
  `zip` varchar(10) NOT NULL,
  `town` varchar(255) NOT NULL,
  `active` tinyint(4) NOT NULL DEFAULT '1'
) ENGINE=InnoDB DEFAULT CHARSET=utf8;

-- --------------------------------------------------------

--
-- Structure de la table `llx_deplacement`
--

CREATE TABLE IF NOT EXISTS `llx_deplacement` (
  `rowid` int(11) NOT NULL,
  `ref` varchar(30) DEFAULT NULL,
  `entity` int(11) NOT NULL DEFAULT '1',
  `datec` datetime NOT NULL,
  `tms` timestamp NOT NULL DEFAULT CURRENT_TIMESTAMP ON UPDATE CURRENT_TIMESTAMP,
  `dated` datetime DEFAULT NULL,
  `fk_user` int(11) NOT NULL,
  `fk_user_author` int(11) DEFAULT NULL,
  `fk_user_modif` int(11) DEFAULT NULL,
  `type` varchar(12) NOT NULL,
  `fk_statut` int(11) NOT NULL DEFAULT '1',
  `km` double DEFAULT NULL,
  `fk_soc` int(11) DEFAULT NULL,
  `fk_projet` int(11) DEFAULT '0',
  `note_private` text,
  `note_public` text,
  `extraparams` varchar(255) DEFAULT NULL
) ENGINE=InnoDB DEFAULT CHARSET=utf8;

-- --------------------------------------------------------

--
-- Structure de la table `llx_document_generator`
--

CREATE TABLE IF NOT EXISTS `llx_document_generator` (
  `rowid` int(10) unsigned NOT NULL,
  `name` varchar(255) NOT NULL,
  `classfile` varchar(255) NOT NULL,
  `class` varchar(255) NOT NULL
) ENGINE=InnoDB DEFAULT CHARSET=utf8;

-- --------------------------------------------------------

--
-- Structure de la table `llx_document_model`
--

CREATE TABLE IF NOT EXISTS `llx_document_model` (
  `rowid` int(11) NOT NULL,
  `nom` varchar(50) DEFAULT NULL,
  `entity` int(11) NOT NULL DEFAULT '1',
  `type` varchar(20) NOT NULL,
  `libelle` varchar(255) DEFAULT NULL,
  `description` text
) ENGINE=InnoDB AUTO_INCREMENT=14 DEFAULT CHARSET=utf8;

--
-- Contenu de la table `llx_document_model`
--

INSERT INTO `llx_document_model` (`rowid`, `nom`, `entity`, `type`, `libelle`, `description`) VALUES
(3, 'soleil', 1, 'ficheinter', NULL, NULL),
(4, 'rouget', 1, 'shipping', NULL, NULL),
(8, 'azur', 1, 'propal', NULL, NULL),
(11, 'einstein', 1, 'order', NULL, NULL),
(12, 'crabe', 1, 'invoice', NULL, NULL),
(13, 'muscadet', 1, 'order_supplier', NULL, NULL);

-- --------------------------------------------------------

--
-- Structure de la table `llx_domain`
--

CREATE TABLE IF NOT EXISTS `llx_domain` (
  `rowid` int(11) NOT NULL,
  `datec` datetime DEFAULT NULL,
  `label` varchar(255) DEFAULT NULL,
  `note` text
) ENGINE=InnoDB DEFAULT CHARSET=utf8;

-- --------------------------------------------------------

--
-- Structure de la table `llx_don`
--

CREATE TABLE IF NOT EXISTS `llx_don` (
  `rowid` int(11) NOT NULL,
  `ref` varchar(30) DEFAULT NULL,
  `entity` int(11) NOT NULL DEFAULT '1',
  `tms` timestamp NOT NULL DEFAULT CURRENT_TIMESTAMP ON UPDATE CURRENT_TIMESTAMP,
  `fk_statut` smallint(6) NOT NULL DEFAULT '0',
  `datec` datetime DEFAULT NULL,
  `datedon` datetime DEFAULT NULL,
  `amount` double DEFAULT '0',
  `fk_paiement` int(11) DEFAULT NULL,
  `firstname` varchar(50) DEFAULT NULL,
  `lastname` varchar(50) DEFAULT NULL,
  `societe` varchar(50) DEFAULT NULL,
  `address` text,
  `zip` varchar(10) DEFAULT NULL,
  `town` text,
  `country` varchar(50) DEFAULT NULL,
  `email` varchar(255) DEFAULT NULL,
  `phone` varchar(24) DEFAULT NULL,
  `phone_mobile` varchar(24) DEFAULT NULL,
  `public` smallint(6) NOT NULL DEFAULT '1',
  `fk_don_projet` int(11) DEFAULT NULL,
  `fk_user_author` int(11) NOT NULL,
  `fk_user_valid` int(11) DEFAULT NULL,
  `note_private` text,
  `note_public` text,
  `model_pdf` varchar(255) DEFAULT NULL,
  `import_key` varchar(14) DEFAULT NULL
) ENGINE=InnoDB DEFAULT CHARSET=utf8;

-- --------------------------------------------------------

--
-- Structure de la table `llx_ecm_directories`
--

CREATE TABLE IF NOT EXISTS `llx_ecm_directories` (
  `rowid` int(11) NOT NULL,
  `label` varchar(64) NOT NULL,
  `entity` int(11) NOT NULL DEFAULT '1',
  `fk_parent` int(11) DEFAULT NULL,
  `description` varchar(255) NOT NULL,
  `cachenbofdoc` int(11) NOT NULL DEFAULT '0',
  `fullpath` varchar(255) DEFAULT NULL,
  `extraparams` varchar(255) DEFAULT NULL,
  `date_c` datetime DEFAULT NULL,
  `date_m` timestamp NOT NULL DEFAULT CURRENT_TIMESTAMP ON UPDATE CURRENT_TIMESTAMP,
  `fk_user_c` int(11) DEFAULT NULL,
  `fk_user_m` int(11) DEFAULT NULL,
  `acl` text
) ENGINE=InnoDB DEFAULT CHARSET=utf8;

-- --------------------------------------------------------

--
-- Structure de la table `llx_element_contact`
--

CREATE TABLE IF NOT EXISTS `llx_element_contact` (
  `rowid` int(11) NOT NULL,
  `datecreate` datetime DEFAULT NULL,
  `statut` smallint(6) DEFAULT '5',
  `element_id` int(11) NOT NULL,
  `fk_c_type_contact` int(11) NOT NULL,
  `fk_socpeople` int(11) NOT NULL
) ENGINE=InnoDB AUTO_INCREMENT=52 DEFAULT CHARSET=utf8;

--
-- Contenu de la table `llx_element_contact`
--

INSERT INTO `llx_element_contact` (`rowid`, `datecreate`, `statut`, `element_id`, `fk_c_type_contact`, `fk_socpeople`) VALUES
(1, '2013-08-01 10:26:57', 4, 1, 41, 1),
(4, '2013-09-12 15:43:18', 4, 7, 41, 3),
(5, '2013-09-27 13:58:04', 4, 8, 41, 4),
(8, '2013-10-01 18:14:49', 4, 5, 40, 5),
(9, '2013-10-01 18:17:24', 4, 5, 41, 5),
(10, '2013-10-10 11:05:24', 4, 11, 41, 6),
(13, '2014-06-19 14:38:03', 4, 1, 60, 7),
(14, '2014-07-21 09:29:43', 4, 13, 41, 8),
(15, '2014-07-22 17:05:38', 4, 14, 41, 9),
(16, '2014-08-20 15:06:02', 4, 16, 41, 10),
(17, '2014-10-23 14:16:09', 4, 3, 101, 7),
(18, '2014-10-23 14:27:43', 4, 3, 102, 11),
(19, '2014-10-23 14:28:07', 4, 3, 100, 7),
(23, '2015-04-09 23:04:07', 4, 25, 41, 3),
(24, '2015-04-09 23:04:18', 4, 26, 41, 3),
(25, '2015-04-13 17:21:49', 4, 27, 41, 3),
(27, '2015-05-04 09:59:54', 4, 7, 60, 7),
(28, '2015-06-25 17:51:00', 4, 28, 41, 9),
(29, '2015-07-13 15:53:51', 4, 31, 41, 8),
(33, '2015-07-24 17:25:56', 4, 4, 61, 16),
(34, '2015-07-24 17:31:39', 4, 16, 61, 16),
(35, '2015-07-24 17:34:10', 4, 16, 60, 17),
(36, '2015-07-24 17:42:56', 4, 4, 60, 17),
(37, '2015-07-24 17:47:38', 4, 16, 60, 15),
(38, '2015-07-24 17:56:57', 4, 5, 100, 17),
(39, '2015-07-24 17:57:09', 4, 5, 102, 16),
(40, '2015-07-27 10:29:24', 4, 6, 102, 18),
(41, '2015-07-27 14:10:02', 4, 18, 60, 19),
(42, '2015-08-26 13:52:17', 4, 32, 41, 20),
(45, '2015-09-01 15:16:56', 4, 17, 40, 10),
(46, '2015-09-08 11:56:15', 4, 33, 41, 38),
(47, '2015-10-23 17:09:00', 4, 34, 41, 41),
(48, '2015-11-13 12:02:57', 4, 35, 41, 32),
(49, '2015-11-19 11:24:39', 4, 36, 41, 36),
(50, '2015-11-23 11:49:53', 4, 37, 41, 36),
(51, '2015-11-23 17:06:24', 4, 38, 41, 43);

-- --------------------------------------------------------

--
-- Structure de la table `llx_element_element`
--

CREATE TABLE IF NOT EXISTS `llx_element_element` (
  `rowid` int(11) NOT NULL,
  `fk_source` int(11) NOT NULL,
  `sourcetype` varchar(32) NOT NULL,
  `fk_target` int(11) NOT NULL,
  `targettype` varchar(32) NOT NULL
) ENGINE=InnoDB AUTO_INCREMENT=44 DEFAULT CHARSET=utf8;

--
-- Contenu de la table `llx_element_element`
--

INSERT INTO `llx_element_element` (`rowid`, `fk_source`, `sourcetype`, `fk_target`, `targettype`) VALUES
(6, 1, 'commande', 1, 'facture'),
(2, 1, 'commande', 1, 'shipping'),
(3, 1, 'shipping', 1, 'delivery'),
(4, 2, 'commande', 2, 'shipping'),
(5, 2, 'shipping', 2, 'delivery'),
(18, 3, 'commande', 5, 'shipping'),
(21, 3, 'commande', 7, 'facture'),
(15, 4, 'commande', 4, 'shipping'),
(17, 4, 'commande', 5, 'facture'),
(23, 4, 'commande', 7, 'shipping'),
(28, 4, 'commande', 9, 'shipping'),
(27, 4, 'commande', 10, 'facture'),
(29, 4, 'commande', 10, 'shipping'),
(31, 4, 'commande', 12, 'shipping'),
(35, 4, 'commande', 14, 'facture'),
(16, 4, 'shipping', 3, 'delivery'),
(39, 5, 'commande', 15, 'shipping'),
(40, 5, 'commande', 16, 'facture'),
(19, 5, 'shipping', 4, 'delivery'),
(42, 6, 'commande', 17, 'shipping'),
(43, 6, 'commande', 18, 'facture'),
(1, 9, 'propal', 1, 'commande'),
(7, 12, 'propal', 3, 'commande'),
(8, 20, 'propal', 4, 'commande'),
(13, 22, 'propal', 6, 'commande'),
(12, 23, 'propal', 4, 'facture'),
(9, 23, 'propal', 5, 'commande');

-- --------------------------------------------------------

--
-- Structure de la table `llx_element_lock`
--

CREATE TABLE IF NOT EXISTS `llx_element_lock` (
  `rowid` int(11) NOT NULL,
  `fk_element` int(11) NOT NULL,
  `elementtype` varchar(32) NOT NULL,
  `datel` datetime DEFAULT NULL,
  `datem` datetime DEFAULT NULL,
  `sessionid` varchar(255) DEFAULT NULL
) ENGINE=InnoDB DEFAULT CHARSET=utf8;

-- --------------------------------------------------------

--
-- Structure de la table `llx_element_tag`
--

CREATE TABLE IF NOT EXISTS `llx_element_tag` (
  `rowid` int(11) NOT NULL,
  `entity` int(11) NOT NULL DEFAULT '1',
  `lang` varchar(5) NOT NULL,
  `tag` varchar(255) NOT NULL,
  `fk_element` int(11) NOT NULL,
  `element` varchar(64) NOT NULL
) ENGINE=InnoDB DEFAULT CHARSET=utf8;

-- --------------------------------------------------------

--
-- Structure de la table `llx_entrepot`
--

CREATE TABLE IF NOT EXISTS `llx_entrepot` (
  `rowid` int(11) NOT NULL,
  `datec` datetime DEFAULT NULL,
  `tms` timestamp NOT NULL DEFAULT CURRENT_TIMESTAMP ON UPDATE CURRENT_TIMESTAMP,
  `label` varchar(255) NOT NULL,
  `entity` int(11) NOT NULL DEFAULT '1',
  `description` text,
  `lieu` varchar(64) DEFAULT NULL,
  `address` varchar(255) DEFAULT NULL,
  `zip` varchar(10) DEFAULT NULL,
  `town` text,
  `fk_departement` int(11) DEFAULT NULL,
  `fk_pays` int(11) DEFAULT '0',
  `statut` tinyint(4) DEFAULT '1',
  `valo_pmp` float(12,4) DEFAULT NULL,
  `fk_user_author` int(11) DEFAULT NULL,
  `import_key` varchar(14) DEFAULT NULL
) ENGINE=InnoDB AUTO_INCREMENT=2 DEFAULT CHARSET=utf8;

--
-- Contenu de la table `llx_entrepot`
--

INSERT INTO `llx_entrepot` (`rowid`, `datec`, `tms`, `label`, `entity`, `description`, `lieu`, `address`, `zip`, `town`, `fk_departement`, `fk_pays`, `statut`, `valo_pmp`, `fk_user_author`, `import_key`) VALUES
(1, '2014-06-13 14:17:32', '2014-06-13 12:17:32', 'PR-SA', 1, '', 'Prolann Salle assemblage', 'route de Treguier - Rospez', '22300', 'LANNION', NULL, 1, 1, NULL, 1, NULL);

-- --------------------------------------------------------

--
-- Structure de la table `llx_events`
--

CREATE TABLE IF NOT EXISTS `llx_events` (
  `rowid` int(11) NOT NULL,
  `tms` timestamp NOT NULL DEFAULT CURRENT_TIMESTAMP ON UPDATE CURRENT_TIMESTAMP,
  `type` varchar(32) NOT NULL,
  `entity` int(11) NOT NULL DEFAULT '1',
  `dateevent` datetime DEFAULT NULL,
  `fk_user` int(11) DEFAULT NULL,
  `description` varchar(250) NOT NULL,
  `ip` varchar(32) NOT NULL,
  `user_agent` varchar(255) DEFAULT NULL,
  `fk_object` int(11) DEFAULT NULL
) ENGINE=InnoDB DEFAULT CHARSET=utf8;

-- --------------------------------------------------------

--
-- Structure de la table `llx_event_element`
--

CREATE TABLE IF NOT EXISTS `llx_event_element` (
  `rowid` int(11) NOT NULL,
  `fk_source` int(11) NOT NULL,
  `fk_target` int(11) NOT NULL,
  `targettype` varchar(32) NOT NULL
) ENGINE=InnoDB DEFAULT CHARSET=utf8;

-- --------------------------------------------------------

--
-- Structure de la table `llx_expedition`
--

CREATE TABLE IF NOT EXISTS `llx_expedition` (
  `rowid` int(11) NOT NULL,
  `tms` timestamp NOT NULL DEFAULT CURRENT_TIMESTAMP ON UPDATE CURRENT_TIMESTAMP,
  `ref` varchar(30) NOT NULL,
  `entity` int(11) NOT NULL DEFAULT '1',
  `fk_soc` int(11) NOT NULL,
  `ref_ext` varchar(30) DEFAULT NULL,
  `ref_int` varchar(30) DEFAULT NULL,
  `ref_customer` varchar(30) DEFAULT NULL,
  `date_creation` datetime DEFAULT NULL,
  `fk_user_author` int(11) DEFAULT NULL,
  `date_valid` datetime DEFAULT NULL,
  `fk_user_valid` int(11) DEFAULT NULL,
  `date_expedition` datetime DEFAULT NULL,
  `date_delivery` datetime DEFAULT NULL,
  `fk_address` int(11) DEFAULT NULL,
  `fk_shipping_method` int(11) DEFAULT NULL,
  `tracking_number` varchar(50) DEFAULT NULL,
  `fk_statut` smallint(6) DEFAULT '0',
  `height` int(11) DEFAULT NULL,
  `width` int(11) DEFAULT NULL,
  `size_units` int(11) DEFAULT NULL,
  `size` int(11) DEFAULT NULL,
  `weight_units` int(11) DEFAULT NULL,
  `weight` int(11) DEFAULT NULL,
  `note_private` text,
  `note_public` text,
  `model_pdf` varchar(255) DEFAULT NULL
) ENGINE=InnoDB AUTO_INCREMENT=18 DEFAULT CHARSET=utf8;

--
-- Contenu de la table `llx_expedition`
--

INSERT INTO `llx_expedition` (`rowid`, `tms`, `ref`, `entity`, `fk_soc`, `ref_ext`, `ref_int`, `ref_customer`, `date_creation`, `fk_user_author`, `date_valid`, `fk_user_valid`, `date_expedition`, `date_delivery`, `fk_address`, `fk_shipping_method`, `tracking_number`, `fk_statut`, `height`, `width`, `size_units`, `size`, `weight_units`, `weight`, `note_private`, `note_public`, `model_pdf`) VALUES
(1, '2014-06-19 12:44:16', 'SH1406-0001', 1, 7, NULL, NULL, '4500131125', '2014-06-13 14:51:34', 1, '2014-06-13 14:52:01', 1, NULL, '2014-06-18 14:00:00', NULL, 1, '', 2, NULL, NULL, 0, NULL, 0, NULL, NULL, NULL, 'rouget'),
(2, '2014-07-21 07:13:01', 'SH1406-0002', 1, 9, NULL, NULL, NULL, '2014-06-13 18:12:05', 1, '2014-06-13 18:12:10', 1, NULL, '2014-06-15 10:00:00', NULL, NULL, '', 2, NULL, NULL, 0, NULL, 0, NULL, NULL, NULL, 'rouget'),
(4, '2015-04-10 15:34:41', 'SH1504-0003', 1, 10, NULL, NULL, '2014-4359', '2015-04-10 17:33:53', 1, '2015-04-10 17:34:41', 1, NULL, '2015-04-13 00:00:00', NULL, 2, '', 1, NULL, NULL, 0, NULL, 0, 50, NULL, '30% deposit with order<br />\r\nINCOTERMS: EXW<br />\r\nPayment term is 30 days after review and acceptance of goods by CTBTO', 'rouget'),
(5, '2015-04-30 14:42:46', 'SH1504-0004', 1, 7, NULL, NULL, '4500154316', '2015-04-30 16:41:44', 2, '2015-04-30 16:42:46', 2, NULL, '2015-04-10 00:00:00', NULL, NULL, '', 1, NULL, NULL, 0, NULL, 0, NULL, NULL, NULL, 'rouget'),
(7, '2015-05-07 14:26:50', 'SH1505-0005', 1, 10, NULL, NULL, '2014-4359', '2015-05-07 16:26:15', 2, '2015-05-07 16:26:50', 2, NULL, '2015-05-28 00:00:00', NULL, NULL, '', 1, NULL, NULL, 0, NULL, 0, NULL, NULL, '<br />\r\nINCOTERMS: EXW<br />\r\nPayment term is 30 days after review and acceptance of goods by CTBTO', 'rouget'),
(9, '2015-05-26 14:12:33', 'SH1505-0006', 1, 10, NULL, NULL, '2014-4359', '2015-05-26 16:12:21', 2, '2015-05-26 16:12:33', 2, NULL, '2015-05-07 00:00:00', NULL, NULL, '', 1, NULL, NULL, 0, NULL, 0, NULL, NULL, NULL, 'rouget'),
(10, '2015-06-26 04:18:29', 'SH1506-0007', 1, 10, NULL, NULL, '2014-4359', '2015-06-26 01:41:05', 1, '2015-06-26 06:17:17', 1, NULL, '2015-05-28 00:00:00', NULL, NULL, '', 1, NULL, NULL, 0, NULL, 0, NULL, NULL, 'delivery of 1 MB3a after repairing in the workshop', 'rouget'),
(12, '2015-07-23 08:32:30', 'SH1507-0008', 1, 10, NULL, NULL, '2014-4359', '2015-07-23 10:32:14', 2, '2015-07-23 10:32:30', 2, NULL, '2015-07-27 00:00:00', NULL, NULL, '', 1, NULL, NULL, 0, NULL, 0, NULL, NULL, NULL, 'rouget'),
(15, '2015-07-24 07:31:03', 'SH1507-0010', 1, 1, NULL, NULL, 'Z10091798', '2015-07-24 09:30:52', 2, '2015-07-24 09:31:03', 2, NULL, '2015-07-27 00:00:00', NULL, NULL, '', 1, NULL, NULL, 0, NULL, 0, NULL, NULL, 'To be payed at delivery.<br />\r\nDDP HAWAII 119 / &nbsp;KAILUA KONA &nbsp;-&nbsp;Incoterm 2010 ICC<br />\r\n<span style="color: rgb(0, 0, 0); font-family: Arial; font-size: small;">exon&eacute;ration de TVA, art 262 ter I du Code G&eacute;n&eacute;ral des Imp&ocirc;ts</span>', 'rouget'),
(17, '2015-07-27 09:36:30', 'SH1507-0011', 1, 11, NULL, NULL, '1543855', '2015-07-27 11:36:10', 2, '2015-07-27 11:36:30', 2, NULL, '2015-07-27 00:00:00', NULL, NULL, '', 1, NULL, NULL, 0, NULL, 0, NULL, 'attention passez la monnaie en dollars avant d&#39;exporter le devis, la facture', '<br />\r\nACKNOWLEDGEMENT OF RECEIPT<br />\r\nThe products will be delivered on 09/21/2015<br />\r\nINCOTERMS 2010 : FCA FREE OF CARRIER<br />\r\nPrices in US Dollars USD<br />\r\n<br />\r\n<br />\r\n', 'rouget');

-- --------------------------------------------------------

--
-- Structure de la table `llx_expeditiondet`
--

CREATE TABLE IF NOT EXISTS `llx_expeditiondet` (
  `rowid` int(11) NOT NULL,
  `fk_expedition` int(11) NOT NULL,
  `fk_origin_line` int(11) DEFAULT NULL,
  `fk_entrepot` int(11) DEFAULT NULL,
  `qty` double DEFAULT NULL,
  `rang` int(11) DEFAULT '0'
) ENGINE=InnoDB AUTO_INCREMENT=70 DEFAULT CHARSET=utf8;

--
-- Contenu de la table `llx_expeditiondet`
--

INSERT INTO `llx_expeditiondet` (`rowid`, `fk_expedition`, `fk_origin_line`, `fk_entrepot`, `qty`, `rang`) VALUES
(1, 1, 1, 1, 1, 0),
(2, 1, 2, 1, 1, 0),
(3, 1, 3, 1, 1, 0),
(4, 1, 4, 1, 1, 0),
(5, 1, 5, 1, 1, 0),
(6, 1, 6, 1, 1, 0),
(7, 2, 7, 1, 1, 0),
(16, 4, 14, 1, 8, 0),
(17, 4, 16, 1, 5, 0),
(18, 4, 17, 1, 14, 0),
(19, 4, 18, 1, 5, 0),
(20, 4, 20, 1, 14, 0),
(21, 4, 21, 1, 10, 0),
(22, 4, 23, 1, 5, 0),
(23, 4, 25, 1, 2, 0),
(24, 5, 8, 1, 1, 0),
(25, 5, 9, 1, 1, 0),
(26, 5, 10, 1, 1, 0),
(27, 5, 11, 1, 1, 0),
(28, 5, 12, 1, 1, 0),
(29, 5, 13, 1, 1, 0),
(35, 7, 14, NULL, 6, 0),
(36, 7, 17, NULL, 15, 0),
(37, 7, 20, NULL, 10, 0),
(38, 7, 22, NULL, 10, 0),
(39, 7, 24, NULL, 6, 0),
(41, 9, 24, NULL, 1, 0),
(42, 10, 14, NULL, 1, 0),
(43, 10, 24, NULL, 1, 0),
(47, 12, 15, NULL, 5, 0),
(48, 12, 19, NULL, 10, 0),
(49, 12, 24, NULL, 4, 0),
(58, 15, 26, NULL, 1, 0),
(59, 15, 27, NULL, 1, 0),
(65, 17, 30, NULL, 3, 0),
(66, 17, 31, NULL, 3, 0),
(67, 17, 32, NULL, 1, 0),
(68, 17, 33, NULL, 1, 0),
(69, 17, 34, NULL, 1, 0);

-- --------------------------------------------------------

--
-- Structure de la table `llx_export_compta`
--

CREATE TABLE IF NOT EXISTS `llx_export_compta` (
  `rowid` int(11) NOT NULL,
  `ref` varchar(12) NOT NULL,
  `date_export` datetime NOT NULL,
  `fk_user` int(11) NOT NULL,
  `note` text
) ENGINE=InnoDB DEFAULT CHARSET=utf8;

-- --------------------------------------------------------

--
-- Structure de la table `llx_export_model`
--

CREATE TABLE IF NOT EXISTS `llx_export_model` (
  `rowid` int(11) NOT NULL,
  `fk_user` int(11) NOT NULL DEFAULT '0',
  `label` varchar(50) NOT NULL,
  `type` varchar(20) NOT NULL,
  `field` text NOT NULL,
  `filter` text
) ENGINE=InnoDB AUTO_INCREMENT=3 DEFAULT CHARSET=utf8;

--
-- Contenu de la table `llx_export_model`
--

INSERT INTO `llx_export_model` (`rowid`, `fk_user`, `label`, `type`, `field`, `filter`) VALUES
(1, 0, 'liste_produit_2014', 'produit_1', 'p.rowid,p.ref,p.label,p.description', NULL),
(2, 0, 'liste produit 2015', 'produit_1', 'p.rowid,p.ref,p.label,p.description,p.price_base_type', NULL);

-- --------------------------------------------------------

--
-- Structure de la table `llx_extrafields`
--

CREATE TABLE IF NOT EXISTS `llx_extrafields` (
  `rowid` int(11) NOT NULL,
  `name` varchar(64) NOT NULL,
  `entity` int(11) NOT NULL DEFAULT '1',
  `elementtype` varchar(64) NOT NULL DEFAULT 'member',
  `tms` timestamp NOT NULL DEFAULT CURRENT_TIMESTAMP ON UPDATE CURRENT_TIMESTAMP,
  `label` varchar(255) NOT NULL,
  `type` varchar(8) DEFAULT NULL,
  `size` varchar(8) DEFAULT NULL,
  `fieldunique` int(11) DEFAULT '0',
  `fieldrequired` int(11) DEFAULT '0',
  `pos` int(11) DEFAULT '0',
  `param` text
) ENGINE=InnoDB AUTO_INCREMENT=2 DEFAULT CHARSET=utf8;

--
-- Contenu de la table `llx_extrafields`
--

INSERT INTO `llx_extrafields` (`rowid`, `name`, `entity`, `elementtype`, `tms`, `label`, `type`, `size`, `fieldunique`, `fieldrequired`, `pos`, `param`) VALUES
(1, 'Dat_com', 1, 'commande_fournisseur', '2014-11-20 10:07:21', 'Date', 'date', '', 0, 0, 2, 'a:1:{s:7:"options";a:1:{s:0:"";N;}}');

-- --------------------------------------------------------

--
-- Structure de la table `llx_facture`
--

CREATE TABLE IF NOT EXISTS `llx_facture` (
  `rowid` int(11) NOT NULL,
  `facnumber` varchar(30) NOT NULL,
  `entity` int(11) NOT NULL DEFAULT '1',
  `ref_ext` varchar(255) DEFAULT NULL,
  `ref_int` varchar(255) DEFAULT NULL,
  `ref_client` varchar(255) DEFAULT NULL,
  `type` smallint(6) NOT NULL DEFAULT '0',
  `increment` varchar(10) DEFAULT NULL,
  `fk_soc` int(11) NOT NULL,
  `datec` datetime DEFAULT NULL,
  `datef` date DEFAULT NULL,
  `date_valid` date DEFAULT NULL,
  `tms` timestamp NOT NULL DEFAULT CURRENT_TIMESTAMP ON UPDATE CURRENT_TIMESTAMP,
  `paye` smallint(6) NOT NULL DEFAULT '0',
  `amount` double(24,8) NOT NULL DEFAULT '0.00000000',
  `remise_percent` double DEFAULT '0',
  `remise_absolue` double DEFAULT '0',
  `remise` double DEFAULT '0',
  `close_code` varchar(16) DEFAULT NULL,
  `close_note` varchar(128) DEFAULT NULL,
  `tva` double(24,8) DEFAULT '0.00000000',
  `localtax1` double(24,8) DEFAULT '0.00000000',
  `localtax2` double(24,8) DEFAULT '0.00000000',
  `revenuestamp` double(24,8) DEFAULT '0.00000000',
  `total` double(24,8) DEFAULT '0.00000000',
  `total_ttc` double(24,8) DEFAULT '0.00000000',
  `fk_statut` smallint(6) NOT NULL DEFAULT '0',
  `fk_user_author` int(11) DEFAULT NULL,
  `fk_user_valid` int(11) DEFAULT NULL,
  `fk_facture_source` int(11) DEFAULT NULL,
  `fk_projet` int(11) DEFAULT NULL,
  `fk_account` int(11) DEFAULT NULL,
  `fk_currency` varchar(2) DEFAULT NULL,
  `fk_cond_reglement` int(11) NOT NULL DEFAULT '1',
  `fk_mode_reglement` int(11) DEFAULT NULL,
  `date_lim_reglement` date DEFAULT NULL,
  `note_private` text,
  `note_public` text,
  `model_pdf` varchar(255) DEFAULT NULL,
  `import_key` varchar(14) DEFAULT NULL,
  `extraparams` varchar(255) DEFAULT NULL
) ENGINE=InnoDB AUTO_INCREMENT=19 DEFAULT CHARSET=utf8;

--
-- Contenu de la table `llx_facture`
--

INSERT INTO `llx_facture` (`rowid`, `facnumber`, `entity`, `ref_ext`, `ref_int`, `ref_client`, `type`, `increment`, `fk_soc`, `datec`, `datef`, `date_valid`, `tms`, `paye`, `amount`, `remise_percent`, `remise_absolue`, `remise`, `close_code`, `close_note`, `tva`, `localtax1`, `localtax2`, `revenuestamp`, `total`, `total_ttc`, `fk_statut`, `fk_user_author`, `fk_user_valid`, `fk_facture_source`, `fk_projet`, `fk_account`, `fk_currency`, `fk_cond_reglement`, `fk_mode_reglement`, `date_lim_reglement`, `note_private`, `note_public`, `model_pdf`, `import_key`, `extraparams`) VALUES
(1, 'FA1406-0001', 1, NULL, NULL, '4500131125', 0, NULL, 7, '2014-06-19 14:16:08', '2014-06-19', '2014-06-19', '2014-06-19 12:39:47', 0, 0.00000000, NULL, NULL, 0, NULL, NULL, 2192.00000000, 0.00000000, 0.00000000, 0.00000000, 10960.00000000, 13152.00000000, 1, 2, 2, NULL, NULL, NULL, NULL, 1, 2, '2014-06-19', NULL, NULL, 'crabe', NULL, NULL),
(4, 'FA1503-0002', 1, NULL, NULL, 'Z10091798', 3, NULL, 1, '2015-03-13 10:27:57', '2015-03-13', '2015-03-13', '2015-03-13 09:38:44', 0, 0.00000000, NULL, NULL, 0, NULL, NULL, 0.00000000, 0.00000000, 0.00000000, 0.00000000, 6066.00000000, 6066.00000000, 1, 1, 1, NULL, NULL, NULL, NULL, 1, 2, '2015-03-13', NULL, 'DEPOSIT of 50% of the total amount with PURCHASE ORDER<br />\r\nBallance to be payed at delivery.<br />\r\nDDP HAWAII 119 / &nbsp;KAILUA KONA &nbsp;-&nbsp;Incoterm 2010 ICC<br />\r\n<span style="color: rgb(0, 0, 0); font-family: Arial; font-size: small;">exon&eacute;ration de TVA, art 262 ter I du Code G&eacute;n&eacute;ral des Imp&ocirc;ts</span>', 'crabe', NULL, NULL),
(5, 'FA1504-0003', 1, NULL, NULL, '2014-4359', 0, NULL, 10, '2015-04-10 18:34:31', '2015-04-10', '2015-04-10', '2015-04-10 16:38:31', 0, 0.00000000, NULL, NULL, 0, NULL, NULL, 0.00000000, 0.00000000, 0.00000000, 0.00000000, 75708.00000000, 75708.00000000, 1, 1, 1, NULL, NULL, NULL, NULL, 2, 2, '2015-05-10', NULL, '30% deposit with order<br />\r\nINCOTERMS: EXW<br />\r\nPayment term is 30 days after review and acceptance of goods by CTBTO', 'crabe', NULL, NULL),
(7, 'FA1504-0004', 1, NULL, NULL, '4500154316', 0, NULL, 7, '2015-05-04 09:59:54', '2015-04-30', '2015-05-04', '2015-05-04 09:11:15', 0, 0.00000000, NULL, NULL, 0, NULL, NULL, 2250.00000000, 0.00000000, 0.00000000, 0.00000000, 11250.00000000, 13500.00000000, 1, 2, 2, NULL, NULL, NULL, NULL, 1, 2, '2015-04-30', NULL, 'Bordereau d''expédition SH1504-0004', 'crabe', NULL, NULL),
(10, 'FA1505-0005', 1, NULL, NULL, '2014-4359', 0, NULL, 10, '2015-05-11 14:36:21', '2015-05-11', '2015-05-26', '2015-05-26 09:01:56', 0, 0.00000000, NULL, NULL, 0, NULL, NULL, 0.00000000, 0.00000000, 0.00000000, 0.00000000, 56430.00000000, 56430.00000000, 1, 2, 2, NULL, NULL, NULL, NULL, 2, 2, '2015-06-10', NULL, 'Sending sheet SH1505-0005<br />\r\n7 May 2015', 'crabe', NULL, NULL),
(14, 'FA1507-0006', 1, NULL, NULL, '2014-4359', 0, NULL, 10, '2015-07-23 13:49:23', '2015-07-27', '2015-07-23', '2015-07-23 11:53:02', 0, 0.00000000, NULL, NULL, 0, NULL, NULL, 0.00000000, 0.00000000, 0.00000000, 0.00000000, 63070.00000000, 63070.00000000, 1, 2, 2, NULL, NULL, NULL, NULL, 2, 2, '2015-08-26', NULL, 'INCOTERMS: EXW<br />\r\nPayment term is 30 days after review and acceptance of goods by CTBTO<br />\r\n<br />\r\nSending sheet and package list : SH1507-0008', 'crabe', NULL, NULL),
(16, 'FA1507-0007', 1, NULL, NULL, 'Z10091798', 0, NULL, 1, '2015-07-24 09:39:03', '2015-07-27', '2015-07-27', '2015-07-27 07:18:50', 0, 0.00000000, NULL, NULL, 0, NULL, NULL, 0.00000000, 0.00000000, 0.00000000, 0.00000000, 12232.00000000, 12232.00000000, 1, 2, 2, NULL, NULL, NULL, NULL, 1, 2, '2015-07-27', NULL, 'DEPOSIT of 50% of the total amount with PURCHASE ORDER<br />\r\nBallance to be payed at delivery.<br />\r\nDDP HAWAII 119 / &nbsp;KAILUA KONA &nbsp;-&nbsp;Incoterm 2010 ICC<br />\r\n<span style="color: rgb(0, 0, 0); font-family: Arial; font-size: small;">exon&eacute;ration de TVA, art 262 ter I du Code G&eacute;n&eacute;ral des Imp&ocirc;ts</span>', 'crabe', NULL, NULL),
(18, 'FA1507-0008', 1, NULL, NULL, '1543855', 0, NULL, 11, '2015-07-27 11:52:02', '2015-07-27', '2015-07-27', '2015-07-27 12:13:06', 0, 0.00000000, NULL, NULL, 0, NULL, NULL, 0.00000000, 0.00000000, 0.00000000, 0.00000000, 32656.30000000, 32656.30000000, 1, 2, 2, NULL, NULL, NULL, NULL, 2, 2, '2015-08-26', 'attention passez la monnaie en dollars avant d&#39;exporter le devis, la facture', '<br />\r\nINCOTERMS 2010 : FCA FREE OF CARRIER<br />\r\nPrices in US Dollars USD<br />\r\n<br />\r\nsending sheet and package list: SH1507-0011<br />\r\n<br />\r\n<br />', 'crabe', NULL, NULL);

-- --------------------------------------------------------

--
-- Structure de la table `llx_facturedet`
--

CREATE TABLE IF NOT EXISTS `llx_facturedet` (
  `rowid` int(11) NOT NULL,
  `fk_facture` int(11) NOT NULL,
  `fk_parent_line` int(11) DEFAULT NULL,
  `fk_product` int(11) DEFAULT NULL,
  `label` varchar(255) DEFAULT NULL,
  `description` text,
  `tva_tx` double(6,3) DEFAULT NULL,
  `localtax1_tx` double(6,3) DEFAULT '0.000',
  `localtax1_type` varchar(10) NOT NULL DEFAULT '0',
  `localtax2_tx` double(6,3) DEFAULT '0.000',
  `localtax2_type` varchar(10) NOT NULL DEFAULT '0',
  `qty` double DEFAULT NULL,
  `remise_percent` double DEFAULT '0',
  `remise` double DEFAULT '0',
  `fk_remise_except` int(11) DEFAULT NULL,
  `subprice` double(24,8) DEFAULT NULL,
  `price` double(24,8) DEFAULT NULL,
  `total_ht` double(24,8) DEFAULT NULL,
  `total_tva` double(24,8) DEFAULT NULL,
  `total_localtax1` double(24,8) DEFAULT '0.00000000',
  `total_localtax2` double(24,8) DEFAULT '0.00000000',
  `total_ttc` double(24,8) DEFAULT NULL,
  `product_type` int(11) DEFAULT '0',
  `date_start` datetime DEFAULT NULL,
  `date_end` datetime DEFAULT NULL,
  `info_bits` int(11) DEFAULT '0',
  `buy_price_ht` double(24,8) DEFAULT '0.00000000',
  `fk_product_fournisseur_price` int(11) DEFAULT NULL,
  `fk_code_ventilation` int(11) NOT NULL DEFAULT '0',
  `special_code` int(10) unsigned DEFAULT '0',
  `rang` int(11) DEFAULT '0',
  `import_key` varchar(14) DEFAULT NULL
) ENGINE=InnoDB AUTO_INCREMENT=121 DEFAULT CHARSET=utf8;

--
-- Contenu de la table `llx_facturedet`
--

INSERT INTO `llx_facturedet` (`rowid`, `fk_facture`, `fk_parent_line`, `fk_product`, `label`, `description`, `tva_tx`, `localtax1_tx`, `localtax1_type`, `localtax2_tx`, `localtax2_type`, `qty`, `remise_percent`, `remise`, `fk_remise_except`, `subprice`, `price`, `total_ht`, `total_tva`, `total_localtax1`, `total_localtax2`, `total_ttc`, `product_type`, `date_start`, `date_end`, `info_bits`, `buy_price_ht`, `fk_product_fournisseur_price`, `fk_code_ventilation`, `special_code`, `rang`, `import_key`) VALUES
(1, 1, NULL, 1, NULL, 'Microbarometer digital', 20.000, 0.000, '0', 0.000, '0', 1, 0, 0, NULL, 10400.00000000, NULL, 10400.00000000, 2080.00000000, 0.00000000, 0.00000000, 12480.00000000, 0, NULL, NULL, 0, 8249.00000000, 0, 0, 0, 1, NULL),
(2, 1, NULL, 3, NULL, 'Câble alimentation 12 V', 20.000, 0.000, '0', 0.000, '0', 1, 0, 0, NULL, 140.00000000, NULL, 140.00000000, 28.00000000, 0.00000000, 0.00000000, 168.00000000, 0, NULL, NULL, 0, 100.00000000, 3, 0, 0, 2, NULL),
(3, 1, NULL, 4, NULL, 'Câble GPS', 20.000, 0.000, '0', 0.000, '0', 1, 0, 0, NULL, 45.00000000, NULL, 45.00000000, 9.00000000, 0.00000000, 0.00000000, 54.00000000, 0, NULL, NULL, 0, 30.00000000, 4, 0, 0, 3, NULL),
(4, 1, NULL, 6, NULL, 'GPS ANTENNA PROCOM 2000B TNC', 20.000, 0.000, '0', 0.000, '0', 1, 0, 0, NULL, 110.00000000, NULL, 110.00000000, 22.00000000, 0.00000000, 0.00000000, 132.00000000, 0, NULL, NULL, 0, 70.00000000, 0, 0, 0, 4, NULL),
(5, 1, NULL, 7, NULL, 'BATTERY NP12-12 YUASA', 20.000, 0.000, '0', 0.000, '0', 1, 0, 0, NULL, 110.00000000, NULL, 110.00000000, 22.00000000, 0.00000000, 0.00000000, 132.00000000, 0, NULL, NULL, 0, 80.00000000, 0, 0, 0, 5, NULL),
(6, 1, NULL, 5, NULL, 'Câble PC/USB', 20.000, 0.000, '0', 0.000, '0', 1, 0, 0, NULL, 155.00000000, NULL, 155.00000000, 31.00000000, 0.00000000, 0.00000000, 186.00000000, 0, NULL, NULL, 0, 155.00000000, 5, 0, 0, 6, NULL),
(9, 4, NULL, NULL, NULL, 'DEPOSIT FOR MB3D STARTER KIT', 0.000, 0.000, '0', 0.000, '0', 1, 0, 0, NULL, 6066.00000000, NULL, 6066.00000000, 0.00000000, 0.00000000, 0.00000000, 6066.00000000, 0, NULL, NULL, 0, 0.00000000, NULL, 0, 0, 1, NULL),
(10, 5, NULL, 2, NULL, 'To refer to MB3a user manual', 0.000, 0.000, '0', 0.000, '0', 8, 0, 0, NULL, 7990.00000000, NULL, 63920.00000000, 0.00000000, 0.00000000, 0.00000000, 63920.00000000, 0, NULL, NULL, 0, 5388.25000000, 0, 0, 0, 1, NULL),
(12, 5, NULL, 6, NULL, 'Flat-pack GPS-antenna for fixed installations.>\r\nFull hemispherical coverage.\r\nBuilt-in high gain, low noise amplifier.\r\nRight-hand circular polarization (RHCP).\r\nAvailable in black or white\r\n3 V \r\nDC supply via RF-connector.\r\nEMC tested to IEC 801 and IEC 255. / TNC (female) connector</div>', 0.000, 0.000, '0', 0.000, '0', 5, 0, 0, NULL, 110.00000000, NULL, 550.00000000, 0.00000000, 0.00000000, 0.00000000, 550.00000000, 0, NULL, NULL, 0, 70.00000000, NULL, 0, 0, 3, NULL),
(13, 5, NULL, 3, NULL, '(Pays d''origine: France) 3 meters\r\n3 pin Fischer connector to 2 wires1.5 mm²', 0.000, 0.000, '0', 0.000, '0', 14, 0, 0, NULL, 232.00000000, NULL, 3248.00000000, 0.00000000, 0.00000000, 0.00000000, 3248.00000000, 0, NULL, NULL, 0, 154.70000000, 0, 0, 0, 4, NULL),
(14, 5, NULL, 18, NULL, '10 m long<br />\r\nCoaxial TNC to TNC<br>\r\n(Pays d''origine: France)', 0.000, 0.000, '0', 0.000, '0', 5, 0, 0, NULL, 170.00000000, NULL, 850.00000000, 0.00000000, 0.00000000, 0.00000000, 850.00000000, 0, NULL, NULL, 0, 0.00000000, NULL, 0, 0, 5, NULL),
(16, 5, NULL, 16, NULL, '3 m long<br />\r\n18 pin to not wired<br>\r\n(Pays d''origine: France)', 0.000, 0.000, '0', 0.000, '0', 14, 0, 0, NULL, 260.00000000, NULL, 3640.00000000, 0.00000000, 0.00000000, 0.00000000, 3640.00000000, 0, NULL, NULL, 0, 0.00000000, 0, 0, 0, 7, NULL),
(17, 5, NULL, 10, NULL, 'Wrench designed to adjust the position of the magnet\r\n(Pays d''origine: France)', 0.000, 0.000, '0', 0.000, '0', 10, 0, 0, NULL, 55.00000000, NULL, 550.00000000, 0.00000000, 0.00000000, 0.00000000, 550.00000000, 0, NULL, NULL, 0, 28.65000000, NULL, 0, 0, 8, NULL),
(19, 5, NULL, 12, NULL, '<table border="1" cellpadding="0" cellspacing="0">\r\n	<tbody>\r\n		<tr>\r\n			<td style="width:177px;">\r\n				<strong>Key Specifications </strong></td>\r\n			<td style="width:104px;">\r\n				 </td>\r\n		</tr>\r\n		<tr>\r\n			<td style="width:177px;">\r\n				Connector Series 1</td>\r\n			<td style="width:104px;">\r\n				TNC</td>\r\n		</tr>\r\n		<tr>\r\n			<td style="width:177px;">\r\n				Connector Gender 1</td>\r\n			<td style="width:104px;">\r\n				Male</td>\r\n		</tr>\r\n		<tr>\r\n			<td style="width:177px;">\r\n				Connector Polarity 1</td>\r\n			<td style="width:104px;">\r\n				Standard</td>\r\n		</tr>\r\n		<tr>\r\n			<td style="width:177px;">\r\n				Connector Impedance 1</td>\r\n			<td style="width:104px;">\r\n				50 Ohm</td>\r\n		</tr>\r\n		<tr>\r\n			<td style="width:177px;">\r\n				Connector Series 2</td>\r\n			<td style="width:104px;">\r\n				TNC</td>\r\n		</tr>\r\n		<tr>\r\n			<td style="width:177px;">\r\n				Connector Gender 2</td>\r\n			<td style="width:104px;">\r\n				Male</td>\r\n		</tr>\r\n		<tr>\r\n			<td style="width:177px;">\r\n				Connector Polarity 2</td>\r\n			<td style="width:104px;">\r\n				Standard</td>\r\n		</tr>\r\n		<tr>\r\n			<td style="width:177px;">\r\n				Connector Impedance 2</td>\r\n			<td style="width:104px;">\r\n				50 Ohm</td>\r\n		</tr>\r\n		<tr>\r\n			<td style="width:177px;">\r\n				Adapter Body Style</td>\r\n			<td style="width:104px;">\r\n				Right Angle</td>\r\n		</tr>\r\n		<tr>\r\n			<td style="width:177px;">\r\n				Connector Mount Method 1</td>\r\n			<td style="width:104px;">\r\n				None</td>\r\n		</tr>\r\n		<tr>\r\n			<td style="width:177px;">\r\n				Connector Body Material 1</td>\r\n			<td style="width:104px;">\r\n				Brass</td>\r\n		</tr>\r\n		<tr>\r\n			<td style="width:177px;">\r\n				Connector Body Plating 1</td>\r\n			<td style="width:104px;">\r\n				Nickel</td>\r\n		</tr>\r\n		<tr>\r\n			<td style="width:177px;">\r\n				Connector Mount Method 2</td>\r\n			<td style="width:104px;">\r\n				None</td>\r\n		</tr>\r\n		<tr>\r\n			<td style="width:177px;">\r\n				Connector Body Material 2</td>\r\n			<td style="width:104px;">\r\n				Brass</td>\r\n		</tr>\r\n		<tr>\r\n			<td style="width:177px;">\r\n				Connector Body Plating 2</td>\r\n			<td style="width:104px;">\r\n				Nickel</td>\r\n		</tr>\r\n	</tbody>\r\n</table>\r\n <br>\r\n(Pays d''origine: Etats-Unis)', 0.000, 0.000, '0', 0.000, '0', 5, 0, 0, NULL, 90.00000000, NULL, 450.00000000, 0.00000000, 0.00000000, 0.00000000, 450.00000000, 0, NULL, NULL, 0, 47.00000000, NULL, 0, 0, 10, NULL),
(21, 5, NULL, 19, NULL, 'PELICASE 1650  + adapted foam<br />\r\nInt Dim : L725 x W445 x D270 mm<br />\r\nExt Dim : L802 x W520 x D316 mm<br>\r\n(Pays d''origine: France)', 0.000, 0.000, '0', 0.000, '0', 2, 0, 0, NULL, 1250.00000000, NULL, 2500.00000000, 0.00000000, 0.00000000, 0.00000000, 2500.00000000, 0, NULL, NULL, 0, 0.00000000, NULL, 0, 0, 12, NULL),
(28, 7, NULL, 1, NULL, '', 20.000, 0.000, '0', 0.000, '0', 1, 0, 0, NULL, 10600.00000000, NULL, 10600.00000000, 2120.00000000, 0.00000000, 0.00000000, 12720.00000000, 0, NULL, NULL, 0, 8249.00000000, 0, 0, 0, 1, NULL),
(29, 7, NULL, 3, NULL, '', 20.000, 0.000, '0', 0.000, '0', 1, 0, 0, NULL, 145.00000000, NULL, 145.00000000, 29.00000000, 0.00000000, 0.00000000, 174.00000000, 0, NULL, NULL, 0, 100.00000000, 0, 0, 0, 2, NULL),
(30, 7, NULL, 4, NULL, '', 20.000, 0.000, '0', 0.000, '0', 1, 0, 0, NULL, 115.00000000, NULL, 115.00000000, 23.00000000, 0.00000000, 0.00000000, 138.00000000, 0, NULL, NULL, 0, 30.00000000, 0, 0, 0, 3, NULL),
(31, 7, NULL, 6, NULL, '', 20.000, 0.000, '0', 0.000, '0', 1, 0, 0, NULL, 115.00000000, NULL, 115.00000000, 23.00000000, 0.00000000, 0.00000000, 138.00000000, 0, NULL, NULL, 0, 70.00000000, 0, 0, 0, 4, NULL),
(32, 7, NULL, 7, NULL, '', 20.000, 0.000, '0', 0.000, '0', 1, 0, 0, NULL, 115.00000000, NULL, 115.00000000, 23.00000000, 0.00000000, 0.00000000, 138.00000000, 0, NULL, NULL, 0, 80.00000000, 0, 0, 0, 5, NULL),
(33, 7, NULL, 5, NULL, '', 20.000, 0.000, '0', 0.000, '0', 1, 0, 0, NULL, 160.00000000, NULL, 160.00000000, 32.00000000, 0.00000000, 0.00000000, 192.00000000, 0, NULL, NULL, 0, 155.00000000, 0, 0, 0, 6, NULL),
(44, 10, NULL, 2, NULL, '', 0.000, 0.000, '0', 0.000, '0', 6, 0, 0, NULL, 7990.00000000, NULL, 47940.00000000, 0.00000000, 0.00000000, 0.00000000, 47940.00000000, 0, NULL, NULL, 0, 5388.25000000, 0, 0, 0, 1, NULL),
(47, 10, NULL, 3, NULL, '', 0.000, 0.000, '0', 0.000, '0', 15, 0, 0, NULL, 232.00000000, NULL, 3480.00000000, 0.00000000, 0.00000000, 0.00000000, 3480.00000000, 0, NULL, NULL, 0, 154.70000000, 0, 0, 0, 4, NULL),
(50, 10, NULL, 16, NULL, '', 0.000, 0.000, '0', 0.000, '0', 10, 0, 0, NULL, 260.00000000, NULL, 2600.00000000, 0.00000000, 0.00000000, 0.00000000, 2600.00000000, 0, NULL, NULL, 0, 0.00000000, 0, 0, 0, 7, NULL),
(52, 10, NULL, 20, NULL, '', 0.000, 0.000, '0', 0.000, '0', 10, 0, 0, NULL, 150.00000000, NULL, 1500.00000000, 0.00000000, 0.00000000, 0.00000000, 1500.00000000, 0, NULL, NULL, 0, 0.00000000, 0, 0, 0, 9, NULL),
(54, 10, NULL, 23, NULL, '', 0.000, 0.000, '0', 0.000, '0', 7, 0, 0, NULL, 130.00000000, NULL, 910.00000000, 0.00000000, 0.00000000, 0.00000000, 910.00000000, 0, NULL, NULL, 0, 0.00000000, 0, 0, 0, 11, NULL),
(93, 14, NULL, 1, NULL, '', 0.000, 0.000, '0', 0.000, '0', 5, 0, 0, NULL, 11990.00000000, NULL, 59950.00000000, 0.00000000, 0.00000000, 0.00000000, 59950.00000000, 0, NULL, NULL, 0, 8248.75000000, 0, 0, 0, 2, NULL),
(97, 14, NULL, 17, NULL, '', 0.000, 0.000, '0', 0.000, '0', 10, 0, 0, NULL, 260.00000000, NULL, 2600.00000000, 0.00000000, 0.00000000, 0.00000000, 2600.00000000, 0, NULL, NULL, 0, 0.00000000, 0, 0, 0, 6, NULL),
(102, 14, NULL, 23, NULL, '', 0.000, 0.000, '0', 0.000, '0', 4, 0, 0, NULL, 130.00000000, NULL, 520.00000000, 0.00000000, 0.00000000, 0.00000000, 520.00000000, 0, NULL, NULL, 0, 0.00000000, 0, 0, 0, 11, NULL),
(108, 16, NULL, 26, NULL, '1 MB3d digital microbarometer with 4 silicone caps\r\n1 Antenna PROCOM 3V\r\nGPS Cable, Battery, Power Cable, PC/USB cable\r\n Cd with Dionisos Software,  calibration Certificate, case and wrench\r\n\r\n\r\n\r\nCustoms code: 9015800090\r\nOrigin of goods: France\r\nINCOTERMS : DDP', 0.000, 0.000, '0', 0.000, '0', 1, 0, 0, NULL, 11527.00000000, NULL, 11527.00000000, 0.00000000, 0.00000000, 0.00000000, 11527.00000000, 0, NULL, NULL, 0, 7478.60000000, NULL, 0, 0, 1, NULL),
(109, 16, NULL, 27, NULL, 'Direct transport', 0.000, 0.000, '0', 0.000, '0', 1, 0, 0, NULL, 395.00000000, NULL, 395.00000000, 0.00000000, 0.00000000, 0.00000000, 395.00000000, 1, NULL, NULL, 0, 0.00000000, NULL, 0, 0, 2, NULL),
(110, 16, NULL, 21, NULL, '100% de la valeur déclarée soit 11527 €', 0.000, 0.000, '0', 0.000, '0', 1, 0, 0, NULL, 210.00000000, NULL, 210.00000000, 0.00000000, 0.00000000, 0.00000000, 210.00000000, 1, NULL, NULL, 0, 0.00000000, NULL, 0, 0, 3, NULL),
(111, 16, NULL, 28, NULL, 'Estimation of the duty and tax on FOB value.\r\nThis amount is a provision and will be adjusted once the final cost will be known', 0.000, 0.000, '0', 0.000, '0', 1, 0, 0, NULL, 100.00000000, NULL, 100.00000000, 0.00000000, 0.00000000, 0.00000000, 100.00000000, 1, NULL, NULL, 0, 0.00000000, NULL, 0, 0, 4, NULL),
(116, 18, NULL, 2, NULL, 'Customs code: 9015800090\r\nOrigin of goods : France\r\nIncoterms FCA', 0.000, 0.000, '0', 0.000, '0', 3, 0, 0, NULL, 10100.00000000, NULL, 30300.00000000, 0.00000000, 0.00000000, 0.00000000, 30300.00000000, 0, NULL, NULL, 0, 5388.25000000, 0, 0, 0, 1, NULL),
(117, 18, NULL, 16, NULL, '', 0.000, 0.000, '0', 0.000, '0', 3, 0, 0, NULL, 302.10000000, NULL, 906.30000000, 0.00000000, 0.00000000, 0.00000000, 906.30000000, 0, NULL, NULL, 0, 0.00000000, 0, 0, 0, 2, NULL),
(118, 18, NULL, 10, NULL, '', 0.000, 0.000, '0', 0.000, '0', 1, 100, 0, NULL, 64.00000000, NULL, 0.00000000, 0.00000000, 0.00000000, 0.00000000, 0.00000000, 0, NULL, NULL, 0, 28.65000000, 0, 0, 0, 3, NULL),
(119, 18, NULL, 20, NULL, 'Magnet Adjustment Cable', 0.000, 0.000, '0', 0.000, '0', 1, 100, 0, NULL, 175.00000000, NULL, 0.00000000, 0.00000000, 0.00000000, 0.00000000, 0.00000000, 0, NULL, NULL, 0, 0.00000000, NULL, 0, 0, 4, NULL),
(120, 18, NULL, 19, NULL, 'Customs code: 901590020\r\nOrigin of goods: France\r\nIncoterms:FCA', 0.000, 0.000, '0', 0.000, '0', 1, 0, 0, NULL, 1450.00000000, NULL, 1450.00000000, 0.00000000, 0.00000000, 0.00000000, 1450.00000000, 0, NULL, NULL, 0, 967.20000000, 28, 0, 0, 5, NULL);

-- --------------------------------------------------------

--
-- Structure de la table `llx_facturedet_rec`
--

CREATE TABLE IF NOT EXISTS `llx_facturedet_rec` (
  `rowid` int(11) NOT NULL,
  `fk_facture` int(11) NOT NULL,
  `fk_parent_line` int(11) DEFAULT NULL,
  `fk_product` int(11) DEFAULT NULL,
  `product_type` int(11) DEFAULT '0',
  `label` varchar(255) DEFAULT NULL,
  `description` text,
  `tva_tx` double(6,3) DEFAULT '19.600',
  `localtax1_tx` double(6,3) DEFAULT '0.000',
  `localtax1_type` varchar(10) NOT NULL DEFAULT '0',
  `localtax2_tx` double(6,3) DEFAULT '0.000',
  `localtax2_type` varchar(10) NOT NULL DEFAULT '0',
  `qty` double DEFAULT NULL,
  `remise_percent` double DEFAULT '0',
  `remise` double DEFAULT '0',
  `subprice` double(24,8) DEFAULT NULL,
  `price` double(24,8) DEFAULT NULL,
  `total_ht` double(24,8) DEFAULT NULL,
  `total_tva` double(24,8) DEFAULT NULL,
  `total_localtax1` double(24,8) DEFAULT '0.00000000',
  `total_localtax2` double(24,8) DEFAULT '0.00000000',
  `total_ttc` double(24,8) DEFAULT NULL,
  `special_code` int(10) unsigned DEFAULT '0',
  `rang` int(11) DEFAULT '0'
) ENGINE=InnoDB DEFAULT CHARSET=utf8;

-- --------------------------------------------------------

--
-- Structure de la table `llx_facture_extrafields`
--

CREATE TABLE IF NOT EXISTS `llx_facture_extrafields` (
  `rowid` int(11) NOT NULL,
  `tms` timestamp NOT NULL DEFAULT CURRENT_TIMESTAMP ON UPDATE CURRENT_TIMESTAMP,
  `fk_object` int(11) NOT NULL,
  `import_key` varchar(14) DEFAULT NULL
) ENGINE=InnoDB DEFAULT CHARSET=utf8;

-- --------------------------------------------------------

--
-- Structure de la table `llx_facture_fourn`
--

CREATE TABLE IF NOT EXISTS `llx_facture_fourn` (
  `rowid` int(11) NOT NULL,
  `ref` varchar(30) DEFAULT NULL,
  `ref_supplier` varchar(30) DEFAULT NULL,
  `entity` int(11) NOT NULL DEFAULT '1',
  `ref_ext` varchar(30) DEFAULT NULL,
  `type` smallint(6) NOT NULL DEFAULT '0',
  `fk_soc` int(11) NOT NULL,
  `datec` datetime DEFAULT NULL,
  `datef` date DEFAULT NULL,
  `tms` timestamp NOT NULL DEFAULT CURRENT_TIMESTAMP ON UPDATE CURRENT_TIMESTAMP,
  `libelle` varchar(255) DEFAULT NULL,
  `paye` smallint(6) NOT NULL DEFAULT '0',
  `amount` double(24,8) NOT NULL DEFAULT '0.00000000',
  `remise` double(24,8) DEFAULT '0.00000000',
  `close_code` varchar(16) DEFAULT NULL,
  `close_note` varchar(128) DEFAULT NULL,
  `tva` double(24,8) DEFAULT '0.00000000',
  `localtax1` double(24,8) DEFAULT '0.00000000',
  `localtax2` double(24,8) DEFAULT '0.00000000',
  `total` double(24,8) DEFAULT '0.00000000',
  `total_ht` double(24,8) DEFAULT '0.00000000',
  `total_tva` double(24,8) DEFAULT '0.00000000',
  `total_ttc` double(24,8) DEFAULT '0.00000000',
  `fk_statut` smallint(6) NOT NULL DEFAULT '0',
  `fk_user_author` int(11) DEFAULT NULL,
  `fk_user_valid` int(11) DEFAULT NULL,
  `fk_facture_source` int(11) DEFAULT NULL,
  `fk_projet` int(11) DEFAULT NULL,
  `fk_cond_reglement` int(11) NOT NULL DEFAULT '1',
  `date_lim_reglement` date DEFAULT NULL,
  `note_private` text,
  `note_public` text,
  `model_pdf` varchar(255) DEFAULT NULL,
  `import_key` varchar(14) DEFAULT NULL,
  `extraparams` varchar(255) DEFAULT NULL
) ENGINE=InnoDB DEFAULT CHARSET=utf8;

-- --------------------------------------------------------

--
-- Structure de la table `llx_facture_fourn_det`
--

CREATE TABLE IF NOT EXISTS `llx_facture_fourn_det` (
  `rowid` int(11) NOT NULL,
  `fk_facture_fourn` int(11) NOT NULL,
  `fk_product` int(11) DEFAULT NULL,
  `ref` varchar(50) DEFAULT NULL,
  `label` varchar(255) DEFAULT NULL,
  `description` text,
  `pu_ht` double(24,8) DEFAULT NULL,
  `pu_ttc` double(24,8) DEFAULT NULL,
  `qty` double DEFAULT NULL,
  `remise_percent` double DEFAULT '0',
  `tva_tx` double(6,3) DEFAULT NULL,
  `localtax1_tx` double(6,3) DEFAULT '0.000',
  `localtax1_type` varchar(10) NOT NULL DEFAULT '0',
  `localtax2_tx` double(6,3) DEFAULT '0.000',
  `localtax2_type` varchar(10) NOT NULL DEFAULT '0',
  `total_ht` double(24,8) DEFAULT NULL,
  `tva` double(24,8) DEFAULT NULL,
  `total_localtax1` double(24,8) DEFAULT '0.00000000',
  `total_localtax2` double(24,8) DEFAULT '0.00000000',
  `total_ttc` double(24,8) DEFAULT NULL,
  `product_type` int(11) DEFAULT '0',
  `date_start` datetime DEFAULT NULL,
  `date_end` datetime DEFAULT NULL,
  `info_bits` int(11) NOT NULL DEFAULT '0',
  `import_key` varchar(14) DEFAULT NULL,
  `fk_code_ventilation` int(11) NOT NULL DEFAULT '0'
) ENGINE=InnoDB DEFAULT CHARSET=utf8;

-- --------------------------------------------------------

--
-- Structure de la table `llx_facture_fourn_extrafields`
--

CREATE TABLE IF NOT EXISTS `llx_facture_fourn_extrafields` (
  `rowid` int(11) NOT NULL,
  `tms` timestamp NOT NULL DEFAULT CURRENT_TIMESTAMP ON UPDATE CURRENT_TIMESTAMP,
  `fk_object` int(11) NOT NULL,
  `import_key` varchar(14) DEFAULT NULL
) ENGINE=InnoDB DEFAULT CHARSET=utf8;

-- --------------------------------------------------------

--
-- Structure de la table `llx_facture_rec`
--

CREATE TABLE IF NOT EXISTS `llx_facture_rec` (
  `rowid` int(11) NOT NULL,
  `titre` varchar(50) NOT NULL,
  `entity` int(11) NOT NULL DEFAULT '1',
  `fk_soc` int(11) NOT NULL,
  `datec` datetime DEFAULT NULL,
  `amount` double(24,8) NOT NULL DEFAULT '0.00000000',
  `remise` double DEFAULT '0',
  `remise_percent` double DEFAULT '0',
  `remise_absolue` double DEFAULT '0',
  `tva` double(24,8) DEFAULT '0.00000000',
  `localtax1` double(24,8) DEFAULT '0.00000000',
  `localtax2` double(24,8) DEFAULT '0.00000000',
  `total` double(24,8) DEFAULT '0.00000000',
  `total_ttc` double(24,8) DEFAULT '0.00000000',
  `fk_user_author` int(11) DEFAULT NULL,
  `fk_projet` int(11) DEFAULT NULL,
  `fk_cond_reglement` int(11) DEFAULT '0',
  `fk_mode_reglement` int(11) DEFAULT '0',
  `date_lim_reglement` date DEFAULT NULL,
  `note_private` text,
  `note_public` text,
  `usenewprice` int(11) DEFAULT NULL,
  `frequency` int(11) DEFAULT NULL,
  `unit_frequency` varchar(2) DEFAULT 'd',
  `date_when` datetime DEFAULT NULL,
  `date_last_gen` datetime DEFAULT NULL,
  `nb_gen_done` int(11) DEFAULT NULL,
  `nb_gen_max` int(11) DEFAULT NULL
) ENGINE=InnoDB DEFAULT CHARSET=utf8;

-- --------------------------------------------------------

--
-- Structure de la table `llx_fichinter`
--

CREATE TABLE IF NOT EXISTS `llx_fichinter` (
  `rowid` int(11) NOT NULL,
  `fk_soc` int(11) NOT NULL,
  `fk_projet` int(11) DEFAULT '0',
  `fk_contrat` int(11) DEFAULT '0',
  `ref` varchar(30) NOT NULL,
  `entity` int(11) NOT NULL DEFAULT '1',
  `tms` timestamp NOT NULL DEFAULT CURRENT_TIMESTAMP ON UPDATE CURRENT_TIMESTAMP,
  `datec` datetime DEFAULT NULL,
  `date_valid` datetime DEFAULT NULL,
  `datei` date DEFAULT NULL,
  `fk_user_author` int(11) DEFAULT NULL,
  `fk_user_valid` int(11) DEFAULT NULL,
  `fk_statut` smallint(6) DEFAULT '0',
  `duree` double DEFAULT NULL,
  `description` text,
  `note_private` text,
  `note_public` text,
  `model_pdf` varchar(255) DEFAULT NULL,
  `extraparams` varchar(255) DEFAULT NULL
) ENGINE=InnoDB DEFAULT CHARSET=utf8;

-- --------------------------------------------------------

--
-- Structure de la table `llx_fichinterdet`
--

CREATE TABLE IF NOT EXISTS `llx_fichinterdet` (
  `rowid` int(11) NOT NULL,
  `fk_fichinter` int(11) DEFAULT NULL,
  `fk_parent_line` int(11) DEFAULT NULL,
  `date` datetime DEFAULT NULL,
  `description` text,
  `duree` int(11) DEFAULT NULL,
  `rang` int(11) DEFAULT '0'
) ENGINE=InnoDB DEFAULT CHARSET=utf8;

-- --------------------------------------------------------

--
-- Structure de la table `llx_holiday`
--

CREATE TABLE IF NOT EXISTS `llx_holiday` (
  `rowid` int(11) NOT NULL,
  `fk_user` int(11) NOT NULL,
  `date_create` datetime NOT NULL,
  `description` varchar(255) NOT NULL,
  `date_debut` date NOT NULL,
  `date_fin` date NOT NULL,
  `halfday` int(11) DEFAULT '0',
  `statut` int(11) NOT NULL DEFAULT '1',
  `fk_validator` int(11) NOT NULL,
  `date_valid` datetime DEFAULT NULL,
  `fk_user_valid` int(11) DEFAULT NULL,
  `date_refuse` datetime DEFAULT NULL,
  `fk_user_refuse` int(11) DEFAULT NULL,
  `date_cancel` datetime DEFAULT NULL,
  `fk_user_cancel` int(11) DEFAULT NULL,
  `detail_refuse` varchar(250) DEFAULT NULL,
  `note_private` text,
  `note_public` text
) ENGINE=InnoDB DEFAULT CHARSET=utf8;

-- --------------------------------------------------------

--
-- Structure de la table `llx_holiday_config`
--

CREATE TABLE IF NOT EXISTS `llx_holiday_config` (
  `rowid` int(11) NOT NULL,
  `name` varchar(255) NOT NULL,
  `value` text
) ENGINE=InnoDB AUTO_INCREMENT=9 DEFAULT CHARSET=utf8;

--
-- Contenu de la table `llx_holiday_config`
--

INSERT INTO `llx_holiday_config` (`rowid`, `name`, `value`) VALUES
(1, 'userGroup', NULL),
(2, 'lastUpdate', NULL),
(3, 'nbUser', NULL),
(4, 'delayForRequest', '31'),
(5, 'AlertValidatorDelay', '0'),
(6, 'AlertValidatorSolde', '0'),
(7, 'nbHolidayDeducted', '1'),
(8, 'nbHolidayEveryMonth', '2.08334');

-- --------------------------------------------------------

--
-- Structure de la table `llx_holiday_events`
--

CREATE TABLE IF NOT EXISTS `llx_holiday_events` (
  `rowid` int(11) NOT NULL,
  `entity` int(11) NOT NULL DEFAULT '1',
  `name` varchar(255) NOT NULL,
  `value` text NOT NULL
) ENGINE=InnoDB DEFAULT CHARSET=utf8;

-- --------------------------------------------------------

--
-- Structure de la table `llx_holiday_logs`
--

CREATE TABLE IF NOT EXISTS `llx_holiday_logs` (
  `rowid` int(11) NOT NULL,
  `date_action` datetime NOT NULL,
  `fk_user_action` int(11) NOT NULL,
  `fk_user_update` int(11) NOT NULL,
  `type_action` varchar(255) NOT NULL,
  `prev_solde` varchar(255) NOT NULL,
  `new_solde` varchar(255) NOT NULL
) ENGINE=InnoDB DEFAULT CHARSET=utf8;

-- --------------------------------------------------------

--
-- Structure de la table `llx_holiday_users`
--

CREATE TABLE IF NOT EXISTS `llx_holiday_users` (
  `fk_user` int(11) NOT NULL,
  `nb_holiday` double NOT NULL DEFAULT '0'
) ENGINE=InnoDB DEFAULT CHARSET=utf8;

-- --------------------------------------------------------

--
-- Structure de la table `llx_import_model`
--

CREATE TABLE IF NOT EXISTS `llx_import_model` (
  `rowid` int(11) NOT NULL,
  `fk_user` int(11) NOT NULL DEFAULT '0',
  `label` varchar(50) NOT NULL,
  `type` varchar(20) NOT NULL,
  `field` text NOT NULL
) ENGINE=InnoDB DEFAULT CHARSET=utf8;

-- --------------------------------------------------------

--
-- Structure de la table `llx_livraison`
--

CREATE TABLE IF NOT EXISTS `llx_livraison` (
  `rowid` int(11) NOT NULL,
  `tms` timestamp NOT NULL DEFAULT CURRENT_TIMESTAMP ON UPDATE CURRENT_TIMESTAMP,
  `ref` varchar(30) NOT NULL,
  `entity` int(11) NOT NULL DEFAULT '1',
  `fk_soc` int(11) NOT NULL,
  `ref_ext` varchar(30) DEFAULT NULL,
  `ref_int` varchar(30) DEFAULT NULL,
  `ref_customer` varchar(30) DEFAULT NULL,
  `date_creation` datetime DEFAULT NULL,
  `fk_user_author` int(11) DEFAULT NULL,
  `date_valid` datetime DEFAULT NULL,
  `fk_user_valid` int(11) DEFAULT NULL,
  `date_delivery` date DEFAULT NULL,
  `fk_address` int(11) DEFAULT NULL,
  `fk_statut` smallint(6) DEFAULT '0',
  `total_ht` double(24,8) DEFAULT '0.00000000',
  `note_private` text,
  `note_public` text,
  `model_pdf` varchar(255) DEFAULT NULL
) ENGINE=InnoDB AUTO_INCREMENT=5 DEFAULT CHARSET=utf8;

--
-- Contenu de la table `llx_livraison`
--

INSERT INTO `llx_livraison` (`rowid`, `tms`, `ref`, `entity`, `fk_soc`, `ref_ext`, `ref_int`, `ref_customer`, `date_creation`, `fk_user_author`, `date_valid`, `fk_user_valid`, `date_delivery`, `fk_address`, `fk_statut`, `total_ht`, `note_private`, `note_public`, `model_pdf`) VALUES
(1, '2014-06-13 12:54:12', 'BL1406-0001', 1, 7, NULL, NULL, '4500131125', '2014-06-13 14:53:56', 1, '2014-06-13 14:54:12', 1, '2014-06-18', NULL, 1, 0.00000000, NULL, NULL, 'typhon'),
(2, '2014-06-13 16:12:27', 'BL1406-0002', 1, 9, NULL, NULL, '', '2014-06-13 18:12:20', 1, '2014-06-13 18:12:27', 1, '2014-06-15', NULL, 1, 0.00000000, NULL, NULL, 'typhon'),
(3, '2015-04-10 15:36:30', 'BL1504-0003', 1, 10, NULL, NULL, '2014-4359', '2015-04-10 17:36:22', 1, '2015-04-10 17:36:30', 1, '2015-04-13', NULL, 1, 0.00000000, NULL, '30% deposit with order<br />\r\nINCOTERMS: EXW<br />\r\nPayment term is 30 days after review and acceptance of goods by CTBTO', 'typhon'),
(4, '2015-04-30 14:43:43', 'BL1504-0004', 1, 7, NULL, NULL, '4500154316', '2015-04-30 16:43:29', 2, '2015-04-30 16:43:43', 2, '2015-04-10', NULL, 1, 0.00000000, NULL, NULL, 'typhon');

-- --------------------------------------------------------

--
-- Structure de la table `llx_livraisondet`
--

CREATE TABLE IF NOT EXISTS `llx_livraisondet` (
  `rowid` int(11) NOT NULL,
  `fk_livraison` int(11) DEFAULT NULL,
  `fk_origin_line` int(11) DEFAULT NULL,
  `fk_product` int(11) DEFAULT NULL,
  `description` text,
  `qty` double DEFAULT NULL,
  `subprice` double(24,8) DEFAULT '0.00000000',
  `total_ht` double(24,8) DEFAULT '0.00000000',
  `rang` int(11) DEFAULT '0'
) ENGINE=InnoDB AUTO_INCREMENT=22 DEFAULT CHARSET=utf8;

--
-- Contenu de la table `llx_livraisondet`
--

INSERT INTO `llx_livraisondet` (`rowid`, `fk_livraison`, `fk_origin_line`, `fk_product`, `description`, `qty`, `subprice`, `total_ht`, `rang`) VALUES
(1, 1, 1, 1, NULL, 1, 0.00000000, 0.00000000, 0),
(2, 1, 2, 3, NULL, 1, 0.00000000, 0.00000000, 0),
(3, 1, 3, 4, NULL, 1, 0.00000000, 0.00000000, 0),
(4, 1, 4, 6, NULL, 1, 0.00000000, 0.00000000, 0),
(5, 1, 5, 7, NULL, 1, 0.00000000, 0.00000000, 0),
(6, 1, 6, 5, NULL, 1, 0.00000000, 0.00000000, 0),
(7, 2, 7, 10, 'Wrench designed to adjust the position of the magnet\r\n(Pays d''origine: France)', 1, 0.00000000, 0.00000000, 0),
(8, 3, 14, 2, 'To refer to MB3a user manual', 8, 0.00000000, 0.00000000, 0),
(9, 3, 16, 6, 'Flat-pack GPS-antenna for fixed installations.>\r\nFull hemispherical coverage.\r\nBuilt-in high gain, low noise amplifier.\r\nRight-hand circular polarization (RHCP).\r\nAvailable in black or white\r\n3 V \r\nDC supply via RF-connector.\r\nEMC tested to IEC 801 and IEC 255. / TNC (female) connector</div>', 5, 0.00000000, 0.00000000, 0),
(10, 3, 17, 3, '(Pays d''origine: France) 3 meters\r\n3 pin Fischer connector to 2 wires1.5 mm²', 14, 0.00000000, 0.00000000, 0),
(11, 3, 18, 18, '10 m long<br />\r\nCoaxial TNC to TNC<br>\r\n(Pays d''origine: France)', 5, 0.00000000, 0.00000000, 0),
(12, 3, 20, 16, '3 m long<br />\r\n18 pin to not wired<br>\r\n(Pays d''origine: France)', 14, 0.00000000, 0.00000000, 0),
(13, 3, 21, 10, 'Wrench designed to adjust the position of the magnet\r\n(Pays d''origine: France)', 10, 0.00000000, 0.00000000, 0),
(14, 3, 23, 12, '<table border="1" cellpadding="0" cellspacing="0">\r\n	<tbody>\r\n		<tr>\r\n			<td style="width:177px;">\r\n				<strong>Key Specifications </strong></td>\r\n			<td style="width:104px;">\r\n				 </td>\r\n		</tr>\r\n		<tr>\r\n			<td style="width:177px;">\r\n				Connector Series 1</td>\r\n			<td style="width:104px;">\r\n				TNC</td>\r\n		</tr>\r\n		<tr>\r\n			<td style="width:177px;">\r\n				Connector Gender 1</td>\r\n			<td style="width:104px;">\r\n				Male</td>\r\n		</tr>\r\n		<tr>\r\n			<td style="width:177px;">\r\n				Connector Polarity 1</td>\r\n			<td style="width:104px;">\r\n				Standard</td>\r\n		</tr>\r\n		<tr>\r\n			<td style="width:177px;">\r\n				Connector Impedance 1</td>\r\n			<td style="width:104px;">\r\n				50 Ohm</td>\r\n		</tr>\r\n		<tr>\r\n			<td style="width:177px;">\r\n				Connector Series 2</td>\r\n			<td style="width:104px;">\r\n				TNC</td>\r\n		</tr>\r\n		<tr>\r\n			<td style="width:177px;">\r\n				Connector Gender 2</td>\r\n			<td style="width:104px;">\r\n				Male</td>\r\n		</tr>\r\n		<tr>\r\n			<td style="width:177px;">\r\n				Connector Polarity 2</td>\r\n			<td style="width:104px;">\r\n				Standard</td>\r\n		</tr>\r\n		<tr>\r\n			<td style="width:177px;">\r\n				Connector Impedance 2</td>\r\n			<td style="width:104px;">\r\n				50 Ohm</td>\r\n		</tr>\r\n		<tr>\r\n			<td style="width:177px;">\r\n				Adapter Body Style</td>\r\n			<td style="width:104px;">\r\n				Right Angle</td>\r\n		</tr>\r\n		<tr>\r\n			<td style="width:177px;">\r\n				Connector Mount Method 1</td>\r\n			<td style="width:104px;">\r\n				None</td>\r\n		</tr>\r\n		<tr>\r\n			<td style="width:177px;">\r\n				Connector Body Material 1</td>\r\n			<td style="width:104px;">\r\n				Brass</td>\r\n		</tr>\r\n		<tr>\r\n			<td style="width:177px;">\r\n				Connector Body Plating 1</td>\r\n			<td style="width:104px;">\r\n				Nickel</td>\r\n		</tr>\r\n		<tr>\r\n			<td style="width:177px;">\r\n				Connector Mount Method 2</td>\r\n			<td style="width:104px;">\r\n				None</td>\r\n		</tr>\r\n		<tr>\r\n			<td style="width:177px;">\r\n				Connector Body Material 2</td>\r\n			<td style="width:104px;">\r\n				Brass</td>\r\n		</tr>\r\n		<tr>\r\n			<td style="width:177px;">\r\n				Connector Body Plating 2</td>\r\n			<td style="width:104px;">\r\n				Nickel</td>\r\n		</tr>\r\n	</tbody>\r\n</table>\r\n <br>\r\n(Pays d''origine: Etats-Unis)', 5, 0.00000000, 0.00000000, 0),
(15, 3, 25, 19, 'PELICASE 1650  + adapted foam<br />\r\nInt Dim : L725 x W445 x D270 mm<br />\r\nExt Dim : L802 x W520 x D316 mm<br>\r\n(Pays d''origine: France)', 2, 0.00000000, 0.00000000, 0),
(16, 4, 8, 1, 'Weight and Dimensions\r\nH 25 cm / Diam. 11 cm / Weight 3.4 Kg\r\nTransducer technical characteristics: \r\n- Bandwidth (f-3 db) : Pressure output : 0.01-28 HZ / Pressure derivative output : DC-28 Hz\r\n- BLDR [0.02;4] Hz 117 dB @ f<1.6 Hz  / 109 db @ f=4 Hz\r\n-Self noise < 10 dB under the LNM\r\nResolution [0.02;4] Hz  1.75 mPaRMS\r\nDefault sensitivity: \r\n- Pressure output: 20 mV/Pa \r\n- Pressure derivative output : 2 mV/Pa.s-1\r\nDigitizer technical characteristics :\r\nClipping Level & output range: \r\n- Pressure: ±min (12000 [Pa/s]/2.π.f[Hz] ; 1000[Pa])\r\n- Pressure derivative: ±10000 (Pa/s)\r\nSampling rate: 20, 50,100 Hz\r\nNominal sensitivity:  1,178 10-4 Pa/lsb or 1,178 10-5 Pa/s/lsb @ gain = 1\r\nBuilt in gain: 1, 2, 4, 8\r\nData storage: 1 Go / miniSEED\r\nPower requirements: 12 V DC (7-20V) / 70 mA @ 12 V', 1, 0.00000000, 0.00000000, 0),
(17, 4, 9, 3, '(Pays d''origine: France)', 1, 0.00000000, 0.00000000, 0),
(18, 4, 10, 4, '(Pays d''origine: France)', 1, 0.00000000, 0.00000000, 0),
(19, 4, 11, 6, 'Full hemispherical coverage.\r\nBuilt-in high gain, low noise amplifier.\r\nRight-hand circular polarization (RHCP).\r\nAvailable in black or white\r\n3 V supply voltage\r\nDC supply via RF-connector.\r\nEMC tested to IEC 801 and IEC 255.\r\nTNC (female) connector', 1, 0.00000000, 0.00000000, 0),
(20, 4, 12, 7, 'Capacity: 12Ah / Voltage: 12V / Technology: Lead Acid\r\nExternal Height: 97.5mm / External Width: 98mm\r\nExternal Depth: 151mm / Weight: 4kg\r\nBattery Terminals: Quick Connect\r\nCharge Current Max: 3A', 1, 0.00000000, 0.00000000, 0),
(21, 4, 13, 5, '(Pays d''origine: France)', 1, 0.00000000, 0.00000000, 0);

-- --------------------------------------------------------

--
-- Structure de la table `llx_localtax`
--

CREATE TABLE IF NOT EXISTS `llx_localtax` (
  `rowid` int(11) NOT NULL,
  `entity` int(11) NOT NULL DEFAULT '1',
  `tms` timestamp NOT NULL DEFAULT CURRENT_TIMESTAMP ON UPDATE CURRENT_TIMESTAMP,
  `datep` date DEFAULT NULL,
  `datev` date DEFAULT NULL,
  `amount` double DEFAULT NULL,
  `label` varchar(255) DEFAULT NULL,
  `note` text,
  `fk_bank` int(11) DEFAULT NULL,
  `fk_user_creat` int(11) DEFAULT NULL,
  `fk_user_modif` int(11) DEFAULT NULL
) ENGINE=InnoDB DEFAULT CHARSET=utf8;

-- --------------------------------------------------------

--
-- Structure de la table `llx_mailing`
--

CREATE TABLE IF NOT EXISTS `llx_mailing` (
  `rowid` int(11) NOT NULL,
  `statut` smallint(6) DEFAULT '0',
  `titre` varchar(60) DEFAULT NULL,
  `entity` int(11) NOT NULL DEFAULT '1',
  `sujet` varchar(60) DEFAULT NULL,
  `body` mediumtext,
  `bgcolor` varchar(8) DEFAULT NULL,
  `bgimage` varchar(255) DEFAULT NULL,
  `cible` varchar(60) DEFAULT NULL,
  `nbemail` int(11) DEFAULT NULL,
  `email_from` varchar(160) DEFAULT NULL,
  `email_replyto` varchar(160) DEFAULT NULL,
  `email_errorsto` varchar(160) DEFAULT NULL,
  `tag` varchar(128) DEFAULT NULL,
  `date_creat` datetime DEFAULT NULL,
  `date_valid` datetime DEFAULT NULL,
  `date_appro` datetime DEFAULT NULL,
  `date_envoi` datetime DEFAULT NULL,
  `fk_user_creat` int(11) DEFAULT NULL,
  `fk_user_valid` int(11) DEFAULT NULL,
  `fk_user_appro` int(11) DEFAULT NULL,
  `extraparams` varchar(255) DEFAULT NULL,
  `joined_file1` varchar(255) DEFAULT NULL,
  `joined_file2` varchar(255) DEFAULT NULL,
  `joined_file3` varchar(255) DEFAULT NULL,
  `joined_file4` varchar(255) DEFAULT NULL
) ENGINE=InnoDB AUTO_INCREMENT=5 DEFAULT CHARSET=utf8;

--
-- Contenu de la table `llx_mailing`
--

INSERT INTO `llx_mailing` (`rowid`, `statut`, `titre`, `entity`, `sujet`, `body`, `bgcolor`, `bgimage`, `cible`, `nbemail`, `email_from`, `email_replyto`, `email_errorsto`, `tag`, `date_creat`, `date_valid`, `date_appro`, `date_envoi`, `fk_user_creat`, `fk_user_valid`, `fk_user_appro`, `extraparams`, `joined_file1`, `joined_file2`, `joined_file3`, `joined_file4`) VALUES
(1, 0, 'test', 1, 'test', '<img alt="" src="/viewimage.php?modulepart=fckeditor&amp;file=image/newsletter/caracterisitique.jpg" style="width: 1800px; height: 600px;" /><br />\r\nici la <a href="http://seismowave.com/medias/documents/MB3a.pdf">nouvelle datasheet&nbsp;</a><br />\r\n<br />', '', '', NULL, 1, 'seismowave@groupe-glemot.com', '', 'no-reply@seismowave.com', NULL, '2014-08-18 14:52:22', NULL, NULL, NULL, 1, NULL, NULL, NULL, NULL, NULL, NULL, NULL),
(2, 3, 'Seismo Wave at  ITW Vienne', 1, 'Seismo Wave at  ITW Vienne', '<img alt="" src="/viewimage.php?modulepart=fckeditor&amp;file=image/newsletter/header_newsletter.jpg" style="width: 800px; height: 178px;" /><br />\r\n<br />\r\n<i style="color: rgb(16, 16, 16); font-family: arial, sans-serif, verdana, helvetica;">there&nbsp;</i><i style="color: rgb(16, 16, 16); font-family: arial, sans-serif, verdana, helvetica;">__FIRSTNAME__&nbsp;</i><i style="color: rgb(16, 16, 16); font-family: arial, sans-serif, verdana, helvetica;">__LASTNAME__</i><br />\r\n<i style="color: rgb(16, 16, 16); font-family: arial, sans-serif, verdana, helvetica;">We are happy to confirm that Seismo Wave will be present at ITW from 12 to 16 october. We &#39;ll present the new OPTOGEO the first optical microbarometer<br />\r\n__UNSUBSCRIBE__&nbsp;</i>', 'e5e5e5', '', NULL, 1, 'seismowave@groupe-glemot.com', '', 'no-reply@seismowave.com', NULL, '2014-08-22 16:36:42', '2015-08-26 14:23:07', NULL, '2015-08-26 14:24:04', 1, 1, NULL, NULL, NULL, NULL, NULL, NULL),
(3, 1, 'HAPPY NEW YEAR', 1, 'SEISMO WAVE WISHES YOU A HAPPY NEW YEAR', '<span style="color:#2f4f4f;"><strong>Dear&nbsp;<i style="color: rgb(16, 16, 16); font-family: arial, sans-serif, verdana, helvetica; font-size: 12.222222328186px;">__FIRSTNAME__&nbsp;</i><i style="color: rgb(16, 16, 16); font-family: arial, sans-serif, verdana, helvetica; font-size: 12.222222328186px;">__LASTNAME__</i><br />\r\nThe SEISMO WAVE TEAM wisches you a Happy new year</strong></span><br />\r\n<br />\r\n<img alt="" src="/viewimage.php?modulepart=fckeditor&amp;file=image/newsletter/CARTE2015.jpg" style="width: 600px; height: 600px;" /><br />\r\n<br />\r\n<div>\r\n	<span style="color:#2f4f4f;">We hope to see you at the upcoming events where we exhibit:</span></div>\r\n<div>\r\n	<span style="color:#2f4f4f;">EGU 2015 booth # 39, from 12 to 17 April in Vienna</span></div>\r\n<div>\r\n	<span style="color:#2f4f4f;">S &amp; T 2015 from 22 to 26 June in Vienna</span></div>', '', '', NULL, 0, 'seismowave@groupe-glemot.com', '', 'no-reply@seismowave.com', NULL, '2015-01-08 13:53:23', '2015-08-26 14:31:26', NULL, '2015-01-08 14:16:37', 1, 1, NULL, NULL, NULL, NULL, NULL, NULL),
(4, 0, 'newsletter septembre 2015', 1, 'news from seismo wave', '<meta content="text/html; charset=utf-8" http-equiv="Content-Type" />\r\n<title></title>\r\n<style type="text/css">\r\n<!--\r\nbody {\r\nmargin-left: 0px;\r\nmargin-top: 0px;\r\nmargin-right: 0px;\r\nmargin-bottom: 0px;\r\n\r\n}\r\n.style1 {\r\nfont-family: Arial, Helvetica, sans-serif;\r\ncolor: #000000;\r\nfont-size: 12px;\r\npadding-bottom: 10px;\r\npadding-right: 10px;\r\n}\r\n--></style>\r\n<link href="newsletter.css" rel="stylesheet" type="text/css" />\r\n<table align="center" border="0" cellpadding="0" cellspacing="0" class="table-border" width="780">\r\n	<tbody>\r\n		<tr>\r\n			<td background="http://www.conseilsmarketing.fr/newsletters/3/HTML/images/bg.gif">\r\n				&nbsp;</td>\r\n		</tr>\r\n		<tr>\r\n			<td background="http://www.conseilsmarketing.fr/newsletters/3/HTML/images/bg.gif">\r\n				<table align="center" border="0" cellpadding="0" cellspacing="0" width="730">\r\n					<tbody>\r\n						<tr>\r\n							<td width="218">\r\n								<img src="/viewimage.php?modulepart=fckeditor&amp;file=image/logo-seismo-waveBD.png" style="width: 218px; height: 70px;" /></td>\r\n							<td class="top-heading" valign="bottom" width="512">\r\n								Newsletter&nbsp; september 2015</td>\r\n						</tr>\r\n						<tr>\r\n							<td bgcolor="#ffa800" colspan="2" height="13">\r\n								&nbsp;</td>\r\n						</tr>\r\n						<tr>\r\n							<td colspan="2" height="13">\r\n								&nbsp;</td>\r\n						</tr>\r\n					</tbody>\r\n				</table>\r\n				<table align="center" border="0" cellpadding="0" cellspacing="0" width="730">\r\n					<tbody>\r\n						<tr>\r\n							<td background="http://www.conseilsmarketing.fr/newsletters/3/HTML/images/td-bg.gif" height="445" valign="top" width="280">\r\n								<div class="right-heading">\r\n									L&#39;actualit&eacute; du mois !</div>\r\n								<div align="left" class="right-text">\r\n									L&#39;actualit&eacute; du moment c&#39;est la sortie de nouveaux sites d&eacute;di&eacute;s au marketing offerts par ConseilsMarketing.fr<br />\r\n									<br />\r\n									En effet en quelques mois nous avons lanc&eacute;&nbsp;&nbsp;&nbsp;&nbsp; <span style="font-weight: bold;">Entreprise-Marketing.fr</span> notre Digg Like consacr&eacute; au Marketing, <span style="font-weight: bold;">Jobs-MKG.com</span> le site d&#39;emploi gratuit des professionnels du Marketing...<br />\r\n									<br />\r\n									Nous allons prochainement publier de <span style="font-weight: bold;">nouveaux eBook gratuits</span> &agrave;&nbsp; t&eacute;l&eacute;charger&nbsp; !</div>\r\n								<table border="0" cellpadding="0" cellspacing="0" width="273">\r\n									<tbody>\r\n										<tr>\r\n											<td colspan="2">\r\n												<div class="right-heading">\r\n													This Week Top News</div>\r\n											</td>\r\n										</tr>\r\n										<tr>\r\n											<td valign="top">\r\n												<img height="112" hspace="5" src="http://www.conseilsmarketing.fr/newsletters/3/HTML/images/business-group.jpg" width="133" /></td>\r\n											<td valign="top">\r\n												<div align="left" class="right-texta">\r\n													Inscrivez-vous &agrave; notre <span style="font-weight: bold;">newsletter VIP</span> pour recvoir tous les mois des promotions exclusives !&nbsp;</div>\r\n											</td>\r\n										</tr>\r\n									</tbody>\r\n								</table>\r\n								<table border="0" cellpadding="0" cellspacing="0" width="273">\r\n									<tbody>\r\n										<tr>\r\n											<td colspan="2">\r\n												&nbsp;</td>\r\n										</tr>\r\n										<tr>\r\n											<td colspan="2">\r\n												<div class="right-heading">\r\n													Le Client du Mois !</div>\r\n											</td>\r\n										</tr>\r\n										<tr>\r\n											<td valign="top" width="143">\r\n												<div align="left" class="right-texta">\r\n													<div align="left" class="right-texta">\r\n														<span style="font-style: italic;">Depuis que nous utilisons les produits XYV nous avons augment&eacute; la productivit&eacute; des techniciens de 15% !</span></div>\r\n												</div>\r\n											</td>\r\n											<td valign="top" width="130">\r\n												<img height="111" src="http://www.conseilsmarketing.fr/newsletters/3/HTML/images/business-man-a.jpg" width="128" /></td>\r\n										</tr>\r\n									</tbody>\r\n								</table>\r\n							</td>\r\n							<td valign="top">\r\n								<img height="197" src="http://www.conseilsmarketing.fr/newsletters/3/HTML/images/business-man.jpg" width="450" /><br />\r\n								<img height="44" src="http://www.conseilsmarketing.fr/newsletters/3/HTML/images/your-company-newsletter.jpg" width="450" /><br />\r\n								<div class="body">\r\n									<span style="font-weight: bold;">Communiquer de mani&egrave;re professionelle est une n&eacute;cessit&eacute;,</span> car c&#39;est l&#39;image de l&#39;entreprise qui est en jeu.<br />\r\n									<br />\r\n									<span style="font-weight: bold;">La newsletter est le lien naturel entre l&#39;entreprise et ses clients</span>, voire ses prospects car elle permet de diffuser de mani&egrave;re r&eacute;guli&egrave;re des informations sur les promotions, la vie de l&#39;entreprise, l&#39;actualit&eacute;...<br />\r\n									<br />\r\n									C&#39;est &nbsp;aussi l&#39;occasion de mettre en place des sondages, faire des enqu&ecirc;tes de satisfaction, de publier un agenda des manifestations...<br />\r\n									&nbsp;&nbsp;&nbsp; &nbsp;&nbsp;&nbsp; &nbsp;&nbsp;&nbsp; &nbsp;&nbsp;&nbsp; &nbsp;&nbsp;&nbsp; &nbsp;&nbsp;&nbsp; &nbsp;&nbsp;&nbsp; &nbsp;&nbsp;&nbsp; &nbsp;&nbsp;&nbsp; &nbsp;&nbsp;&nbsp; &nbsp;&nbsp;&nbsp; &nbsp;&nbsp;&nbsp; &nbsp;&nbsp;&nbsp; &nbsp;&nbsp;&nbsp; &nbsp;&nbsp;&nbsp; &nbsp;&nbsp;&nbsp; &nbsp;&nbsp;&nbsp; &nbsp;&nbsp;&nbsp; &nbsp;&nbsp;&nbsp; &nbsp; &nbsp; &nbsp; &nbsp; &nbsp;&nbsp;&nbsp; A vous de jouer maintenant !</div>\r\n								<img height="135" src="http://www.conseilsmarketing.fr/newsletters/3/HTML/images/banner.jpg" width="450" /></td>\r\n						</tr>\r\n					</tbody>\r\n				</table>\r\n				<table align="center" border="0" cellpadding="0" cellspacing="0" width="730">\r\n					<tbody>\r\n						<tr>\r\n							<td>\r\n								<div align="left" class="main-text">\r\n									La tendance du mois, c&#39;est l&#39;utilisation massive des r&eacute;seaux sociaux pour communiquer sur ses produits.<br />\r\n									Les Stars actuelles sont :<br />\r\n									- <span style="font-weight: bold;">Twitter (</span>high tech et bloggers)<br />\r\n									- &nbsp;<span style="font-weight: bold;">Facebook </span>(jeunes &amp; CSP +)<br />\r\n									- <span style="font-weight: bold;">Lindedin &amp; Viadeo </span>(r&eacute;seaux Pro)<br />\r\n									- <span style="font-weight: bold;">Myspace et Skyblog</span> (Musiques &amp; jeunes)<br />\r\n									<br />\r\n									En revanche les Digg Likes g&eacute;n&eacute;riques sont &agrave; la peine, seuls les digg likes g&eacute;n&eacute;ralistes arrivent &agrave; faire changer une tendance &agrave; la baisse de ces outils Marketing pourtant tr&egrave;s utiles pour communiquer sur un &eacute;v&egrave;nement ou un article.<br />\r\n									<br />\r\n									Si vous souhaitez conna&icirc;tre tout de l&#39;actualit&eacute; Marketing du mois, veuillez noter :<br />\r\n									1 - <span style="font-weight: bold;">Entreptrise- Marketing.fr </span>qui offre tous les jours le meilleur du Marketing du Web<br />\r\n									2 - <span style="font-weight: bold;">ConseilsMarketing.Fr </span>avec des dossiers 1 fois par mois, et la pub du jour.<br />\r\n									3 - <span style="font-weight: bold;">Jobs-MKG.com</span> avec des offres d&#39;emplois sp&eacute;cialis&eacute;es dans le Marketing et la vente.<br />\r\n									<br />\r\n									Nous vous offrons &eacute;galement r&eacute;guli&egrave;rement des places gratuites pour de nombreuses conf&eacute;rences. Inscrivez vous &agrave; la newsletter pour en savoir plus !</div>\r\n							</td>\r\n						</tr>\r\n						<tr>\r\n							<td bgcolor="#ffa800" height="13">\r\n								&nbsp;</td>\r\n						</tr>\r\n						<tr>\r\n							<td height="13">\r\n								<div align="left" class="footer">\r\n									Mod&egrave;le de newsletter par ConseilsMarketing.fr &copy; 2009<br />\r\n									Mentions l&eacute;gales | Conditions g&eacute;n&eacute;rales d&#39;utilisation | Contacts<br />\r\n									Vous recevez cette newsletter car vous &ecirc;tes inscrit(e) &agrave; la liste de diffusion du site ConseilsMarketing.fr</div>\r\n							</td>\r\n						</tr>\r\n						<tr>\r\n							<td bgcolor="#999999" height="1">\r\n								&nbsp;</td>\r\n						</tr>\r\n					</tbody>\r\n				</table>\r\n			</td>\r\n		</tr>\r\n		<tr>\r\n			<td background="http://www.conseilsmarketing.fr/newsletters/3/HTML/images/bg.gif">\r\n				&nbsp;</td>\r\n		</tr>\r\n	</tbody>\r\n</table>\r\n<br />', 'cccccc', '', NULL, NULL, 'seismowave@groupe-glemot.com', '', 'no-reply@seismowave.com', NULL, '2015-09-03 18:35:36', NULL, NULL, NULL, 1, NULL, NULL, NULL, NULL, NULL, NULL, NULL);

-- --------------------------------------------------------

--
-- Structure de la table `llx_mailing_cibles`
--

CREATE TABLE IF NOT EXISTS `llx_mailing_cibles` (
  `rowid` int(11) NOT NULL,
  `fk_mailing` int(11) NOT NULL,
  `fk_contact` int(11) NOT NULL,
  `lastname` varchar(50) DEFAULT NULL,
  `firstname` varchar(50) DEFAULT NULL,
  `email` varchar(160) NOT NULL,
  `other` varchar(255) DEFAULT NULL,
  `tag` varchar(128) DEFAULT NULL,
  `statut` smallint(6) NOT NULL DEFAULT '0',
  `source_url` varchar(160) DEFAULT NULL,
  `source_id` int(11) DEFAULT NULL,
  `source_type` varchar(16) DEFAULT NULL,
  `date_envoi` datetime DEFAULT NULL
) ENGINE=InnoDB AUTO_INCREMENT=7 DEFAULT CHARSET=utf8;

--
-- Contenu de la table `llx_mailing_cibles`
--

INSERT INTO `llx_mailing_cibles` (`rowid`, `fk_mailing`, `fk_contact`, `lastname`, `firstname`, `email`, `other`, `tag`, `statut`, `source_url`, `source_id`, `source_type`, `date_envoi`) VALUES
(1, 1, 0, '', '', 'marketing@groupe-glemot.com', '', '73333baee62ae39bca809feb724987f3', 0, '', NULL, 'file', NULL),
(6, 2, 0, '', '', 'marketing@groupe-glemot.com', '', 'f885a06317f11dd8920f4f3e7fd90d65', 1, '', NULL, 'file', '2015-08-26 14:24:04');

-- --------------------------------------------------------

--
-- Structure de la table `llx_menu`
--

CREATE TABLE IF NOT EXISTS `llx_menu` (
  `rowid` int(11) NOT NULL,
  `menu_handler` varchar(16) NOT NULL,
  `entity` int(11) NOT NULL DEFAULT '1',
  `module` varchar(64) DEFAULT NULL,
  `type` varchar(4) NOT NULL,
  `mainmenu` varchar(100) NOT NULL,
  `leftmenu` varchar(100) DEFAULT NULL,
  `fk_menu` int(11) NOT NULL,
  `fk_mainmenu` varchar(24) DEFAULT NULL,
  `fk_leftmenu` varchar(24) DEFAULT NULL,
  `position` int(11) NOT NULL,
  `url` varchar(255) NOT NULL,
  `target` varchar(100) DEFAULT NULL,
  `titre` varchar(255) NOT NULL,
  `langs` varchar(100) DEFAULT NULL,
  `level` smallint(6) DEFAULT NULL,
  `perms` varchar(255) DEFAULT NULL,
  `enabled` varchar(255) DEFAULT '1',
  `usertype` int(11) NOT NULL DEFAULT '0',
  `tms` timestamp NOT NULL DEFAULT CURRENT_TIMESTAMP ON UPDATE CURRENT_TIMESTAMP
) ENGINE=InnoDB AUTO_INCREMENT=25 DEFAULT CHARSET=utf8;

--
-- Contenu de la table `llx_menu`
--

INSERT INTO `llx_menu` (`rowid`, `menu_handler`, `entity`, `module`, `type`, `mainmenu`, `leftmenu`, `fk_menu`, `fk_mainmenu`, `fk_leftmenu`, `position`, `url`, `target`, `titre`, `langs`, `level`, `perms`, `enabled`, `usertype`, `tms`) VALUES
(1, 'all', 1, 'margin', 'left', 'accountancy', 'margins', -1, 'accountancy', NULL, 100, '/margin/index.php', '', 'Margins', 'margins', NULL, '1', '$conf->margin->enabled', 2, '2013-08-01 08:00:05'),
(3, 'all', 1, 'opensurvey', 'top', 'opensurvey', NULL, 0, NULL, NULL, 200, '/opensurvey/index.php', '', 'Surveys', 'opensurvey', NULL, '$user->rights->opensurvey->survey->read', '$conf->opensurvey->enabled', 0, '2013-09-30 17:44:43'),
(4, 'all', 1, 'opensurvey', 'left', 'opensurvey', 'opensurvey', -1, 'opensurvey', NULL, 200, '/opensurvey/index.php?mainmenu=opensurvey&leftmenu=opensurvey', '', 'Survey', 'opensurvey', NULL, '', '$conf->opensurvey->enabled', 0, '2013-09-30 17:44:43'),
(5, 'all', 1, 'opensurvey', 'left', 'opensurvey', 'opensurvey_new', -1, 'opensurvey', 'opensurvey', 210, '/opensurvey/public/index.php?origin=dolibarr', '_blank', 'NewSurvey', 'opensurvey', NULL, '', '$conf->opensurvey->enabled', 0, '2013-09-30 17:44:43'),
(6, 'all', 1, 'opensurvey', 'left', 'opensurvey', 'opensurvey_list', -1, 'opensurvey', 'opensurvey', 220, '/opensurvey/list.php', '', 'List', 'opensurvey', NULL, '', '$conf->opensurvey->enabled', 0, '2013-09-30 17:44:43'),
(7, 'all', 1, 'ecm', 'top', 'ecm', NULL, 0, NULL, NULL, 100, '/ecm/index.php', '', 'MenuECM', 'ecm', NULL, '$user->rights->ecm->read || $user->rights->ecm->upload || $user->rights->ecm->setup', '$conf->ecm->enabled', 2, '2014-12-11 09:59:20'),
(8, 'all', 1, 'ecm', 'left', 'ecm', NULL, 7, NULL, NULL, 101, '/ecm/index.php', '', 'ECMArea', 'ecm', NULL, '$user->rights->ecm->read || $user->rights->ecm->upload', '$user->rights->ecm->read || $user->rights->ecm->upload', 2, '2014-12-11 09:59:20'),
(9, 'all', 1, 'ecm', 'left', 'ecm', NULL, 8, NULL, NULL, 100, '/ecm/docdir.php?action=create', '', 'ECMNewSection', 'ecm', NULL, '$user->rights->ecm->setup', '$user->rights->ecm->setup', 2, '2014-12-11 09:59:20'),
(10, 'all', 1, 'ecm', 'left', 'ecm', NULL, 8, NULL, NULL, 102, '/ecm/index.php?action=file_manager', '', 'ECMFileManager', 'ecm', NULL, '$user->rights->ecm->read || $user->rights->ecm->upload', '$user->rights->ecm->read || $user->rights->ecm->upload', 2, '2014-12-11 09:59:20'),
(11, 'all', 1, 'agenda', 'top', 'agenda', NULL, 0, NULL, NULL, 100, '/comm/action/index.php', '', 'Agenda', 'agenda', NULL, '$user->rights->agenda->myactions->read', '$conf->agenda->enabled', 2, '2015-08-26 12:38:16'),
(12, 'all', 1, 'agenda', 'left', 'agenda', NULL, 11, NULL, NULL, 100, '/comm/action/index.php?mainmenu=agenda&amp;leftmenu=agenda', '', 'Actions', 'agenda', NULL, '$user->rights->agenda->myactions->read', '$conf->agenda->enabled', 2, '2015-08-26 12:38:16'),
(13, 'all', 1, 'agenda', 'left', 'agenda', NULL, 12, NULL, NULL, 101, '/comm/action/fiche.php?mainmenu=agenda&amp;leftmenu=agenda&amp;action=create', '', 'NewAction', 'commercial', NULL, '($user->rights->agenda->myactions->create||$user->rights->agenda->allactions->create)', '$conf->agenda->enabled', 2, '2015-08-26 12:38:16'),
(14, 'all', 1, 'agenda', 'left', 'agenda', NULL, 12, NULL, NULL, 102, '/comm/action/index.php?mainmenu=agenda&amp;leftmenu=agenda', '', 'Calendar', 'agenda', NULL, '$user->rights->agenda->myactions->read', '$conf->agenda->enabled', 2, '2015-08-26 12:38:16'),
(15, 'all', 1, 'agenda', 'left', 'agenda', NULL, 14, NULL, NULL, 103, '/comm/action/index.php?mainmenu=agenda&amp;leftmenu=agenda&amp;status=todo&amp;filter=mine', '', 'MenuToDoMyActions', 'agenda', NULL, '$user->rights->agenda->myactions->read', '$conf->agenda->enabled', 2, '2015-08-26 12:38:16'),
(16, 'all', 1, 'agenda', 'left', 'agenda', NULL, 14, NULL, NULL, 104, '/comm/action/index.php?mainmenu=agenda&amp;leftmenu=agenda&amp;status=done&amp;filter=mine', '', 'MenuDoneMyActions', 'agenda', NULL, '$user->rights->agenda->myactions->read', '$conf->agenda->enabled', 2, '2015-08-26 12:38:16'),
(17, 'all', 1, 'agenda', 'left', 'agenda', NULL, 14, NULL, NULL, 105, '/comm/action/index.php?mainmenu=agenda&amp;leftmenu=agenda&amp;status=todo', '', 'MenuToDoActions', 'agenda', NULL, '$user->rights->agenda->allactions->read', '$user->rights->agenda->allactions->read', 2, '2015-08-26 12:38:16'),
(18, 'all', 1, 'agenda', 'left', 'agenda', NULL, 14, NULL, NULL, 106, '/comm/action/index.php?mainmenu=agenda&amp;leftmenu=agenda&amp;status=done', '', 'MenuDoneActions', 'agenda', NULL, '$user->rights->agenda->allactions->read', '$user->rights->agenda->allactions->read', 2, '2015-08-26 12:38:16'),
(19, 'all', 1, 'agenda', 'left', 'agenda', NULL, 12, NULL, NULL, 112, '/comm/action/listactions.php?mainmenu=agenda&amp;leftmenu=agenda', '', 'List', 'agenda', NULL, '$user->rights->agenda->myactions->read', '$conf->agenda->enabled', 2, '2015-08-26 12:38:16'),
(20, 'all', 1, 'agenda', 'left', 'agenda', NULL, 19, NULL, NULL, 113, '/comm/action/listactions.php?mainmenu=agenda&amp;leftmenu=agenda&amp;status=todo&amp;filter=mine', '', 'MenuToDoMyActions', 'agenda', NULL, '$user->rights->agenda->myactions->read', '$conf->agenda->enabled', 2, '2015-08-26 12:38:16'),
(21, 'all', 1, 'agenda', 'left', 'agenda', NULL, 19, NULL, NULL, 114, '/comm/action/listactions.php?mainmenu=agenda&amp;leftmenu=agenda&amp;status=done&amp;filter=mine', '', 'MenuDoneMyActions', 'agenda', NULL, '$user->rights->agenda->myactions->read', '$conf->agenda->enabled', 2, '2015-08-26 12:38:16'),
(22, 'all', 1, 'agenda', 'left', 'agenda', NULL, 19, NULL, NULL, 115, '/comm/action/listactions.php?mainmenu=agenda&amp;leftmenu=agenda&amp;status=todo', '', 'MenuToDoActions', 'agenda', NULL, '$user->rights->agenda->allactions->read', '$user->rights->agenda->allactions->read', 2, '2015-08-26 12:38:16'),
(23, 'all', 1, 'agenda', 'left', 'agenda', NULL, 19, NULL, NULL, 116, '/comm/action/listactions.php?mainmenu=agenda&amp;leftmenu=agenda&amp;status=done', '', 'MenuDoneActions', 'agenda', NULL, '$user->rights->agenda->allactions->read', '$user->rights->agenda->allactions->read', 2, '2015-08-26 12:38:16'),
(24, 'all', 1, 'agenda', 'left', 'agenda', NULL, 12, NULL, NULL, 120, '/comm/action/rapport/index.php?mainmenu=agenda&amp;leftmenu=agenda', '', 'Reportings', 'agenda', NULL, '$user->rights->agenda->allactions->read', '$conf->agenda->enabled', 2, '2015-08-26 12:38:16');

-- --------------------------------------------------------

--
-- Structure de la table `llx_notify`
--

CREATE TABLE IF NOT EXISTS `llx_notify` (
  `rowid` int(11) NOT NULL,
  `tms` timestamp NOT NULL DEFAULT CURRENT_TIMESTAMP ON UPDATE CURRENT_TIMESTAMP,
  `daten` datetime DEFAULT NULL,
  `fk_action` int(11) NOT NULL,
  `fk_contact` int(11) DEFAULT NULL,
  `fk_user` int(11) DEFAULT NULL,
  `objet_type` varchar(24) NOT NULL,
  `objet_id` int(11) NOT NULL,
  `email` varchar(255) DEFAULT NULL
) ENGINE=InnoDB DEFAULT CHARSET=utf8;

-- --------------------------------------------------------

--
-- Structure de la table `llx_notify_def`
--

CREATE TABLE IF NOT EXISTS `llx_notify_def` (
  `rowid` int(11) NOT NULL,
  `tms` timestamp NOT NULL DEFAULT CURRENT_TIMESTAMP ON UPDATE CURRENT_TIMESTAMP,
  `datec` date DEFAULT NULL,
  `fk_action` int(11) NOT NULL,
  `fk_soc` int(11) NOT NULL,
  `fk_contact` int(11) DEFAULT NULL,
  `fk_user` int(11) DEFAULT NULL,
  `type` varchar(16) DEFAULT 'email'
) ENGINE=InnoDB DEFAULT CHARSET=utf8;

-- --------------------------------------------------------

--
-- Structure de la table `llx_opensurvey_comments`
--

CREATE TABLE IF NOT EXISTS `llx_opensurvey_comments` (
  `id_comment` int(10) unsigned NOT NULL,
  `id_sondage` char(16) NOT NULL,
  `comment` text NOT NULL,
  `tms` timestamp NOT NULL DEFAULT CURRENT_TIMESTAMP ON UPDATE CURRENT_TIMESTAMP,
  `usercomment` text
) ENGINE=InnoDB DEFAULT CHARSET=utf8;

-- --------------------------------------------------------

--
-- Structure de la table `llx_opensurvey_sondage`
--

CREATE TABLE IF NOT EXISTS `llx_opensurvey_sondage` (
  `id_sondage` varchar(16) NOT NULL,
  `id_sondage_admin` char(24) DEFAULT NULL,
  `commentaires` text,
  `mail_admin` varchar(128) DEFAULT NULL,
  `nom_admin` varchar(64) DEFAULT NULL,
  `titre` text,
  `date_fin` datetime DEFAULT NULL,
  `format` varchar(2) DEFAULT NULL,
  `mailsonde` varchar(2) DEFAULT '0',
  `survey_link_visible` int(11) DEFAULT '1',
  `canedit` int(11) DEFAULT '0',
  `origin` varchar(64) DEFAULT NULL,
  `tms` timestamp NOT NULL DEFAULT CURRENT_TIMESTAMP ON UPDATE CURRENT_TIMESTAMP,
  `sujet` text
) ENGINE=InnoDB DEFAULT CHARSET=utf8;

--
-- Contenu de la table `llx_opensurvey_sondage`
--

INSERT INTO `llx_opensurvey_sondage` (`id_sondage`, `id_sondage_admin`, `commentaires`, `mail_admin`, `nom_admin`, `titre`, `date_fin`, `format`, `mailsonde`, `survey_link_visible`, `canedit`, `origin`, `tms`, `sujet`) VALUES
('m8fal57n6p7y74zd', 'm8fal57n6p7y74zdg8zafuux', 'quelle version du mb préférez-vous ?', 'nathalie.olivier@art-men.com', 'OLIVIER', 'Préférences MB3', '2014-03-29 18:51:02', 'A', '1', 1, 0, '', '2013-09-30 17:51:02', 'Votre besoin est une version analogique@checkbox,Votre besoin est une version numérique@checkbox');

-- --------------------------------------------------------

--
-- Structure de la table `llx_opensurvey_user_studs`
--

CREATE TABLE IF NOT EXISTS `llx_opensurvey_user_studs` (
  `id_users` int(11) NOT NULL,
  `nom` varchar(64) NOT NULL,
  `id_sondage` varchar(16) NOT NULL,
  `reponses` varchar(100) NOT NULL,
  `tms` timestamp NOT NULL DEFAULT CURRENT_TIMESTAMP ON UPDATE CURRENT_TIMESTAMP
) ENGINE=InnoDB AUTO_INCREMENT=2 DEFAULT CHARSET=utf8;

--
-- Contenu de la table `llx_opensurvey_user_studs`
--

INSERT INTO `llx_opensurvey_user_studs` (`id_users`, `nom`, `id_sondage`, `reponses`, `tms`) VALUES
(1, 'ISLA', 'm8fal57n6p7y74zd', '10', '2013-09-30 17:51:42');

-- --------------------------------------------------------

--
-- Structure de la table `llx_paiement`
--

CREATE TABLE IF NOT EXISTS `llx_paiement` (
  `rowid` int(11) NOT NULL,
  `entity` int(11) NOT NULL DEFAULT '1',
  `datec` datetime DEFAULT NULL,
  `tms` timestamp NOT NULL DEFAULT CURRENT_TIMESTAMP ON UPDATE CURRENT_TIMESTAMP,
  `datep` datetime DEFAULT NULL,
  `amount` double(24,8) DEFAULT '0.00000000',
  `fk_paiement` int(11) NOT NULL,
  `num_paiement` varchar(50) DEFAULT NULL,
  `note` text,
  `fk_bank` int(11) NOT NULL DEFAULT '0',
  `fk_user_creat` int(11) DEFAULT NULL,
  `fk_user_modif` int(11) DEFAULT NULL,
  `statut` smallint(6) NOT NULL DEFAULT '0',
  `fk_export_compta` int(11) NOT NULL DEFAULT '0'
) ENGINE=InnoDB AUTO_INCREMENT=3 DEFAULT CHARSET=utf8;

--
-- Contenu de la table `llx_paiement`
--

INSERT INTO `llx_paiement` (`rowid`, `entity`, `datec`, `tms`, `datep`, `amount`, `fk_paiement`, `num_paiement`, `note`, `fk_bank`, `fk_user_creat`, `fk_user_modif`, `statut`, `fk_export_compta`) VALUES
(2, 1, '2015-07-27 09:20:48', '2015-07-27 07:20:48', '2015-04-07 12:00:00', 6066.00000000, 2, '', '', 4, 2, NULL, 0, 0);

-- --------------------------------------------------------

--
-- Structure de la table `llx_paiementcharge`
--

CREATE TABLE IF NOT EXISTS `llx_paiementcharge` (
  `rowid` int(11) NOT NULL,
  `fk_charge` int(11) DEFAULT NULL,
  `datec` datetime DEFAULT NULL,
  `tms` timestamp NOT NULL DEFAULT CURRENT_TIMESTAMP ON UPDATE CURRENT_TIMESTAMP,
  `datep` datetime DEFAULT NULL,
  `amount` double DEFAULT '0',
  `fk_typepaiement` int(11) NOT NULL,
  `num_paiement` varchar(50) DEFAULT NULL,
  `note` text,
  `fk_bank` int(11) NOT NULL,
  `fk_user_creat` int(11) DEFAULT NULL,
  `fk_user_modif` int(11) DEFAULT NULL
) ENGINE=InnoDB DEFAULT CHARSET=utf8;

-- --------------------------------------------------------

--
-- Structure de la table `llx_paiementfourn`
--

CREATE TABLE IF NOT EXISTS `llx_paiementfourn` (
  `rowid` int(11) NOT NULL,
  `tms` timestamp NOT NULL DEFAULT CURRENT_TIMESTAMP ON UPDATE CURRENT_TIMESTAMP,
  `datec` datetime DEFAULT NULL,
  `datep` datetime DEFAULT NULL,
  `amount` double DEFAULT '0',
  `fk_user_author` int(11) DEFAULT NULL,
  `fk_paiement` int(11) NOT NULL,
  `num_paiement` varchar(50) DEFAULT NULL,
  `note` text,
  `fk_bank` int(11) NOT NULL,
  `statut` smallint(6) NOT NULL DEFAULT '0'
) ENGINE=InnoDB DEFAULT CHARSET=utf8;

-- --------------------------------------------------------

--
-- Structure de la table `llx_paiementfourn_facturefourn`
--

CREATE TABLE IF NOT EXISTS `llx_paiementfourn_facturefourn` (
  `rowid` int(11) NOT NULL,
  `fk_paiementfourn` int(11) DEFAULT NULL,
  `fk_facturefourn` int(11) DEFAULT NULL,
  `amount` double(24,8) DEFAULT '0.00000000'
) ENGINE=InnoDB DEFAULT CHARSET=utf8;

-- --------------------------------------------------------

--
-- Structure de la table `llx_paiement_facture`
--

CREATE TABLE IF NOT EXISTS `llx_paiement_facture` (
  `rowid` int(11) NOT NULL,
  `fk_paiement` int(11) DEFAULT NULL,
  `fk_facture` int(11) DEFAULT NULL,
  `amount` double(24,8) DEFAULT '0.00000000'
) ENGINE=InnoDB AUTO_INCREMENT=3 DEFAULT CHARSET=utf8;

--
-- Contenu de la table `llx_paiement_facture`
--

INSERT INTO `llx_paiement_facture` (`rowid`, `fk_paiement`, `fk_facture`, `amount`) VALUES
(2, 2, 16, 6066.00000000);

-- --------------------------------------------------------

--
-- Structure de la table `llx_prelevement_bons`
--

CREATE TABLE IF NOT EXISTS `llx_prelevement_bons` (
  `rowid` int(11) NOT NULL,
  `ref` varchar(12) DEFAULT NULL,
  `entity` int(11) NOT NULL DEFAULT '1',
  `datec` datetime DEFAULT NULL,
  `amount` double DEFAULT '0',
  `statut` smallint(6) DEFAULT '0',
  `credite` smallint(6) DEFAULT '0',
  `note` text,
  `date_trans` datetime DEFAULT NULL,
  `method_trans` smallint(6) DEFAULT NULL,
  `fk_user_trans` int(11) DEFAULT NULL,
  `date_credit` datetime DEFAULT NULL,
  `fk_user_credit` int(11) DEFAULT NULL
) ENGINE=InnoDB DEFAULT CHARSET=utf8;

-- --------------------------------------------------------

--
-- Structure de la table `llx_prelevement_facture`
--

CREATE TABLE IF NOT EXISTS `llx_prelevement_facture` (
  `rowid` int(11) NOT NULL,
  `fk_facture` int(11) NOT NULL,
  `fk_prelevement_lignes` int(11) NOT NULL
) ENGINE=InnoDB DEFAULT CHARSET=utf8;

-- --------------------------------------------------------

--
-- Structure de la table `llx_prelevement_facture_demande`
--

CREATE TABLE IF NOT EXISTS `llx_prelevement_facture_demande` (
  `rowid` int(11) NOT NULL,
  `fk_facture` int(11) NOT NULL,
  `amount` double NOT NULL,
  `date_demande` datetime NOT NULL,
  `traite` smallint(6) DEFAULT '0',
  `date_traite` datetime DEFAULT NULL,
  `fk_prelevement_bons` int(11) DEFAULT NULL,
  `fk_user_demande` int(11) NOT NULL,
  `code_banque` varchar(7) DEFAULT NULL,
  `code_guichet` varchar(6) DEFAULT NULL,
  `number` varchar(255) DEFAULT NULL,
  `cle_rib` varchar(5) DEFAULT NULL
) ENGINE=InnoDB DEFAULT CHARSET=utf8;

-- --------------------------------------------------------

--
-- Structure de la table `llx_prelevement_lignes`
--

CREATE TABLE IF NOT EXISTS `llx_prelevement_lignes` (
  `rowid` int(11) NOT NULL,
  `fk_prelevement_bons` int(11) DEFAULT NULL,
  `fk_soc` int(11) NOT NULL,
  `statut` smallint(6) DEFAULT '0',
  `client_nom` varchar(255) DEFAULT NULL,
  `amount` double DEFAULT '0',
  `code_banque` varchar(7) DEFAULT NULL,
  `code_guichet` varchar(6) DEFAULT NULL,
  `number` varchar(255) DEFAULT NULL,
  `cle_rib` varchar(5) DEFAULT NULL,
  `note` text
) ENGINE=InnoDB DEFAULT CHARSET=utf8;

-- --------------------------------------------------------

--
-- Structure de la table `llx_prelevement_rejet`
--

CREATE TABLE IF NOT EXISTS `llx_prelevement_rejet` (
  `rowid` int(11) NOT NULL,
  `fk_prelevement_lignes` int(11) DEFAULT NULL,
  `date_rejet` datetime DEFAULT NULL,
  `motif` int(11) DEFAULT NULL,
  `date_creation` datetime DEFAULT NULL,
  `fk_user_creation` int(11) DEFAULT NULL,
  `note` text,
  `afacturer` tinyint(4) DEFAULT '0',
  `fk_facture` int(11) DEFAULT NULL
) ENGINE=InnoDB DEFAULT CHARSET=utf8;

-- --------------------------------------------------------

--
-- Structure de la table `llx_printer_ipp`
--

CREATE TABLE IF NOT EXISTS `llx_printer_ipp` (
  `rowid` int(11) NOT NULL,
  `tms` timestamp NOT NULL DEFAULT CURRENT_TIMESTAMP ON UPDATE CURRENT_TIMESTAMP,
  `datec` datetime DEFAULT NULL,
  `printer_name` text NOT NULL,
  `printer_location` text NOT NULL,
  `printer_uri` varchar(256) NOT NULL,
  `copy` int(11) NOT NULL DEFAULT '1',
  `module` varchar(16) NOT NULL,
  `login` varchar(32) NOT NULL
) ENGINE=InnoDB DEFAULT CHARSET=utf8;

-- --------------------------------------------------------

--
-- Structure de la table `llx_product`
--

CREATE TABLE IF NOT EXISTS `llx_product` (
  `rowid` int(11) NOT NULL,
  `ref` varchar(128) NOT NULL,
  `entity` int(11) NOT NULL DEFAULT '1',
  `ref_ext` varchar(128) DEFAULT NULL,
  `datec` datetime DEFAULT NULL,
  `tms` timestamp NOT NULL DEFAULT CURRENT_TIMESTAMP ON UPDATE CURRENT_TIMESTAMP,
  `virtual` tinyint(4) NOT NULL DEFAULT '0',
  `fk_parent` int(11) DEFAULT '0',
  `label` varchar(255) NOT NULL,
  `description` text,
  `note` text,
  `customcode` varchar(32) DEFAULT NULL,
  `fk_country` int(11) DEFAULT NULL,
  `price` double(24,8) DEFAULT '0.00000000',
  `price_ttc` double(24,8) DEFAULT '0.00000000',
  `price_min` double(24,8) DEFAULT '0.00000000',
  `price_min_ttc` double(24,8) DEFAULT '0.00000000',
  `price_base_type` varchar(3) DEFAULT 'HT',
  `tva_tx` double(6,3) DEFAULT NULL,
  `recuperableonly` int(11) NOT NULL DEFAULT '0',
  `localtax1_tx` double(6,3) DEFAULT '0.000',
  `localtax2_tx` double(6,3) DEFAULT '0.000',
  `fk_user_author` int(11) DEFAULT NULL,
  `tosell` tinyint(4) DEFAULT '1',
  `tobuy` tinyint(4) DEFAULT '1',
  `fk_product_type` int(11) DEFAULT '0',
  `duration` varchar(6) DEFAULT NULL,
  `seuil_stock_alerte` int(11) DEFAULT '0',
  `barcode` varchar(255) DEFAULT NULL,
  `fk_barcode_type` int(11) DEFAULT '0',
  `accountancy_code_sell` varchar(15) DEFAULT NULL,
  `accountancy_code_buy` varchar(15) DEFAULT NULL,
  `partnumber` varchar(32) DEFAULT NULL,
  `weight` float DEFAULT NULL,
  `weight_units` tinyint(4) DEFAULT NULL,
  `length` float DEFAULT NULL,
  `length_units` tinyint(4) DEFAULT NULL,
  `surface` float DEFAULT NULL,
  `surface_units` tinyint(4) DEFAULT NULL,
  `volume` float DEFAULT NULL,
  `volume_units` tinyint(4) DEFAULT NULL,
  `stock` int(11) DEFAULT NULL,
  `pmp` double(24,8) NOT NULL DEFAULT '0.00000000',
  `canvas` varchar(32) DEFAULT NULL,
  `finished` tinyint(4) DEFAULT NULL,
  `hidden` tinyint(4) DEFAULT '0',
  `import_key` varchar(14) DEFAULT NULL
) ENGINE=InnoDB AUTO_INCREMENT=36 DEFAULT CHARSET=utf8;

--
-- Contenu de la table `llx_product`
--

INSERT INTO `llx_product` (`rowid`, `ref`, `entity`, `ref_ext`, `datec`, `tms`, `virtual`, `fk_parent`, `label`, `description`, `note`, `customcode`, `fk_country`, `price`, `price_ttc`, `price_min`, `price_min_ttc`, `price_base_type`, `tva_tx`, `recuperableonly`, `localtax1_tx`, `localtax2_tx`, `fk_user_author`, `tosell`, `tobuy`, `fk_product_type`, `duration`, `seuil_stock_alerte`, `barcode`, `fk_barcode_type`, `accountancy_code_sell`, `accountancy_code_buy`, `partnumber`, `weight`, `weight_units`, `length`, `length_units`, `surface`, `surface_units`, `volume`, `volume_units`, `stock`, `pmp`, `canvas`, `finished`, `hidden`, `import_key`) VALUES
(1, 'MB3d', 1, NULL, '2013-08-01 10:09:12', '2015-09-08 12:06:01', 0, 0, 'Microbaromètre digital', '<div>\r\n	<strong>Poids et dimensions :</strong></div>\r\n<div>\r\n	H 25 cm / Diam. 11 cm / Weight 3.4 Kg</div>\r\n<div>\r\n	<strong>Caract&eacute;ristiques techniques du bloc transducteur :</strong></div>\r\n<div>\r\n	- Bande passante (f-3 db) : Sortie pression : 0.01-28 HZ / Sortie d&eacute;riv&eacute;e de pression : DC-28 Hz</div>\r\n<div>\r\n	- BLDR [0.02;4] Hz 117 dB @ f&lt;1.6 Hz / 109 db @ f=4 Hz</div>\r\n<div>\r\n	- Bruit instrumental 0.13 mPa/&radic;(Hz) @ 1 Hz ; &lt; 10 dB under the LNM</div>\r\n<div>\r\n	- Resolution [0.02;4] Hz 1.75 mPaRMS</div>\r\n<div>\r\n	- Sensibilit&eacute;: Sortie Pression : 20 mV/Pa / Sortie D&eacute;riv&eacute;e de pression : 2 mV/Pa.s<sup>-1</sup></div>\r\n<div>\r\n	<strong>Caract&eacute;ristiques techniques du num&eacute;riseur :</strong></div>\r\n<div>\r\n	- Niveau de saturation et plage de sortie : Pressure: &plusmn;min (12000</div>\r\n<div>\r\n	[Pa/s]/2.pi.f[Hz] ; 1000[Pa]) / Pressure derivative: &plusmn;10000 (Pa/s)</div>\r\n<div>\r\n	- Fr&eacute;quence d&#39;&eacute;chantillonnage : 20, 50,100 Hz</div>\r\n<div>\r\n	- Sensibilit&eacute; : 1,178 10<sup>-4</sup>&nbsp;Pa/lsb or 1,178 10<sup>-3</sup>&nbsp;Pa/s/lsb @ gain= 1</div>\r\n<div>\r\n	- Gain param&eacute;trable : 1, 2, 4, 8</div>\r\n<div>\r\n	- Stockage: 1 Go / miniSEED</div>\r\n<div>\r\n	- Alimentation : 12 V DC (7-20V) / 70 mA @ 12 V</div>', '', '9015.80.93.90', 1, 12350.00000000, 12350.00000000, 10000.00000000, 10000.00000000, 'HT', 0.000, 0, 0.000, 0.000, 1, 1, 1, 0, '', 0, NULL, 0, '', '', NULL, 3.4, 0, 0.205, 0, NULL, 0, NULL, 0, -6, 5151.89000000, '', 1, 0, NULL),
(2, 'MB3a', 1, NULL, '2013-08-01 10:10:02', '2015-07-23 10:00:58', 0, 0, 'Microbarometer analog', '', '', '9015.80.93.90', 1, 6990.00000000, 8388.00000000, 0.00000000, 0.00000000, 'HT', 20.000, 0, 0.000, 0.000, 1, 1, 1, 0, '', 1, NULL, 0, '', '', NULL, 3, 0, 0.139, 0, NULL, 0, NULL, 0, -14, 0.00000000, '', 1, 0, NULL),
(3, 'PR000187–CBL_3', 1, NULL, '2013-09-27 10:37:54', '2015-09-08 12:01:05', 0, 0, '12 V Power cable', '', '', '', 1, 250.00000000, 250.00000000, 120.00000000, 120.00000000, 'HT', 0.000, 0, 0.000, 0.000, 1, 1, 1, 0, '', 1, NULL, 0, '', '', NULL, 0.465, 0, 3, 0, NULL, 0, NULL, 0, 1, 154.70000000, '', 1, 0, NULL),
(4, 'PR000183–CBL_5', 1, NULL, '2013-09-27 10:40:40', '2015-09-08 11:56:38', 0, 0, 'GPS cable 5m', '5 m long<br />\r\nCoaxial TNC to TNC', '', '', 1, 150.00000000, 150.00000000, 30.00000000, 30.00000000, 'HT', 0.000, 0, 0.000, 0.000, 1, 1, 1, 0, '', 1, NULL, 0, '', '', NULL, NULL, 0, 5, 0, NULL, 0, NULL, 0, 1, 100.00000000, '', 1, 0, NULL),
(5, 'PR000188-CBL_1.5', 1, NULL, '2013-09-27 10:43:03', '2015-07-30 13:17:30', 0, 0, 'Câble PC/USB', '18 pin to USB<br />\r\n1.5 m long', '', '', 1, 245.00000000, 294.00000000, 130.00000000, 156.00000000, 'HT', 20.000, 0, 0.000, 0.000, 1, 1, 1, 0, '', 1, NULL, 0, '', '', NULL, 0.125, 0, 1.5, 0, NULL, 0, NULL, 0, 1, 162.50000000, '', 1, 0, NULL),
(6, 'ANT_PROC_2000B', 1, NULL, '2013-09-27 11:53:53', '2015-09-08 11:58:22', 0, 0, 'GPS ANTENNA PROCOM 2000B TNC', '<div>\r\n	Flat-pack GPS-antenna for fixed installations.</div>\r\n<div>\r\n	Full hemispherical coverage.</div>\r\n<div>\r\n	Built-in high gain, low noise amplifier.</div>\r\n<div>\r\n	Right-hand circular polarization (RHCP).</div>\r\n<div>\r\n	Available in black or white, see model survey.</div>\r\n<div>\r\n	5 V supply voltage (3 V respectively 12 V available on request).</div>\r\n<div>\r\n	DC supply via RF-connector.</div>\r\n<div>\r\n	EMC tested to IEC 801 and IEC 255.</div>\r\n<div>\r\n	Provided with FME (male) or TNC (female) connector, see model survey.</div>\r\n<div>\r\n	Wide range of FME-accessories available.</div>', '', '', NULL, 110.00000000, 110.00000000, 90.00000000, 90.00000000, 'HT', 0.000, 0, 0.000, 0.000, 1, 1, 1, 0, '', NULL, NULL, 0, '', '', NULL, 0.106, 0, NULL, 0, NULL, 0, NULL, 0, 1, 62.40000000, '', 1, 0, NULL),
(7, 'BAT_YUASA_12V12AH', 1, NULL, '2013-09-27 13:45:11', '2015-09-08 11:55:40', 0, 0, 'BATTERY NP12-12 YUASA', '<div>\r\n	&nbsp;Battery Capacity: 12Ah&nbsp; Battery Voltage: 12V</div>\r\n<div>\r\n	&nbsp;Battery Technology: Lead Acid</div>\r\n<div>\r\n	&nbsp;External Height: 97.5mm</div>\r\n<div>\r\n	&nbsp;External Width: 98mm</div>\r\n<div>\r\n	&nbsp;External Depth: 151mm</div>\r\n<div>\r\n	&nbsp;Weight: 4kg</div>\r\n<div>\r\n	&nbsp;Battery Terminals: Quick Connect</div>\r\n<div>\r\n	&nbsp;Charge Current Max: 3A</div>\r\n<div>\r\n	&nbsp;Cyclic Charge Voltage Max: 15V</div>\r\n<div>\r\n	&nbsp;Cyclic Charge Voltage Min: 14.4V</div>\r\n<div>\r\n	&nbsp;Depth: 98mm</div>\r\n<div>\r\n	&nbsp;Height Max: 97.5mm</div>\r\n<div>\r\n	&nbsp;Output Voltage: 12V</div>', '', '', 1, 110.00000000, 110.00000000, 100.00000000, 100.00000000, 'HT', 0.000, 0, 0.000, 0.000, 1, 1, 1, 0, '', 1, NULL, 0, '', '', NULL, 4, 0, 151, -3, NULL, 0, 0.0015, 0, 1, 41.60000000, '', 1, 0, NULL),
(8, 'TMG-ASM-2-90-B', 1, NULL, '2013-12-23 14:39:00', '2015-07-23 07:49:50', 0, 0, 'Bloc transducteur Equipé', '', '', '', 1, 0.00000000, 0.00000000, 0.00000000, 0.00000000, '', 0.000, 0, 0.000, 0.000, 1, 0, 1, 0, '', NULL, NULL, 0, '', '', NULL, NULL, 0, NULL, 0, NULL, 0, NULL, 0, 4, 2910.63000000, '', 1, 0, NULL),
(9, 'TMG-ASM-2-91-C', 1, NULL, '2013-12-23 14:40:29', '2015-07-23 07:49:50', 0, 0, 'Capot Numérique Equipé', '', '', '', 1, 0.00000000, 0.00000000, 0.00000000, 0.00000000, '', 0.000, 0, 0.000, 0.000, 1, 0, 1, 0, '', NULL, NULL, 0, '', '', NULL, NULL, 0, NULL, 0, NULL, 0, NULL, 0, -4, 3405.13063000, '', 1, 0, NULL),
(10, 'MU000384-_', 1, NULL, '2014-05-21 11:54:29', '2015-07-23 13:52:06', 0, 0, 'Magnet Wrench', '', '', '', 1, 55.00000000, 66.00000000, 0.00000000, 0.00000000, 'HT', 20.000, 0, 0.000, 0.000, 1, 1, 1, 0, '', 1, NULL, 0, '', '', NULL, 0.132, 0, NULL, 0, NULL, 0, NULL, 0, 7, 28.65000000, '', 1, 0, NULL),
(12, 'PE9560', 1, NULL, '2014-07-21 10:43:39', '2015-07-10 14:00:46', 0, 0, 'TNC Male to TNC Male Right Angle Adapter', '<table border="1" cellpadding="0" cellspacing="0">\r\n	<tbody>\r\n		<tr>\r\n			<td style="width:177px;">\r\n				<strong>Key Specifications </strong></td>\r\n			<td style="width:104px;">\r\n				&nbsp;</td>\r\n		</tr>\r\n		<tr>\r\n			<td style="width:177px;">\r\n				Connector Series 1</td>\r\n			<td style="width:104px;">\r\n				TNC</td>\r\n		</tr>\r\n		<tr>\r\n			<td style="width:177px;">\r\n				Connector Gender 1</td>\r\n			<td style="width:104px;">\r\n				Male</td>\r\n		</tr>\r\n		<tr>\r\n			<td style="width:177px;">\r\n				Connector Polarity 1</td>\r\n			<td style="width:104px;">\r\n				Standard</td>\r\n		</tr>\r\n		<tr>\r\n			<td style="width:177px;">\r\n				Connector Impedance 1</td>\r\n			<td style="width:104px;">\r\n				50 Ohm</td>\r\n		</tr>\r\n		<tr>\r\n			<td style="width:177px;">\r\n				Connector Series 2</td>\r\n			<td style="width:104px;">\r\n				TNC</td>\r\n		</tr>\r\n		<tr>\r\n			<td style="width:177px;">\r\n				Connector Gender 2</td>\r\n			<td style="width:104px;">\r\n				Male</td>\r\n		</tr>\r\n		<tr>\r\n			<td style="width:177px;">\r\n				Connector Polarity 2</td>\r\n			<td style="width:104px;">\r\n				Standard</td>\r\n		</tr>\r\n		<tr>\r\n			<td style="width:177px;">\r\n				Connector Impedance 2</td>\r\n			<td style="width:104px;">\r\n				50 Ohm</td>\r\n		</tr>\r\n		<tr>\r\n			<td style="width:177px;">\r\n				Adapter Body Style</td>\r\n			<td style="width:104px;">\r\n				Right Angle</td>\r\n		</tr>\r\n		<tr>\r\n			<td style="width:177px;">\r\n				Connector Mount Method 1</td>\r\n			<td style="width:104px;">\r\n				None</td>\r\n		</tr>\r\n		<tr>\r\n			<td style="width:177px;">\r\n				Connector Body Material 1</td>\r\n			<td style="width:104px;">\r\n				Brass</td>\r\n		</tr>\r\n		<tr>\r\n			<td style="width:177px;">\r\n				Connector Body Plating 1</td>\r\n			<td style="width:104px;">\r\n				Nickel</td>\r\n		</tr>\r\n		<tr>\r\n			<td style="width:177px;">\r\n				Connector Mount Method 2</td>\r\n			<td style="width:104px;">\r\n				None</td>\r\n		</tr>\r\n		<tr>\r\n			<td style="width:177px;">\r\n				Connector Body Material 2</td>\r\n			<td style="width:104px;">\r\n				Brass</td>\r\n		</tr>\r\n		<tr>\r\n			<td style="width:177px;">\r\n				Connector Body Plating 2</td>\r\n			<td style="width:104px;">\r\n				Nickel</td>\r\n		</tr>\r\n	</tbody>\r\n</table>\r\n&nbsp;', 'achat Prolann fabricant<br />\r\nhttp://www.pasternack.com/tnc-male-tnc-male-right-angle-adapter-pe9560-p.aspx<br />\r\nROHS REACH compliant', '', 11, 90.00000000, 108.00000000, 0.00000000, 0.00000000, 'HT', 20.000, 0, 0.000, 0.000, 1, 1, 1, 0, '', NULL, NULL, 0, '', '', NULL, 0.03, 0, NULL, 0, NULL, 0, NULL, 0, 0, 47.00000000, '', 1, 0, NULL),
(13, 'TMG-ASM-2-92-B', 1, NULL, '2014-08-26 10:56:04', '2015-06-01 07:43:54', 0, 0, 'Capot Analogique Equipé', '', '', '', 1, 0.00000000, 0.00000000, 0.00000000, 0.00000000, '', 0.000, 0, 0.000, 0.000, 1, 0, 1, 0, '', NULL, NULL, 0, '', '', NULL, NULL, 0, NULL, 0, NULL, 0, NULL, 0, 3, 648.90000000, '', 1, 0, NULL),
(14, 'CAB_SIGNAL_DIGIT_1.5', 1, NULL, '2014-09-17 18:45:58', '2014-09-29 07:31:43', 0, 0, 'Signal cable to digitizer', '1.5 m long<br />\r\n18 pin to not wired', '', '', 1, 245.00000000, 294.00000000, 130.00000000, 156.00000000, 'HT', 20.000, 0, 0.000, 0.000, 1, 1, 1, 0, '', 1, NULL, 0, '', '', NULL, NULL, 0, 1.5, 0, NULL, 0, NULL, 0, NULL, 0.00000000, '', 1, 0, NULL),
(15, 'CAB_SIGNAL_DIGIT_10', 1, NULL, '2014-09-29 09:23:56', '2014-09-29 07:26:31', 0, 0, 'Signal cable to digitizer', '10 m long<br />\r\n18 pin to not wired', '', '', 1, 285.00000000, 342.00000000, 130.00000000, 156.00000000, 'HT', 20.000, 0, 0.000, 0.000, 1, 1, 1, 0, '', 1, NULL, 0, '', '', NULL, NULL, 0, 10, 0, NULL, 0, NULL, 0, NULL, 0.00000000, '', 1, 0, NULL),
(16, 'PR000161-CBL_3', 1, NULL, '2014-09-29 09:30:11', '2015-07-30 13:18:07', 0, 0, 'Sensor to digitizer cable', '', '', '', 1, 260.00000000, 312.00000000, 130.00000000, 156.00000000, 'HT', 20.000, 0, 0.000, 0.000, 1, 1, 1, 0, '', 1, NULL, 0, '', '', NULL, 0.356, 0, 3, 0, NULL, 0, NULL, 0, 10, 183.84000000, '', 1, 0, NULL),
(17, 'PR000188–CBL_3', 1, NULL, '2014-09-29 09:32:19', '2015-07-30 13:17:30', 0, 0, 'PC/USB cable 3 m', '18 pin to USB<br />\r\n3 m long', '', '', 1, 260.00000000, 312.00000000, 130.00000000, 156.00000000, 'HT', 20.000, 0, 0.000, 0.000, 1, 1, 1, 0, '', 1, NULL, 0, '', '', NULL, 0.2, 0, 3, 0, NULL, 0, NULL, 0, 10, 0.00000000, '', 1, 0, NULL),
(18, 'PR000183–CBL_10', 1, NULL, '2014-09-29 09:34:08', '2015-04-10 15:34:42', 0, 0, 'GPS cable 10 m', '10 m long<br />\r\nCoaxial TNC to TNC', '', '9015900000 80', 1, 170.00000000, 204.00000000, 30.00000000, 36.00000000, 'HT', 20.000, 0, 0.000, 0.000, 1, 1, 1, 0, '', 1, NULL, 0, '', '', NULL, NULL, 0, 10, 0, NULL, 0, NULL, 0, 0, 0.00000000, '', 1, 0, NULL),
(19, 'TMG-DET-3-73', 1, NULL, '2014-09-29 10:16:35', '2015-07-30 13:19:49', 0, 0, 'PELICASE 1650 with adapted Foam', 'PELICASE 1650 &nbsp;+ adapted foam<br />\r\nInt Dim : L725 x W445 x D270 mm<br />\r\nExt Dim : L802 x W520 x D316 mm', '', '', 1, 995.00000000, 995.00000000, 750.00000000, 750.00000000, 'HT', 0.000, 0, 0.000, 0.000, 1, 1, 1, 0, '', NULL, NULL, 0, '', '', NULL, 15.3, 0, 802, 0, 0.41, 0, 0.13, 0, 1, 967.20000000, '', NULL, 0, NULL),
(20, 'PR000082-CBL', 1, NULL, '2014-10-31 12:27:14', '2015-07-23 13:52:06', 0, 0, 'Magnet Adjustment Cable', '', '', '', 1, 150.00000000, 150.00000000, 0.00000000, 0.00000000, 'HT', 0.000, 0, 0.000, 0.000, 1, 1, 1, 0, '', NULL, NULL, 0, '', '', NULL, 0.087, 0, 0.55, 0, NULL, 0, NULL, 0, 0, 164.99000000, '', 1, 0, NULL),
(21, 'INS-TRSP-DIRECT', 1, NULL, '2014-10-31 15:59:19', '2014-10-31 14:59:19', 0, 0, 'insurances', '', '', '', NULL, 0.00000000, 0.00000000, 0.00000000, 0.00000000, '', 0.000, 0, 0.000, 0.000, 1, 1, 1, 1, '', NULL, NULL, 0, '', '', NULL, NULL, NULL, NULL, NULL, NULL, NULL, NULL, NULL, NULL, 0.00000000, '', NULL, 0, NULL),
(22, 'TRSP-TNT-DIRECT', 1, NULL, '2014-10-31 16:05:04', '2014-10-31 15:05:04', 0, 0, 'Direct transport', '', '', '', NULL, 0.00000000, 0.00000000, 0.00000000, 0.00000000, '', 0.000, 0, 0.000, 0.000, 1, 1, 1, 1, '', NULL, NULL, 0, '', '', NULL, NULL, NULL, NULL, NULL, NULL, NULL, NULL, NULL, NULL, 0.00000000, '', NULL, 0, NULL),
(23, 'PR000169', 1, NULL, '2014-10-31 16:08:13', '2015-07-30 13:18:38', 0, 0, 'ScrewPack MB3 Transportation box', '', '', '', 1, 130.00000000, 130.00000000, 0.00000000, 0.00000000, 'HT', 0.000, 0, 0.000, 0.000, 1, 1, 1, 0, '', NULL, NULL, 0, '', '', NULL, 0.4, 0, NULL, 0, NULL, 0, NULL, 0, 6, 49.19000000, '', 1, 0, NULL),
(24, 'TRSP-TNT-EXPRESS', 1, NULL, '2014-12-12 17:30:58', '2014-12-12 16:31:41', 0, 0, 'Direct transport', '', '', '', 1, 0.00000000, 0.00000000, 0.00000000, 0.00000000, '', 0.000, 0, 0.000, 0.000, 1, 1, 1, 1, '7d', NULL, NULL, 0, '', '', NULL, NULL, NULL, NULL, NULL, NULL, NULL, NULL, NULL, NULL, 0.00000000, '', NULL, 0, NULL),
(25, 'PELI1430_1S', 1, NULL, '2014-12-12 17:40:11', '2015-09-30 15:07:06', 0, 0, 'PELICASE 1430 with adapted Foam', 'PELICASE 1430 &nbsp;+ adapted foam<br />\r\nDim. int&nbsp;: 344 x 146 x 297 mm<br />\r\nDim. ext&nbsp;: 430 x 244 x 341 mm', '', '', 1, 650.00000000, 650.00000000, 0.00000000, 0.00000000, 'HT', 0.000, 0, 0.000, 0.000, 1, 1, 1, 0, '', 0, NULL, 0, '', '', NULL, 3.5, 0, 344, -3, 0.14, 0, 0.02, 0, 1, 857.66000000, '', 1, 0, NULL),
(26, 'MBDSTRTRAV', 1, NULL, '2015-01-23 14:08:56', '2015-07-24 07:10:12', 0, 0, 'MB3D Starter traveling KIT', '<div style="color: rgb(16, 16, 16); font-family: arial, sans-serif, verdana, helvetica; font-size: 12.222222328186px;">\r\n	1 MB3d with 4 silicone caps</div>\r\n<div style="color: rgb(16, 16, 16); font-family: arial, sans-serif, verdana, helvetica; font-size: 12.222222328186px;">\r\n	1 Antenna Procom 3V</div>\r\n<div style="color: rgb(16, 16, 16); font-family: arial, sans-serif, verdana, helvetica; font-size: 12.222222328186px;">\r\n	1 GPS Cable (5m long)</div>\r\n<div style="color: rgb(16, 16, 16); font-family: arial, sans-serif, verdana, helvetica; font-size: 12.222222328186px;">\r\n	1 12v Battery</div>\r\n<div style="color: rgb(16, 16, 16); font-family: arial, sans-serif, verdana, helvetica; font-size: 12.222222328186px;">\r\n	1 Power Cable (3m long)</div>\r\n<div style="color: rgb(16, 16, 16); font-family: arial, sans-serif, verdana, helvetica; font-size: 12.222222328186px;">\r\n	1 PC/USB cable (1,5m long)</div>\r\n<div style="color: rgb(16, 16, 16); font-family: arial, sans-serif, verdana, helvetica; font-size: 12.222222328186px;">\r\n	&nbsp;</div>\r\n<div style="color: rgb(16, 16, 16); font-family: arial, sans-serif, verdana, helvetica; font-size: 12.222222328186px;">\r\n	1 Cd with Dionisos Software, 1 User-guide in pdf format</div>\r\n<div style="color: rgb(16, 16, 16); font-family: arial, sans-serif, verdana, helvetica; font-size: 12.222222328186px;">\r\n	1 calibration Certificate</div>\r\n<div style="color: rgb(16, 16, 16); font-family: arial, sans-serif, verdana, helvetica; font-size: 12.222222328186px;">\r\n	&nbsp;</div>\r\n<div style="color: rgb(16, 16, 16); font-family: arial, sans-serif, verdana, helvetica; font-size: 12.222222328186px;">\r\n	1 magnet wrench</div>\r\n<div style="color: rgb(16, 16, 16); font-family: arial, sans-serif, verdana, helvetica; font-size: 12.222222328186px;">\r\n	1 suitcase with Foam</div>', '', '9015.80.00.90', 1, 0.00000000, 0.00000000, 0.00000000, 0.00000000, '', 0.000, 0, 0.000, 0.000, 1, 1, 0, 0, '', NULL, NULL, 0, '', '', NULL, 24.8, 0, 1, 0, 0.5, 0, 0.5, 0, NULL, 0.00000000, '', 1, 0, NULL),
(27, 'TRSP-FedEx', 1, NULL, '2015-02-16 17:43:50', '2015-02-17 09:39:47', 0, 0, 'Direct transport', '', '', '', NULL, 0.00000000, 0.00000000, 0.00000000, 0.00000000, '', 0.000, 0, 0.000, 0.000, 1, 1, 1, 1, '48h', NULL, NULL, 0, '', '', NULL, NULL, NULL, NULL, NULL, NULL, NULL, NULL, NULL, NULL, 0.00000000, '', NULL, 0, NULL),
(28, 'Duty_TAX', 1, NULL, '2015-02-17 10:41:10', '2015-02-17 09:41:27', 0, 0, 'Duty and Tax Estimate', '', '', '', NULL, 0.00000000, 0.00000000, 0.00000000, 0.00000000, '', 0.000, 0, 0.000, 0.000, 1, 1, 1, 1, '', NULL, NULL, 0, '', '', NULL, NULL, NULL, NULL, NULL, NULL, NULL, NULL, NULL, NULL, 0.00000000, '', NULL, 0, NULL),
(29, 'PR000224-4S', 1, NULL, '2015-07-02 12:46:26', '2015-07-02 10:56:48', 0, 0, 'Wind Noise filtering system', '4 grilles de filtrage<br />\r\n4 tuyaux de raccordement de 25 cm', '', '', 1, 0.00000000, 0.00000000, 0.00000000, 0.00000000, '', 0.000, 0, 0.000, 0.000, 1, 1, 1, 0, '', NULL, NULL, 0, '', '', NULL, NULL, 0, NULL, 0, NULL, 0, NULL, 0, NULL, 0.00000000, '', 1, 0, NULL),
(30, 'METRO-SENS_SN', 1, NULL, '2015-07-30 16:31:50', '2015-09-29 11:36:39', 0, 0, 'Measurement of Sensor self Noise', 'sensor self-noise of the pressure output at 1Hz', '', '', 1, 140.00000000, 140.00000000, 0.00000000, 0.00000000, 'HT', 0.000, 0, 0.000, 0.000, 1, 1, 1, 1, '2.06h', NULL, NULL, 0, '', '', NULL, NULL, NULL, NULL, NULL, NULL, NULL, NULL, NULL, NULL, 0.00000000, '', NULL, 0, NULL),
(31, 'METRO_SENS_EC', 1, NULL, '2015-07-30 16:34:49', '2015-09-29 11:39:26', 0, 0, 'Response by electrical calibration', 'Plots of the full frequency response obtained by the electrical sensor self-calibration capability for the amplitude and phase of the pressure output', '', '', NULL, 300.00000000, 300.00000000, 0.00000000, 0.00000000, 'HT', 0.000, 0, 0.000, 0.000, 1, 1, 1, 1, '3.06h', NULL, NULL, 0, '', '', NULL, NULL, NULL, NULL, NULL, NULL, NULL, NULL, NULL, NULL, 0.00000000, '', NULL, 0, NULL),
(32, 'METRO_SENS_AC', 1, NULL, '2015-07-30 16:35:30', '2015-09-29 11:38:16', 0, 0, 'Response by acoustical calibration', 'Plots of the full frequency response obtained by the dynamic calibration of the amplitude and phase of the pressure output', '', '', NULL, 180.00000000, 180.00000000, 0.00000000, 0.00000000, 'HT', 0.000, 0, 0.000, 0.000, 1, 1, 1, 1, '5.06h', NULL, NULL, 0, '', '', NULL, NULL, NULL, NULL, NULL, NULL, NULL, NULL, NULL, NULL, 0.00000000, '', NULL, 0, NULL),
(33, 'TUGa', 1, NULL, '2015-09-28 14:08:10', '2015-09-28 12:08:39', 0, 0, 'Technical user manual', 'technical user guide for MB3a', '', '', 1, 25.00000000, 25.00000000, 0.00000000, 0.00000000, 'HT', 0.000, 0, 0.000, 0.000, 1, 1, 1, 0, '', NULL, NULL, 0, '', '', NULL, 24.25, -3, 21, -2, 315, -4, 94.5, -6, NULL, 0.00000000, '', 1, 0, NULL),
(34, 'PR000224-32S', 1, NULL, '2015-10-23 12:18:47', '2015-10-23 13:32:51', 0, 0, 'Wind Noise filtering system', '32 air-inlets crepine<br />\r\n36 gardening hoses<br />\r\n4 connection boxes 8 outputs<br />\r\ndiameter 18m', '', '', 1, 8960.00000000, 8960.00000000, 0.00000000, 0.00000000, 'HT', 0.000, 0, 0.000, 0.000, 1, 1, 1, 0, '', NULL, NULL, 0, '', '', NULL, NULL, 0, NULL, 0, NULL, 0, NULL, 0, NULL, 0.00000000, '', 1, 0, NULL),
(35, 'METPAK2', 1, NULL, '2015-10-23 16:20:26', '2015-10-23 14:20:51', 0, 0, 'MetPak weather station', 'Wind Speed and direction, windsonic sensor<br />\r\nbarometric pressure<br />\r\nair temperature, humidity, dew point<br />\r\nadaptable on amast diam 50 mm max<br />\r\nd&eacute;livered with cable 30m long', '', '', NULL, 5050.00000000, 5050.00000000, 0.00000000, 0.00000000, 'HT', 0.000, 0, 0.000, 0.000, 1, 1, 1, 0, '', NULL, NULL, 0, '', '', NULL, NULL, 0, NULL, 0, NULL, 0, NULL, 0, NULL, 0.00000000, '', NULL, 0, NULL);

-- --------------------------------------------------------

--
-- Structure de la table `llx_product_association`
--

CREATE TABLE IF NOT EXISTS `llx_product_association` (
  `rowid` int(11) NOT NULL,
  `fk_product_pere` int(11) NOT NULL DEFAULT '0',
  `fk_product_fils` int(11) NOT NULL DEFAULT '0',
  `qty` double DEFAULT NULL
) ENGINE=InnoDB AUTO_INCREMENT=15 DEFAULT CHARSET=utf8;

--
-- Contenu de la table `llx_product_association`
--

INSERT INTO `llx_product_association` (`rowid`, `fk_product_pere`, `fk_product_fils`, `qty`) VALUES
(1, 1, 8, 1),
(2, 1, 9, 1),
(4, 26, 6, 1),
(5, 26, 7, 1),
(6, 26, 10, 1),
(7, 26, 25, 1),
(8, 26, 4, 1),
(9, 26, 3, 1),
(10, 26, 5, 1),
(11, 26, 8, 1),
(12, 26, 9, 1),
(13, 2, 13, 1),
(14, 2, 8, 1);

-- --------------------------------------------------------

--
-- Structure de la table `llx_product_extrafields`
--

CREATE TABLE IF NOT EXISTS `llx_product_extrafields` (
  `rowid` int(11) NOT NULL,
  `tms` timestamp NOT NULL DEFAULT CURRENT_TIMESTAMP ON UPDATE CURRENT_TIMESTAMP,
  `fk_object` int(11) NOT NULL,
  `import_key` varchar(14) DEFAULT NULL
) ENGINE=InnoDB DEFAULT CHARSET=utf8;

-- --------------------------------------------------------

--
-- Structure de la table `llx_product_fournisseur_price`
--

CREATE TABLE IF NOT EXISTS `llx_product_fournisseur_price` (
  `rowid` int(11) NOT NULL,
  `entity` int(11) NOT NULL DEFAULT '1',
  `datec` datetime DEFAULT NULL,
  `tms` timestamp NOT NULL DEFAULT CURRENT_TIMESTAMP ON UPDATE CURRENT_TIMESTAMP,
  `fk_product` int(11) DEFAULT NULL,
  `fk_soc` int(11) DEFAULT NULL,
  `ref_fourn` varchar(30) DEFAULT NULL,
  `fk_availability` int(11) DEFAULT NULL,
  `price` double(24,8) DEFAULT '0.00000000',
  `quantity` double DEFAULT NULL,
  `remise_percent` double NOT NULL DEFAULT '0',
  `remise` double NOT NULL DEFAULT '0',
  `unitprice` double(24,8) DEFAULT '0.00000000',
  `charges` double(24,8) DEFAULT '0.00000000',
  `unitcharges` double(24,8) DEFAULT '0.00000000',
  `tva_tx` double(6,3) NOT NULL,
  `info_bits` int(11) NOT NULL DEFAULT '0',
  `fk_user` int(11) DEFAULT NULL,
  `import_key` varchar(14) DEFAULT NULL
) ENGINE=InnoDB AUTO_INCREMENT=48 DEFAULT CHARSET=utf8;

--
-- Contenu de la table `llx_product_fournisseur_price`
--

INSERT INTO `llx_product_fournisseur_price` (`rowid`, `entity`, `datec`, `tms`, `fk_product`, `fk_soc`, `ref_fourn`, `fk_availability`, `price`, `quantity`, `remise_percent`, `remise`, `unitprice`, `charges`, `unitcharges`, `tva_tx`, `info_bits`, `fk_user`, `import_key`) VALUES
(1, 1, '2013-09-09 12:01:53', '2013-09-09 10:02:37', 1, 3, 'TMG-ASM-2-90.91.92', 0, 32995.00000000, 4, 0, 0, 8248.75000000, 0.00000000, 0.00000000, 19.600, 0, 1, NULL),
(2, 1, '2013-09-09 13:36:55', '2013-09-09 11:36:55', 2, 3, 'TMG-ASM-2-90.92', 0, 21553.00000000, 4, 0, 0, 5388.25000000, 0.00000000, 0.00000000, 19.600, 0, 1, NULL),
(4, 1, '2013-09-27 10:42:19', '2013-09-27 08:42:19', 4, 4, 'RSN 8', 0, 30.00000000, 1, 0, 0, 30.00000000, 0.00000000, 0.00000000, 19.600, 0, 1, NULL),
(5, 1, '2013-09-27 10:44:31', '2013-09-27 08:44:31', 5, 4, 'RSN 819', 0, 155.00000000, 1, 0, 0, 155.00000000, 0.00000000, 0.00000000, 19.600, 0, 1, NULL),
(6, 1, '2013-09-27 12:04:24', '2013-09-27 10:04:24', 6, 5, '2000BTNC', 0, 70.00000000, 1, 0, 0, 70.00000000, 0.00000000, 0.00000000, 19.600, 0, 1, NULL),
(7, 1, '2013-09-27 13:54:37', '2013-09-27 11:54:37', 7, 6, 'YASA12V12AH', 0, 80.00000000, 1, 0, 0, 80.00000000, 10.00000000, 10.00000000, 19.600, 0, 1, NULL),
(8, 1, '2013-11-05 15:53:00', '2013-12-23 10:26:31', 5, 3, 'RSN819_MCE', 0, 162.50000000, 1, 0, 0, 162.50000000, 0.00000000, 0.00000000, 19.600, 0, 1, NULL),
(9, 1, '2013-11-05 15:54:37', '2013-12-23 10:26:58', 4, 3, 'RSN8_MCE', 0, 100.00000000, 1, 0, 0, 100.00000000, 0.00000000, 0.00000000, 19.600, 0, 1, NULL),
(10, 1, '2013-11-05 15:55:03', '2013-12-23 10:27:52', 3, 3, 'RSN801_MCE', 0, 154.70000000, 1, 0, 0, 154.70000000, 0.00000000, 0.00000000, 19.600, 0, 1, NULL),
(12, 1, '2013-11-05 15:55:59', '2013-12-23 10:28:55', 6, 3, '2000BTNC_PROL', 0, 62.40000000, 1, 0, 0, 62.40000000, 0.00000000, 0.00000000, 19.600, 0, 1, NULL),
(13, 1, '2013-12-23 11:22:22', '2013-12-23 10:22:22', 1, 3, 'TMG-ASM-2-90-A&91B', 0, 13350.83000000, 1, 0, 0, 13350.83000000, 0.00000000, 0.00000000, 19.600, 0, 1, NULL),
(14, 1, '2013-12-23 11:23:47', '2013-12-23 10:23:47', 1, 3, 'TMG-ASM-2-90-A&91B', 0, 37540.49000000, 5, 0, 0, 7508.09800000, 0.00000000, 0.00000000, 19.600, 0, 1, NULL),
(15, 1, '2013-12-23 11:25:33', '2013-12-23 10:25:33', 1, 3, 'TMG-ASM-2-90-A&91B', 0, 67855.85000000, 10, 0, 0, 6785.58500000, 0.00000000, 0.00000000, 19.600, 0, 1, NULL),
(16, 1, '2013-12-23 14:39:46', '2014-07-03 11:45:06', 8, 3, 'TMG-ASM-2-90-A', 0, 3443.45300000, 1, 0, 0, 3443.45300000, 0.00000000, 0.00000000, 20.000, 0, 1, NULL),
(17, 1, '2013-12-23 14:41:01', '2013-12-23 13:41:01', 9, 3, 'TMG-ASM-2-91B', 0, 5151.89000000, 1, 0, 0, 5151.89000000, 0.00000000, 0.00000000, 19.600, 0, 1, NULL),
(18, 1, '2013-12-23 14:46:14', '2014-08-26 09:05:26', 9, 3, 'TMG-ASM-2-91B', 0, 33146.67000000, 10, 0, 0, 3314.66700000, 0.00000000, 0.00000000, 0.000, 0, 1, NULL),
(19, 1, '2013-12-23 14:46:50', '2014-08-26 09:21:29', 8, 3, 'TMG-ASM-2-90-A', 0, 34434.53000000, 10, 0, 0, 3443.45300000, 0.00000000, 0.00000000, 20.000, 0, 1, NULL),
(20, 1, '2013-12-23 14:56:25', '2013-12-23 13:56:25', 7, 3, 'NP12-12-YUASA-12V-12AH', 0, 41.60000000, 1, 0, 0, 41.60000000, 0.00000000, 0.00000000, 19.600, 0, 1, NULL),
(21, 1, '2014-05-21 11:56:10', '2014-05-21 09:56:10', 10, 3, 'MU000384-/', 0, 28.65000000, 1, 0, 0, 28.65000000, 0.00000000, 0.00000000, 19.600, 0, 1, NULL),
(22, 1, '2014-06-10 10:12:25', '2014-06-10 08:12:25', 1, 3, 'au010514', 0, 6657.00000000, 1, 0, 0, 6657.00000000, 0.00000000, 0.00000000, 20.000, 0, 1, NULL),
(23, 1, '2014-07-03 13:46:02', '2014-07-03 11:46:02', 9, 3, 'prix mai14', 0, 3314.66700000, 1, 0, 0, 3314.66700000, 0.00000000, 0.00000000, 20.000, 0, 1, NULL),
(24, 1, '2014-07-21 10:48:10', '2014-07-22 13:49:07', 12, 3, 'devis', 0, 47.00000000, 1, 0, 0, 47.00000000, 0.00000000, 0.00000000, 20.000, 0, 1, NULL),
(25, 1, '2014-08-26 10:59:25', '2014-08-26 09:05:49', 13, 3, 'D201405020', 0, 7976.02000000, 10, 0, 0, 797.60200000, 0.00000000, 0.00000000, 0.000, 0, 1, NULL),
(26, 1, '2014-08-26 11:16:36', '2014-08-26 09:17:04', 13, 3, 'D201405020', 0, 14005.94000000, 20, 0, 0, 700.29700000, 0.00000000, 0.00000000, 20.000, 0, 1, NULL),
(27, 1, '2014-08-26 11:21:08', '2014-08-26 09:21:08', 8, 3, 'D201405020/20', 0, 62873.60000000, 20, 0, 0, 3143.68000000, 0.00000000, 0.00000000, 20.000, 0, 1, NULL),
(28, 1, '2014-09-29 10:25:06', '2014-09-29 08:25:06', 19, 3, 'TMG-DET-3-73', 0, 967.20000000, 1, 0, 0, 967.20000000, 0.00000000, 0.00000000, 20.000, 0, 1, NULL),
(29, 1, '2014-12-12 17:46:21', '2015-07-03 08:39:35', 25, 3, 'PELI1430_1S', 0, 857.66000000, 1, 0, 0, 857.66000000, 0.00000000, 0.00000000, 0.000, 0, 2, NULL),
(32, 1, '2015-01-13 14:57:28', '2015-05-22 08:38:59', 16, 3, 'PR000161-CBL', 0, 183.84000000, 1, 0, 0, 183.84000000, 0.00000000, 0.00000000, 20.000, 0, 2, NULL),
(34, 1, '2015-01-13 15:09:56', '2015-05-22 08:38:13', 3, 3, 'PR000187–CBL', 0, 166.33000000, 1, 0, 0, 166.33000000, 0.00000000, 0.00000000, 0.000, 0, 2, NULL),
(35, 1, '2015-01-13 15:12:08', '2015-01-13 14:12:08', 18, 3, 'PR000183–CBL', 0, 0.00000000, 1, 0, 0, 0.00000000, 0.00000000, 0.00000000, 20.000, 0, 1, NULL),
(36, 1, '2015-01-13 15:13:17', '2015-01-13 14:13:17', 17, 3, 'PR000188–CBL', 0, 0.00000000, 1, 0, 0, 0.00000000, 0.00000000, 0.00000000, 20.000, 0, 1, NULL),
(37, 1, '2015-01-13 15:17:28', '2015-05-22 08:39:46', 20, 3, 'PR000082–CBL', 0, 164.99000000, 1, 0, 0, 164.99000000, 0.00000000, 0.00000000, 0.000, 0, 2, NULL),
(38, 1, '2015-01-13 15:21:16', '2015-01-13 14:21:16', 6, 3, 'GPS 2000B-TNC-3V', 0, 0.00000000, 1, 0, 0, 0.00000000, 0.00000000, 0.00000000, 20.000, 0, 1, NULL),
(39, 1, '2015-01-13 15:31:16', '2015-05-22 08:41:01', 5, 3, 'PR000188-CBL', 0, 187.79000000, 1, 0, 0, 187.79000000, 0.00000000, 0.00000000, 20.000, 0, 2, NULL),
(40, 1, '2015-01-13 15:35:04', '2015-05-22 08:41:27', 4, 3, 'PR000183–CBL_3', 0, 113.99000000, 1, 0, 0, 113.99000000, 0.00000000, 0.00000000, 20.000, 0, 2, NULL),
(41, 1, '2015-01-19 15:34:25', '2015-01-19 14:34:25', 12, 3, 'PE9560', 0, 55.22000000, 1, 0, 0, 55.22000000, 0.00000000, 0.00000000, 20.000, 0, 1, NULL),
(43, 1, '2015-07-02 12:48:46', '2015-07-02 10:48:46', 29, 3, 'D201505025', 0, 380.91000000, 4, 0, 0, 95.22750000, 0.00000000, 0.00000000, 20.000, 0, 1, NULL),
(44, 1, '2015-09-29 13:37:35', '2015-09-29 11:37:35', 30, 3, 'METRO_SENS_SN', 0, 70.00000000, 1, 0, 0, 70.00000000, 0.00000000, 0.00000000, 20.000, 0, 1, NULL),
(45, 1, '2015-09-29 13:38:40', '2015-09-29 11:38:40', 32, 3, 'METRO_SENS_AC', 0, 90.00000000, 1, 0, 0, 90.00000000, 0.00000000, 0.00000000, 20.000, 0, 1, NULL),
(46, 1, '2015-09-29 13:39:09', '2015-09-29 11:39:09', 31, 3, 'METRO_SENS_EC', 0, 150.00000000, 1, 0, 0, 150.00000000, 0.00000000, 0.00000000, 20.000, 0, 1, NULL),
(47, 1, '2015-10-23 15:30:40', '2015-10-23 13:31:14', 34, 3, 'D201510027', 0, 4479.03000000, 1, 0, 0, 4479.03000000, 0.00000000, 0.00000000, 20.000, 0, 1, NULL);

-- --------------------------------------------------------

--
-- Structure de la table `llx_product_fournisseur_price_log`
--

CREATE TABLE IF NOT EXISTS `llx_product_fournisseur_price_log` (
  `rowid` int(11) NOT NULL,
  `datec` datetime DEFAULT NULL,
  `fk_product_fournisseur` int(11) NOT NULL,
  `price` double(24,8) DEFAULT '0.00000000',
  `quantity` double DEFAULT NULL,
  `fk_user` int(11) DEFAULT NULL
) ENGINE=InnoDB DEFAULT CHARSET=utf8;

-- --------------------------------------------------------

--
-- Structure de la table `llx_product_lang`
--

CREATE TABLE IF NOT EXISTS `llx_product_lang` (
  `rowid` int(11) NOT NULL,
  `fk_product` int(11) NOT NULL DEFAULT '0',
  `lang` varchar(5) NOT NULL DEFAULT '0',
  `label` varchar(255) NOT NULL,
  `description` text,
  `note` text
) ENGINE=InnoDB AUTO_INCREMENT=29 DEFAULT CHARSET=utf8;

--
-- Contenu de la table `llx_product_lang`
--

INSERT INTO `llx_product_lang` (`rowid`, `fk_product`, `lang`, `label`, `description`, `note`) VALUES
(1, 1, 'fr_FR', 'Microbaromètre digital', '<div>\r\n	<strong>Poids et dimensions :</strong></div>\r\n<div>\r\n	H 25 cm / Diam. 11 cm / Weight 3.4 Kg</div>\r\n<div>\r\n	<strong>Caract&eacute;ristiques techniques du bloc transducteur :</strong></div>\r\n<div>\r\n	- Bande passante (f-3 db) : Sortie pression : 0.01-28 HZ / Sortie d&eacute;riv&eacute;e de pression : DC-28 Hz</div>\r\n<div>\r\n	- BLDR [0.02;4] Hz 117 dB @ f&lt;1.6 Hz / 109 db @ f=4 Hz</div>\r\n<div>\r\n	- Bruit instrumental 0.13 mPa/&radic;(Hz) @ 1 Hz ; &lt; 10 dB under the LNM</div>\r\n<div>\r\n	- Resolution [0.02;4] Hz 1.75 mPaRMS</div>\r\n<div>\r\n	- Sensibilit&eacute;: Sortie Pression : 20 mV/Pa / Sortie D&eacute;riv&eacute;e de pression : 2 mV/Pa.s<sup>-1</sup></div>\r\n<div>\r\n	<strong>Caract&eacute;ristiques techniques du num&eacute;riseur :</strong></div>\r\n<div>\r\n	- Niveau de saturation et plage de sortie : Pressure: &plusmn;min (12000</div>\r\n<div>\r\n	[Pa/s]/2.pi.f[Hz] ; 1000[Pa]) / Pressure derivative: &plusmn;10000 (Pa/s)</div>\r\n<div>\r\n	- Fr&eacute;quence d&#39;&eacute;chantillonnage : 20, 50,100 Hz</div>\r\n<div>\r\n	- Sensibilit&eacute; : 1,178 10<sup>-4</sup>&nbsp;Pa/lsb or 1,178 10<sup>-3</sup>&nbsp;Pa/s/lsb @ gain= 1</div>\r\n<div>\r\n	- Gain param&eacute;trable : 1, 2, 4, 8</div>\r\n<div>\r\n	- Stockage: 1 Go / miniSEED</div>\r\n<div>\r\n	- Alimentation : 12 V DC (7-20V) / 70 mA @ 12 V</div>', ''),
(2, 1, 'en_US', 'Digital Microbarometer', '<div>\r\n	<strong>Weight and Dimensions:</strong></div>\r\n<div>\r\n	H 25 cm / Diam. 11 cm / Weight 3.4 Kg</div>\r\n<div>\r\n	<strong>Transducer technical characteristics:</strong></div>\r\n<div>\r\n	- Bandwidth (f-3 db) : Pressure output : 0.01-28 HZ / Pressure</div>\r\n<div>\r\n	derivative output : DC-28 Hz</div>\r\n<div>\r\n	- BLDR [0.02;4] Hz 117 dB @ f&lt;1.6 Hz / 109 db @ f=4 Hz</div>\r\n<div>\r\n	-Self noise 0.13 mPa/&radic;(Hz) @ 1 Hz ; &lt; 10 dB under the LNM</div>\r\n<div>\r\n	- Resolution [0.02;4] Hz 1.75 mPaRMS</div>\r\n<div>\r\n	- Default sensitivity: Pressure output: 20 mV/Pa / Pressure derivative output : 2 mV/Pa.s<sup>-1</sup></div>\r\n<div>\r\n	<strong>Digitizer technical characteristics:</strong></div>\r\n<div>\r\n	- Clipping Level &amp; output range: Pressure: &plusmn;min (12000</div>\r\n<div>\r\n	[Pa/s]/2.pi.f[Hz] ; 1000[Pa]) / Pressure derivative: &plusmn;10000 (Pa/s)</div>\r\n<div>\r\n	- Sampling rate: 20, 50,100 Hz</div>\r\n<div>\r\n	- Nominal sensitivity: 1,178 10<sup>-4</sup> Pa/lsb or 1,178 10<sup>-3</sup> Pa/s/lsb @ gain= 1</div>\r\n<div>\r\n	- Built in gain: 1, 2, 4, 8</div>\r\n<div>\r\n	- Data storage: 1 GB / miniSEED</div>\r\n<div>\r\n	- Power requirements: 12 V DC (7-20V) / 70 mA @ 12 V</div>', ''),
(3, 24, 'fr_FR', 'Direct transport', '', ''),
(4, 25, 'fr_FR', 'PELICASE 1430 with adapted Foam', 'PELICASE 1430 &nbsp;+ adapted foam<br />\r\nDim. int&nbsp;: 344 x 146 x 297 mm<br />\r\nDim. ext&nbsp;: 430 x 244 x 341 mm', ''),
(5, 3, 'fr_FR', '12 V Power cable', '', ''),
(6, 18, 'fr_FR', 'GPS cable 10 m', '10 m long<br />\r\nCoaxial TNC to TNC', ''),
(7, 17, 'fr_FR', 'PC/USB cable 3 m', '18 pin to USB<br />\r\n3 m long', ''),
(8, 20, 'fr_FR', 'Magnet Adjustment Cable', '', ''),
(9, 5, 'fr_FR', 'Câble PC/USB', '18 pin to USB<br />\r\n1.5 m long', ''),
(10, 4, 'fr_FR', 'GPS cable 5m', '5 m long<br />\r\nCoaxial TNC to TNC', ''),
(11, 7, 'fr_FR', 'BATTERY NP12-12 YUASA', '<div>\r\n	&nbsp;Battery Capacity: 12Ah&nbsp; Battery Voltage: 12V</div>\r\n<div>\r\n	&nbsp;Battery Technology: Lead Acid</div>\r\n<div>\r\n	&nbsp;External Height: 97.5mm</div>\r\n<div>\r\n	&nbsp;External Width: 98mm</div>\r\n<div>\r\n	&nbsp;External Depth: 151mm</div>\r\n<div>\r\n	&nbsp;Weight: 4kg</div>\r\n<div>\r\n	&nbsp;Battery Terminals: Quick Connect</div>\r\n<div>\r\n	&nbsp;Charge Current Max: 3A</div>\r\n<div>\r\n	&nbsp;Cyclic Charge Voltage Max: 15V</div>\r\n<div>\r\n	&nbsp;Cyclic Charge Voltage Min: 14.4V</div>\r\n<div>\r\n	&nbsp;Depth: 98mm</div>\r\n<div>\r\n	&nbsp;Height Max: 97.5mm</div>\r\n<div>\r\n	&nbsp;Output Voltage: 12V</div>', ''),
(12, 26, 'fr_FR', 'MB3D Starter traveling KIT', '<div style="color: rgb(16, 16, 16); font-family: arial, sans-serif, verdana, helvetica; font-size: 12.222222328186px;">\r\n	1 MB3d with 4 silicone caps</div>\r\n<div style="color: rgb(16, 16, 16); font-family: arial, sans-serif, verdana, helvetica; font-size: 12.222222328186px;">\r\n	1 Antenna Procom 3V</div>\r\n<div style="color: rgb(16, 16, 16); font-family: arial, sans-serif, verdana, helvetica; font-size: 12.222222328186px;">\r\n	1 GPS Cable (5m long)</div>\r\n<div style="color: rgb(16, 16, 16); font-family: arial, sans-serif, verdana, helvetica; font-size: 12.222222328186px;">\r\n	1 12v Battery</div>\r\n<div style="color: rgb(16, 16, 16); font-family: arial, sans-serif, verdana, helvetica; font-size: 12.222222328186px;">\r\n	1 Power Cable (3m long)</div>\r\n<div style="color: rgb(16, 16, 16); font-family: arial, sans-serif, verdana, helvetica; font-size: 12.222222328186px;">\r\n	1 PC/USB cable (1,5m long)</div>\r\n<div style="color: rgb(16, 16, 16); font-family: arial, sans-serif, verdana, helvetica; font-size: 12.222222328186px;">\r\n	&nbsp;</div>\r\n<div style="color: rgb(16, 16, 16); font-family: arial, sans-serif, verdana, helvetica; font-size: 12.222222328186px;">\r\n	1 Cd with Dionisos Software, 1 User-guide in pdf format</div>\r\n<div style="color: rgb(16, 16, 16); font-family: arial, sans-serif, verdana, helvetica; font-size: 12.222222328186px;">\r\n	1 calibration Certificate</div>\r\n<div style="color: rgb(16, 16, 16); font-family: arial, sans-serif, verdana, helvetica; font-size: 12.222222328186px;">\r\n	&nbsp;</div>\r\n<div style="color: rgb(16, 16, 16); font-family: arial, sans-serif, verdana, helvetica; font-size: 12.222222328186px;">\r\n	1 magnet wrench</div>\r\n<div style="color: rgb(16, 16, 16); font-family: arial, sans-serif, verdana, helvetica; font-size: 12.222222328186px;">\r\n	1 suitcase with Foam</div>', ''),
(13, 26, 'en_US', 'MB3D Starter traveling KIT', '<div style="color: rgb(16, 16, 16); font-family: arial, sans-serif, verdana, helvetica; font-size: 12.222222328186px;">\r\n	1 MB3d with 4 silicone caps</div>\r\n<div style="color: rgb(16, 16, 16); font-family: arial, sans-serif, verdana, helvetica; font-size: 12.222222328186px;">\r\n	1 Antenna Procom 3V</div>\r\n<div style="color: rgb(16, 16, 16); font-family: arial, sans-serif, verdana, helvetica; font-size: 12.222222328186px;">\r\n	1 GPS Cable (5m long)</div>\r\n<div style="color: rgb(16, 16, 16); font-family: arial, sans-serif, verdana, helvetica; font-size: 12.222222328186px;">\r\n	1 12v Battery</div>\r\n<div style="color: rgb(16, 16, 16); font-family: arial, sans-serif, verdana, helvetica; font-size: 12.222222328186px;">\r\n	1 Power Cable (3m long)</div>\r\n<div style="color: rgb(16, 16, 16); font-family: arial, sans-serif, verdana, helvetica; font-size: 12.222222328186px;">\r\n	1 PC/USB cable (1,5m long)</div>\r\n<div style="color: rgb(16, 16, 16); font-family: arial, sans-serif, verdana, helvetica; font-size: 12.222222328186px;">\r\n	&nbsp;</div>\r\n<div style="color: rgb(16, 16, 16); font-family: arial, sans-serif, verdana, helvetica; font-size: 12.222222328186px;">\r\n	1 Cd with Dionisos Software, 1 User-guide in pdf format</div>\r\n<div style="color: rgb(16, 16, 16); font-family: arial, sans-serif, verdana, helvetica; font-size: 12.222222328186px;">\r\n	1 calibration Certificate</div>\r\n<div style="color: rgb(16, 16, 16); font-family: arial, sans-serif, verdana, helvetica; font-size: 12.222222328186px;">\r\n	&nbsp;</div>\r\n<div style="color: rgb(16, 16, 16); font-family: arial, sans-serif, verdana, helvetica; font-size: 12.222222328186px;">\r\n	1 magnet wrench</div>\r\n<div style="color: rgb(16, 16, 16); font-family: arial, sans-serif, verdana, helvetica; font-size: 12.222222328186px;">\r\n	1 suitcase with Foam</div>', ''),
(14, 27, 'fr_FR', 'Direct transport', '', ''),
(15, 28, 'fr_FR', 'Duty and Tax Estimate', '', ''),
(16, 23, 'fr_FR', 'ScrewPack MB3 Transportation box', '', ''),
(17, 29, 'fr_FR', 'Wind Noise filtering system', '4 grilles de filtrage<br />\r\n4 tuyaux de raccordement de 25 cm', ''),
(18, 10, 'fr_FR', 'Magnet Wrench', '', ''),
(19, 6, 'fr_FR', 'GPS ANTENNA PROCOM 2000B TNC', '<div>\r\n	Flat-pack GPS-antenna for fixed installations.</div>\r\n<div>\r\n	Full hemispherical coverage.</div>\r\n<div>\r\n	Built-in high gain, low noise amplifier.</div>\r\n<div>\r\n	Right-hand circular polarization (RHCP).</div>\r\n<div>\r\n	Available in black or white, see model survey.</div>\r\n<div>\r\n	5 V supply voltage (3 V respectively 12 V available on request).</div>\r\n<div>\r\n	DC supply via RF-connector.</div>\r\n<div>\r\n	EMC tested to IEC 801 and IEC 255.</div>\r\n<div>\r\n	Provided with FME (male) or TNC (female) connector, see model survey.</div>\r\n<div>\r\n	Wide range of FME-accessories available.</div>', ''),
(20, 12, 'fr_FR', 'TNC Male to TNC Male Right Angle Adapter', '<table border="1" cellpadding="0" cellspacing="0">\r\n	<tbody>\r\n		<tr>\r\n			<td style="width:177px;">\r\n				<strong>Key Specifications </strong></td>\r\n			<td style="width:104px;">\r\n				&nbsp;</td>\r\n		</tr>\r\n		<tr>\r\n			<td style="width:177px;">\r\n				Connector Series 1</td>\r\n			<td style="width:104px;">\r\n				TNC</td>\r\n		</tr>\r\n		<tr>\r\n			<td style="width:177px;">\r\n				Connector Gender 1</td>\r\n			<td style="width:104px;">\r\n				Male</td>\r\n		</tr>\r\n		<tr>\r\n			<td style="width:177px;">\r\n				Connector Polarity 1</td>\r\n			<td style="width:104px;">\r\n				Standard</td>\r\n		</tr>\r\n		<tr>\r\n			<td style="width:177px;">\r\n				Connector Impedance 1</td>\r\n			<td style="width:104px;">\r\n				50 Ohm</td>\r\n		</tr>\r\n		<tr>\r\n			<td style="width:177px;">\r\n				Connector Series 2</td>\r\n			<td style="width:104px;">\r\n				TNC</td>\r\n		</tr>\r\n		<tr>\r\n			<td style="width:177px;">\r\n				Connector Gender 2</td>\r\n			<td style="width:104px;">\r\n				Male</td>\r\n		</tr>\r\n		<tr>\r\n			<td style="width:177px;">\r\n				Connector Polarity 2</td>\r\n			<td style="width:104px;">\r\n				Standard</td>\r\n		</tr>\r\n		<tr>\r\n			<td style="width:177px;">\r\n				Connector Impedance 2</td>\r\n			<td style="width:104px;">\r\n				50 Ohm</td>\r\n		</tr>\r\n		<tr>\r\n			<td style="width:177px;">\r\n				Adapter Body Style</td>\r\n			<td style="width:104px;">\r\n				Right Angle</td>\r\n		</tr>\r\n		<tr>\r\n			<td style="width:177px;">\r\n				Connector Mount Method 1</td>\r\n			<td style="width:104px;">\r\n				None</td>\r\n		</tr>\r\n		<tr>\r\n			<td style="width:177px;">\r\n				Connector Body Material 1</td>\r\n			<td style="width:104px;">\r\n				Brass</td>\r\n		</tr>\r\n		<tr>\r\n			<td style="width:177px;">\r\n				Connector Body Plating 1</td>\r\n			<td style="width:104px;">\r\n				Nickel</td>\r\n		</tr>\r\n		<tr>\r\n			<td style="width:177px;">\r\n				Connector Mount Method 2</td>\r\n			<td style="width:104px;">\r\n				None</td>\r\n		</tr>\r\n		<tr>\r\n			<td style="width:177px;">\r\n				Connector Body Material 2</td>\r\n			<td style="width:104px;">\r\n				Brass</td>\r\n		</tr>\r\n		<tr>\r\n			<td style="width:177px;">\r\n				Connector Body Plating 2</td>\r\n			<td style="width:104px;">\r\n				Nickel</td>\r\n		</tr>\r\n	</tbody>\r\n</table>\r\n&nbsp;', 'achat Prolann fabricant<br />\r\nhttp://www.pasternack.com/tnc-male-tnc-male-right-angle-adapter-pe9560-p.aspx<br />\r\nROHS REACH compliant'),
(21, 16, 'fr_FR', 'Sensor to digitizer cable', '', ''),
(22, 2, 'fr_FR', 'Microbarometer analog', '', ''),
(23, 30, 'fr_FR', 'Measurement of Sensor self Noise', 'sensor self-noise of the pressure output at 1Hz', ''),
(24, 31, 'fr_FR', 'Response by electrical calibration', 'Plots of the full frequency response obtained by the electrical sensor self-calibration capability for the amplitude and phase of the pressure output', ''),
(25, 32, 'fr_FR', 'Response by acoustical calibration', 'Plots of the full frequency response obtained by the dynamic calibration of the amplitude and phase of the pressure output', ''),
(26, 33, 'fr_FR', 'Technical user manual', 'technical user guide for MB3a', ''),
(27, 34, 'fr_FR', 'Wind Noise filtering system', '32 air-inlets crepine<br />\r\n36 gardening hoses<br />\r\n4 connection boxes 8 outputs<br />\r\ndiameter 18m', ''),
(28, 35, 'fr_FR', 'MetPak weather station', 'Wind Speed and direction, windsonic sensor<br />\r\nbarometric pressure<br />\r\nair temperature, humidity, dew point<br />\r\nadaptable on amast diam 50 mm max<br />\r\nd&eacute;livered with cable 30m long', '');

-- --------------------------------------------------------

--
-- Structure de la table `llx_product_price`
--

CREATE TABLE IF NOT EXISTS `llx_product_price` (
  `rowid` int(11) NOT NULL,
  `entity` int(11) NOT NULL DEFAULT '1',
  `tms` timestamp NOT NULL DEFAULT CURRENT_TIMESTAMP ON UPDATE CURRENT_TIMESTAMP,
  `fk_product` int(11) NOT NULL,
  `date_price` datetime NOT NULL,
  `price_level` smallint(6) DEFAULT '1',
  `price` double(24,8) DEFAULT NULL,
  `price_ttc` double(24,8) DEFAULT NULL,
  `price_min` double(24,8) DEFAULT NULL,
  `price_min_ttc` double(24,8) DEFAULT NULL,
  `price_base_type` varchar(3) DEFAULT 'HT',
  `tva_tx` double(6,3) NOT NULL,
  `recuperableonly` int(11) NOT NULL DEFAULT '0',
  `localtax1_tx` double(6,3) DEFAULT '0.000',
  `localtax2_tx` double(6,3) DEFAULT '0.000',
  `fk_user_author` int(11) DEFAULT NULL,
  `tosell` tinyint(4) DEFAULT '1',
  `price_by_qty` int(11) NOT NULL DEFAULT '0',
  `import_key` varchar(14) DEFAULT NULL
) ENGINE=InnoDB AUTO_INCREMENT=133 DEFAULT CHARSET=utf8;

--
-- Contenu de la table `llx_product_price`
--

INSERT INTO `llx_product_price` (`rowid`, `entity`, `tms`, `fk_product`, `date_price`, `price_level`, `price`, `price_ttc`, `price_min`, `price_min_ttc`, `price_base_type`, `tva_tx`, `recuperableonly`, `localtax1_tx`, `localtax2_tx`, `fk_user_author`, `tosell`, `price_by_qty`, `import_key`) VALUES
(1, 1, '2013-08-01 08:09:13', 1, '2013-08-01 10:09:12', 1, 9400.00000000, 11242.40000000, 8900.00000000, 10644.40000000, 'HT', 19.600, 0, 0.000, 0.000, 1, 1, 0, NULL),
(2, 1, '2013-08-01 08:10:04', 2, '2013-08-01 10:10:02', 1, 7050.00000000, 8431.80000000, 6600.00000000, 7893.60000000, 'HT', 19.600, 0, 0.000, 0.000, 1, 1, 0, NULL),
(3, 1, '2013-08-01 14:45:15', 2, '2013-08-01 16:45:12', 1, 7500.00000000, 8970.00000000, 6600.00000000, 7893.60000000, 'HT', 19.600, 0, 0.000, 0.000, 1, 1, 0, NULL),
(4, 1, '2013-08-01 14:47:33', 1, '2013-08-01 16:47:31', 1, 10400.00000000, 12438.40000000, 8900.00000000, 10644.40000000, 'HT', 19.600, 0, 0.000, 0.000, 1, 1, 0, NULL),
(5, 1, '2013-09-27 08:37:54', 3, '2013-09-27 10:37:54', 1, 140.00000000, 167.44000000, 120.00000000, 143.52000000, 'HT', 19.600, 0, 0.000, 0.000, 1, 1, 0, NULL),
(6, 1, '2013-09-27 08:40:40', 4, '2013-09-27 10:40:40', 1, 140.00000000, 167.44000000, 120.00000000, 143.52000000, 'HT', 19.600, 0, 0.000, 0.000, 1, 0, 0, NULL),
(7, 1, '2013-09-27 08:41:29', 4, '2013-09-27 10:41:29', 1, 45.00000000, 53.82000000, 30.00000000, 35.88000000, 'HT', 19.600, 0, 0.000, 0.000, 1, 1, 0, NULL),
(8, 1, '2013-09-27 08:43:04', 5, '2013-09-27 10:43:04', 1, 45.00000000, 53.82000000, 30.00000000, 35.88000000, 'HT', 19.600, 0, 0.000, 0.000, 1, 0, 0, NULL),
(9, 1, '2013-09-27 08:43:55', 5, '2013-09-27 10:43:55', 1, 155.00000000, 185.38000000, 130.00000000, 155.48000000, 'HT', 19.600, 0, 0.000, 0.000, 1, 1, 0, NULL),
(10, 1, '2013-09-27 09:53:53', 6, '2013-09-27 11:53:53', 1, 110.00000000, 131.56000000, 90.00000000, 107.64000000, 'HT', 19.600, 0, 0.000, 0.000, 1, 1, 0, NULL),
(11, 1, '2013-09-27 11:45:11', 7, '2013-09-27 13:45:11', 1, 110.00000000, 131.56000000, 100.00000000, 119.60000000, 'HT', 19.600, 0, 0.000, 0.000, 1, 1, 0, NULL),
(12, 1, '2013-12-23 13:39:00', 8, '2013-12-23 14:39:00', 1, 0.00000000, 0.00000000, 0.00000000, 0.00000000, '', 0.000, 0, 0.000, 0.000, 1, 0, 0, NULL),
(13, 1, '2013-12-23 13:40:29', 9, '2013-12-23 14:40:29', 1, 0.00000000, 0.00000000, 0.00000000, 0.00000000, '', 0.000, 0, 0.000, 0.000, 1, 1, 0, NULL),
(14, 1, '2014-05-21 09:54:29', 10, '2014-05-21 11:54:29', 1, 0.00000000, 0.00000000, 0.00000000, 0.00000000, '', 0.000, 0, 0.000, 0.000, 1, 1, 0, NULL),
(15, 1, '2014-05-21 09:57:17', 10, '2014-05-21 11:57:17', 1, 55.00000000, 65.78000000, 0.00000000, 0.00000000, 'HT', 19.600, 0, 0.000, 0.000, 1, 1, 0, NULL),
(16, 1, '2014-05-21 10:02:25', 10, '2014-05-21 12:02:25', 1, 55.00000000, 66.00000000, 0.00000000, 0.00000000, 'HT', 20.000, 0, 0.000, 0.000, 1, 1, 0, NULL),
(17, 1, '2014-06-10 08:10:40', 1, '2014-06-10 10:10:40', 1, 12490.00000000, 12490.00000000, 10600.00000000, 10600.00000000, 'HT', 0.000, 0, 0.000, 0.000, 1, 1, 0, NULL),
(18, 1, '2014-06-10 08:10:40', 1, '2014-06-10 10:10:40', 2, 12380.00000000, 14806.48000000, 10600.00000000, 12677.60000000, 'HT', 19.600, 0, 0.000, 0.000, 1, 1, 0, NULL),
(19, 1, '2014-06-10 08:10:41', 1, '2014-06-10 10:10:41', 3, 12250.00000000, 14651.00000000, 10600.00000000, 12677.60000000, 'HT', 19.600, 0, 0.000, 0.000, 1, 1, 0, NULL),
(20, 1, '2014-06-10 08:10:42', 1, '2014-06-10 10:10:42', 4, 12140.00000000, 14519.44000000, 10600.00000000, 12677.60000000, 'HT', 19.600, 0, 0.000, 0.000, 1, 1, 0, NULL),
(21, 1, '2014-06-10 08:11:13', 1, '2014-06-10 10:11:13', 5, 11990.00000000, 11990.00000000, 10600.00000000, 10600.00000000, 'HT', 0.000, 0, 0.000, 0.000, 1, 1, 0, NULL),
(24, 1, '2014-06-19 12:27:22', 1, '2014-06-19 14:27:22', 5, 11990.00000000, 11990.00000000, 10000.00000000, 10000.00000000, 'HT', 0.000, 0, 0.000, 0.000, 2, 1, 0, NULL),
(25, 1, '2014-06-19 12:27:34', 1, '2014-06-19 14:27:34', 1, 12490.00000000, 12490.00000000, 10000.00000000, 10000.00000000, 'HT', 0.000, 0, 0.000, 0.000, 2, 1, 0, NULL),
(26, 1, '2014-06-19 12:27:42', 1, '2014-06-19 14:27:42', 2, 12380.00000000, 12380.00000000, 10000.00000000, 10000.00000000, 'HT', 0.000, 0, 0.000, 0.000, 2, 1, 0, NULL),
(27, 1, '2014-06-19 12:27:51', 1, '2014-06-19 14:27:51', 3, 12250.00000000, 12250.00000000, 10000.00000000, 10000.00000000, 'HT', 0.000, 0, 0.000, 0.000, 2, 1, 0, NULL),
(28, 1, '2014-06-19 12:27:52', 1, '2014-06-19 14:27:52', 4, 12140.00000000, 12140.00000000, 10000.00000000, 10000.00000000, 'HT', 0.000, 0, 0.000, 0.000, 2, 1, 0, NULL),
(29, 1, '2014-07-21 07:34:38', 2, '2014-07-21 09:34:38', 1, 8990.00000000, 10788.00000000, 6600.00000000, 7920.00000000, 'HT', 20.000, 0, 0.000, 0.000, 1, 1, 0, NULL),
(30, 1, '2014-07-21 07:34:52', 2, '2014-07-21 09:34:52', 2, 8890.00000000, 10668.00000000, 0.00000000, 0.00000000, 'HT', 20.000, 0, 0.000, 0.000, 1, 1, 0, NULL),
(31, 1, '2014-07-21 07:35:03', 2, '2014-07-21 09:35:03', 3, 8790.00000000, 10548.00000000, 0.00000000, 0.00000000, 'HT', 20.000, 0, 0.000, 0.000, 1, 1, 0, NULL),
(32, 1, '2014-07-21 07:35:14', 2, '2014-07-21 09:35:14', 4, 8690.00000000, 10428.00000000, 0.00000000, 0.00000000, 'HT', 20.000, 0, 0.000, 0.000, 1, 1, 0, NULL),
(33, 1, '2014-07-21 07:35:25', 2, '2014-07-21 09:35:25', 5, 8590.00000000, 10308.00000000, 0.00000000, 0.00000000, 'HT', 20.000, 0, 0.000, 0.000, 1, 1, 0, NULL),
(34, 1, '2014-07-21 07:36:23', 1, '2014-07-21 09:36:23', 1, 12490.00000000, 14988.00000000, 10000.00000000, 12000.00000000, 'HT', 20.000, 0, 0.000, 0.000, 1, 1, 0, NULL),
(35, 1, '2014-07-21 08:24:14', 4, '2014-07-21 10:24:14', 1, 150.00000000, 150.00000000, 30.00000000, 30.00000000, 'HT', 0.000, 0, 0.000, 0.000, 1, 1, 0, NULL),
(36, 1, '2014-07-21 08:24:20', 4, '2014-07-21 10:24:20', 1, 150.00000000, 180.00000000, 30.00000000, 36.00000000, 'HT', 20.000, 0, 0.000, 0.000, 1, 1, 0, NULL),
(37, 1, '2014-07-21 08:24:57', 3, '2014-07-21 10:24:57', 1, 232.00000000, 232.00000000, 120.00000000, 120.00000000, 'HT', 0.000, 0, 0.000, 0.000, 1, 1, 0, NULL),
(38, 1, '2014-07-21 08:26:02', 5, '2014-07-21 10:26:02', 1, 245.00000000, 294.00000000, 130.00000000, 156.00000000, 'HT', 20.000, 0, 0.000, 0.000, 1, 1, 0, NULL),
(39, 1, '2014-07-21 08:43:39', 12, '2014-07-21 10:43:39', 1, 0.00000000, 0.00000000, 0.00000000, 0.00000000, '', 0.000, 0, 0.000, 0.000, 1, 1, 0, NULL),
(40, 1, '2014-07-21 08:48:31', 12, '2014-07-21 10:48:31', 1, 26.00000000, 31.20000000, 0.00000000, 0.00000000, 'HT', 20.000, 0, 0.000, 0.000, 1, 1, 0, NULL),
(41, 1, '2014-07-22 13:49:50', 12, '2014-07-22 15:49:50', 1, 90.00000000, 108.00000000, 0.00000000, 0.00000000, 'HT', 20.000, 0, 0.000, 0.000, 1, 1, 0, NULL),
(42, 1, '2014-08-20 13:15:02', 2, '2014-08-20 15:15:02', 6, 8590.00000000, 10308.00000000, 0.00000000, 0.00000000, 'HT', 20.000, 0, 0.000, 0.000, 1, 1, 0, NULL),
(43, 1, '2014-08-20 14:03:17', 2, '2014-08-20 16:03:17', 30, 6690.00000000, 8028.00000000, 0.00000000, 0.00000000, 'HT', 20.000, 0, 0.000, 0.000, 1, 1, 0, NULL),
(44, 1, '2014-08-20 14:03:52', 2, '2014-08-20 16:03:52', 20, 6980.00000000, 8376.00000000, 0.00000000, 0.00000000, 'HT', 20.000, 0, 0.000, 0.000, 1, 1, 0, NULL),
(45, 1, '2014-08-20 14:04:16', 2, '2014-08-20 16:04:16', 10, 7980.00000000, 9576.00000000, 0.00000000, 0.00000000, 'HT', 20.000, 0, 0.000, 0.000, 1, 1, 0, NULL),
(46, 1, '2014-08-26 08:56:04', 13, '2014-08-26 10:56:04', 1, 0.00000000, 0.00000000, 0.00000000, 0.00000000, '', 0.000, 0, 0.000, 0.000, 1, 0, 0, NULL),
(47, 1, '2014-08-26 12:34:17', 1, '2014-08-26 14:34:17', 1, 12490.00000000, 14988.00000000, 9000.00000000, 10800.00000000, 'HT', 20.000, 0, 0.000, 0.000, 1, 1, 0, NULL),
(48, 1, '2014-08-26 12:34:30', 1, '2014-08-26 14:34:30', 2, 12380.00000000, 14856.00000000, 9000.00000000, 10800.00000000, 'HT', 20.000, 0, 0.000, 0.000, 1, 1, 0, NULL),
(49, 1, '2014-08-26 12:34:49', 1, '2014-08-26 14:34:49', 3, 12250.00000000, 14700.00000000, 9000.00000000, 10800.00000000, 'HT', 20.000, 0, 0.000, 0.000, 1, 1, 0, NULL),
(50, 1, '2014-09-17 16:45:58', 14, '2014-09-17 18:45:58', 1, 245.00000000, 294.00000000, 130.00000000, 156.00000000, 'HT', 20.000, 0, 0.000, 0.000, 1, 0, 0, NULL),
(51, 1, '2014-09-29 07:23:56', 15, '2014-09-29 09:23:56', 1, 245.00000000, 294.00000000, 130.00000000, 156.00000000, 'HT', 20.000, 0, 0.000, 0.000, 1, 0, 0, NULL),
(52, 1, '2014-09-29 07:24:54', 15, '2014-09-29 09:24:54', 1, 265.00000000, 318.00000000, 130.00000000, 156.00000000, 'HT', 20.000, 0, 0.000, 0.000, 1, 1, 0, NULL),
(53, 1, '2014-09-29 07:26:31', 15, '2014-09-29 09:26:31', 1, 285.00000000, 342.00000000, 130.00000000, 156.00000000, 'HT', 20.000, 0, 0.000, 0.000, 1, 1, 0, NULL),
(54, 1, '2014-09-29 07:30:11', 16, '2014-09-29 09:30:11', 1, 245.00000000, 294.00000000, 130.00000000, 156.00000000, 'HT', 20.000, 0, 0.000, 0.000, 1, 0, 0, NULL),
(55, 1, '2014-09-29 07:31:19', 16, '2014-09-29 09:31:19', 1, 260.00000000, 312.00000000, 130.00000000, 156.00000000, 'HT', 20.000, 0, 0.000, 0.000, 1, 1, 0, NULL),
(56, 1, '2014-09-29 07:32:19', 17, '2014-09-29 09:32:19', 1, 245.00000000, 294.00000000, 130.00000000, 156.00000000, 'HT', 20.000, 0, 0.000, 0.000, 1, 0, 0, NULL),
(57, 1, '2014-09-29 07:33:33', 17, '2014-09-29 09:33:33', 1, 260.00000000, 312.00000000, 130.00000000, 156.00000000, 'HT', 20.000, 0, 0.000, 0.000, 1, 1, 0, NULL),
(58, 1, '2014-09-29 07:34:08', 18, '2014-09-29 09:34:08', 1, 150.00000000, 180.00000000, 30.00000000, 36.00000000, 'HT', 20.000, 0, 0.000, 0.000, 1, 0, 0, NULL),
(59, 1, '2014-09-29 07:35:10', 18, '2014-09-29 09:35:10', 1, 170.00000000, 204.00000000, 30.00000000, 36.00000000, 'HT', 20.000, 0, 0.000, 0.000, 1, 1, 0, NULL),
(60, 1, '2014-09-29 08:16:35', 19, '2014-09-29 10:16:35', 1, 0.00000000, 0.00000000, 0.00000000, 0.00000000, '', 0.000, 0, 0.000, 0.000, 1, 1, 0, NULL),
(61, 1, '2014-09-29 08:20:09', 19, '2014-09-29 10:20:09', 1, 995.00000000, 995.00000000, 750.00000000, 750.00000000, 'HT', 0.000, 0, 0.000, 0.000, 1, 1, 0, NULL),
(62, 1, '2014-10-31 11:27:14', 20, '2014-10-31 12:27:14', 1, 0.00000000, 0.00000000, 0.00000000, 0.00000000, '', 0.000, 0, 0.000, 0.000, 1, 1, 0, NULL),
(63, 1, '2014-10-31 13:33:14', 20, '2014-10-31 14:33:14', 1, 150.00000000, 150.00000000, 110.00000000, 110.00000000, 'HT', 0.000, 0, 0.000, 0.000, 1, 1, 0, NULL),
(64, 1, '2014-10-31 14:59:19', 21, '2014-10-31 15:59:19', 1, 0.00000000, 0.00000000, 0.00000000, 0.00000000, '', 0.000, 0, 0.000, 0.000, 1, 1, 0, NULL),
(65, 1, '2014-10-31 15:05:04', 22, '2014-10-31 16:05:04', 1, 0.00000000, 0.00000000, 0.00000000, 0.00000000, '', 0.000, 0, 0.000, 0.000, 1, 1, 0, NULL),
(66, 1, '2014-10-31 15:08:13', 23, '2014-10-31 16:08:13', 1, 0.00000000, 0.00000000, 0.00000000, 0.00000000, '', 0.000, 0, 0.000, 0.000, 1, 1, 0, NULL),
(67, 1, '2014-11-04 17:19:14', 23, '2014-11-04 18:19:14', 1, 110.00000000, 110.00000000, 0.00000000, 0.00000000, 'HT', 0.000, 0, 0.000, 0.000, 1, 1, 0, NULL),
(68, 1, '2014-11-04 17:20:12', 23, '2014-11-04 18:20:12', 1, 130.00000000, 130.00000000, 0.00000000, 0.00000000, 'HT', 0.000, 0, 0.000, 0.000, 1, 1, 0, NULL),
(69, 1, '2014-12-12 16:30:58', 24, '2014-12-12 17:30:58', 1, 0.00000000, 0.00000000, 0.00000000, 0.00000000, '', 0.000, 0, 0.000, 0.000, 1, 0, 0, NULL),
(70, 1, '2014-12-12 16:40:11', 25, '2014-12-12 17:40:11', 1, 995.00000000, 995.00000000, 750.00000000, 750.00000000, 'HT', 0.000, 0, 0.000, 0.000, 1, 0, 0, NULL),
(71, 1, '2014-12-12 16:45:09', 25, '2014-12-12 17:45:09', 1, 650.00000000, 650.00000000, 640.00000000, 640.00000000, 'HT', 0.000, 0, 0.000, 0.000, 1, 1, 0, NULL),
(72, 1, '2015-01-23 10:35:54', 20, '2015-01-23 11:35:54', 1, 0.00000000, 0.00000000, 110.00000000, 110.00000000, 'HT', 0.000, 0, 0.000, 0.000, 1, 1, 0, NULL),
(73, 1, '2015-01-23 10:36:52', 20, '2015-01-23 11:36:52', 1, 150.00000000, 150.00000000, 110.00000000, 110.00000000, 'HT', 0.000, 0, 0.000, 0.000, 1, 1, 0, NULL),
(74, 1, '2015-01-23 10:38:06', 20, '2015-01-23 11:38:06', 1, 150.00000000, 150.00000000, 0.00000000, 0.00000000, 'HT', 0.000, 0, 0.000, 0.000, 1, 1, 0, NULL),
(75, 1, '2015-01-23 13:08:56', 26, '2015-01-23 14:08:56', 1, 0.00000000, 0.00000000, 0.00000000, 0.00000000, '', 0.000, 0, 0.000, 0.000, 1, 1, 0, NULL),
(76, 1, '2015-02-16 16:43:50', 27, '2015-02-16 17:43:50', 1, 0.00000000, 0.00000000, 0.00000000, 0.00000000, '', 0.000, 0, 0.000, 0.000, 1, 0, 0, NULL),
(77, 1, '2015-02-17 09:41:10', 28, '2015-02-17 10:41:10', 1, 0.00000000, 0.00000000, 0.00000000, 0.00000000, '', 0.000, 0, 0.000, 0.000, 1, 1, 0, NULL),
(78, 1, '2015-04-01 11:11:15', 19, '2015-04-01 13:11:15', 1, 1250.00000000, 1250.00000000, 750.00000000, 750.00000000, 'HT', 0.000, 0, 0.000, 0.000, 1, 1, 0, NULL),
(79, 1, '2015-04-01 11:11:35', 19, '2015-04-01 13:11:35', 2, 1250.00000000, 1250.00000000, 750.00000000, 750.00000000, 'HT', 0.000, 0, 0.000, 0.000, 1, 1, 0, NULL),
(80, 1, '2015-04-01 11:11:48', 19, '2015-04-01 13:11:48', 3, 1250.00000000, 1250.00000000, 750.00000000, 750.00000000, 'HT', 0.000, 0, 0.000, 0.000, 1, 1, 0, NULL),
(81, 1, '2015-04-01 11:12:07', 19, '2015-04-01 13:12:06', 4, 1250.00000000, 1250.00000000, 750.00000000, 750.00000000, 'HT', 0.000, 0, 0.000, 0.000, 1, 1, 0, NULL),
(82, 1, '2015-04-01 11:12:23', 19, '2015-04-01 13:12:23', 5, 995.00000000, 995.00000000, 750.00000000, 750.00000000, 'HT', 0.000, 0, 0.000, 0.000, 1, 1, 0, NULL),
(83, 1, '2015-04-01 11:12:38', 19, '2015-04-01 13:12:38', 6, 995.00000000, 995.00000000, 750.00000000, 750.00000000, 'HT', 0.000, 0, 0.000, 0.000, 1, 1, 0, NULL),
(84, 1, '2015-04-01 11:12:59', 19, '2015-04-01 13:12:59', 7, 995.00000000, 995.00000000, 750.00000000, 750.00000000, 'HT', 0.000, 0, 0.000, 0.000, 1, 1, 0, NULL),
(85, 1, '2015-04-01 11:13:13', 19, '2015-04-01 13:13:13', 8, 995.00000000, 995.00000000, 750.00000000, 750.00000000, 'HT', 0.000, 0, 0.000, 0.000, 1, 1, 0, NULL),
(86, 1, '2015-04-01 11:13:25', 19, '2015-04-01 13:13:25', 9, 995.00000000, 995.00000000, 750.00000000, 750.00000000, 'HT', 0.000, 0, 0.000, 0.000, 1, 1, 0, NULL),
(87, 1, '2015-07-02 10:46:26', 29, '2015-07-02 12:46:26', 1, 0.00000000, 0.00000000, 0.00000000, 0.00000000, '', 0.000, 0, 0.000, 0.000, 1, 1, 0, NULL),
(88, 1, '2015-07-13 15:31:08', 2, '2015-07-13 17:31:08', 1, 9260.00000000, 11112.00000000, 6600.00000000, 7920.00000000, 'HT', 20.000, 0, 0.000, 0.000, 1, 1, 0, NULL),
(89, 1, '2015-07-13 15:31:22', 2, '2015-07-13 17:31:22', 2, 9160.00000000, 10992.00000000, 0.00000000, 0.00000000, 'HT', 20.000, 0, 0.000, 0.000, 1, 1, 0, NULL),
(90, 1, '2015-07-13 15:31:43', 2, '2015-07-13 17:31:43', 3, 9060.00000000, 10872.00000000, 0.00000000, 0.00000000, 'HT', 20.000, 0, 0.000, 0.000, 1, 1, 0, NULL),
(91, 1, '2015-07-13 15:32:05', 2, '2015-07-13 17:32:05', 4, 8950.00000000, 10740.00000000, 0.00000000, 0.00000000, 'HT', 20.000, 0, 0.000, 0.000, 1, 1, 0, NULL),
(92, 1, '2015-07-13 15:32:54', 2, '2015-07-13 17:32:54', 5, 8850.00000000, 10620.00000000, 0.00000000, 0.00000000, 'HT', 20.000, 0, 0.000, 0.000, 1, 1, 0, NULL),
(93, 1, '2015-07-13 15:33:07', 2, '2015-07-13 17:33:07', 6, 8850.00000000, 10620.00000000, 0.00000000, 0.00000000, 'HT', 20.000, 0, 0.000, 0.000, 1, 1, 0, NULL),
(94, 1, '2015-07-13 15:33:22', 2, '2015-07-13 17:33:22', 7, 8850.00000000, 10620.00000000, 0.00000000, 0.00000000, 'HT', 20.000, 0, 0.000, 0.000, 1, 1, 0, NULL),
(95, 1, '2015-07-13 15:33:36', 2, '2015-07-13 17:33:36', 8, 8850.00000000, 10620.00000000, 0.00000000, 0.00000000, 'HT', 20.000, 0, 0.000, 0.000, 1, 1, 0, NULL),
(96, 1, '2015-07-13 15:33:51', 2, '2015-07-13 17:33:51', 9, 8850.00000000, 10620.00000000, 0.00000000, 0.00000000, 'HT', 20.000, 0, 0.000, 0.000, 1, 1, 0, NULL),
(97, 1, '2015-07-13 15:34:06', 2, '2015-07-13 17:34:06', 10, 8230.00000000, 9876.00000000, 0.00000000, 0.00000000, 'HT', 20.000, 0, 0.000, 0.000, 1, 1, 0, NULL),
(98, 1, '2015-07-13 15:34:26', 2, '2015-07-13 17:34:26', 11, 8230.00000000, 9876.00000000, 0.00000000, 0.00000000, 'HT', 20.000, 0, 0.000, 0.000, 1, 1, 0, NULL),
(99, 1, '2015-07-13 15:34:41', 2, '2015-07-13 17:34:41', 12, 8230.00000000, 9876.00000000, 0.00000000, 0.00000000, 'HT', 20.000, 0, 0.000, 0.000, 1, 1, 0, NULL),
(100, 1, '2015-07-13 15:35:00', 2, '2015-07-13 17:35:00', 12, 8230.00000000, 9876.00000000, 0.00000000, 0.00000000, 'HT', 20.000, 0, 0.000, 0.000, 1, 1, 0, NULL),
(101, 1, '2015-07-13 15:35:23', 2, '2015-07-13 17:35:23', 13, 8230.00000000, 9876.00000000, 0.00000000, 0.00000000, 'HT', 20.000, 0, 0.000, 0.000, 1, 1, 0, NULL),
(102, 1, '2015-07-13 15:35:35', 2, '2015-07-13 17:35:35', 14, 8230.00000000, 9876.00000000, 0.00000000, 0.00000000, 'HT', 20.000, 0, 0.000, 0.000, 1, 1, 0, NULL),
(103, 1, '2015-07-13 15:35:52', 2, '2015-07-13 17:35:52', 15, 8230.00000000, 9876.00000000, 0.00000000, 0.00000000, 'HT', 20.000, 0, 0.000, 0.000, 1, 1, 0, NULL),
(104, 1, '2015-07-13 15:36:11', 2, '2015-07-13 17:36:11', 16, 8230.00000000, 9876.00000000, 0.00000000, 0.00000000, 'HT', 20.000, 0, 0.000, 0.000, 1, 1, 0, NULL),
(105, 1, '2015-07-13 15:36:30', 2, '2015-07-13 17:36:30', 17, 8230.00000000, 9876.00000000, 0.00000000, 0.00000000, 'HT', 20.000, 0, 0.000, 0.000, 1, 1, 0, NULL),
(106, 1, '2015-07-13 15:36:55', 2, '2015-07-13 17:36:55', 18, 8230.00000000, 9876.00000000, 0.00000000, 0.00000000, 'HT', 20.000, 0, 0.000, 0.000, 1, 1, 0, NULL),
(107, 1, '2015-07-13 15:37:09', 2, '2015-07-13 17:37:09', 19, 8230.00000000, 9876.00000000, 0.00000000, 0.00000000, 'HT', 20.000, 0, 0.000, 0.000, 1, 1, 0, NULL),
(108, 1, '2015-07-13 15:37:46', 2, '2015-07-13 17:37:46', 20, 7199.00000000, 8638.80000000, 0.00000000, 0.00000000, 'HT', 20.000, 0, 0.000, 0.000, 1, 1, 0, NULL),
(109, 1, '2015-07-13 15:38:03', 2, '2015-07-13 17:38:03', 30, 6990.00000000, 8388.00000000, 0.00000000, 0.00000000, 'HT', 20.000, 0, 0.000, 0.000, 1, 1, 0, NULL),
(110, 1, '2015-07-30 14:31:51', 30, '2015-07-30 16:31:51', 1, 0.00000000, 0.00000000, 0.00000000, 0.00000000, '', 0.000, 0, 0.000, 0.000, 1, 1, 0, NULL),
(111, 1, '2015-07-30 14:34:49', 31, '2015-07-30 16:34:49', 1, 0.00000000, 0.00000000, 0.00000000, 0.00000000, '', 0.000, 0, 0.000, 0.000, 1, 1, 0, NULL),
(112, 1, '2015-07-30 14:35:30', 32, '2015-07-30 16:35:30', 1, 0.00000000, 0.00000000, 0.00000000, 0.00000000, '', 0.000, 0, 0.000, 0.000, 1, 0, 0, NULL),
(113, 1, '2015-09-08 11:55:40', 7, '2015-09-08 13:55:40', 1, 110.00000000, 110.00000000, 100.00000000, 100.00000000, 'HT', 0.000, 0, 0.000, 0.000, 1, 1, 0, NULL),
(114, 1, '2015-09-08 11:56:38', 4, '2015-09-08 13:56:38', 1, 150.00000000, 150.00000000, 30.00000000, 30.00000000, 'HT', 0.000, 0, 0.000, 0.000, 1, 1, 0, NULL),
(115, 1, '2015-09-08 11:58:25', 6, '2015-09-08 13:58:25', 1, 110.00000000, 110.00000000, 90.00000000, 90.00000000, 'HT', 0.000, 0, 0.000, 0.000, 1, 1, 0, NULL),
(116, 1, '2015-09-08 11:59:13', 1, '2015-09-08 13:59:13', 1, 12490.00000000, 12490.00000000, 9000.00000000, 9000.00000000, 'HT', 0.000, 0, 0.000, 0.000, 1, 1, 0, NULL),
(117, 1, '2015-09-08 12:01:05', 3, '2015-09-08 14:01:05', 1, 250.00000000, 250.00000000, 120.00000000, 120.00000000, 'HT', 0.000, 0, 0.000, 0.000, 1, 1, 0, NULL),
(118, 1, '2015-09-08 12:04:35', 1, '2015-09-08 14:04:35', 1, 12865.00000000, 12865.00000000, 9000.00000000, 9000.00000000, 'HT', 0.000, 0, 0.000, 0.000, 1, 1, 0, NULL),
(119, 1, '2015-09-08 12:04:58', 1, '2015-09-08 14:04:58', 2, 12750.00000000, 12750.00000000, 9000.00000000, 9000.00000000, 'HT', 0.000, 0, 0.000, 0.000, 1, 1, 0, NULL),
(120, 1, '2015-09-08 12:05:19', 1, '2015-09-08 14:05:19', 3, 12620.00000000, 12620.00000000, 9000.00000000, 9000.00000000, 'HT', 0.000, 0, 0.000, 0.000, 1, 1, 0, NULL),
(121, 1, '2015-09-08 12:05:39', 1, '2015-09-08 14:05:39', 4, 12500.00000000, 12500.00000000, 10000.00000000, 10000.00000000, 'HT', 0.000, 0, 0.000, 0.000, 1, 1, 0, NULL),
(122, 1, '2015-09-08 12:06:01', 1, '2015-09-08 14:06:01', 5, 12350.00000000, 12350.00000000, 10000.00000000, 10000.00000000, 'HT', 0.000, 0, 0.000, 0.000, 1, 1, 0, NULL),
(123, 1, '2015-09-28 12:08:10', 33, '2015-09-28 14:08:10', 1, 0.00000000, 0.00000000, 0.00000000, 0.00000000, '', 0.000, 0, 0.000, 0.000, 1, 1, 0, NULL),
(124, 1, '2015-09-28 12:08:39', 33, '2015-09-28 14:08:39', 1, 25.00000000, 25.00000000, 0.00000000, 0.00000000, 'HT', 0.000, 0, 0.000, 0.000, 1, 1, 0, NULL),
(125, 1, '2015-09-29 11:36:39', 30, '2015-09-29 13:36:39', 1, 140.00000000, 140.00000000, 0.00000000, 0.00000000, 'HT', 0.000, 0, 0.000, 0.000, 1, 1, 0, NULL),
(126, 1, '2015-09-29 11:38:16', 32, '2015-09-29 13:38:16', 1, 180.00000000, 180.00000000, 0.00000000, 0.00000000, 'HT', 0.000, 0, 0.000, 0.000, 1, 1, 0, NULL),
(127, 1, '2015-09-29 11:39:26', 31, '2015-09-29 13:39:26', 1, 300.00000000, 300.00000000, 0.00000000, 0.00000000, 'HT', 0.000, 0, 0.000, 0.000, 1, 1, 0, NULL),
(128, 1, '2015-09-30 15:07:06', 25, '2015-09-30 17:07:06', 1, 650.00000000, 650.00000000, 0.00000000, 0.00000000, 'HT', 0.000, 0, 0.000, 0.000, 1, 1, 0, NULL),
(129, 1, '2015-10-23 10:18:47', 34, '2015-10-23 12:18:47', 1, 0.00000000, 0.00000000, 0.00000000, 0.00000000, '', 0.000, 0, 0.000, 0.000, 1, 0, 0, NULL),
(130, 1, '2015-10-23 13:32:07', 34, '2015-10-23 15:32:07', 1, 8960.00000000, 8960.00000000, 0.00000000, 0.00000000, 'HT', 0.000, 0, 0.000, 0.000, 1, 1, 0, NULL),
(131, 1, '2015-10-23 14:20:26', 35, '2015-10-23 16:20:26', 1, 0.00000000, 0.00000000, 0.00000000, 0.00000000, '', 0.000, 0, 0.000, 0.000, 1, 1, 0, NULL),
(132, 1, '2015-10-23 14:20:51', 35, '2015-10-23 16:20:51', 1, 5050.00000000, 5050.00000000, 0.00000000, 0.00000000, 'HT', 0.000, 0, 0.000, 0.000, 1, 1, 0, NULL);

-- --------------------------------------------------------

--
-- Structure de la table `llx_product_price_by_qty`
--

CREATE TABLE IF NOT EXISTS `llx_product_price_by_qty` (
  `rowid` int(11) NOT NULL,
  `fk_product_price` int(11) NOT NULL,
  `date_price` timestamp NOT NULL DEFAULT CURRENT_TIMESTAMP ON UPDATE CURRENT_TIMESTAMP,
  `price` double(24,8) DEFAULT '0.00000000',
  `quantity` double DEFAULT NULL,
  `remise_percent` double NOT NULL DEFAULT '0',
  `remise` double NOT NULL DEFAULT '0',
  `unitprice` double(24,8) DEFAULT '0.00000000'
) ENGINE=InnoDB DEFAULT CHARSET=utf8;

-- --------------------------------------------------------

--
-- Structure de la table `llx_product_stock`
--

CREATE TABLE IF NOT EXISTS `llx_product_stock` (
  `rowid` int(11) NOT NULL,
  `tms` timestamp NOT NULL DEFAULT CURRENT_TIMESTAMP ON UPDATE CURRENT_TIMESTAMP,
  `fk_product` int(11) NOT NULL,
  `fk_entrepot` int(11) NOT NULL,
  `reel` double DEFAULT NULL,
  `pmp` double(24,8) NOT NULL DEFAULT '0.00000000',
  `import_key` varchar(14) DEFAULT NULL
) ENGINE=InnoDB AUTO_INCREMENT=20 DEFAULT CHARSET=utf8;

--
-- Contenu de la table `llx_product_stock`
--

INSERT INTO `llx_product_stock` (`rowid`, `tms`, `fk_product`, `fk_entrepot`, `reel`, `pmp`, `import_key`) VALUES
(1, '2015-07-23 13:52:06', 10, 1, 7, 28.65000000, NULL),
(2, '2015-07-23 07:49:49', 1, 1, -6, 5151.89000000, NULL),
(3, '2015-07-23 07:49:50', 8, 1, 4, 2910.63000000, NULL),
(4, '2015-07-23 07:49:50', 9, 1, -4, 3405.13063000, NULL),
(5, '2015-07-30 13:17:30', 7, 1, 1, 41.60000000, NULL),
(6, '2015-07-30 13:17:30', 3, 1, 1, 154.70000000, NULL),
(7, '2015-07-30 13:17:30', 5, 1, 1, 162.50000000, NULL),
(8, '2015-07-30 13:17:30', 4, 1, 1, 100.00000000, NULL),
(9, '2015-07-30 13:17:30', 6, 1, 1, 62.40000000, NULL),
(10, '2015-07-30 13:19:49', 19, 1, 1, 967.20000000, NULL),
(11, '2015-06-01 07:43:54', 13, 1, 3, 648.90000000, NULL),
(12, '2015-04-10 15:34:42', 12, 1, 0, 47.00000000, NULL),
(13, '2015-07-30 13:18:07', 16, 1, 10, 183.84000000, NULL),
(14, '2015-04-10 15:34:42', 18, 1, 0, 0.00000000, NULL),
(15, '2015-05-07 11:04:07', 2, 1, -14, 0.00000000, NULL),
(16, '2015-07-23 13:52:06', 20, 1, 0, 164.99000000, NULL),
(17, '2015-07-30 13:18:38', 23, 1, 6, 49.19000000, NULL),
(18, '2015-07-30 13:17:30', 17, 1, 10, 0.00000000, NULL),
(19, '2015-07-30 13:19:13', 25, 1, 1, 857.66000000, NULL);

-- --------------------------------------------------------

--
-- Structure de la table `llx_projet`
--

CREATE TABLE IF NOT EXISTS `llx_projet` (
  `rowid` int(11) NOT NULL,
  `fk_soc` int(11) DEFAULT NULL,
  `datec` date DEFAULT NULL,
  `tms` timestamp NOT NULL DEFAULT CURRENT_TIMESTAMP ON UPDATE CURRENT_TIMESTAMP,
  `dateo` date DEFAULT NULL,
  `datee` date DEFAULT NULL,
  `ref` varchar(50) DEFAULT NULL,
  `entity` int(11) NOT NULL DEFAULT '1',
  `title` varchar(255) NOT NULL,
  `description` text,
  `fk_user_creat` int(11) NOT NULL,
  `public` int(11) DEFAULT NULL,
  `fk_statut` smallint(6) NOT NULL DEFAULT '0',
  `note_private` text,
  `note_public` text,
  `model_pdf` varchar(255) DEFAULT NULL
) ENGINE=InnoDB DEFAULT CHARSET=utf8;

-- --------------------------------------------------------

--
-- Structure de la table `llx_projet_extrafields`
--

CREATE TABLE IF NOT EXISTS `llx_projet_extrafields` (
  `rowid` int(11) NOT NULL,
  `tms` timestamp NOT NULL DEFAULT CURRENT_TIMESTAMP ON UPDATE CURRENT_TIMESTAMP,
  `fk_object` int(11) NOT NULL,
  `import_key` varchar(14) DEFAULT NULL
) ENGINE=InnoDB DEFAULT CHARSET=utf8;

-- --------------------------------------------------------

--
-- Structure de la table `llx_projet_task`
--

CREATE TABLE IF NOT EXISTS `llx_projet_task` (
  `rowid` int(11) NOT NULL,
  `fk_projet` int(11) NOT NULL,
  `fk_task_parent` int(11) NOT NULL DEFAULT '0',
  `datec` datetime DEFAULT NULL,
  `tms` timestamp NOT NULL DEFAULT CURRENT_TIMESTAMP ON UPDATE CURRENT_TIMESTAMP,
  `dateo` datetime DEFAULT NULL,
  `datee` datetime DEFAULT NULL,
  `datev` datetime DEFAULT NULL,
  `label` varchar(255) NOT NULL,
  `description` text,
  `duration_effective` double NOT NULL DEFAULT '0',
  `progress` int(11) DEFAULT '0',
  `priority` int(11) DEFAULT '0',
  `fk_user_creat` int(11) DEFAULT NULL,
  `fk_user_valid` int(11) DEFAULT NULL,
  `fk_statut` smallint(6) NOT NULL DEFAULT '0',
  `note_private` text,
  `note_public` text,
  `rang` int(11) DEFAULT '0'
) ENGINE=InnoDB DEFAULT CHARSET=utf8;

-- --------------------------------------------------------

--
-- Structure de la table `llx_projet_task_extrafields`
--

CREATE TABLE IF NOT EXISTS `llx_projet_task_extrafields` (
  `rowid` int(11) NOT NULL,
  `tms` timestamp NOT NULL DEFAULT CURRENT_TIMESTAMP ON UPDATE CURRENT_TIMESTAMP,
  `fk_object` int(11) NOT NULL,
  `import_key` varchar(14) DEFAULT NULL
) ENGINE=InnoDB DEFAULT CHARSET=utf8;

-- --------------------------------------------------------

--
-- Structure de la table `llx_projet_task_time`
--

CREATE TABLE IF NOT EXISTS `llx_projet_task_time` (
  `rowid` int(11) NOT NULL,
  `fk_task` int(11) NOT NULL,
  `task_date` date DEFAULT NULL,
  `task_duration` double DEFAULT NULL,
  `fk_user` int(11) DEFAULT NULL,
  `note` text
) ENGINE=InnoDB DEFAULT CHARSET=utf8;

-- --------------------------------------------------------

--
-- Structure de la table `llx_propal`
--

CREATE TABLE IF NOT EXISTS `llx_propal` (
  `rowid` int(11) NOT NULL,
  `ref` varchar(30) NOT NULL,
  `entity` int(11) NOT NULL DEFAULT '1',
  `ref_ext` varchar(255) DEFAULT NULL,
  `ref_int` varchar(255) DEFAULT NULL,
  `ref_client` varchar(255) DEFAULT NULL,
  `fk_soc` int(11) DEFAULT NULL,
  `fk_projet` int(11) DEFAULT NULL,
  `tms` timestamp NOT NULL DEFAULT CURRENT_TIMESTAMP ON UPDATE CURRENT_TIMESTAMP,
  `datec` datetime DEFAULT NULL,
  `datep` date DEFAULT NULL,
  `fin_validite` datetime DEFAULT NULL,
  `date_valid` datetime DEFAULT NULL,
  `date_cloture` datetime DEFAULT NULL,
  `fk_user_author` int(11) DEFAULT NULL,
  `fk_user_valid` int(11) DEFAULT NULL,
  `fk_user_cloture` int(11) DEFAULT NULL,
  `fk_statut` smallint(6) NOT NULL DEFAULT '0',
  `price` double DEFAULT '0',
  `remise_percent` double DEFAULT '0',
  `remise_absolue` double DEFAULT '0',
  `remise` double DEFAULT '0',
  `total_ht` double(24,8) DEFAULT '0.00000000',
  `tva` double(24,8) DEFAULT '0.00000000',
  `localtax1` double(24,8) DEFAULT '0.00000000',
  `localtax2` double(24,8) DEFAULT '0.00000000',
  `total` double(24,8) DEFAULT '0.00000000',
  `fk_account` int(11) DEFAULT NULL,
  `fk_currency` varchar(2) DEFAULT NULL,
  `fk_cond_reglement` int(11) DEFAULT NULL,
  `fk_mode_reglement` int(11) DEFAULT NULL,
  `note_private` text,
  `note_public` text,
  `model_pdf` varchar(255) DEFAULT NULL,
  `date_livraison` date DEFAULT NULL,
  `fk_availability` int(11) DEFAULT NULL,
  `fk_input_reason` int(11) DEFAULT NULL,
  `import_key` varchar(14) DEFAULT NULL,
  `extraparams` varchar(255) DEFAULT NULL,
  `fk_delivery_address` int(11) DEFAULT NULL
) ENGINE=InnoDB AUTO_INCREMENT=39 DEFAULT CHARSET=utf8;

--
-- Contenu de la table `llx_propal`
--

INSERT INTO `llx_propal` (`rowid`, `ref`, `entity`, `ref_ext`, `ref_int`, `ref_client`, `fk_soc`, `fk_projet`, `tms`, `datec`, `datep`, `fin_validite`, `date_valid`, `date_cloture`, `fk_user_author`, `fk_user_valid`, `fk_user_cloture`, `fk_statut`, `price`, `remise_percent`, `remise_absolue`, `remise`, `total_ht`, `tva`, `localtax1`, `localtax2`, `total`, `fk_account`, `fk_currency`, `fk_cond_reglement`, `fk_mode_reglement`, `note_private`, `note_public`, `model_pdf`, `date_livraison`, `fk_availability`, `fk_input_reason`, `import_key`, `extraparams`, `fk_delivery_address`) VALUES
(1, 'PR1308-0001', 1, NULL, NULL, '20MB3--M26-07-13', 1, NULL, '2014-08-26 12:44:01', '2013-08-01 10:26:57', '2013-08-01', '2013-08-31 12:00:00', '2013-08-01 22:01:21', '2014-08-26 14:44:01', 1, 1, 1, 3, 0, NULL, NULL, 0, 170050.00000000, 33329.80000000, 0.00000000, 0.00000000, 203379.80000000, NULL, NULL, 6, 2, '', '', 'azur', NULL, 5, 5, NULL, NULL, NULL),
(4, 'PR1309-0002', 1, NULL, NULL, '', 2, NULL, '2014-07-21 07:14:53', '2013-09-09 11:49:13', '2013-09-09', '2013-10-09 12:00:00', '2013-09-10 18:19:40', '2014-07-21 09:14:53', 1, 1, 1, 3, 0, NULL, NULL, 0, 7500.00000000, 1470.00000000, 0.00000000, 0.00000000, 8970.00000000, NULL, NULL, 1, 2, '', '', 'azur', NULL, 5, 8, NULL, NULL, NULL),
(5, 'PR1309-0003', 1, NULL, NULL, '', 2, NULL, '2014-07-21 07:15:53', '2013-09-09 11:52:15', '2013-09-09', '2013-10-09 12:00:00', '2013-10-01 18:19:19', '2014-07-21 09:15:53', 1, 1, 1, 3, 0, NULL, NULL, 0, 10960.00000000, 2148.16000000, 0.00000000, 0.00000000, 13108.16000000, NULL, NULL, 1, 2, '', '', 'azur', NULL, 5, 8, NULL, NULL, NULL),
(7, 'PR1309-0004', 1, NULL, NULL, 'M_10/09', 2, NULL, '2014-07-21 07:17:13', '2013-09-12 15:43:18', '2013-09-12', '2013-10-12 12:00:00', '2013-09-12 18:15:26', '2014-07-21 09:17:13', 1, 1, 1, 3, 0, NULL, NULL, 0, 22500.00000000, 4410.00000000, 0.00000000, 0.00000000, 26910.00000000, NULL, NULL, 1, 2, '', '', 'azur', NULL, 5, 8, NULL, NULL, NULL),
(8, 'PR1309-0005', 1, NULL, NULL, '', 2, NULL, '2013-09-30 08:44:57', '2013-09-27 10:45:26', '2013-09-27', '2013-10-12 10:45:26', '2013-09-27 13:56:59', NULL, 1, 1, NULL, 0, 0, NULL, NULL, 0, 7905.00000000, 1549.38000000, 0.00000000, 0.00000000, 9454.38000000, NULL, NULL, 1, 2, '', '', 'azur', NULL, 5, 8, NULL, NULL, NULL),
(9, 'PR1310-0006', 1, NULL, NULL, '', 7, NULL, '2013-10-24 08:44:03', '2013-10-01 18:23:17', '2013-10-01', '2013-10-16 18:23:17', '2013-10-01 18:23:24', '2013-10-24 10:44:03', 1, 1, 1, 2, 0, NULL, NULL, 0, 10960.00000000, 2148.16000000, 0.00000000, 0.00000000, 13108.16000000, NULL, NULL, 0, 0, '', '', 'azur', NULL, 5, 8, NULL, NULL, NULL),
(10, 'PR1310-0007', 1, NULL, NULL, '', 7, NULL, '2013-10-24 08:41:21', '2013-10-01 18:26:56', '2013-10-01', '2013-10-16 18:26:56', '2013-10-01 18:27:07', '2013-10-24 10:41:21', 1, 1, 1, 3, 0, NULL, NULL, 0, 7905.00000000, 1549.38000000, 0.00000000, 0.00000000, 9454.38000000, NULL, NULL, 0, 0, '', '', 'azur', NULL, 5, 8, NULL, NULL, NULL),
(11, 'PR1310-0008', 1, NULL, NULL, 'M-8/10', 8, NULL, '2014-07-21 07:13:37', '2013-10-10 11:05:24', '2013-10-10', '2013-11-09 11:00:00', '2013-10-10 11:15:58', '2014-07-21 09:13:37', 1, 1, 1, 3, 0, NULL, NULL, 0, 18460.00000000, 0.00000000, 0.00000000, 0.00000000, 18460.00000000, NULL, NULL, 1, 2, '', '', 'azur', NULL, 5, 0, NULL, NULL, NULL),
(12, 'PR1406-0009', 1, NULL, NULL, '', 7, NULL, '2014-10-02 14:42:57', '2014-06-10 09:11:26', '2014-10-01', '2014-12-31 12:00:00', '2014-10-01 15:57:03', '2014-10-02 16:42:57', 1, 1, 1, 2, 0, NULL, NULL, 0, 11250.00000000, 2250.00000000, 0.00000000, 0.00000000, 13500.00000000, NULL, NULL, 1, 2, '', '', 'azur', NULL, 5, 8, NULL, NULL, NULL),
(13, 'PR1407-0010', 1, NULL, NULL, 'Mail 10/07', 10, NULL, '2015-01-13 13:59:54', '2014-07-21 09:29:43', '2014-07-21', '2014-09-19 12:00:00', '2014-07-22 16:26:36', '2015-01-13 14:59:54', 1, 1, 1, 3, 0, NULL, NULL, 0, 99773.00000000, 19954.60000000, 0.00000000, 0.00000000, 119727.60000000, NULL, NULL, 1, 2, '', '', 'azur', NULL, 5, 5, NULL, NULL, NULL),
(14, 'PR1407-0011', 1, NULL, NULL, 'Mail04/07', 11, NULL, '2015-01-23 10:54:58', '2014-07-22 17:05:37', '2014-07-22', '2014-11-30 12:00:00', '2015-01-23 11:54:26', '2015-01-23 11:54:58', 1, 1, 1, 3, 0, NULL, NULL, 0, 36728.00000000, 0.00000000, 0.00000000, 0.00000000, 36728.00000000, NULL, NULL, 2, 2, '', 'INCOTERMS 2010 : FCA FREE OF CARRIER<br />\r\n<br />\r\n', 'azur', NULL, 5, 8, NULL, NULL, NULL),
(15, 'PR1408-0012', 1, NULL, NULL, 'Mail 19/08', 12, NULL, '2015-11-13 10:57:10', '2014-08-19 15:34:52', '2014-08-19', '2014-10-18 12:00:00', '2014-08-19 16:41:37', '2015-11-13 11:57:10', 1, 1, 1, 3, 0, NULL, NULL, 0, 201617.00000000, 0.00000000, 0.00000000, 0.00000000, 201617.00000000, NULL, NULL, 1, 2, 'remplacée par un devis pour 5 unités', '', 'azur', NULL, 5, 1, NULL, NULL, NULL),
(16, 'PR1408-0013', 1, NULL, NULL, 'Mail 19/08', 13, NULL, '2015-01-20 15:27:51', '2014-08-20 15:06:00', '2014-08-20', '2014-10-19 12:00:00', '2014-08-20 16:32:56', '2015-01-20 16:27:51', 1, 1, 1, 3, 0, NULL, NULL, 0, 164274.00000000, 0.00000000, 0.00000000, 0.00000000, 164274.00000000, NULL, NULL, 1, 2, '', '', 'azur', NULL, 5, 1, NULL, NULL, NULL),
(17, 'PR1408-0014', 1, NULL, NULL, '', 13, NULL, '2015-02-19 09:01:05', '2014-08-26 09:55:08', '2014-08-26', '2014-10-25 09:55:08', '2015-02-19 10:01:05', NULL, 1, 1, NULL, 1, 0, NULL, NULL, 0, 214315.00000000, 0.00000000, 0.00000000, 0.00000000, 214315.00000000, NULL, NULL, 1, 2, '', '', 'azur', NULL, 5, 1, NULL, NULL, NULL),
(18, 'PR1408-0015', 1, NULL, NULL, '', 1, NULL, '2014-09-02 08:02:00', '2014-08-26 14:21:40', '2014-08-26', '2014-10-25 14:21:40', '2014-09-02 09:28:13', NULL, 1, 1, NULL, 0, 0, NULL, NULL, 0, 29166.00000000, 0.00000000, 0.00000000, 0.00000000, 29166.00000000, NULL, NULL, 6, 2, '', '', 'azur', NULL, 5, 5, NULL, NULL, NULL),
(19, 'PR1409-0016', 1, NULL, NULL, '', 1, NULL, '2015-01-23 14:01:56', '2014-09-03 13:50:50', '2014-09-03', '2014-12-31 12:00:00', '2015-01-08 11:20:46', '2015-01-23 15:01:56', 1, 1, 1, 3, 0, NULL, NULL, 0, 12132.00000000, 0.00000000, 0.00000000, 0.00000000, 12132.00000000, NULL, NULL, 6, 2, '', 'DEPOSIT of 30% of the total amount with PURCHASE ORDER<br />\r\nBallance to be payed Ex Factory (before delivery)<br />\r\nDAP HAWAII Incoterm 2010 ICC', 'azur', '2015-04-30', 5, 5, NULL, NULL, NULL),
(20, 'PR1409-0017', 1, NULL, NULL, '', 10, NULL, '2014-12-17 18:10:40', '2014-09-17 18:41:24', '2014-09-17', '2015-02-10 12:00:00', '2014-12-12 10:59:27', '2014-12-17 19:10:40', 1, 1, 1, 2, 0, NULL, NULL, 0, 195208.00000000, 0.00000000, 0.00000000, 0.00000000, 195208.00000000, NULL, NULL, 2, 2, '', '30% deposit with order<br />\r\nINCOTERMS: EXW<br />\r\nPayment term is 30 days after review and acceptance of goods by CTBTO', 'azur', NULL, 5, 5, NULL, NULL, NULL),
(21, 'PR1501-0018', 1, NULL, NULL, '', 16, NULL, '2015-01-20 09:29:22', '2015-01-15 17:07:50', '2015-01-15', '2015-03-16 12:00:00', '2015-01-15 17:50:06', NULL, 1, 1, NULL, 1, 0, NULL, NULL, 0, 54048.00000000, 0.00000000, 0.00000000, 0.00000000, 54048.00000000, NULL, NULL, 1, 2, '', 'DEPOSIT of 30% of the total amount with PURCHASE ORDER\r\nBallance to be payed Ex Factory (before delivery)\r\nEXW Incoterm 2010 ICC  : EX WORKS', 'azur', NULL, 5, 1, NULL, NULL, NULL),
(22, 'PR1501-0019', 1, NULL, NULL, '', 11, NULL, '2015-03-13 09:07:10', '2015-01-22 15:18:02', '2015-01-22', '2015-03-23 15:18:02', '2015-01-23 11:50:17', '2015-03-13 10:07:10', 1, 1, 1, 2, 0, NULL, NULL, 0, 31206.30000000, 0.00000000, 0.00000000, 0.00000000, 31206.30000000, NULL, NULL, 2, 2, 'attention passez la monnaie en dollars avant d''exporter le devis, la facture', 'INCOTERMS 2010 : FCA FREE OF CARRIER<br />\r\nPrices in US Dollars USD<br />\r\n<br />\r\n', 'azur', NULL, 5, 8, NULL, NULL, NULL),
(23, 'PR1501-0020', 1, NULL, NULL, '', 1, NULL, '2015-03-13 09:11:11', '2015-01-23 15:02:11', '2015-01-23', '2015-03-24 15:02:11', '2015-02-17 15:13:00', '2015-03-13 10:11:11', 1, 1, 1, 2, 0, NULL, NULL, 0, 12232.00000000, 0.00000000, 0.00000000, 0.00000000, 12232.00000000, NULL, NULL, 6, 2, '', 'DEPOSIT of 50% of the total amount with PURCHASE ORDER<br />\r\nBallance to be payed at delivery.<br />\r\nDDP HAWAII 119 /  KAILUA KONA  - Incoterm 2010 ICC<br />\r\n<span style="color: rgb(0, 0, 0); font-family: Arial; font-size: small;">exonération de TVA, art 262 ter I du Code Général des Impôts</span>', 'azur', '2015-07-17', 5, 5, NULL, NULL, NULL),
(24, 'PR1501-0021', 1, NULL, NULL, '', 7, NULL, '2015-02-05 16:58:53', '2015-01-30 11:58:49', '2015-01-30', '2015-03-31 12:58:49', '2015-02-05 17:58:53', NULL, 1, 1, NULL, 1, 0, NULL, NULL, 0, 12577.00000000, 2515.40000000, 0.00000000, 0.00000000, 15092.40000000, NULL, NULL, 1, 2, '', 'INCOTERMS 2010 EXW : Ex Work<br />\r\nFACTURATION : 40% à la commande Solde au départ usine', 'azur', NULL, 5, 8, NULL, NULL, NULL),
(25, '(PROV25)', 1, NULL, NULL, '', 2, NULL, '2015-04-09 21:04:06', '2015-04-09 23:04:05', '2015-04-10', '2015-06-09 12:00:00', NULL, NULL, 1, NULL, NULL, 0, 0, NULL, NULL, 0, 0.00000000, 0.00000000, 0.00000000, 0.00000000, 0.00000000, NULL, NULL, 3, 2, '', '', 'azur', NULL, 5, 0, NULL, NULL, NULL),
(26, '(PROV26)', 1, NULL, NULL, '', 2, NULL, '2015-04-09 21:08:22', '2015-04-09 23:04:18', '2015-04-10', '2015-06-09 12:00:00', NULL, NULL, 1, NULL, NULL, 0, 0, NULL, NULL, 0, 25720.00000000, 5142.24000000, 0.00000000, 0.00000000, 30862.24000000, NULL, NULL, 3, 2, '', '', 'azur', NULL, 5, 0, NULL, NULL, NULL),
(27, 'PR1504-0022', 1, NULL, NULL, '', 2, NULL, '2015-07-02 10:55:37', '2015-04-13 17:21:49', '2015-04-13', '2015-06-12 12:00:00', '2015-07-02 12:53:51', NULL, 1, 1, NULL, 0, 0, NULL, NULL, 0, 36090.00000000, 7218.00000000, 0.00000000, 0.00000000, 43308.00000000, NULL, NULL, 1, 2, '', '', 'azur', NULL, 5, 0, NULL, NULL, NULL),
(28, 'PR1506-0023', 1, NULL, NULL, 'Pelicase 1650 (SnT)', 11, NULL, '2015-09-01 13:14:55', '2015-06-25 17:50:59', '2015-06-25', '2015-08-24 12:00:00', '2015-07-15 23:05:26', '2015-09-01 15:07:09', 1, 1, 1, 2, 0, NULL, NULL, 0, 1450.00000000, 0.00000000, 0.00000000, 0.00000000, 1450.00000000, NULL, NULL, 2, 2, '', 'Facturée sur commande <span style="color: rgb(16, 16, 16); font-family: arial, sans-serif, verdana, helvetica;">1543855 (avanant au contrat)</span>', 'azur', '2015-07-30', 0, 5, NULL, NULL, NULL),
(29, 'PR1506-0024', 1, NULL, NULL, 'M230615', 17, NULL, '2015-07-10 10:20:31', '2015-06-26 11:52:14', '2015-06-26', '2015-08-25 12:00:00', '2015-07-10 12:19:41', '2015-07-10 12:20:31', 1, 1, 1, 3, 0, NULL, NULL, 0, 2070.00000000, 414.00000000, 0.00000000, 0.00000000, 2484.00000000, NULL, NULL, 1, 2, 'Réponse trop tardive, compte tenu de l''urgence de la demande', '', 'azur', '2015-07-13', 0, 5, NULL, NULL, NULL),
(30, 'PR1507-0026', 1, NULL, NULL, '', 18, NULL, '2015-07-13 15:23:44', '2015-07-10 10:24:21', '2015-07-10', '2015-09-08 12:00:00', '2015-07-13 17:23:44', NULL, 1, 1, NULL, 1, 0, NULL, NULL, 0, 11380.00000000, 0.00000000, 0.00000000, 0.00000000, 11380.00000000, NULL, NULL, 1, 2, '', 'Prices given exworks', 'azur', NULL, 5, 5, NULL, NULL, NULL),
(31, 'PR1507-0025', 1, NULL, NULL, 'M1307', 10, NULL, '2015-11-19 06:16:33', '2015-07-13 15:53:51', '2015-09-29', '2015-12-31 12:00:00', '2015-11-19 07:16:33', NULL, 1, 1, NULL, 1, 0, NULL, NULL, 0, 181255.00000000, 0.00000000, 0.00000000, 0.00000000, 181255.00000000, NULL, NULL, 2, 2, '', 'Incotrem 2010 :Ex works<br />\r\nThe equipment will be piked up at Seismo Wave Worshop<br />\r\nroute de Treguier - Rospez<br />\r\n22300 LANNION - France<br />\r\nDeposit of 30%', 'azur', NULL, 5, 0, NULL, NULL, NULL),
(32, 'PR1508-0027', 1, NULL, NULL, 'M25/08', 20, NULL, '2015-08-28 12:02:35', '2015-08-26 10:43:30', '2015-08-26', '2015-10-25 11:00:00', '2015-08-28 14:02:35', NULL, 1, 1, NULL, 1, 0, NULL, NULL, 0, 68945.00000000, 0.00000000, 0.00000000, 0.00000000, 68945.00000000, NULL, NULL, 6, 2, '', 'price includes delivery in KS ALMATY and insurrance<br />\r\nCustoms charges and taxes have to be payed by customer (not included)<br />\r\n<br />\r\nSenors are adjusted. Measurements records for Self Noise, Transfer Function are optional (not included)<br />\r\n<br />\r\npayment conditions:<br />\r\n40% on purchase<br />\r\n60% at delivery<br />\r\nPrices in euros', 'azur', NULL, 5, 5, NULL, NULL, NULL),
(33, 'PR1509-0028', 1, NULL, NULL, 'M.07/09/15', 26, NULL, '2015-10-23 09:46:34', '2015-09-08 11:56:15', '2015-09-08', '2015-11-07 11:00:00', '2015-10-23 11:46:34', NULL, 1, 1, NULL, 1, 0, NULL, NULL, 0, 14370.00000000, 0.00000000, 0.00000000, 0.00000000, 14370.00000000, NULL, NULL, 6, 2, '', 'Prices given EXworks in euro<br />\r\ncustoms charges not included', 'azur', NULL, 5, 0, NULL, NULL, NULL),
(34, 'PR1510-0029', 1, NULL, NULL, 'Mail250915', 28, NULL, '2015-10-23 15:17:02', '2015-10-23 11:51:42', '2015-10-23', '2015-11-22 11:00:00', '2015-10-23 17:17:02', NULL, 1, 1, NULL, 1, 0, NULL, NULL, 0, 96502.00000000, 0.00000000, 0.00000000, 0.00000000, 96502.00000000, NULL, NULL, 1, 2, '', '', 'azur', NULL, 5, 1, NULL, NULL, NULL),
(35, 'PR1511-0030', 1, NULL, NULL, '', 12, NULL, '2015-11-20 17:36:38', '2015-11-13 12:02:56', '2015-11-13', '2015-12-31 12:00:00', '2015-11-20 18:36:38', NULL, 1, 1, NULL, 1, 0, NULL, NULL, 0, 48660.00000000, 0.00000000, 0.00000000, 0.00000000, 48660.00000000, NULL, NULL, 1, 2, '', 'Prices available until 31/12/201<br />\r\nPrices given Ex Works : <br />\r\nClient is on charged ofcustom charges ', 'azur', NULL, 5, 1, NULL, NULL, NULL),
(36, 'PR1511-0031', 1, NULL, NULL, 'M.16/11/15', 24, NULL, '2015-11-20 16:12:33', '2015-11-19 11:24:39', '2015-11-19', '2015-12-31 12:00:00', '2015-11-20 17:12:33', NULL, 1, 1, NULL, 1, 0, NULL, NULL, 0, 11840.00000000, 0.00000000, 0.00000000, 0.00000000, 11840.00000000, NULL, NULL, 1, 2, '', '', 'azur', NULL, 5, 5, NULL, NULL, NULL),
(37, 'PR1511-0032', 1, NULL, NULL, 'M.16/11/15', 24, NULL, '2015-11-23 10:52:07', '2015-11-19 11:44:33', '2015-11-19', '2015-12-31 12:00:00', '2015-11-23 11:52:07', NULL, 1, 1, NULL, 1, 0, NULL, NULL, 0, 15890.00000000, 0.00000000, 0.00000000, 0.00000000, 15890.00000000, NULL, NULL, 1, 2, '', '', 'azur', NULL, 5, 5, NULL, NULL, NULL),
(38, 'PR1511-0033', 1, NULL, NULL, 'M.23/11/15', 29, NULL, '2015-11-23 16:40:41', '2015-11-23 17:06:24', '2015-11-23', '2016-01-22 12:00:00', '2015-11-23 17:18:00', NULL, 1, 1, NULL, 1, 0, NULL, NULL, 0, 11056.00000000, 0.00000000, 0.00000000, 0.00000000, 11056.00000000, NULL, NULL, 1, 2, '', 'DEPOSIT of 30% of the total amount with PURCHASE ORDER<br />\r\nBallance to be payed at delivery.<br />\r\nDAP Delivered At Place MS 38677 / University of Mississippi - Incoterm 2010 ICC Client is in charged of taxes and customs charges<br />\r\nexonération de TVA, art 262 ter I du Code Général des Impôts', 'azur', NULL, 5, 1, NULL, NULL, NULL);

-- --------------------------------------------------------

--
-- Structure de la table `llx_propaldet`
--

CREATE TABLE IF NOT EXISTS `llx_propaldet` (
  `rowid` int(11) NOT NULL,
  `fk_propal` int(11) NOT NULL,
  `fk_parent_line` int(11) DEFAULT NULL,
  `fk_product` int(11) DEFAULT NULL,
  `label` varchar(255) DEFAULT NULL,
  `description` text,
  `fk_remise_except` int(11) DEFAULT NULL,
  `tva_tx` double(6,3) DEFAULT '0.000',
  `localtax1_tx` double(6,3) DEFAULT '0.000',
  `localtax1_type` varchar(10) NOT NULL DEFAULT '0',
  `localtax2_tx` double(6,3) DEFAULT '0.000',
  `localtax2_type` varchar(10) NOT NULL DEFAULT '0',
  `qty` double DEFAULT NULL,
  `remise_percent` double DEFAULT '0',
  `remise` double DEFAULT '0',
  `price` double DEFAULT NULL,
  `subprice` double(24,8) DEFAULT '0.00000000',
  `total_ht` double(24,8) DEFAULT '0.00000000',
  `total_tva` double(24,8) DEFAULT '0.00000000',
  `total_localtax1` double(24,8) DEFAULT '0.00000000',
  `total_localtax2` double(24,8) DEFAULT '0.00000000',
  `total_ttc` double(24,8) DEFAULT '0.00000000',
  `product_type` int(11) DEFAULT '0',
  `date_start` datetime DEFAULT NULL,
  `date_end` datetime DEFAULT NULL,
  `info_bits` int(11) DEFAULT '0',
  `buy_price_ht` double(24,8) DEFAULT '0.00000000',
  `fk_product_fournisseur_price` int(11) DEFAULT NULL,
  `special_code` int(11) DEFAULT '0',
  `rang` int(11) DEFAULT '0'
) ENGINE=InnoDB AUTO_INCREMENT=248 DEFAULT CHARSET=utf8;

--
-- Contenu de la table `llx_propaldet`
--

INSERT INTO `llx_propaldet` (`rowid`, `fk_propal`, `fk_parent_line`, `fk_product`, `label`, `description`, `fk_remise_except`, `tva_tx`, `localtax1_tx`, `localtax1_type`, `localtax2_tx`, `localtax2_type`, `qty`, `remise_percent`, `remise`, `price`, `subprice`, `total_ht`, `total_tva`, `total_localtax1`, `total_localtax2`, `total_ttc`, `product_type`, `date_start`, `date_end`, `info_bits`, `buy_price_ht`, `fk_product_fournisseur_price`, `special_code`, `rang`) VALUES
(1, 1, NULL, 2, NULL, 'Weight and Dimensions\r\n• H 13.6 cm \r\n• Φ 11 cm\r\n• Weight 3.0 Kg\r\npower requirments\r\n• 12 V Dc (7-20V)\r\n• consumption : 100 mW\r\nenViRonMent\r\n• operating temperature : -20°c to + 50 °c\r\n• Humidity : 100% (ip-67 with acoustic inlets sealed)\r\n• temperature sensor : [-40°c ; +110°c] \r\n• Absolute pressure sensor [150 ; 1150] hpa', NULL, 19.600, 0.000, '', 0.000, '', 10, 5, 375, 7125, 7500.00000000, 71250.00000000, 13965.00000000, 0.00000000, 0.00000000, 85215.00000000, 0, NULL, NULL, 0, 0.00000000, NULL, 0, 1),
(2, 1, NULL, 1, NULL, 'Weight and Dimensions\r\n• H 25 cm \r\n• Φ 11 cm\r\n• Weight 3.4 Kg\r\npower requirments\r\n• 12 V Dc (7-20V)\r\n• consumption : 600 mW\r\nenViRonMent\r\n• operating temperature : -20°c to + 50 °c\r\n• Humidity : 100% (ip-67 with acoustic inlets sealed)\r\n• auxilary measurements : 24 bits\r\n• temperature sensor : [-40°c ; +110°c] \r\n• absolute pressure sensor [500 ; 1095] pa', NULL, 19.600, 0.000, '', 0.000, '', 10, 5, 520, 9880, 10400.00000000, 98800.00000000, 19364.80000000, 0.00000000, 0.00000000, 118164.80000000, 0, NULL, NULL, 0, 0.00000000, NULL, 0, 2),
(3, 4, NULL, 2, NULL, 'Weight and Dimensions\r\n• H 13.6 cm\r\n• Diam : 11 cm\r\n• Weight 3.0 Kg\r\npower requirments\r\n• 12 V Dc (7-20V)\r\n• consumption : 100 mW\r\nENVIRONNEMENT\r\n• operating temperature : -20°c to + 50 °c\r\n• Humidity : 100% (ip-67 with acoustic inlets sealed)\r\n• temperature sensor : [-40°c ; +110°c]\r\n• Absolute pressure sensor [150 ; 1150] hpa', NULL, 19.600, 0.000, '', 0.000, '', 1, 0, 0, 7500, 7500.00000000, 7500.00000000, 1470.00000000, 0.00000000, 0.00000000, 8970.00000000, 0, NULL, NULL, 0, 5388.25000000, NULL, 0, 1),
(4, 5, NULL, 1, NULL, 'Weight and Dimensions\r\n• H 25 cm\r\n• Diam. 11 cm\r\n• Weight 3.4 Kg\r\npower requirments\r\n• 12 V Dc (7-20V)\r\n• consumption : 600 mW\r\nENVIRONNEMENT\r\n• operating temperature : -20°c to + 50 °c\r\n• Humidity : 100% (ip-67 with acoustic inlets sealed)\r\n• auxilary measurements : 24 bits\r\n• temperature sensor : [-40°c ; +110°c]\r\n• absolute pressure sensor [500 ; 1095] pa', NULL, 19.600, 0.000, '', 0.000, '', 1, 0, 0, 10400, 10400.00000000, 10400.00000000, 2038.40000000, 0.00000000, 0.00000000, 12438.40000000, 0, NULL, NULL, 0, 8249.00000000, NULL, 0, 1),
(5, 7, NULL, 2, NULL, '<div>\r\n	Weight and Dimensions</div>\r\n<div>\r\n	• H 13.6 cm</div>\r\n<div>\r\n	• Diam. 11 cm</div>\r\n<div>\r\n	• Weight 3.0 Kg</div>\r\n<div>\r\n	power requirments</div>\r\n<div>\r\n	• 12 V Dc (7-20V)</div>\r\n<div>\r\n	• consumption : 100 mW</div>\r\n<div>\r\n	ENVIRONNEMENT</div>\r\n<div>\r\n	• operating temperature : -20°c to + 50 °c</div>\r\n<div>\r\n	• Humidity : 100% (ip-67 with acoustic inlets sealed)</div>\r\n<div>\r\n	• temperature sensor : [-40°c ; +110°c]</div>\r\n<div>\r\n	• Absolute pressure sensor [150 ; 1150] hpa</div>', NULL, 19.600, 0.000, '', 0.000, '', 3, 0, 0, 7500, 7500.00000000, 22500.00000000, 4410.00000000, 0.00000000, 0.00000000, 26910.00000000, 0, NULL, NULL, 0, 5388.25000000, NULL, 0, 1),
(6, 8, NULL, 2, NULL, '<div>\r\n	Weight and Dimensions</div>\r\n<div>\r\n	• H 13.6 cm</div>\r\n<div>\r\n	• Diam. 11 cm</div>\r\n<div>\r\n	• Weight 3.0 Kg</div>\r\n<div>\r\n	power requirments</div>\r\n<div>\r\n	• 12 V Dc (7-20V)</div>\r\n<div>\r\n	• consumption : 100 mW</div>\r\n<div>\r\n	ENVIRONNEMENT</div>\r\n<div>\r\n	• operating temperature : -20°c to + 50 °c</div>\r\n<div>\r\n	• Humidity : 100% (ip-67 with acoustic inlets sealed)</div>\r\n<div>\r\n	• temperature sensor : [-40°c ; +110°c]</div>\r\n<div>\r\n	• Absolute pressure sensor [150 ; 1150] hpa</div>', NULL, 19.600, 0.000, '', 0.000, '', 1, 0, 0, 7500, 7500.00000000, 7500.00000000, 1470.00000000, 0.00000000, 0.00000000, 8970.00000000, 0, NULL, NULL, 0, 5388.25000000, NULL, 0, 1),
(7, 8, NULL, 3, NULL, '(Pays d''origine: France)', NULL, 19.600, 0.000, '', 0.000, '', 1, 0, 0, NULL, 140.00000000, 140.00000000, 27.44000000, 0.00000000, 0.00000000, 167.44000000, 0, NULL, NULL, 0, 0.00000000, NULL, 0, 2),
(8, 8, NULL, 4, NULL, '(Pays d''origine: France)', NULL, 19.600, 0.000, '', 0.000, '', 1, 0, 0, NULL, 45.00000000, 45.00000000, 8.82000000, 0.00000000, 0.00000000, 53.82000000, 0, NULL, NULL, 0, 30.00000000, 4, 0, 3),
(9, 5, NULL, 3, NULL, '(Pays d''origine: France)', NULL, 19.600, 0.000, '', 0.000, '', 1, 0, 0, NULL, 140.00000000, 140.00000000, 27.44000000, 0.00000000, 0.00000000, 167.44000000, 0, NULL, NULL, 0, 100.00000000, 3, 0, 2),
(10, 5, NULL, 4, NULL, '(Pays d''origine: France)', NULL, 19.600, 0.000, '', 0.000, '', 1, 0, 0, NULL, 45.00000000, 45.00000000, 8.82000000, 0.00000000, 0.00000000, 53.82000000, 0, NULL, NULL, 0, 30.00000000, 4, 0, 3),
(11, 8, NULL, 6, NULL, '<div>\r\n	Flat-pack GPS-antenna for fixed installations.</div>\r\n<div>\r\n	Full hemispherical coverage.</div>\r\n<div>\r\n	Built-in high gain, low noise amplifier.</div>\r\n<div>\r\n	Right-hand circular polarization (RHCP).</div>\r\n<div>\r\n	Available in black or white, see model survey.</div>\r\n<div>\r\n	5 V supply voltage (3 V respectively 12 V available on request).</div>\r\n<div>\r\n	DC supply via RF-connector.</div>\r\n<div>\r\n	EMC tested to IEC 801 and IEC 255.</div>\r\n<div>\r\n	Provided with FME (male) or TNC (female) connector, see model survey.</div>\r\n<div>\r\n	Wide range of FME-accessories available.</div>', NULL, 19.600, 0.000, '', 0.000, '', 1, 0, 0, NULL, 110.00000000, 110.00000000, 21.56000000, 0.00000000, 0.00000000, 131.56000000, 0, NULL, NULL, 0, 70.00000000, 6, 0, 4),
(12, 8, NULL, 7, NULL, '<div>\r\n	&nbsp;Battery Capacity: 12Ah</div>\r\n<div>\r\n	&nbsp;Battery Voltage: 12V</div>\r\n<div>\r\n	&nbsp;Battery Technology: Lead Acid</div>\r\n<div>\r\n	&nbsp;External Height: 97.5mm</div>\r\n<div>\r\n	&nbsp;External Width: 98mm</div>\r\n<div>\r\n	&nbsp;External Depth: 151mm</div>\r\n<div>\r\n	&nbsp;Weight: 4kg</div>\r\n<div>\r\n	&nbsp;Battery Terminals: Quick Connect</div>\r\n<div>\r\n	&nbsp;Charge Current Max: 3A</div>\r\n<div>\r\n	&nbsp;Cyclic Charge Voltage Max: 15V</div>\r\n<div>\r\n	&nbsp;Cyclic Charge Voltage Min: 14.4V</div>\r\n<div>\r\n	&nbsp;Depth: 98mm</div>\r\n<div>\r\n	&nbsp;Height Max: 97.5mm</div>\r\n<div>\r\n	&nbsp;Output Voltage: 12V</div>', NULL, 19.600, 0.000, '', 0.000, '', 1, 0, 0, NULL, 110.00000000, 110.00000000, 21.56000000, 0.00000000, 0.00000000, 131.56000000, 0, NULL, NULL, 0, 0.00000000, NULL, 0, 5),
(14, 5, NULL, 6, NULL, 'Flat-pack GPS-antenna for fixed installations.\r\nFull hemispherical coverage.\r\nBuilt-in high gain, low noise amplifier.\r\nRight-hand circular polarization (RHCP).\r\nAvailable in black or white, see model survey.\r\n5 V supply voltage (3 V respectively 12 V available on request).\r\nDC supply via RF-connector.\r\nEMC tested to IEC 801 and IEC 255.\r\nProvided with FME (male) or TNC (female) connector, see model survey.\r\nWide range of FME-accessories available.', NULL, 19.600, 0.000, '', 0.000, '', 1, 0, 0, 110, 110.00000000, 110.00000000, 21.56000000, 0.00000000, 0.00000000, 131.56000000, 0, NULL, NULL, 0, 70.00000000, NULL, 0, 4),
(15, 5, NULL, 7, NULL, 'Battery Capacity: 12Ah\r\n Battery Voltage: 12V\r\nBattery Technology: Lead Acid\r\nExternal Height: 97.5mm\r\nExternal Width: 98mm\r\n External Depth: 151mm\r\n Weight: 4kg\r\nBattery Terminals: Quick Connect\r\nCharge Current Max: 3A\r\nCyclic Charge Voltage Max: 15V\r\nCyclic Charge Voltage Min: 14.4V\r\nDepth: 98mm\r\n Height Max: 97.5mm\r\nOutput Voltage: 12V\r\n(Pays d''origine: France)', NULL, 19.600, 0.000, '', 0.000, '', 1, 0, 0, 110, 110.00000000, 110.00000000, 21.56000000, 0.00000000, 0.00000000, 131.56000000, 0, NULL, NULL, 0, 80.00000000, NULL, 0, 5),
(16, 5, NULL, 5, NULL, '(Pays d''origine: France)', NULL, 19.600, 0.000, '', 0.000, '', 1, 0, 0, NULL, 155.00000000, 155.00000000, 30.38000000, 0.00000000, 0.00000000, 185.38000000, 0, NULL, NULL, 0, 155.00000000, 5, 0, 6),
(17, 9, NULL, 1, NULL, 'Weight and Dimensions\r\n• H 25 cm\r\n• Diam. 11 cm\r\n• Weight 3.4 Kg\r\npower requirments\r\n• 12 V Dc (7-20V)\r\n• consumption : 600 mW\r\nENVIRONNEMENT\r\n• operating temperature : -20°c to + 50 °c\r\n• Humidity : 100% (ip-67 with acoustic inlets sealed)\r\n• auxilary measurements : 24 bits\r\n• temperature sensor : [-40°c ; +110°c]\r\n• absolute pressure sensor [500 ; 1095] pa', NULL, 19.600, 0.000, '0', 0.000, '0', 1, 0, 0, NULL, 10400.00000000, 10400.00000000, 2038.40000000, 0.00000000, 0.00000000, 12438.40000000, 0, NULL, NULL, 0, 8249.00000000, NULL, 0, 1),
(18, 9, NULL, 3, NULL, '(Pays d''origine: France)', NULL, 19.600, 0.000, '0', 0.000, '0', 1, 0, 0, NULL, 140.00000000, 140.00000000, 27.44000000, 0.00000000, 0.00000000, 167.44000000, 0, NULL, NULL, 0, 100.00000000, 3, 0, 2),
(19, 9, NULL, 4, NULL, '(Pays d''origine: France)', NULL, 19.600, 0.000, '0', 0.000, '0', 1, 0, 0, NULL, 45.00000000, 45.00000000, 8.82000000, 0.00000000, 0.00000000, 53.82000000, 0, NULL, NULL, 0, 30.00000000, 4, 0, 3),
(20, 9, NULL, 6, NULL, 'Flat-pack GPS-antenna for fixed installations.\r\nFull hemispherical coverage.\r\nBuilt-in high gain, low noise amplifier.\r\nRight-hand circular polarization (RHCP).\r\nAvailable in black or white, see model survey.\r\n5 V supply voltage (3 V respectively 12 V available on request).\r\nDC supply via RF-connector.\r\nEMC tested to IEC 801 and IEC 255.\r\nProvided with FME (male) or TNC (female) connector, see model survey.\r\nWide range of FME-accessories available.', NULL, 19.600, 0.000, '0', 0.000, '0', 1, 0, 0, NULL, 110.00000000, 110.00000000, 21.56000000, 0.00000000, 0.00000000, 131.56000000, 0, NULL, NULL, 0, 70.00000000, NULL, 0, 4),
(21, 9, NULL, 7, NULL, 'Battery Capacity: 12Ah\r\n Battery Voltage: 12V\r\nBattery Technology: Lead Acid\r\nExternal Height: 97.5mm\r\nExternal Width: 98mm\r\n External Depth: 151mm\r\n Weight: 4kg\r\nBattery Terminals: Quick Connect\r\nCharge Current Max: 3A\r\nCyclic Charge Voltage Max: 15V\r\nCyclic Charge Voltage Min: 14.4V\r\nDepth: 98mm\r\n Height Max: 97.5mm\r\nOutput Voltage: 12V\r\n(Pays d''origine: France)', NULL, 19.600, 0.000, '0', 0.000, '0', 1, 0, 0, NULL, 110.00000000, 110.00000000, 21.56000000, 0.00000000, 0.00000000, 131.56000000, 0, NULL, NULL, 0, 80.00000000, NULL, 0, 5),
(22, 9, NULL, 5, NULL, '(Pays d''origine: France)', NULL, 19.600, 0.000, '0', 0.000, '0', 1, 0, 0, NULL, 155.00000000, 155.00000000, 30.38000000, 0.00000000, 0.00000000, 185.38000000, 0, NULL, NULL, 0, 155.00000000, 5, 0, 6),
(23, 10, NULL, 2, NULL, '<div>\r\n	Weight and Dimensions</div>\r\n<div>\r\n	• H 13.6 cm</div>\r\n<div>\r\n	• Diam. 11 cm</div>\r\n<div>\r\n	• Weight 3.0 Kg</div>\r\n<div>\r\n	power requirments</div>\r\n<div>\r\n	• 12 V Dc (7-20V)</div>\r\n<div>\r\n	• consumption : 100 mW</div>\r\n<div>\r\n	ENVIRONNEMENT</div>\r\n<div>\r\n	• operating temperature : -20°c to + 50 °c</div>\r\n<div>\r\n	• Humidity : 100% (ip-67 with acoustic inlets sealed)</div>\r\n<div>\r\n	• temperature sensor : [-40°c ; +110°c]</div>\r\n<div>\r\n	• Absolute pressure sensor [150 ; 1150] hpa</div>', NULL, 19.600, 0.000, '0', 0.000, '0', 1, 0, 0, NULL, 7500.00000000, 7500.00000000, 1470.00000000, 0.00000000, 0.00000000, 8970.00000000, 0, NULL, NULL, 0, 5388.25000000, NULL, 0, 1),
(24, 10, NULL, 3, NULL, '(Pays d''origine: France)', NULL, 19.600, 0.000, '0', 0.000, '0', 1, 0, 0, NULL, 140.00000000, 140.00000000, 27.44000000, 0.00000000, 0.00000000, 167.44000000, 0, NULL, NULL, 0, 0.00000000, NULL, 0, 2),
(25, 10, NULL, 4, NULL, '(Pays d''origine: France)', NULL, 19.600, 0.000, '0', 0.000, '0', 1, 0, 0, NULL, 45.00000000, 45.00000000, 8.82000000, 0.00000000, 0.00000000, 53.82000000, 0, NULL, NULL, 0, 30.00000000, 4, 0, 3),
(26, 10, NULL, 6, NULL, '<div>\r\n	Flat-pack GPS-antenna for fixed installations.</div>\r\n<div>\r\n	Full hemispherical coverage.</div>\r\n<div>\r\n	Built-in high gain, low noise amplifier.</div>\r\n<div>\r\n	Right-hand circular polarization (RHCP).</div>\r\n<div>\r\n	Available in black or white, see model survey.</div>\r\n<div>\r\n	5 V supply voltage (3 V respectively 12 V available on request).</div>\r\n<div>\r\n	DC supply via RF-connector.</div>\r\n<div>\r\n	EMC tested to IEC 801 and IEC 255.</div>\r\n<div>\r\n	Provided with FME (male) or TNC (female) connector, see model survey.</div>\r\n<div>\r\n	Wide range of FME-accessories available.</div>', NULL, 19.600, 0.000, '0', 0.000, '0', 1, 0, 0, NULL, 110.00000000, 110.00000000, 21.56000000, 0.00000000, 0.00000000, 131.56000000, 0, NULL, NULL, 0, 70.00000000, 6, 0, 4),
(27, 10, NULL, 7, NULL, '<div>\r\n	&nbsp;Battery Capacity: 12Ah</div>\r\n<div>\r\n	&nbsp;Battery Voltage: 12V</div>\r\n<div>\r\n	&nbsp;Battery Technology: Lead Acid</div>\r\n<div>\r\n	&nbsp;External Height: 97.5mm</div>\r\n<div>\r\n	&nbsp;External Width: 98mm</div>\r\n<div>\r\n	&nbsp;External Depth: 151mm</div>\r\n<div>\r\n	&nbsp;Weight: 4kg</div>\r\n<div>\r\n	&nbsp;Battery Terminals: Quick Connect</div>\r\n<div>\r\n	&nbsp;Charge Current Max: 3A</div>\r\n<div>\r\n	&nbsp;Cyclic Charge Voltage Max: 15V</div>\r\n<div>\r\n	&nbsp;Cyclic Charge Voltage Min: 14.4V</div>\r\n<div>\r\n	&nbsp;Depth: 98mm</div>\r\n<div>\r\n	&nbsp;Height Max: 97.5mm</div>\r\n<div>\r\n	&nbsp;Output Voltage: 12V</div>', NULL, 19.600, 0.000, '0', 0.000, '0', 1, 0, 0, NULL, 110.00000000, 110.00000000, 21.56000000, 0.00000000, 0.00000000, 131.56000000, 0, NULL, NULL, 0, 0.00000000, NULL, 0, 5),
(28, 11, NULL, 2, NULL, '<div>\r\n	Weight and Dimensions</div>\r\n<div>\r\n	&bull; H 13.6 cm</div>\r\n<div>\r\n	&bull; Diam. 11 cm</div>\r\n<div>\r\n	&bull; Weight 3.0 Kg</div>\r\n<div>\r\n	power requirments</div>\r\n<div>\r\n	&bull; 12 V Dc (7-20V)</div>\r\n<div>\r\n	&bull; consumption : 100 mW</div>\r\n<div>\r\n	ENVIRONNEMENT</div>\r\n<div>\r\n	&bull; operating temperature : -20&deg;c to + 50 &deg;c</div>\r\n<div>\r\n	&bull; Humidity : 100% (ip-67 with acoustic inlets sealed)</div>\r\n<div>\r\n	&bull; temperature sensor : [-40&deg;c ; +110&deg;c]</div>\r\n<div>\r\n	&bull; Absolute pressure sensor [150 ; 1150] hpa</div>', NULL, 0.000, 0.000, '0', 0.000, '0', 1, 0, 0, NULL, 7500.00000000, 7500.00000000, 0.00000000, 0.00000000, 0.00000000, 7500.00000000, 0, NULL, NULL, 0, 5388.25000000, 2, 0, 1),
(29, 11, NULL, 1, NULL, '<div>\r\n	Weight and Dimensions</div>\r\n<div>\r\n	&bull; H 25 cm</div>\r\n<div>\r\n	&bull; Diam. 11 cm</div>\r\n<div>\r\n	&bull; Weight 3.4 Kg</div>\r\n<div>\r\n	power requirments</div>\r\n<div>\r\n	&bull; 12 V Dc (7-20V)</div>\r\n<div>\r\n	&bull; consumption : 600 mW</div>\r\n<div>\r\n	ENVIRONNEMENT :</div>\r\n<div>\r\n	&bull; operating temperature : -20&deg;c to + 50 &deg;c</div>\r\n<div>\r\n	&bull; Humidity : 100% (ip-67 with acoustic inlets sealed)</div>\r\n<div>\r\n	&bull; auxilary measurements : 24 bits</div>\r\n<div>\r\n	&bull; temperature sensor : [-40&deg;c ; +110&deg;c]</div>\r\n<div>\r\n	&bull; absolute pressure sensor [500 ; 1095] pa</div>', NULL, 0.000, 0.000, '0', 0.000, '0', 1, 0, 0, NULL, 10400.00000000, 10400.00000000, 0.00000000, 0.00000000, 0.00000000, 10400.00000000, 0, NULL, NULL, 0, 8248.75000000, 1, 0, 2),
(30, 11, NULL, 3, NULL, '(Pays d''origine: France)', NULL, 0.000, 0.000, '0', 0.000, '0', 1, 0, 0, NULL, 140.00000000, 140.00000000, 0.00000000, 0.00000000, 0.00000000, 140.00000000, 0, NULL, NULL, 0, 100.00000000, 3, 0, 3),
(31, 11, NULL, 6, NULL, '<div>\r\n	Flat-pack GPS-antenna for fixed installations.</div>\r\n<div>\r\n	Full hemispherical coverage.</div>\r\n<div>\r\n	Built-in high gain, low noise amplifier.</div>\r\n<div>\r\n	Right-hand circular polarization (RHCP).</div>\r\n<div>\r\n	Available in black or white, see model survey.</div>\r\n<div>\r\n	5 V supply voltage (3 V respectively 12 V available on request).</div>\r\n<div>\r\n	DC supply via RF-connector.</div>\r\n<div>\r\n	EMC tested to IEC 801 and IEC 255.</div>\r\n<div>\r\n	Provided with FME (male) or TNC (female) connector, see model survey.</div>\r\n<div>\r\n	Wide range of FME-accessories available.</div>', NULL, 0.000, 0.000, '0', 0.000, '0', 1, 0, 0, NULL, 110.00000000, 110.00000000, 0.00000000, 0.00000000, 0.00000000, 110.00000000, 0, NULL, NULL, 0, 70.00000000, 6, 0, 4),
(32, 11, NULL, 4, NULL, '(Pays d''origine: France)', NULL, 0.000, 0.000, '0', 0.000, '0', 1, 0, 0, NULL, 45.00000000, 45.00000000, 0.00000000, 0.00000000, 0.00000000, 45.00000000, 0, NULL, NULL, 0, 30.00000000, 4, 0, 5),
(33, 11, NULL, 7, NULL, '<div>\r\n	&nbsp;Battery Capacity: 12Ah&nbsp; Battery Voltage: 12V</div>\r\n<div>\r\n	&nbsp;Battery Technology: Lead Acid</div>\r\n<div>\r\n	&nbsp;External Height: 97.5mm</div>\r\n<div>\r\n	&nbsp;External Width: 98mm</div>\r\n<div>\r\n	&nbsp;External Depth: 151mm</div>\r\n<div>\r\n	&nbsp;Weight: 4kg</div>\r\n<div>\r\n	&nbsp;Battery Terminals: Quick Connect</div>\r\n<div>\r\n	&nbsp;Charge Current Max: 3A</div>\r\n<div>\r\n	&nbsp;Cyclic Charge Voltage Max: 15V</div>\r\n<div>\r\n	&nbsp;Cyclic Charge Voltage Min: 14.4V</div>\r\n<div>\r\n	&nbsp;Depth: 98mm</div>\r\n<div>\r\n	&nbsp;Height Max: 97.5mm</div>\r\n<div>\r\n	&nbsp;Output Voltage: 12V</div><br>\n(Pays d''origine: France)', NULL, 0.000, 0.000, '0', 0.000, '0', 1, 0, 0, NULL, 110.00000000, 110.00000000, 0.00000000, 0.00000000, 0.00000000, 110.00000000, 0, NULL, NULL, 0, 80.00000000, 7, 0, 6),
(34, 11, NULL, 5, NULL, '(Pays d''origine: France)', NULL, 0.000, 0.000, '0', 0.000, '0', 1, 0, 0, NULL, 155.00000000, 155.00000000, 0.00000000, 0.00000000, 0.00000000, 155.00000000, 0, NULL, NULL, 0, 155.00000000, 5, 0, 7),
(35, 12, NULL, 1, NULL, 'Weight and Dimensions\r\nH 25 cm / Diam. 11 cm / Weight 3.4 Kg\r\nTransducer technical characteristics: \r\n- Bandwidth (f-3 db) : Pressure output : 0.01-28 HZ / Pressure derivative output : DC-28 Hz\r\n- BLDR [0.02;4] Hz 117 dB @ f<1.6 Hz  / 109 db @ f=4 Hz\r\n-Self noise < 10 dB under the LNM\r\nResolution [0.02;4] Hz  1.75 mPaRMS\r\nDefault sensitivity: \r\n- Pressure output: 20 mV/Pa \r\n- Pressure derivative output : 2 mV/Pa.s-1\r\nDigitizer technical characteristics :\r\nClipping Level & output range: \r\n- Pressure: ±min (12000 [Pa/s]/2.π.f[Hz] ; 1000[Pa])\r\n- Pressure derivative: ±10000 (Pa/s)\r\nSampling rate: 20, 50,100 Hz\r\nNominal sensitivity:  1,178 10-4 Pa/lsb or 1,178 10-5 Pa/s/lsb @ gain = 1\r\nBuilt in gain: 1, 2, 4, 8\r\nData storage: 1 Go / miniSEED\r\nPower requirements: 12 V DC (7-20V) / 70 mA @ 12 V', NULL, 20.000, 0.000, '0', 0.000, '0', 1, 0, 0, 10600, 10600.00000000, 10600.00000000, 2120.00000000, 0.00000000, 0.00000000, 12720.00000000, 0, NULL, NULL, 0, 8249.00000000, NULL, 0, 1),
(36, 12, NULL, 3, NULL, '(Pays d''origine: France)', NULL, 20.000, 0.000, '0', 0.000, '0', 1, 0, 0, 145, 145.00000000, 145.00000000, 29.00000000, 0.00000000, 0.00000000, 174.00000000, 0, NULL, NULL, 0, 100.00000000, NULL, 0, 2),
(37, 12, NULL, 4, NULL, '(Pays d''origine: France)', NULL, 20.000, 0.000, '0', 0.000, '0', 1, 0, 0, 115, 115.00000000, 115.00000000, 23.00000000, 0.00000000, 0.00000000, 138.00000000, 0, NULL, NULL, 0, 30.00000000, NULL, 0, 3),
(38, 12, NULL, 6, NULL, 'Full hemispherical coverage.\r\nBuilt-in high gain, low noise amplifier.\r\nRight-hand circular polarization (RHCP).\r\nAvailable in black or white\r\n3 V supply voltage\r\nDC supply via RF-connector.\r\nEMC tested to IEC 801 and IEC 255.\r\nTNC (female) connector', NULL, 20.000, 0.000, '0', 0.000, '0', 1, 0, 0, 115, 115.00000000, 115.00000000, 23.00000000, 0.00000000, 0.00000000, 138.00000000, 0, NULL, NULL, 0, 70.00000000, NULL, 0, 4),
(39, 12, NULL, 7, NULL, 'Capacity: 12Ah / Voltage: 12V / Technology: Lead Acid\r\nExternal Height: 97.5mm / External Width: 98mm\r\nExternal Depth: 151mm / Weight: 4kg\r\nBattery Terminals: Quick Connect\r\nCharge Current Max: 3A', NULL, 20.000, 0.000, '0', 0.000, '0', 1, 0, 0, 115, 115.00000000, 115.00000000, 23.00000000, 0.00000000, 0.00000000, 138.00000000, 0, NULL, NULL, 0, 80.00000000, NULL, 0, 5),
(40, 12, NULL, 5, NULL, '(Pays d''origine: France)', NULL, 20.000, 0.000, '0', 0.000, '0', 1, 0, 0, 160, 160.00000000, 160.00000000, 32.00000000, 0.00000000, 0.00000000, 192.00000000, 0, NULL, NULL, 0, 155.00000000, NULL, 0, 6),
(41, 13, NULL, 2, NULL, 'Weight and Dimensions</div>\r\n	• H 13.6 cm\r\n	• Diam. 11 cm\r\n	• Weight 3.0 Kg\r\nPower requirments\r\n	• 12 V Dc (7-20V)\r\n	• consumption : 100 mW\r\nENVIRONNEMENT\r\n	• operating temperature : -20°c to + 50 °c\r\n	• Humidity : 100% (ip-67 with acoustic inlets sealed)\r\n	• temperature sensor : [-40°c ; +110°c]\r\n	• Absolute pressure sensor [150 ; 1150] hpa', NULL, 20.000, 0.000, '0', 0.000, '0', 4, 0, 0, 8690, 8690.00000000, 34760.00000000, 6952.00000000, 0.00000000, 0.00000000, 41712.00000000, 0, NULL, NULL, 0, 5388.25000000, NULL, 0, 1),
(42, 13, NULL, 1, NULL, 'Weight and Dimensions:\r\nH 25 cm / Diam. 11 cm / Weight 3.4 Kg\r\nTransducer technical characteristics:\r\n- Bandwidth (f-3 db) : Pressure output : 0.01-28 HZ / Pressure derivative output : DC-28 Hz\r\n- BLDR [0.02;4] Hz 117 dB @ f<1.6 Hz / 109 db @ f=4 Hz\r\n-Self noise 0.13 mPa/√Hz @ 1 Hz ; < 10 dB under the LNM\r\n- Resolution [0.02;4] Hz 1.75 mPaRMS\r\n- Default sensitivity: Pressure output: 20 mV/Pa /  Pressure derivative output : 2 mV/Pa.s-1\r\nDigitizer technical characteristics :\r\n- Clipping Level & output range: Pressure: ±min (12000 [Pa/s]/2.pi.f[Hz] ; 1000[Pa]) / Pressure derivative: ±10000 (Pa/s)\r\n- Sampling rate: 20, 50,100 Hz\r\n- Nominal sensitivity: 1,178 10-4 Pa/lsb or 1,178 10-3 Pa/s/lsb @ gain = 1\r\n- Built in gain: 1, 2, 4, 8\r\n- Data storage: 1 Go / miniSEED\r\n- Power requirements: 12 V DC (7-20V) / 70 mA @ 12 V', NULL, 20.000, 0.000, '0', 0.000, '0', 5, 0, 0, 11990, 11990.00000000, 59950.00000000, 11990.00000000, 0.00000000, 0.00000000, 71940.00000000, 0, NULL, NULL, 0, 8248.75000000, NULL, 0, 2),
(43, 13, NULL, 6, NULL, 'Flat-pack GPS-antenna for fixed installations.>\r\nFull hemispherical coverage.\r\nBuilt-in high gain, low noise amplifier.\r\nRight-hand circular polarization (RHCP).\r\nAvailable in black or white\r\n3 V \r\nDC supply via RF-connector.\r\nEMC tested to IEC 801 and IEC 255. / TNC (female) connector</div>', NULL, 20.000, 0.000, '0', 0.000, '0', 5, 0, 0, 110, 110.00000000, 550.00000000, 110.00000000, 0.00000000, 0.00000000, 660.00000000, 0, NULL, NULL, 0, 70.00000000, NULL, 0, 3),
(44, 13, NULL, 4, NULL, '(Pays d''origine: France) 5 meters', NULL, 20.000, 0.000, '0', 0.000, '0', 5, 0, 0, 150, 150.00000000, 750.00000000, 150.00000000, 0.00000000, 0.00000000, 900.00000000, 0, NULL, NULL, 0, 100.00000000, NULL, 0, 4),
(45, 13, NULL, 5, NULL, '(Pays d''origine: France) 1,5 meters', NULL, 20.000, 0.000, '0', 0.000, '0', 5, 0, 0, 245, 245.00000000, 1225.00000000, 245.00000000, 0.00000000, 0.00000000, 1470.00000000, 0, NULL, NULL, 0, 162.50000000, NULL, 0, 5),
(46, 13, NULL, 3, NULL, '(Pays d''origine: France) 3 meters', NULL, 20.000, 0.000, '0', 0.000, '0', 9, 0, 0, 232, 232.00000000, 2088.00000000, 417.60000000, 0.00000000, 0.00000000, 2505.60000000, 0, NULL, NULL, 0, 154.70000000, NULL, 0, 6),
(47, 13, NULL, 12, NULL, '(Pays d''origine: Etats-Unis)', NULL, 20.000, 0.000, '0', 0.000, '0', 5, 0, 0, 90, 90.00000000, 450.00000000, 90.00000000, 0.00000000, 0.00000000, 540.00000000, 0, NULL, NULL, 0, 47.00000000, NULL, 0, 7),
(49, 14, NULL, 3, NULL, '(Pays d''origine: France)', NULL, 0.000, 0.000, '0', 0.000, '0', 4, 0, 0, 232, 232.00000000, 928.00000000, 0.00000000, 0.00000000, 0.00000000, 928.00000000, 0, NULL, NULL, 0, 100.00000000, NULL, 0, 2),
(50, 14, NULL, 2, NULL, '<div>\r\n	<strong>Weight and Dimensions</strong></div>\r\n<div>\r\n	H 13.6 cm /  Diam. 11 cm / Weight 3.0 Kg</div>\r\n<div>\r\n	<div>\r\n		<strong>Transducer technical characteristics:</strong></div>\r\n	<div>\r\n		- Bandwidth (f-3 db) : Pressure output : 0.01-28 HZ / Pressure derivative output : DC-28 Hz</div>\r\n	<div>\r\n		- BLDR [0.02;4] Hz 117 dB @ f<1.6 Hz / 109 db @ f=4 Hz</div>\r\n	<div>\r\n		-Self noise 0.13 mPa/√Hz @ 1 Hz ; < 10 dB under the LNM</div>\r\n	<div>\r\n		- Resolution [0.02;4] Hz 1.75 mPa<sub>RMS</sub></div>\r\n	<div>\r\n		- Default sensitivity: Pressure output: 20 mV/Pa /  Pressure derivative output : 2 mV/Pa.s<sup>-1</sup></div>\r\n</div>\r\n<div>\r\n	<strong>Power requirments</strong></div>\r\n<div>\r\n	• 12 V Dc (7-20V)</div>\r\n<div>\r\n	• consumption : 100 mW</div>\r\n<div>\r\n	<strong>ENVIRONNEMENT</strong></div>\r\n<div>\r\n	• operating temperature : -20°c to + 50 °c</div>\r\n<div>\r\n	• Humidity : 100% (ip-67 with acoustic inlets sealed)</div>\r\n<div>\r\n	• temperature sensor : [-40°c ; +110°c]</div>\r\n<div>\r\n	• Absolute pressure sensor [150 ; 1150] hpa</div>', NULL, 0.000, 0.000, '0', 0.000, '0', 4, 0, 0, 8690, 8690.00000000, 34760.00000000, 0.00000000, 0.00000000, 0.00000000, 34760.00000000, 0, NULL, NULL, 0, 5388.25000000, NULL, 0, 1),
(51, 15, NULL, 2, NULL, '<div>\r\n	<strong>Weight and Dimensions</strong></div>\r\n<div>\r\n	H 13.6 cm / &nbsp;Diam. 11 cm / Weight 3.0 Kg</div>\r\n<div>\r\n	<div>\r\n		<strong>Transducer technical characteristics:</strong></div>\r\n	<div>\r\n		- Bandwidth (f-3 db) : Pressure output : 0.01-28 HZ / Pressure derivative output : DC-28 Hz</div>\r\n	<div>\r\n		- BLDR [0.02;4] Hz 117 dB @ f&lt;1.6 Hz / 109 db @ f=4 Hz</div>\r\n	<div>\r\n		-Self noise 0.13 mPa/&radic;Hz @ 1 Hz ;&nbsp;&lt; 10 dB under the LNM</div>\r\n	<div>\r\n		- Resolution [0.02;4] Hz 1.75 mPa<sub>RMS</sub></div>\r\n	<div>\r\n		- Default sensitivity: Pressure output: 20 mV/Pa / &nbsp;Pressure derivative output : 2 mV/Pa.s<sup>-1</sup></div>\r\n</div>\r\n<div>\r\n	<strong>Power requirments</strong></div>\r\n<div>\r\n	&bull; 12 V Dc (7-20V)</div>\r\n<div>\r\n	&bull; consumption : 100 mW</div>\r\n<div>\r\n	<strong>ENVIRONNEMENT</strong></div>\r\n<div>\r\n	&bull; operating temperature : -20&deg;c to + 50 &deg;c</div>\r\n<div>\r\n	&bull; Humidity : 100% (ip-67 with acoustic inlets sealed)</div>\r\n<div>\r\n	&bull; temperature sensor : [-40&deg;c ; +110&deg;c]</div>\r\n<div>\r\n	&bull; Absolute pressure sensor [150 ; 1150] hpa</div>', NULL, 0.000, 0.000, '0', 0.000, '0', 1, 0, 0, NULL, 8990.00000000, 8990.00000000, 0.00000000, 0.00000000, 0.00000000, 8990.00000000, 0, NULL, NULL, 0, 5388.25000000, 2, 0, 1),
(52, 15, NULL, 2, NULL, '', NULL, 0.000, 0.000, '0', 0.000, '0', 10, 0, 0, 7980, 7980.00000000, 79800.00000000, 0.00000000, 0.00000000, 0.00000000, 79800.00000000, 0, NULL, NULL, 0, 5388.25000000, NULL, 0, 2),
(53, 15, NULL, 3, NULL, '(Pays d''origine: France)', NULL, 0.000, 0.000, '0', 0.000, '0', 1, 0, 0, NULL, 232.00000000, 232.00000000, 0.00000000, 0.00000000, 0.00000000, 232.00000000, 0, NULL, NULL, 0, 100.00000000, 3, 0, 4),
(54, 15, NULL, 5, NULL, 'cable 18 pin on one side and the other not wired.', NULL, 0.000, 0.000, '0', 0.000, '0', 1, 0, 0, 245, 245.00000000, 245.00000000, 0.00000000, 0.00000000, 0.00000000, 245.00000000, 0, NULL, NULL, 0, 155.00000000, NULL, 0, 5),
(55, 15, NULL, 2, NULL, '', NULL, 0.000, 0.000, '0', 0.000, '0', 15, 0, 0, 7490, 7490.00000000, 112350.00000000, 0.00000000, 0.00000000, 0.00000000, 112350.00000000, 0, NULL, NULL, 0, 5388.25000000, NULL, 0, 3),
(57, 16, NULL, 2, NULL, '<div>\r\n	<strong>Weight and Dimensions</strong></div>\r\n<div>\r\n	H 13.6 cm /  Diam. 11 cm / Weight 3.0 Kg</div>\r\n<div>\r\n	<div>\r\n		<strong>Transducer technical characteristics:</strong></div>\r\n	<div>\r\n		- Bandwidth (f-3 db) : Pressure output : 0.01-28 HZ / Pressure derivative output : DC-28 Hz</div>\r\n	<div>\r\n		- BLDR [0.02;4] Hz 117 dB @ f<1.6 Hz / 109 db @ f=4 Hz</div>\r\n	<div>\r\n		-Self noise 0.13 mPa/√Hz @ 1 Hz ; < 10 dB under the LNM</div>\r\n	<div>\r\n		- Resolution [0.02;4] Hz 1.75 mPa<sub>RMS</sub></div>\r\n	<div>\r\n		- Default sensitivity: Pressure output: 20 mV/Pa /  Pressure derivative output : 2 mV/Pa.s<sup>-1</sup></div>\r\n</div>\r\n<div>\r\n	<strong>Power requirments</strong></div>\r\n<div>\r\n	• 12 V Dc (7-20V)</div>\r\n<div>\r\n	• consumption : 100 mW</div>\r\n<div>\r\n	<strong>ENVIRONNEMENT</strong></div>\r\n<div>\r\n	• operating temperature : -20°c to + 50 °c</div>\r\n<div>\r\n	• Humidity : 100% (ip-67 with acoustic inlets sealed)</div>\r\n<div>\r\n	• temperature sensor : [-40°c ; +110°c]</div>\r\n<div>\r\n	• Absolute pressure sensor [150 ; 1150] hpa</div>', NULL, 0.000, 0.000, '0', 0.000, '0', 22, 0, 0, 6990, 6990.00000000, 153780.00000000, 0.00000000, 0.00000000, 0.00000000, 153780.00000000, 0, NULL, NULL, 0, 5388.25000000, NULL, 0, 1),
(59, 16, NULL, 3, NULL, '(Pays d''origine: France) 3 meters', NULL, 0.000, 0.000, '0', 0.000, '0', 22, 0, 0, 232, 232.00000000, 5104.00000000, 0.00000000, 0.00000000, 0.00000000, 5104.00000000, 0, NULL, NULL, 0, 100.00000000, NULL, 0, 2),
(60, 16, NULL, 5, NULL, '18 pin fischer connector to not wired/ 1,50 meters\r\n(Pays d''origine: France)', NULL, 0.000, 0.000, '0', 0.000, '0', 22, 0, 0, 245, 245.00000000, 5390.00000000, 0.00000000, 0.00000000, 0.00000000, 5390.00000000, 0, NULL, NULL, 0, 155.00000000, NULL, 0, 3),
(61, 17, NULL, 2, NULL, '<div>\r\n	<strong>Weight and Dimensions</strong></div>\r\n<div>\r\n	H 13.6 cm /  Diam. 11 cm / Weight 3.0 Kg</div>\r\n<div>\r\n	<div>\r\n		<strong>Transducer technical characteristics:</strong></div>\r\n	<div>\r\n		- Bandwidth (f-3 db) : Pressure output : 0.01-28 HZ / Pressure derivative output : DC-28 Hz</div>\r\n	<div>\r\n		- BLDR [0.02;4] Hz 117 dB  @ f < 1.6 Hz / 109 db @ f=4 Hz</div>\r\n	<div>\r\n		-Self noise 0.13 mPa/sqrt(Hz) @ 1 Hz ; < 10 dB under the LNM</div>\r\n	<div>\r\n		- Resolution [0.02;4] Hz 1.75 mPa<sub>RMS</sub></div>\r\n	<div>\r\n		- Default sensitivity: Pressure output: 20 mV/Pa /  Pressure derivative output : 2 mV/Pa.s<sup>-1</sup></div>\r\n</div>\r\n<div>\r\n	<strong>Power requirments</strong></div>\r\n<div>\r\n	• 12 V Dc (7-20V)</div>\r\n<div>\r\n	• consumption : 100 mW</div>\r\n<div>\r\n	<strong>ENVIRONNEMENT</strong></div>\r\n<div>\r\n	• operating temperature : -20°c to + 50 °c</div>\r\n<div>\r\n	• Humidity : 100% (ip-67 with acoustic inlets sealed)</div>\r\n<div>\r\n	• temperature sensor : [-40°c ; +110°c]</div>\r\n<div>\r\n	• Absolute pressure sensor [150 ; 1150] hpa</div>', NULL, 0.000, 0.000, '0', 0.000, '0', 21, 0, 0, 6990, 6990.00000000, 146790.00000000, 0.00000000, 0.00000000, 0.00000000, 146790.00000000, 0, NULL, NULL, 0, 5388.25000000, NULL, 0, 1),
(62, 17, NULL, 3, NULL, '(Pays d''origine: France) 3 meters', NULL, 0.000, 0.000, '0', 0.000, '0', 25, 0, 0, 232, 232.00000000, 5800.00000000, 0.00000000, 0.00000000, 0.00000000, 5800.00000000, 0, NULL, NULL, 0, 100.00000000, NULL, 0, 2),
(63, 17, NULL, 5, NULL, '21 units :18 pin fischer connector to not wired/ 1,50 meters\r\n(Pays d''origine: France)\r\n4 units : 18 pin fischer connector to USB/ 1,50 meters', NULL, 0.000, 0.000, '0', 0.000, '0', 25, 0, 0, 245, 245.00000000, 6125.00000000, 0.00000000, 0.00000000, 0.00000000, 6125.00000000, 0, NULL, NULL, 0, 155.00000000, NULL, 0, 3),
(64, 17, NULL, 1, NULL, 'Weight and Dimensions:\r\nH 25 cm / Diam. 11 cm / Weight 3.4 Kg\r\nTransducer technical characteristics:\r\n- Bandwidth (f-3 db) : Pressure output : 0.01-28 HZ / Pressure\r\nderivative output : DC-28 Hz\r\n- BLDR [0.02;4] Hz 117 dB @ f<1.6 Hz / 109 db @ f=4 Hz\r\n-Self noise 0.13 mPa/sqrt(Hz) @ 1 Hz ; < 10 dB under the LNM\r\n- Resolution [0.02;4] Hz 1.75 mPaRMS\r\n- Default sensitivity: Pressure output: 20 mV/Pa / Pressure derivative\r\noutput : 2 mV/Pa.s-1\r\nDigitizer technical characteristics :\r\n- Clipping Level & output range: Pressure: ±min (12000\r\n[Pa/s]/2.pi.f[Hz] ; 1000[Pa]) / Pressure derivative: ±10000 (Pa/s)\r\n- Sampling rate: 20, 50,100 Hz\r\n- Nominal sensitivity: 1,178 10-4 Pa/lsb or 1,178 10-3 Pa/s/lsb @ gain\r\n= 1\r\n- Built in gain: 1, 2, 4, 8\r\n- Data storage: 1 Go / miniSEED\r\n- Power requirements: 12 V DC (7-20V) / 70 mA @ 12 V', NULL, 0.000, 0.000, '0', 0.000, '0', 4, 0, 0, 12140, 12140.00000000, 48560.00000000, 0.00000000, 0.00000000, 0.00000000, 48560.00000000, 0, NULL, NULL, 0, 8248.75000000, NULL, 0, 4),
(65, 17, NULL, 4, NULL, '5 meters long\n(Pays d''origine: France)', NULL, 0.000, 0.000, '0', 0.000, '0', 4, 0, 0, NULL, 150.00000000, 600.00000000, 0.00000000, 0.00000000, 0.00000000, 600.00000000, 0, NULL, NULL, 0, 30.00000000, 4, 0, 5),
(66, 17, NULL, 6, NULL, '<div>\r\n	Flat-pack GPS-antenna for fixed installations.</div>\r\n<div>\r\n	Full hemispherical coverage.</div>\r\n<div>\r\n	Built-in high gain, low noise amplifier.</div>\r\n<div>\r\n	Right-hand circular polarization (RHCP).</div>\r\n<div>\r\n	Available in black or white, .</div>\r\n<div>\r\n	3 V supply voltage .</div>\r\n<div>\r\n	DC supply via RF-connector.</div>\r\n<div>\r\n	EMC tested to IEC 801 and IEC 255.</div>\r\n<div>\r\n	TNC (female) connector.</div>', NULL, 0.000, 0.000, '0', 0.000, '0', 4, 0, 0, 110, 110.00000000, 440.00000000, 0.00000000, 0.00000000, 0.00000000, 440.00000000, 0, NULL, NULL, 0, 70.00000000, NULL, 0, 6),
(67, 18, NULL, 2, NULL, 'Weight and Dimensions\r\n• H 13.6 cm \r\n• Φ 11 cm\r\n• Weight 3.0 Kg\r\npower requirments\r\n• 12 V Dc (7-20V)\r\n• consumption : 100 mW\r\nenViRonMent\r\n• operating temperature : -20°c to + 50 °c\r\n• Humidity : 100% (ip-67 with acoustic inlets sealed)\r\n• temperature sensor : [-40°c ; +110°c] \r\n• Absolute pressure sensor [150 ; 1150] hpa', NULL, 0.000, 0.000, '0', 0.000, '0', 1, 10.71428, 855, 7125, 7980.00000000, 7125.00000000, 0.00000000, 0.00000000, 0.00000000, 7125.00000000, 0, NULL, NULL, 0, 0.00000000, NULL, 0, 1),
(68, 18, NULL, 1, NULL, 'Weight and Dimensions\r\n• H 25 cm \r\n• Φ 11 cm\r\n• Weight 3.4 Kg\r\npower requirments\r\n• 12 V Dc (7-20V)\r\n• consumption : 600 mW\r\nenViRonMent\r\n• operating temperature : -20°c to + 50 °c\r\n• Humidity : 100% (ip-67 with acoustic inlets sealed)\r\n• auxilary measurements : 24 bits\r\n• temperature sensor : [-40°c ; +110°c] \r\n• absolute pressure sensor [500 ; 1095] pa', NULL, 0.000, 0.000, '0', 0.000, '0', 2, 20.19385, 2500, 9880, 12380.00000000, 19760.00000000, 0.00000000, 0.00000000, 0.00000000, 19760.00000000, 0, NULL, NULL, 0, 0.00000000, NULL, 0, 2),
(69, 18, NULL, 6, NULL, '<div>\r\n	Flat-pack GPS-antenna for fixed installations.</div>\r\n<div>\r\n	Full hemispherical coverage.</div>\r\n<div>\r\n	Built-in high gain, low noise amplifier.</div>\r\n<div>\r\n	Right-hand circular polarization (RHCP).</div>\r\n<div>\r\n	Available in black or white, see model survey.</div>\r\n<div>\r\n	5 V supply voltage (3 V respectively 12 V available on request).</div>\r\n<div>\r\n	DC supply via RF-connector.</div>\r\n<div>\r\n	EMC tested to IEC 801 and IEC 255.</div>\r\n<div>\r\n	Provided with FME (male) or TNC (female) connector, see model survey.</div>\r\n<div>\r\n	Wide range of FME-accessories available.</div>', NULL, 0.000, 0.000, '0', 0.000, '0', 2, 0, 0, NULL, 110.00000000, 220.00000000, 0.00000000, 0.00000000, 0.00000000, 220.00000000, 0, NULL, NULL, 0, 70.00000000, 6, 0, 3),
(70, 18, NULL, 3, NULL, '(Pays d''origine: France)\r\n3 meters long', NULL, 0.000, 0.000, '0', 0.000, '0', 3, 0, 0, 232, 232.00000000, 696.00000000, 0.00000000, 0.00000000, 0.00000000, 696.00000000, 0, NULL, NULL, 0, 100.00000000, NULL, 0, 4),
(71, 18, NULL, 4, NULL, '(Pays d''origine: France)\r\n5 meters long', NULL, 0.000, 0.000, '0', 0.000, '0', 2, 0, 0, 150, 150.00000000, 300.00000000, 0.00000000, 0.00000000, 0.00000000, 300.00000000, 0, NULL, NULL, 0, 30.00000000, NULL, 0, 5),
(72, 18, NULL, 5, NULL, '2 cables 18 pin to USB for MB3d\r\n1 cable 18 pin to not wired  for MB3a\r\n1,5 meters', NULL, 0.000, 0.000, '0', 0.000, '0', 3, 0, 0, 245, 245.00000000, 735.00000000, 0.00000000, 0.00000000, 0.00000000, 735.00000000, 0, NULL, NULL, 0, 155.00000000, NULL, 0, 6),
(73, 18, NULL, 7, NULL, '<div>\r\n	&nbsp;Battery Capacity: 12Ah&nbsp; Battery Voltage: 12V</div>\r\n<div>\r\n	&nbsp;Battery Technology: Lead Acid</div>\r\n<div>\r\n	&nbsp;External Height: 97.5mm</div>\r\n<div>\r\n	&nbsp;External Width: 98mm</div>\r\n<div>\r\n	&nbsp;External Depth: 151mm</div>\r\n<div>\r\n	&nbsp;Weight: 4kg</div>\r\n<div>\r\n	&nbsp;Battery Terminals: Quick Connect</div>\r\n<div>\r\n	&nbsp;Charge Current Max: 3A</div>\r\n<div>\r\n	&nbsp;Cyclic Charge Voltage Max: 15V</div>\r\n<div>\r\n	&nbsp;Cyclic Charge Voltage Min: 14.4V</div>\r\n<div>\r\n	&nbsp;Depth: 98mm</div>\r\n<div>\r\n	&nbsp;Height Max: 97.5mm</div>\r\n<div>\r\n	&nbsp;Output Voltage: 12V</div><br>\n(Pays d''origine: France)', NULL, 0.000, 0.000, '0', 0.000, '0', 3, 0, 0, NULL, 110.00000000, 330.00000000, 0.00000000, 0.00000000, 0.00000000, 330.00000000, 0, NULL, NULL, 0, 41.60000000, 20, 0, 7),
(75, 19, NULL, 1, NULL, 'Weight and Dimensions\r\n• H 25 cm \r\n• Φ 11 cm\r\n• Weight 3.4 Kg\r\npower requirments\r\n• 12 V Dc (7-20V)\r\n• consumption : 600 mW\r\nenViRonMent\r\n• operating temperature : -20°c to + 50 °c\r\n• Humidity : 100% (ip-67 with acoustic inlets sealed)\r\n• auxilary measurements : 24 bits\r\n• temperature sensor : [-40°c ; +110°c] \r\n• absolute pressure sensor [500 ; 1095] pa', NULL, 0.000, 0.000, '0', 0.000, '0', 1, 20.89671, 2610, 9880, 12490.00000000, 9880.00000000, 0.00000000, 0.00000000, 0.00000000, 9880.00000000, 0, NULL, NULL, 0, 6657.00000000, NULL, 0, 1),
(76, 19, NULL, 6, NULL, '<div>\r\n	Flat-pack GPS-antenna for fixed installations.</div>\r\n<div>\r\n	Full hemispherical coverage.</div>\r\n<div>\r\n	Built-in high gain, low noise amplifier.</div>\r\n<div>\r\n	Right-hand circular polarization (RHCP).</div>\r\n<div>\r\n	Available in black or white.</div>\r\n<div>\r\n	3 V supply voltage.</div>\r\n<div>\r\n	DC supply via RF-connector.</div>\r\n<div>\r\n	EMC tested to IEC 801 and IEC 255.</div>\r\n<div>\r\n      TNC (female) connector.</div>', NULL, 0.000, 0.000, '0', 0.000, '0', 1, 0, 0, 110, 110.00000000, 110.00000000, 0.00000000, 0.00000000, 0.00000000, 110.00000000, 0, NULL, NULL, 0, 70.00000000, NULL, 0, 2),
(77, 19, NULL, 3, NULL, '(Pays d''origine: France)\r\n3 meters long', NULL, 0.000, 0.000, '0', 0.000, '0', 1, 0, 0, 232, 232.00000000, 232.00000000, 0.00000000, 0.00000000, 0.00000000, 232.00000000, 0, NULL, NULL, 0, 100.00000000, NULL, 0, 3),
(78, 19, NULL, 4, NULL, '(Pays d''origine: France)\r\n5 meters long', NULL, 0.000, 0.000, '0', 0.000, '0', 1, 0, 0, 150, 150.00000000, 150.00000000, 0.00000000, 0.00000000, 0.00000000, 150.00000000, 0, NULL, NULL, 0, 30.00000000, NULL, 0, 4),
(79, 19, NULL, 5, NULL, 'cable 18 pin to USB for MB3d\r\n1,5 meters', NULL, 0.000, 0.000, '0', 0.000, '0', 1, 0, 0, 245, 245.00000000, 245.00000000, 0.00000000, 0.00000000, 0.00000000, 245.00000000, 0, NULL, NULL, 0, 155.00000000, NULL, 0, 5),
(80, 19, NULL, 7, NULL, '<div>\r\n	 Battery Capacity: 12Ah  Battery Voltage: 12V</div>\r\n<div>\r\n	 Battery Technology: Lead Acid</div>\r\n<div>\r\n	 External Height: 97.5mm</div>\r\n<div>\r\n	 External Width: 98mm</div>\r\n<div>\r\n	 External Depth: 151mm</div>\r\n<div>\r\n	 Weight: 4kg</div>\r\n<div>\r\n	 Battery Terminals: Quick Connect</div>\r\n<div>\r\n	 Charge Current Max: 3A</div>\r\n<div>\r\n	 Cyclic Charge Voltage Max: 15V</div>\r\n<div>\r\n	 Cyclic Charge Voltage Min: 14.4V</div>\r\n<div>\r\n	 Depth: 98mm</div>\r\n<div>\r\n	 Height Max: 97.5mm</div>\r\n<div>\r\n	 Output Voltage: 12V</div><br>\r\n(Pays d''origine: France)', NULL, 0.000, 0.000, '0', 0.000, '0', 1, 0, 0, 110, 110.00000000, 110.00000000, 0.00000000, 0.00000000, 0.00000000, 110.00000000, 0, NULL, NULL, 0, 41.60000000, NULL, 0, 6),
(81, 20, NULL, 2, NULL, 'To refer to MB3a user manual', NULL, 0.000, 0.000, '0', 0.000, '0', 14, 0, 0, 7990, 7990.00000000, 111860.00000000, 0.00000000, 0.00000000, 0.00000000, 111860.00000000, 0, NULL, NULL, 0, 5388.25000000, NULL, 0, 1),
(82, 20, NULL, 1, NULL, 'To refer to MB3d user manual', NULL, 0.000, 0.000, '0', 0.000, '0', 5, 0, 0, 11990, 11990.00000000, 59950.00000000, 0.00000000, 0.00000000, 0.00000000, 59950.00000000, 0, NULL, NULL, 0, 8248.75000000, NULL, 0, 2),
(83, 20, NULL, 6, NULL, 'Flat-pack GPS-antenna for fixed installations.>\r\nFull hemispherical coverage.\r\nBuilt-in high gain, low noise amplifier.\r\nRight-hand circular polarization (RHCP).\r\nAvailable in black or white\r\n3 V \r\nDC supply via RF-connector.\r\nEMC tested to IEC 801 and IEC 255. / TNC (female) connector</div>', NULL, 0.000, 0.000, '0', 0.000, '0', 5, 0, 0, 110, 110.00000000, 550.00000000, 0.00000000, 0.00000000, 0.00000000, 550.00000000, 0, NULL, NULL, 0, 70.00000000, NULL, 0, 3),
(86, 20, NULL, 3, NULL, '(Pays d''origine: France) 3 meters\r\n3 pin Fischer connector to 2 wires1.5 mm²', NULL, 0.000, 0.000, '0', 0.000, '0', 29, 0, 0, 232, 232.00000000, 6728.00000000, 0.00000000, 0.00000000, 0.00000000, 6728.00000000, 0, NULL, NULL, 0, 154.70000000, NULL, 0, 4),
(89, 20, NULL, 18, NULL, '10 m long<br />\r\nCoaxial TNC to TNC<br>\r\n(Pays d''origine: France)', NULL, 0.000, 0.000, '0', 0.000, '0', 5, 0, 0, 170, 170.00000000, 850.00000000, 0.00000000, 0.00000000, 0.00000000, 850.00000000, 0, NULL, NULL, 0, 0.00000000, NULL, 0, 5),
(90, 20, NULL, 17, NULL, '18 pin to USB<br />\r\n3 m long<br>\r\n(Pays d''origine: France)', NULL, 0.000, 0.000, '0', 0.000, '0', 10, 0, 0, 260, 260.00000000, 2600.00000000, 0.00000000, 0.00000000, 0.00000000, 2600.00000000, 0, NULL, NULL, 0, 0.00000000, NULL, 0, 6),
(91, 20, NULL, 16, NULL, '3 m long<br />\r\n18 pin to not wired<br>\r\n(Pays d''origine: France)', NULL, 0.000, 0.000, '0', 0.000, '0', 24, 0, 0, 260, 260.00000000, 6240.00000000, 0.00000000, 0.00000000, 0.00000000, 6240.00000000, 0, NULL, NULL, 0, 0.00000000, NULL, 0, 7),
(92, 20, NULL, 19, NULL, 'PELICASE 1650  + adapted foam<br />\r\nInt Dim : L725 x W445 x D270 mm<br />\r\nExt Dim : L802 x W520 x D316 mm<br>\r\n(Pays d''origine: France)', NULL, 0.000, 0.000, '0', 0.000, '0', 2, 0, 0, 1250, 1250.00000000, 2500.00000000, 0.00000000, 0.00000000, 0.00000000, 2500.00000000, 0, NULL, NULL, 0, 0.00000000, NULL, 0, 12),
(93, 17, NULL, 19, NULL, 'PELICASE 1650  + adapted foam for 6 sensors<br />\r\nInt Dim : L725 x W445 x D270 mm<br />\r\nExt Dim : L802 x W520 x D316 mm<br>\r\n(Pays d''origine: France)', NULL, 0.000, 0.000, '0', 0.000, '0', 5, 0, 0, 1200, 1200.00000000, 6000.00000000, 0.00000000, 0.00000000, 0.00000000, 6000.00000000, 0, NULL, NULL, 0, 967.20000000, NULL, 0, 7),
(94, 14, NULL, 16, NULL, '3 m long<br />\r\n18 pin to not wired<br>\r\n(Pays d''origine: France)', NULL, 0.000, 0.000, '0', 0.000, '0', 4, 0, 0, 260, 260.00000000, 1040.00000000, 0.00000000, 0.00000000, 0.00000000, 1040.00000000, 0, NULL, NULL, 0, 0.00000000, NULL, 0, 3),
(95, 20, NULL, 10, NULL, 'Wrench designed to adjust the position of the magnet\r\n(Pays d''origine: France)', NULL, 0.000, 0.000, '0', 0.000, '0', 10, 0, 0, 55, 55.00000000, 550.00000000, 0.00000000, 0.00000000, 0.00000000, 550.00000000, 0, NULL, NULL, 0, 28.65000000, NULL, 0, 8),
(96, 20, NULL, 20, NULL, '18 pin connector to banana plugs. To connect between the analog module and a multimeter in order to adjust the magnet postion.\r\n(Pays d''origine: France)', NULL, 0.000, 0.000, '0', 0.000, '0', 10, 0, 0, 150, 150.00000000, 1500.00000000, 0.00000000, 0.00000000, 0.00000000, 1500.00000000, 0, NULL, NULL, 0, 0.00000000, NULL, 0, 9),
(97, 20, NULL, 12, NULL, '<table border="1" cellpadding="0" cellspacing="0">\r\n	<tbody>\r\n		<tr>\r\n			<td style="width:177px;">\r\n				<strong>Key Specifications </strong></td>\r\n			<td style="width:104px;">\r\n				 </td>\r\n		</tr>\r\n		<tr>\r\n			<td style="width:177px;">\r\n				Connector Series 1</td>\r\n			<td style="width:104px;">\r\n				TNC</td>\r\n		</tr>\r\n		<tr>\r\n			<td style="width:177px;">\r\n				Connector Gender 1</td>\r\n			<td style="width:104px;">\r\n				Male</td>\r\n		</tr>\r\n		<tr>\r\n			<td style="width:177px;">\r\n				Connector Polarity 1</td>\r\n			<td style="width:104px;">\r\n				Standard</td>\r\n		</tr>\r\n		<tr>\r\n			<td style="width:177px;">\r\n				Connector Impedance 1</td>\r\n			<td style="width:104px;">\r\n				50 Ohm</td>\r\n		</tr>\r\n		<tr>\r\n			<td style="width:177px;">\r\n				Connector Series 2</td>\r\n			<td style="width:104px;">\r\n				TNC</td>\r\n		</tr>\r\n		<tr>\r\n			<td style="width:177px;">\r\n				Connector Gender 2</td>\r\n			<td style="width:104px;">\r\n				Male</td>\r\n		</tr>\r\n		<tr>\r\n			<td style="width:177px;">\r\n				Connector Polarity 2</td>\r\n			<td style="width:104px;">\r\n				Standard</td>\r\n		</tr>\r\n		<tr>\r\n			<td style="width:177px;">\r\n				Connector Impedance 2</td>\r\n			<td style="width:104px;">\r\n				50 Ohm</td>\r\n		</tr>\r\n		<tr>\r\n			<td style="width:177px;">\r\n				Adapter Body Style</td>\r\n			<td style="width:104px;">\r\n				Right Angle</td>\r\n		</tr>\r\n		<tr>\r\n			<td style="width:177px;">\r\n				Connector Mount Method 1</td>\r\n			<td style="width:104px;">\r\n				None</td>\r\n		</tr>\r\n		<tr>\r\n			<td style="width:177px;">\r\n				Connector Body Material 1</td>\r\n			<td style="width:104px;">\r\n				Brass</td>\r\n		</tr>\r\n		<tr>\r\n			<td style="width:177px;">\r\n				Connector Body Plating 1</td>\r\n			<td style="width:104px;">\r\n				Nickel</td>\r\n		</tr>\r\n		<tr>\r\n			<td style="width:177px;">\r\n				Connector Mount Method 2</td>\r\n			<td style="width:104px;">\r\n				None</td>\r\n		</tr>\r\n		<tr>\r\n			<td style="width:177px;">\r\n				Connector Body Material 2</td>\r\n			<td style="width:104px;">\r\n				Brass</td>\r\n		</tr>\r\n		<tr>\r\n			<td style="width:177px;">\r\n				Connector Body Plating 2</td>\r\n			<td style="width:104px;">\r\n				Nickel</td>\r\n		</tr>\r\n	</tbody>\r\n</table>\r\n <br>\r\n(Pays d''origine: Etats-Unis)', NULL, 0.000, 0.000, '0', 0.000, '0', 5, 0, 0, 90, 90.00000000, 450.00000000, 0.00000000, 0.00000000, 0.00000000, 450.00000000, 0, NULL, NULL, 0, 47.00000000, NULL, 0, 10),
(100, 20, NULL, 23, NULL, '', NULL, 0.000, 0.000, '0', 0.000, '0', 11, 0, 0, 130, 130.00000000, 1430.00000000, 0.00000000, 0.00000000, 0.00000000, 1430.00000000, 0, NULL, NULL, 0, 0.00000000, NULL, 0, 11),
(101, 19, NULL, 23, NULL, '(Pays d''origine: France)', NULL, 0.000, 0.000, '0', 0.000, '0', 1, 0, 0, 150, 150.00000000, 150.00000000, 0.00000000, 0.00000000, 0.00000000, 150.00000000, 0, NULL, NULL, 0, 0.00000000, NULL, 0, 7),
(102, 19, NULL, 24, NULL, 'From France to Hawaii', NULL, 0.000, 0.000, '0', 0.000, '0', 1, 0, 0, 395, 395.00000000, 395.00000000, 0.00000000, 0.00000000, 0.00000000, 395.00000000, 1, NULL, NULL, 0, 246.08000000, NULL, 0, 8),
(103, 19, NULL, 21, NULL, 'For a value of 10700 €', NULL, 0.000, 0.000, '0', 0.000, '0', 1, 0, 0, 210, 210.00000000, 210.00000000, 0.00000000, 0.00000000, 0.00000000, 210.00000000, 1, NULL, NULL, 0, 119.00000000, NULL, 0, 9),
(104, 19, NULL, 25, NULL, 'PELICASE 1430 &nbsp;+ adapted foam<br />\r\nDim. int&nbsp;: 344 x 146 x 297 mm<br />\r\nDim. ext&nbsp;: 430 x 244 x 341 mm<br>\n(Pays d''origine: France)', NULL, 0.000, 0.000, '0', 0.000, '0', 1, 0, 0, NULL, 650.00000000, 650.00000000, 0.00000000, 0.00000000, 0.00000000, 650.00000000, 0, NULL, NULL, 0, 425.00000000, 29, 0, 10),
(105, 21, NULL, 1, NULL, 'Weight and Dimensions:\r\nH 25 cm / Diam. 11 cm / Weight 3.4 Kg\r\nTransducer technical characteristics:\r\n- Bandwidth (f-3 db) : Pressure output : 0.01-28 HZ / Pressure\r\nderivative output : DC-28 Hz\r\n- BLDR [0.02;4] Hz 117 dB @ f<1.6 Hz / 109 db @ f=4 Hz\r\n-Self noise 0.13 mPa/√(Hz) @ 1 Hz ; < 10 dB under the LNM\r\n- Resolution [0.02;4] Hz 1.75 mPaRMS\r\n- Default sensitivity: Pressure output: 20 mV/Pa / Pressure derivative output : 2 mV/Pa.s-1\r\nDigitizer technical characteristics:\r\n- Clipping Level & output range: Pressure: ±min (12000\r\n[Pa/s]/2.pi.f[Hz] ; 1000[Pa]) / Pressure derivative: ±10000 (Pa/s)\r\n- Sampling rate: 20, 50,100 Hz\r\n- Nominal sensitivity: 1,178 10-4 Pa/lsb or 1,178 10-3 Pa/s/lsb @ gain= 1\r\n- Built in gain: 1, 2, 4, 8\r\n- Data storage: 1 GB / miniSEED\r\n- Power requirements: 12 V DC (7-20V) / 70 mA @ 12 V', NULL, 0.000, 0.000, '0', 0.000, '0', 4, 0, 0, 12500, 12500.00000000, 50000.00000000, 0.00000000, 0.00000000, 0.00000000, 50000.00000000, 0, NULL, NULL, 0, 8248.75000000, NULL, 0, 1),
(106, 21, NULL, 18, NULL, '10 m long<br />\r\nCoaxial TNC to TNC<br>\r\n(Pays d''origine: France)', NULL, 0.000, 0.000, '0', 0.000, '0', 4, 0, 0, 170, 170.00000000, 680.00000000, 0.00000000, 0.00000000, 0.00000000, 680.00000000, 0, NULL, NULL, 0, 0.00000000, NULL, 0, 2),
(108, 21, NULL, 3, NULL, '(Pays d''origine: France)', NULL, 0.000, 0.000, '0', 0.000, '0', 4, 0, 0, NULL, 232.00000000, 928.00000000, 0.00000000, 0.00000000, 0.00000000, 928.00000000, 0, NULL, NULL, 0, 154.70000000, 10, 0, 3),
(109, 21, NULL, 17, NULL, '18 pin to USB<br />\r\n3 m long<br>\r\n(Pays d''origine: France)', NULL, 0.000, 0.000, '0', 0.000, '0', 4, 0, 0, 260, 260.00000000, 1040.00000000, 0.00000000, 0.00000000, 0.00000000, 1040.00000000, 0, NULL, NULL, 0, 0.00000000, NULL, 0, 4),
(110, 21, NULL, 6, NULL, '<div>\r\n	Flat-pack GPS-antenna for fixed installations.</div>\r\n<div>\r\n	Full hemispherical coverage.</div>\r\n<div>\r\n	Built-in high gain, low noise amplifier.</div>\r\n<div>\r\n	Right-hand circular polarization (RHCP).</div>\r\n<div>\r\n	Available in black or white, see model survey.</div>\r\n<div>\r\n	5 V supply voltage (3 V respectively 12 V available on request).</div>\r\n<div>\r\n	DC supply via RF-connector.</div>\r\n<div>\r\n	EMC tested to IEC 801 and IEC 255.</div>\r\n<div>\r\n	Provided with FME (male) or TNC (female) connector, see model survey.</div>\r\n<div>\r\n	Wide range of FME-accessories available.</div>', NULL, 0.000, 0.000, '0', 0.000, '0', 4, 0, 0, 110, 110.00000000, 440.00000000, 0.00000000, 0.00000000, 0.00000000, 440.00000000, 0, NULL, NULL, 0, 70.00000000, NULL, 0, 5);
INSERT INTO `llx_propaldet` (`rowid`, `fk_propal`, `fk_parent_line`, `fk_product`, `label`, `description`, `fk_remise_except`, `tva_tx`, `localtax1_tx`, `localtax1_type`, `localtax2_tx`, `localtax2_type`, `qty`, `remise_percent`, `remise`, `price`, `subprice`, `total_ht`, `total_tva`, `total_localtax1`, `total_localtax2`, `total_ttc`, `product_type`, `date_start`, `date_end`, `info_bits`, `buy_price_ht`, `fk_product_fournisseur_price`, `special_code`, `rang`) VALUES
(111, 21, NULL, 7, NULL, '<div>\r\n	 Battery Capacity: 12Ah  Battery Voltage: 12V</div>\r\n<div>\r\n	 Battery Technology: Lead Acid</div>\r\n<div>\r\n	 External Height: 97.5mm</div>\r\n<div>\r\n	 External Width: 98mm</div>\r\n<div>\r\n	 External Depth: 151mm</div>\r\n<div>\r\n	 Weight: 4kg</div>\r\n<div>\r\n	 Battery Terminals: Quick Connect</div>\r\n<div>\r\n	 Charge Current Max: 3A</div>\r\n<div>\r\n	 Cyclic Charge Voltage Max: 15V</div>\r\n<div>\r\n	 Cyclic Charge Voltage Min: 14.4V</div>\r\n<div>\r\n	 Depth: 98mm</div>\r\n<div>\r\n	 Height Max: 97.5mm</div>\r\n<div>\r\n	 Output Voltage: 12V</div><br>\r\n(Pays d''origine: France)', NULL, 0.000, 0.000, '0', 0.000, '0', 4, 0, 0, 110, 110.00000000, 440.00000000, 0.00000000, 0.00000000, 0.00000000, 440.00000000, 0, NULL, NULL, 0, 41.60000000, NULL, 0, 6),
(112, 21, NULL, 23, NULL, 'Packaging\n(Pays d''origine: France)', NULL, 0.000, 0.000, '0', 0.000, '0', 4, 0, 0, NULL, 130.00000000, 520.00000000, 0.00000000, 0.00000000, 0.00000000, 520.00000000, 0, NULL, NULL, 0, 0.00000000, NULL, 0, 7),
(113, 22, NULL, 2, NULL, '<div>\r\n	<strong>Weight and Dimensions</strong></div>\r\n<div>\r\n	H 13.6 cm / &nbsp;Diam. 11 cm / Weight 3.0 Kg</div>\r\n<div>\r\n	<div>\r\n		<strong>Transducer technical characteristics:</strong></div>\r\n	<div>\r\n		- Bandwidth (f-3 db) : Pressure output : 0.01-28 HZ / Pressure derivative output : DC-28 Hz</div>\r\n	<div>\r\n		- BLDR [0.02;4] Hz 117 dB @ f&lt;1.6 Hz / 109 db @ f=4 Hz</div>\r\n	<div>\r\n		-Self noise 0.13 mPa/&radic;Hz @ 1 Hz ;&nbsp;&lt; 10 dB under the LNM</div>\r\n	<div>\r\n		- Resolution [0.02;4] Hz 1.75 mPa<sub>RMS</sub></div>\r\n	<div>\r\n		- Default sensitivity: Pressure output: 20 mV/Pa / &nbsp;Pressure derivative output : 2 mV/Pa.s<sup>-1</sup></div>\r\n</div>\r\n<div>\r\n	<strong>Power requirments</strong></div>\r\n<div>\r\n	&bull; 12 V Dc (7-20V)</div>\r\n<div>\r\n	&bull; consumption : 100 mW</div>\r\n<div>\r\n	<strong>ENVIRONNEMENT</strong></div>\r\n<div>\r\n	&bull; operating temperature : -20&deg;c to + 50 &deg;c</div>\r\n<div>\r\n	&bull; Humidity : 100% (ip-67 with acoustic inlets sealed)</div>\r\n<div>\r\n	&bull; temperature sensor : [-40&deg;c ; +110&deg;c]</div>\r\n<div>\r\n	&bull; Absolute pressure sensor [150 ; 1150] hpa</div>', NULL, 0.000, 0.000, '0', 0.000, '0', 3, 0, 0, 10100, 10100.00000000, 30300.00000000, 0.00000000, 0.00000000, 0.00000000, 30300.00000000, 0, NULL, NULL, 0, 5388.25000000, NULL, 0, 1),
(115, 22, NULL, 16, NULL, '3 m long<br />\r\n18 pin to not wired<br>\r\n(Pays d''origine: France)', NULL, 0.000, 0.000, '0', 0.000, '0', 3, 0, 0, 302.1, 302.10000000, 906.30000000, 0.00000000, 0.00000000, 0.00000000, 906.30000000, 0, NULL, NULL, 0, 0.00000000, NULL, 0, 2),
(116, 22, NULL, 10, NULL, 'Wrench designed to adjust the position of the magnet\r\n(Pays d''origine: France)', NULL, 0.000, 0.000, '0', 0.000, '0', 1, 100, 64, 0, 64.00000000, 0.00000000, 0.00000000, 0.00000000, 0.00000000, 0.00000000, 0, NULL, NULL, 0, 28.65000000, NULL, 0, 3),
(117, 22, NULL, 20, NULL, '18 pin connector to banana plugs. To connect between the analog module and a multimeter in order to adjust the magnet postion.\r\n(Pays d''origine: France)', NULL, 0.000, 0.000, '0', 0.000, '0', 1, 100, 175, 0, 175.00000000, 0.00000000, 0.00000000, 0.00000000, 0.00000000, 0.00000000, 0, NULL, NULL, 0, 0.00000000, NULL, 0, 4),
(128, 23, NULL, 26, NULL, '1 MB3d digital microbarometer with 4 silicone caps  / SEISMO WAVE\r\n1 Antenna 2000 B 3V / PROCOM\r\n1 GPS Cable (5m long) PR000183-CBL_5 / SEISMO WAVE\r\n1 12v Battery NP12-12  Made in TW Taiwan / YUASA\r\n1 Power Cable (3m long) PR000187-CBL_3 / SEISMO WAVE\r\n1 PC/USB cable (1,5m long) PR000188-CBL_1.5 / SEISMO WAVE\r\n \r\n1 Cd with Dionisos Software, 1 User-guide in pdf format / SEISMO WAVE\r\n1 calibration Certificate\r\n \r\n1 magnet wrench MU000384- / SEISMO WAVE\r\n1 suitcase with Foam 1430 / PELLICASE\r\n\r\n(Code douane: 9015801190 - Pays d''origine: France)', NULL, 0.000, 0.000, '0', 0.000, '0', 1, 0, 0, 11527, 11527.00000000, 11527.00000000, 0.00000000, 0.00000000, 0.00000000, 11527.00000000, 0, NULL, NULL, 0, 7478.60000000, NULL, 0, 1),
(129, 24, NULL, 1, NULL, 'Weight and Dimensions\r\nH 25 cm / Diam. 11 cm / Weight 3.4 Kg\r\nTransducer technical characteristics: \r\n- Bandwidth (f-3 db) : Pressure output : 0.01-28 HZ / Pressure derivative output : DC-28 Hz\r\n- BLDR [0.02;4] Hz 117 dB @ f<1.6 Hz  / 109 db @ f=4 Hz\r\n-Self noise < 10 dB under the LNM\r\nResolution [0.02;4] Hz  1.75 mPaRMS\r\nDefault sensitivity: \r\n- Pressure output: 20 mV/Pa \r\n- Pressure derivative output : 2 mV/Pa.s-1\r\nDigitizer technical characteristics :\r\nClipping Level & output range: \r\n- Pressure: ±min (12000 [Pa/s]/2.π.f[Hz] ; 1000[Pa])\r\n- Pressure derivative: ±10000 (Pa/s)\r\nSampling rate: 20, 50,100 Hz\r\nNominal sensitivity:  1,178 10-4 Pa/lsb or 1,178 10-5 Pa/s/lsb @ gain = 1\r\nBuilt in gain: 1, 2, 4, 8\r\nData storage: 1 Go / miniSEED\r\nPower requirements: 12 V DC (7-20V) / 70 mA @ 12 V', NULL, 20.000, 0.000, '0', 0.000, '0', 1, 0, 0, 10900, 10900.00000000, 10900.00000000, 2180.00000000, 0.00000000, 0.00000000, 13080.00000000, 0, NULL, NULL, 0, 8249.00000000, NULL, 0, 1),
(130, 24, NULL, 3, NULL, '(Pays d''origine: France)', NULL, 20.000, 0.000, '0', 0.000, '0', 1, 0, 0, 150, 150.00000000, 150.00000000, 30.00000000, 0.00000000, 0.00000000, 180.00000000, 0, NULL, NULL, 0, 100.00000000, NULL, 0, 2),
(131, 24, NULL, 4, NULL, '(Pays d''origine: France)', NULL, 20.000, 0.000, '0', 0.000, '0', 1, 0, 0, 118, 118.00000000, 118.00000000, 23.60000000, 0.00000000, 0.00000000, 141.60000000, 0, NULL, NULL, 0, 30.00000000, NULL, 0, 3),
(132, 24, NULL, 6, NULL, 'Full hemispherical coverage.\r\nBuilt-in high gain, low noise amplifier.\r\nRight-hand circular polarization (RHCP).\r\nAvailable in black or white\r\n3 V supply voltage\r\nDC supply via RF-connector.\r\nEMC tested to IEC 801 and IEC 255.\r\nTNC (female) connector', NULL, 20.000, 0.000, '0', 0.000, '0', 1, 0, 0, 118, 118.00000000, 118.00000000, 23.60000000, 0.00000000, 0.00000000, 141.60000000, 0, NULL, NULL, 0, 70.00000000, NULL, 0, 4),
(133, 24, NULL, 7, NULL, 'Capacity: 12Ah / Voltage: 12V / Technology: Lead Acid\r\nExternal Height: 97.5mm / External Width: 98mm\r\nExternal Depth: 151mm / Weight: 4kg\r\nBattery Terminals: Quick Connect\r\nCharge Current Max: 3A', NULL, 20.000, 0.000, '0', 0.000, '0', 1, 0, 0, 118, 118.00000000, 118.00000000, 23.60000000, 0.00000000, 0.00000000, 141.60000000, 0, NULL, NULL, 0, 80.00000000, NULL, 0, 5),
(134, 24, NULL, 5, NULL, '(Pays d''origine: France)', NULL, 20.000, 0.000, '0', 0.000, '0', 1, 0, 0, 168, 168.00000000, 168.00000000, 33.60000000, 0.00000000, 0.00000000, 201.60000000, 0, NULL, NULL, 0, 155.00000000, NULL, 0, 6),
(135, 24, NULL, 23, NULL, '(Pays d''origine: France)\r\nEmbllage spécifique avec mousse de protection', NULL, 20.000, 0.000, '0', 0.000, '0', 1, 0, 0, 130, 130.00000000, 130.00000000, 26.00000000, 0.00000000, 0.00000000, 156.00000000, 0, NULL, NULL, 0, 0.00000000, NULL, 0, 7),
(136, 24, NULL, 25, NULL, 'PELICASE 1430  + adapted foam<br />\r\nDim. int : 344 x 146 x 297 mm<br />\r\nDim. ext : 430 x 244 x 341 mm<br>\r\nPellicase de transport<br>\r\n(Pays d''origine: France)', NULL, 20.000, 0.000, '0', 0.000, '0', 1, 0, 0, 650, 650.00000000, 650.00000000, 130.00000000, 0.00000000, 0.00000000, 780.00000000, 0, NULL, NULL, 0, 425.00000000, NULL, 0, 8),
(137, 24, NULL, 22, NULL, 'express paris jussieu', NULL, 20.000, 0.000, '0', 0.000, '0', 1, 0, 0, 95, 95.00000000, 95.00000000, 19.00000000, 0.00000000, 0.00000000, 114.00000000, 1, NULL, NULL, 0, 0.00000000, NULL, 0, 9),
(138, 24, NULL, 21, NULL, '', NULL, 20.000, 0.000, '0', 0.000, '0', 1, 0, 0, 130, 130.00000000, 130.00000000, 26.00000000, 0.00000000, 0.00000000, 156.00000000, 1, NULL, NULL, 0, 0.00000000, NULL, 0, 10),
(139, 23, NULL, 27, NULL, '', NULL, 0.000, 0.000, '0', 0.000, '0', 1, 0, 0, 395, 395.00000000, 395.00000000, 0.00000000, 0.00000000, 0.00000000, 395.00000000, 0, NULL, NULL, 0, 0.00000000, NULL, 0, 2),
(140, 23, NULL, 28, NULL, 'Estimation of the duty and tax on FOB value.\r\nThis amount is a provision and will be adjusted once the final cost will be known', NULL, 0.000, 0.000, '0', 0.000, '0', 1, 0, 0, 100, 100.00000000, 100.00000000, 0.00000000, 0.00000000, 0.00000000, 100.00000000, 1, NULL, NULL, 0, 0.00000000, NULL, 0, 4),
(141, 23, NULL, 21, NULL, '100% de la valeur déclarée soit 11527 €', NULL, 0.000, 0.000, '0', 0.000, '0', 1, 0, 0, 210, 210.00000000, 210.00000000, 0.00000000, 0.00000000, 0.00000000, 210.00000000, 1, NULL, NULL, 0, 0.00000000, NULL, 0, 3),
(142, 26, NULL, 1, NULL, '<div>\r\n	<strong>Poids et dimensions :</strong></div>\r\n<div>\r\n	H 25 cm / Diam. 11 cm / Weight 3.4 Kg</div>\r\n<div>\r\n	<strong>Caract&eacute;ristiques techniques du bloc transducteur :</strong></div>\r\n<div>\r\n	- Bande passante (f-3 db) : Sortie pression : 0.01-28 HZ / Sortie d&eacute;riv&eacute;e de pression : DC-28 Hz</div>\r\n<div>\r\n	- BLDR [0.02;4] Hz 117 dB @ f&lt;1.6 Hz / 109 db @ f=4 Hz</div>\r\n<div>\r\n	- Bruit instrumental 0.13 mPa/&radic;(Hz) @ 1 Hz ; &lt; 10 dB under the LNM</div>\r\n<div>\r\n	- Resolution [0.02;4] Hz 1.75 mPaRMS</div>\r\n<div>\r\n	- Sensibilit&eacute;: Sortie Pression : 20 mV/Pa / Sortie D&eacute;riv&eacute;e de pression : 2 mV/Pa.s<sup>-1</sup></div>\r\n<div>\r\n	<strong>Caract&eacute;ristiques techniques du num&eacute;riseur :</strong></div>\r\n<div>\r\n	- Niveau de saturation et plage de sortie : Pressure: &plusmn;min (12000</div>\r\n<div>\r\n	[Pa/s]/2.pi.f[Hz] ; 1000[Pa]) / Pressure derivative: &plusmn;10000 (Pa/s)</div>\r\n<div>\r\n	- Fr&eacute;quence d&#39;&eacute;chantillonnage : 20, 50,100 Hz</div>\r\n<div>\r\n	- Sensibilit&eacute; : 1,178 10<sup>-4</sup>&nbsp;Pa/lsb or 1,178 10<sup>-3</sup>&nbsp;Pa/s/lsb @ gain= 1</div>\r\n<div>\r\n	- Gain param&eacute;trable : 1, 2, 4, 8</div>\r\n<div>\r\n	- Stockage: 1 Go / miniSEED</div>\r\n<div>\r\n	- Alimentation : 12 V DC (7-20V) / 70 mA @ 12 V</div><br>\n(Code douane: 9015.80.93.90 - Pays d''origine: France)', NULL, 20.000, 0.000, '0', 0.000, '0', 2, 0, 0, NULL, 12490.00000000, 24980.00000000, 4996.00000000, 0.00000000, 0.00000000, 29976.00000000, 0, NULL, NULL, 0, 8248.75000000, 1, 0, 1),
(143, 26, NULL, 6, NULL, '<div>\r\n	Flat-pack GPS-antenna for fixed installations.</div>\r\n<div>\r\n	Full hemispherical coverage.</div>\r\n<div>\r\n	Built-in high gain, low noise amplifier.</div>\r\n<div>\r\n	Right-hand circular polarization (RHCP).</div>\r\n<div>\r\n	Available in black or white, see model survey.</div>\r\n<div>\r\n	5 V supply voltage (3 V respectively 12 V available on request).</div>\r\n<div>\r\n	DC supply via RF-connector.</div>\r\n<div>\r\n	EMC tested to IEC 801 and IEC 255.</div>\r\n<div>\r\n	Provided with FME (male) or TNC (female) connector, see model survey.</div>\r\n<div>\r\n	Wide range of FME-accessories available.</div>', NULL, 19.600, 0.000, '0', 0.000, '0', 2, 0, 0, NULL, 110.00000000, 220.00000000, 43.12000000, 0.00000000, 0.00000000, 263.12000000, 0, NULL, NULL, 0, 70.00000000, 6, 0, 2),
(144, 26, NULL, 7, NULL, '<div>\r\n	&nbsp;Battery Capacity: 12Ah&nbsp; Battery Voltage: 12V</div>\r\n<div>\r\n	&nbsp;Battery Technology: Lead Acid</div>\r\n<div>\r\n	&nbsp;External Height: 97.5mm</div>\r\n<div>\r\n	&nbsp;External Width: 98mm</div>\r\n<div>\r\n	&nbsp;External Depth: 151mm</div>\r\n<div>\r\n	&nbsp;Weight: 4kg</div>\r\n<div>\r\n	&nbsp;Battery Terminals: Quick Connect</div>\r\n<div>\r\n	&nbsp;Charge Current Max: 3A</div>\r\n<div>\r\n	&nbsp;Cyclic Charge Voltage Max: 15V</div>\r\n<div>\r\n	&nbsp;Cyclic Charge Voltage Min: 14.4V</div>\r\n<div>\r\n	&nbsp;Depth: 98mm</div>\r\n<div>\r\n	&nbsp;Height Max: 97.5mm</div>\r\n<div>\r\n	&nbsp;Output Voltage: 12V</div><br>\n(Pays d''origine: France)', NULL, 19.600, 0.000, '0', 0.000, '0', 2, 0, 0, NULL, 110.00000000, 220.00000000, 43.12000000, 0.00000000, 0.00000000, 263.12000000, 0, NULL, NULL, 0, 41.60000000, 20, 0, 3),
(145, 26, NULL, 4, NULL, '5 m long<br />\r\nCoaxial TNC to TNC<br>\n(Pays d''origine: France)', NULL, 20.000, 0.000, '0', 0.000, '0', 2, 0, 0, NULL, 150.00000000, 300.00000000, 60.00000000, 0.00000000, 0.00000000, 360.00000000, 0, NULL, NULL, 0, 30.00000000, 4, 0, 4),
(146, 26, NULL, 26, NULL, '<div style="color: rgb(16, 16, 16); font-family: arial, sans-serif, verdana, helvetica; font-size: 12.222222328186px;">\r\n	1 MB3d with 4 silicone caps</div>\r\n<div style="color: rgb(16, 16, 16); font-family: arial, sans-serif, verdana, helvetica; font-size: 12.222222328186px;">\r\n	1 Antenna Procom 3V</div>\r\n<div style="color: rgb(16, 16, 16); font-family: arial, sans-serif, verdana, helvetica; font-size: 12.222222328186px;">\r\n	1 GPS Cable (5m long)</div>\r\n<div style="color: rgb(16, 16, 16); font-family: arial, sans-serif, verdana, helvetica; font-size: 12.222222328186px;">\r\n	1 12v Battery</div>\r\n<div style="color: rgb(16, 16, 16); font-family: arial, sans-serif, verdana, helvetica; font-size: 12.222222328186px;">\r\n	1 Power Cable (3m long)</div>\r\n<div style="color: rgb(16, 16, 16); font-family: arial, sans-serif, verdana, helvetica; font-size: 12.222222328186px;">\r\n	1 PC/USB cable (1,5m long)</div>\r\n<div style="color: rgb(16, 16, 16); font-family: arial, sans-serif, verdana, helvetica; font-size: 12.222222328186px;">\r\n	&nbsp;</div>\r\n<div style="color: rgb(16, 16, 16); font-family: arial, sans-serif, verdana, helvetica; font-size: 12.222222328186px;">\r\n	1 Cd with Dionisos Software, 1 User-guide in pdf format</div>\r\n<div style="color: rgb(16, 16, 16); font-family: arial, sans-serif, verdana, helvetica; font-size: 12.222222328186px;">\r\n	1 calibration Certificate</div>\r\n<div style="color: rgb(16, 16, 16); font-family: arial, sans-serif, verdana, helvetica; font-size: 12.222222328186px;">\r\n	&nbsp;</div>\r\n<div style="color: rgb(16, 16, 16); font-family: arial, sans-serif, verdana, helvetica; font-size: 12.222222328186px;">\r\n	1 magnet wrench</div>\r\n<div style="color: rgb(16, 16, 16); font-family: arial, sans-serif, verdana, helvetica; font-size: 12.222222328186px;">\r\n	1 suitcase with Foam</div><br>\n(Code douane: 9015.80.93.90 - Pays d''origine: France)', NULL, 0.000, 0.000, '0', 0.000, '0', 2, 0, 0, NULL, NULL, 0.00000000, 0.00000000, 0.00000000, 0.00000000, 0.00000000, 0, NULL, NULL, 0, 0.00000000, NULL, 0, 5),
(147, 27, NULL, 26, NULL, '<div style="color: rgb(16, 16, 16); font-family: arial, sans-serif, verdana, helvetica; font-size: 12.222222328186px;">\r\n	1 MB3d with 4 silicone caps</div>\r\n<div style="color: rgb(16, 16, 16); font-family: arial, sans-serif, verdana, helvetica; font-size: 12.222222328186px;">\r\n	1 Antenna Procom 3V</div>\r\n<div style="color: rgb(16, 16, 16); font-family: arial, sans-serif, verdana, helvetica; font-size: 12.222222328186px;">\r\n	1 GPS Cable (5m long)</div>\r\n<div style="color: rgb(16, 16, 16); font-family: arial, sans-serif, verdana, helvetica; font-size: 12.222222328186px;">\r\n	1 12v Battery</div>\r\n<div style="color: rgb(16, 16, 16); font-family: arial, sans-serif, verdana, helvetica; font-size: 12.222222328186px;">\r\n	1 Power Cable (3m long)</div>\r\n<div style="color: rgb(16, 16, 16); font-family: arial, sans-serif, verdana, helvetica; font-size: 12.222222328186px;">\r\n	1 PC/USB cable (1,5m long)</div>\r\n<div style="color: rgb(16, 16, 16); font-family: arial, sans-serif, verdana, helvetica; font-size: 12.222222328186px;">\r\n	 </div>\r\n<div style="color: rgb(16, 16, 16); font-family: arial, sans-serif, verdana, helvetica; font-size: 12.222222328186px;">\r\n	1 Cd with Dionisos Software, 1 User-guide in pdf format</div>\r\n<div style="color: rgb(16, 16, 16); font-family: arial, sans-serif, verdana, helvetica; font-size: 12.222222328186px;">\r\n	1 calibration Certificate</div>\r\n<div style="color: rgb(16, 16, 16); font-family: arial, sans-serif, verdana, helvetica; font-size: 12.222222328186px;">\r\n	 </div>\r\n<div style="color: rgb(16, 16, 16); font-family: arial, sans-serif, verdana, helvetica; font-size: 12.222222328186px;">\r\n	1 magnet wrench</div>\r\n<div style="color: rgb(16, 16, 16); font-family: arial, sans-serif, verdana, helvetica; font-size: 12.222222328186px;">\r\n	1 suitcase with Foam</div><br>\r\n(Code douane: 9015.80.93.90 - Pays d''origine: France)', NULL, 20.000, 0.000, '0', 0.000, '0', 2, 0, 0, 14400, 14400.00000000, 28800.00000000, 5760.00000000, 0.00000000, 0.00000000, 34560.00000000, 0, NULL, NULL, 0, 0.00000000, NULL, 0, 1),
(148, 27, NULL, 21, NULL, '', NULL, 20.000, 0.000, '0', 0.000, '0', 1, 0, 0, 260, 260.00000000, 260.00000000, 52.00000000, 0.00000000, 0.00000000, 312.00000000, 1, NULL, NULL, 0, 0.00000000, NULL, 0, 2),
(150, 27, NULL, 22, NULL, 'Transport to IPGP Paris', NULL, 20.000, 0.000, '0', 0.000, '0', 1, 0, 0, 190, 190.00000000, 190.00000000, 38.00000000, 0.00000000, 0.00000000, 228.00000000, 1, NULL, NULL, 0, 0.00000000, NULL, 0, 3),
(151, 27, NULL, 25, NULL, 'PELICASE 1430  + adapted foam<br />\r\nDim. int : 344 x 146 x 297 mm<br />\r\nDim. ext : 430 x 244 x 341 mm<br>\r\n(Pays d''origine: France)', NULL, 20.000, 0.000, '0', 0.000, '0', 4, 0, 0, 950, 950.00000000, 3800.00000000, 760.00000000, 0.00000000, 0.00000000, 4560.00000000, 0, NULL, NULL, 0, 425.00000000, NULL, 0, 4),
(152, 28, NULL, 19, NULL, 'PELICASE 1650  + adapted foam<br />\r\nInt Dim : L725 x W445 x D270 mm<br />\r\nExt Dim : L802 x W520 x D316 mm<br>\r\n(Pays d''origine: France)', NULL, 0.000, 0.000, '0', 0.000, '0', 1, 0, 0, 1450, 1450.00000000, 1450.00000000, 0.00000000, 0.00000000, 0.00000000, 1450.00000000, 0, NULL, NULL, 0, 967.20000000, NULL, 0, 1),
(153, 29, NULL, NULL, NULL, 'PR000161-CABLE SEUL-/\r\nCable signal universel MB3a fourni seul\r\n150 m', NULL, 20.000, 0.000, '0', 0.000, '0', 1, 0, 0, 950, 950.00000000, 950.00000000, 190.00000000, 0.00000000, 0.00000000, 1140.00000000, 0, NULL, NULL, 0, 0.00000000, NULL, 0, 1),
(154, 29, NULL, NULL, NULL, 'PR000161-OPE IND-/\r\ncâble signal universel MB3a avec opération d''identification\r\n150m', NULL, 20.000, 0.000, '0', 0.000, '0', 1, 0, 0, 1120, 1120.00000000, 1120.00000000, 224.00000000, 0.00000000, 0.00000000, 1344.00000000, 0, NULL, NULL, 0, 0.00000000, NULL, 0, 2),
(155, 27, NULL, 29, NULL, '4 grilles de filtrage<br />\r\n4 tuyaux de raccordement de 25 cm<br>\r\n(Pays d''origine: France)', NULL, 20.000, 0.000, '0', 0.000, '0', 4, 0, 0, 760, 760.00000000, 3040.00000000, 608.00000000, 0.00000000, 0.00000000, 3648.00000000, 0, NULL, NULL, 0, 1523.56000000, NULL, 0, 5),
(156, 30, NULL, 2, NULL, '<div>\r\n	<strong>Weight and Dimensions</strong></div>\r\n<div>\r\n	H 13.6 cm /  Diam. 11 cm / Weight 3.0 Kg</div>\r\n<div>\r\n	<div>\r\n		<strong>Transducer technical characteristics:</strong></div>\r\n	<div>\r\n		- Bandwidth (f-3 db) : Pressure output : 0.01-28 HZ / Pressure derivative output : DC-28 Hz</div>\r\n	<div>\r\n		- BLDR [0.02;4] Hz 117 dB @ f<1.6 Hz / 109 db @ f=4 Hz</div>\r\n	<div>\r\n		-Self noise 0.13 mPa/√Hz @ 1 Hz ; < 10 dB under the LNM</div>\r\n	<div>\r\n		- Resolution [0.02;4] Hz 1.75 mPa<sub>RMS</sub></div>\r\n	<div>\r\n		- Default sensitivity: Pressure output: 20 mV/Pa /  Pressure derivative output : 2 mV/Pa.s<sup>-1</sup></div>\r\n</div>\r\n<div>\r\n	<strong>Power requirments</strong></div>\r\n<div>\r\n	• 12 V Dc (7-20V)</div>\r\n<div>\r\n	• consumption : 100 mW</div>\r\n<div>\r\n	<strong>ENVIRONNEMENT</strong></div>\r\n<div>\r\n	• operating temperature : -20°c to + 50 °c</div>\r\n<div>\r\n	• Humidity : 100% (ip-67 with acoustic inlets sealed)</div>\r\n<div>\r\n	• temperature sensor : [-40°c ; +110°c]</div>\r\n<div>\r\n	• Absolute pressure sensor [150 ; 1150] hpa</div><br>\r\n(Code douane: 9015.80.93.90 - Pays d''origine: France)', NULL, 0.000, 0.000, '0', 0.000, '0', 1, 0, 0, 9260, 9260.00000000, 9260.00000000, 0.00000000, 0.00000000, 0.00000000, 9260.00000000, 0, NULL, NULL, 0, 5388.25000000, NULL, 0, 1),
(157, 30, NULL, 20, NULL, '18 pin connector to banana plugs. To connect between the analog module and a multimeter in order to adjust the magnet postion.\r\n(Pays d''origine: France)', NULL, 0.000, 0.000, '0', 0.000, '0', 1, 0, 0, 250, 250.00000000, 250.00000000, 0.00000000, 0.00000000, 0.00000000, 250.00000000, 0, NULL, NULL, 0, 164.99000000, NULL, 0, 2),
(158, 30, NULL, 16, NULL, '3 m long<br />\r\n18 pin to not wired<br>\r\n(Pays d''origine: France)', NULL, 0.000, 0.000, '0', 0.000, '0', 1, 0, 0, 275, 275.00000000, 275.00000000, 0.00000000, 0.00000000, 0.00000000, 275.00000000, 0, NULL, NULL, 0, 183.84000000, NULL, 0, 3),
(159, 30, NULL, 3, NULL, '(Pays d''origine: France)', NULL, 0.000, 0.000, '0', 0.000, '0', 1, 0, 0, 250, 250.00000000, 250.00000000, 0.00000000, 0.00000000, 0.00000000, 250.00000000, 0, NULL, NULL, 0, 166.33000000, NULL, 0, 4),
(160, 30, NULL, 10, NULL, 'Wrench designed to adjust the position of the magnet\n(Pays d''origine: France)', NULL, 0.000, 0.000, '0', 0.000, '0', 1, 0, 0, NULL, 55.00000000, 55.00000000, 0.00000000, 0.00000000, 0.00000000, 55.00000000, 0, NULL, NULL, 0, 28.65000000, 21, 0, 5),
(161, 30, NULL, 25, NULL, 'PELICASE 1430  + adapted foam<br />\r\nDim. int : 344 x 146 x 297 mm<br />\r\nDim. ext : 430 x 244 x 341 mm<br>\r\n(Pays d''origine: France)', NULL, 0.000, 0.000, '0', 0.000, '0', 1, 0, 0, 1290, 1290.00000000, 1290.00000000, 0.00000000, 0.00000000, 0.00000000, 1290.00000000, 0, NULL, NULL, 0, 857.66000000, NULL, 0, 6),
(164, 31, NULL, 2, NULL, '(Code douane: 9015.80.93.90 - Pays d''origine: France)', NULL, 0.000, 0.000, '0', 0.000, '0', 18, 0, 0, 8230, 8230.00000000, 148140.00000000, 0.00000000, 0.00000000, 0.00000000, 148140.00000000, 0, NULL, NULL, 0, 4240.00000000, NULL, 0, 1),
(165, 31, NULL, 16, NULL, '3 m long<br />\r\n18 pin to not wired<br>\r\n(Pays d''origine: France)', NULL, 0.000, 0.000, '0', 0.000, '0', 20, 0, 0, 275, 275.00000000, 5500.00000000, 0.00000000, 0.00000000, 0.00000000, 5500.00000000, 0, NULL, NULL, 0, 183.84000000, NULL, 0, 2),
(166, 31, NULL, 3, NULL, '(Pays d''origine: France)', NULL, 0.000, 0.000, '0', 0.000, '0', 20, 0, 0, 250, 250.00000000, 5000.00000000, 0.00000000, 0.00000000, 0.00000000, 5000.00000000, 0, NULL, NULL, 0, 154.70000000, NULL, 0, 3),
(167, 31, NULL, 19, NULL, 'PELICASE 1650  + adapted foam<br />\r\nInt Dim : L725 x W445 x D270 mm<br />\r\nExt Dim : L802 x W520 x D316 mm<br>\r\n(Pays d''origine: France)', NULL, 0.000, 0.000, '0', 0.000, '0', 1, 0, 0, 1450, 1450.00000000, 1450.00000000, 0.00000000, 0.00000000, 0.00000000, 1450.00000000, 0, NULL, NULL, 0, 895.00000000, NULL, 0, 10),
(168, 31, NULL, 23, NULL, '(Pays d''origine: France)', NULL, 0.000, 0.000, '0', 0.000, '0', 12, 0, 0, NULL, 130.00000000, 1560.00000000, 0.00000000, 0.00000000, 0.00000000, 1560.00000000, 0, NULL, NULL, 0, 49.19000000, 42, 0, 12),
(169, 31, NULL, 20, NULL, '18 pin connector to banana plugs. To connect between the analog module and a multimeter in order to adjust the magnet postion.\r\n(Pays d''origine: France)', NULL, 0.000, 0.000, '0', 0.000, '0', 3, 0, 0, 250, 250.00000000, 750.00000000, 0.00000000, 0.00000000, 0.00000000, 750.00000000, 0, NULL, NULL, 0, 164.99000000, NULL, 0, 4),
(170, 31, NULL, 10, NULL, 'Wrench designed to adjust the position of the magnet\r\n(Pays d''origine: France)', NULL, 0.000, 0.000, '0', 0.000, '0', 3, 0, 0, 55, 55.00000000, 165.00000000, 0.00000000, 0.00000000, 0.00000000, 165.00000000, 0, NULL, NULL, 0, 28.65000000, NULL, 0, 5),
(171, 31, NULL, 30, NULL, 'sensor self-noise of the pressure output at 1Hz\r\n(Pays d''origine: France)', NULL, 0.000, 0.000, '0', 0.000, '0', 18, 0, 0, 140, 140.00000000, 2520.00000000, 0.00000000, 0.00000000, 0.00000000, 2520.00000000, 1, NULL, NULL, 0, 70.00000000, NULL, 0, 6),
(172, 31, NULL, 32, NULL, 'Plots of the full frequency response obtained by the dynamic calibration of the amplitude and phase of the pressure output', NULL, 0.000, 0.000, '0', 0.000, '0', 18, 0, 0, 300, 300.00000000, 5400.00000000, 0.00000000, 0.00000000, 0.00000000, 5400.00000000, 1, NULL, NULL, 0, 180.00000000, NULL, 0, 7),
(173, 31, NULL, 31, NULL, 'Plots of the full frequency response obtained by the electrical sensor self-calibration capability for the amplitude and phase of the pressure output', NULL, 0.000, 0.000, '0', 0.000, '0', 18, 0, 0, 180, 180.00000000, 3240.00000000, 0.00000000, 0.00000000, 0.00000000, 3240.00000000, 1, NULL, NULL, 0, 90.00000000, NULL, 0, 8),
(174, 32, NULL, 1, NULL, '(Code douane: 9015.80.93.90 - Pays d''origine: France)\r\nsensitivity adjustment included\r\nverification certificate not included', NULL, 0.000, 0.000, '0', 0.000, '0', 5, 0, 0, 12350, 12350.00000000, 61750.00000000, 0.00000000, 0.00000000, 0.00000000, 61750.00000000, 0, NULL, NULL, 0, 8248.75000000, NULL, 0, 1),
(175, 32, NULL, 6, NULL, '', NULL, 0.000, 0.000, '0', 0.000, '0', 4, 0, 0, 110, 110.00000000, 440.00000000, 0.00000000, 0.00000000, 0.00000000, 440.00000000, 0, NULL, NULL, 0, 70.00000000, NULL, 0, 2),
(176, 32, NULL, 7, NULL, '<div>\r\n	 Battery Capacity: 12Ah  Battery Voltage: 12V</div>\r\n<div>\r\n	 Battery Technology: Lead Acid</div>\r\n<div>\r\n	 External Height: 97.5mm</div>\r\n<div>\r\n	 External Width: 98mm</div>\r\n<div>\r\n	 External Depth: 151mm</div>\r\n<div>\r\n	 Weight: 4kg</div>\r\n<div>\r\n	 Battery Terminals: Quick Connect</div>\r\n<div>\r\n	 Charge Current Max: 3A</div>\r\n<div>\r\n	 Cyclic Charge Voltage Max: 15V</div>\r\n<div>\r\n	 Cyclic Charge Voltage Min: 14.4V</div>\r\n<div>\r\n	 Depth: 98mm</div>\r\n<div>\r\n	 Height Max: 97.5mm</div>\r\n<div>\r\n	 Output Voltage: 12V</div><br>\r\n(Pays d''origine: France)', NULL, 0.000, 0.000, '0', 0.000, '0', 4, 0, 0, 110, 110.00000000, 440.00000000, 0.00000000, 0.00000000, 0.00000000, 440.00000000, 0, NULL, NULL, 0, 41.60000000, NULL, 0, 3),
(177, 32, NULL, 18, NULL, '10 m long<br />\r\nCoaxial TNC to TNC<br>\n(Code douane: 9015900000 80 - Pays d''origine: France)', NULL, 0.000, 0.000, '0', 0.000, '0', 4, 0, 0, NULL, 170.00000000, 680.00000000, 0.00000000, 0.00000000, 0.00000000, 680.00000000, 0, NULL, NULL, 0, 0.00000000, 35, 0, 4),
(178, 32, NULL, 5, NULL, '18 pin to USB<br />\r\n1.5 m long<br>\n(Pays d''origine: France)', NULL, 0.000, 0.000, '0', 0.000, '0', 4, 0, 0, NULL, 245.00000000, 980.00000000, 0.00000000, 0.00000000, 0.00000000, 980.00000000, 0, NULL, NULL, 0, 155.00000000, 5, 0, 5),
(179, 32, NULL, 3, NULL, '(Pays d''origine: France)', NULL, 0.000, 0.000, '0', 0.000, '0', 4, 0, 0, 250, 250.00000000, 1000.00000000, 0.00000000, 0.00000000, 0.00000000, 1000.00000000, 0, NULL, NULL, 0, 154.70000000, NULL, 0, 6),
(180, 32, NULL, 19, NULL, 'PELICASE 1650  + adapted foam<br />\r\nInt Dim : L725 x W445 x D270 mm<br />\r\nExt Dim : L802 x W520 x D316 mm<br>\r\n(Pays d''origine: France)', NULL, 0.000, 0.000, '0', 0.000, '0', 1, 0, 0, 1450, 1450.00000000, 1450.00000000, 0.00000000, 0.00000000, 0.00000000, 1450.00000000, 0, NULL, NULL, 0, 967.20000000, NULL, 0, 7),
(181, 32, NULL, 10, NULL, '(Pays d''origine: France)', NULL, 0.000, 0.000, '0', 0.000, '0', 1, 0, 0, NULL, 55.00000000, 55.00000000, 0.00000000, 0.00000000, 0.00000000, 55.00000000, 0, NULL, NULL, 0, 28.65000000, 21, 0, 8),
(183, 32, NULL, 21, NULL, '', NULL, 0.000, 0.000, '0', 0.000, '0', 1, 0, 0, 750, 750.00000000, 750.00000000, 0.00000000, 0.00000000, 0.00000000, 750.00000000, 1, NULL, NULL, 0, 0.00000000, NULL, 0, 9),
(184, 32, NULL, 27, NULL, '', NULL, 0.000, 0.000, '0', 0.000, '0', 1, 0, 0, 1400, 1400.00000000, 1400.00000000, 0.00000000, 0.00000000, 0.00000000, 1400.00000000, 1, NULL, NULL, 0, 0.00000000, NULL, 0, 10),
(185, 33, NULL, 1, NULL, '(Code douane: 9015.80.93.90 - Pays d''origine: France)\r\ndelivered with Dionisos', NULL, 0.000, 0.000, '0', 0.000, '0', 1, 0, 0, 12865, 12865.00000000, 12865.00000000, 0.00000000, 0.00000000, 0.00000000, 12865.00000000, 0, NULL, NULL, 0, 8248.75000000, NULL, 0, 1),
(186, 33, NULL, 6, NULL, '', NULL, 0.000, 0.000, '0', 0.000, '0', 1, 0, 0, 110, 110.00000000, 110.00000000, 0.00000000, 0.00000000, 0.00000000, 110.00000000, 0, NULL, NULL, 0, 70.00000000, NULL, 0, 2),
(187, 33, NULL, 4, NULL, '5 m long<br />\r\nCoaxial TNC to TNC<br>\r\npossibility of 10m long, or customization \r\n(Pays d''origine: France)', NULL, 0.000, 0.000, '0', 0.000, '0', 1, 0, 0, 150, 150.00000000, 150.00000000, 0.00000000, 0.00000000, 0.00000000, 150.00000000, 0, NULL, NULL, 0, 30.00000000, NULL, 0, 3),
(189, 33, NULL, 3, NULL, '(Pays d''origine: France)', NULL, 0.000, 0.000, '0', 0.000, '0', 1, 0, 0, 250, 250.00000000, 250.00000000, 0.00000000, 0.00000000, 0.00000000, 250.00000000, 0, NULL, NULL, 0, 154.70000000, NULL, 0, 4),
(190, 33, NULL, 17, NULL, '18 pin to USB<br />\r\n3 m long<br>\r\n(Pays d''origine: France)', NULL, 0.000, 0.000, '0', 0.000, '0', 1, 0, 0, 260, 260.00000000, 260.00000000, 0.00000000, 0.00000000, 0.00000000, 260.00000000, 0, NULL, NULL, 0, 0.00000000, NULL, 0, 5),
(191, 33, NULL, 10, NULL, 'tool to adjust the magnet depending on altitude\r\n(Pays d''origine: France)', NULL, 0.000, 0.000, '0', 0.000, '0', 1, 0, 0, 55, 55.00000000, 55.00000000, 0.00000000, 0.00000000, 0.00000000, 55.00000000, 0, NULL, NULL, 0, 28.65000000, NULL, 0, 6),
(192, 33, NULL, 23, NULL, '(Pays d''origine: France)', NULL, 0.000, 0.000, '0', 0.000, '0', 1, 0, 0, 130, 130.00000000, 130.00000000, 0.00000000, 0.00000000, 0.00000000, 130.00000000, 0, NULL, NULL, 0, 0.00000000, NULL, 0, 7),
(195, 33, NULL, 22, NULL, 'for 4 sensors packed in a wood box 60X40X45 cm', NULL, 0.000, 0.000, '0', 0.000, '0', 1, 0, 0, 190, 190.00000000, 190.00000000, 0.00000000, 0.00000000, 0.00000000, 190.00000000, 1, NULL, NULL, 0, 125.53000000, NULL, 0, 8),
(196, 31, NULL, 33, NULL, 'printed technical user guide for MB3a\r\n(Pays d''origine: France)', NULL, 0.000, 0.000, '0', 0.000, '0', 18, 0, 0, 25, 25.00000000, 450.00000000, 0.00000000, 0.00000000, 0.00000000, 450.00000000, 0, NULL, NULL, 0, 4.00000000, NULL, 0, 9),
(197, 31, NULL, 25, NULL, 'PELICASE 1430  + adapted foam<br />\r\nDim. int : 344 x 146 x 297 mm<br />\r\nDim. ext : 430 x 244 x 341 mm<br>\r\n(Pays d''origine: France)', NULL, 0.000, 0.000, '0', 0.000, '0', 12, 0, 0, 590, 590.00000000, 7080.00000000, 0.00000000, 0.00000000, 0.00000000, 7080.00000000, 0, NULL, NULL, 0, 301.36900000, NULL, 0, 11),
(198, 33, NULL, 21, NULL, '', NULL, 0.000, 0.000, '0', 0.000, '0', 1, 0, 0, 250, 250.00000000, 250.00000000, 0.00000000, 0.00000000, 0.00000000, 250.00000000, 1, NULL, NULL, 0, 0.00000000, NULL, 0, 9),
(200, 33, NULL, 7, NULL, '<div>\r\n	&nbsp;Battery Capacity: 12Ah&nbsp; Battery Voltage: 12V</div>\r\n<div>\r\n	&nbsp;Battery Technology: Lead Acid</div>\r\n<div>\r\n	&nbsp;External Height: 97.5mm</div>\r\n<div>\r\n	&nbsp;External Width: 98mm</div>\r\n<div>\r\n	&nbsp;External Depth: 151mm</div>\r\n<div>\r\n	&nbsp;Weight: 4kg</div>\r\n<div>\r\n	&nbsp;Battery Terminals: Quick Connect</div>\r\n<div>\r\n	&nbsp;Charge Current Max: 3A</div>\r\n<div>\r\n	&nbsp;Cyclic Charge Voltage Max: 15V</div>\r\n<div>\r\n	&nbsp;Cyclic Charge Voltage Min: 14.4V</div>\r\n<div>\r\n	&nbsp;Depth: 98mm</div>\r\n<div>\r\n	&nbsp;Height Max: 97.5mm</div>\r\n<div>\r\n	&nbsp;Output Voltage: 12V</div><br>\n(Pays d''origine: France)', NULL, 0.000, 0.000, '0', 0.000, '0', 1, 0, 0, NULL, 110.00000000, 110.00000000, 0.00000000, 0.00000000, 0.00000000, 110.00000000, 0, NULL, NULL, 0, 41.60000000, 20, 0, 10),
(201, 34, NULL, 1, NULL, '<div>\r\n	<strong>Poids et dimensions :</strong></div>\r\n<div>\r\n	H 25 cm / Diam. 11 cm / Weight 3.4 Kg</div>\r\n\r\n(Code douane: 9015.80.93.90 - Pays d''origine: France)', NULL, 0.000, 0.000, '0', 0.000, '0', 4, 0, 0, 12500, 12500.00000000, 50000.00000000, 0.00000000, 0.00000000, 0.00000000, 50000.00000000, 0, NULL, NULL, 0, 8248.75000000, NULL, 0, 1),
(202, 34, NULL, 6, NULL, '<div>\r\n	Flat-pack GPS-antenna for fixed installations.</div>\r\n<div>\r\n	Full hemispherical coverage.</div>\r\n<div>\r\n	Built-in high gain, low noise amplifier.</div>\r\n<div>\r\n	Right-hand circular polarization (RHCP).</div>\r\n<div>\r\n	Available in black or white, see model survey.</div>\r\n<div>\r\n	3 V </div>\r\n<div>\r\n	DC supply via RF-connector.</div>\r\n<div>\r\n	EMC tested to IEC 801 and IEC 255.</div>\r\n<div>\r\n	 TNC (female) connector.</div>', NULL, 0.000, 0.000, '0', 0.000, '0', 4, 0, 0, 110, 110.00000000, 440.00000000, 0.00000000, 0.00000000, 0.00000000, 440.00000000, 0, NULL, NULL, 0, 70.00000000, NULL, 0, 2),
(203, 34, NULL, 18, NULL, '10 m long<br />\r\nCoaxial TNC to TNC<br>\r\n(Code douane: 9015900000 80 - Pays d''origine: France)', NULL, 0.000, 0.000, '0', 0.000, '0', 4, 0, 0, 170, 170.00000000, 680.00000000, 0.00000000, 0.00000000, 0.00000000, 680.00000000, 0, NULL, NULL, 0, 0.00000000, NULL, 0, 3),
(204, 34, NULL, 3, NULL, '(Pays d''origine: France)', NULL, 0.000, 0.000, '0', 0.000, '0', 4, 0, 0, NULL, 250.00000000, 1000.00000000, 0.00000000, 0.00000000, 0.00000000, 1000.00000000, 0, NULL, NULL, 0, 154.70000000, 10, 0, 4),
(205, 34, NULL, 17, NULL, '18 pin to USB<br />\r\n3 m long<br>\r\n(Pays d''origine: France)', NULL, 0.000, 0.000, '0', 0.000, '0', 4, 0, 0, 260, 260.00000000, 1040.00000000, 0.00000000, 0.00000000, 0.00000000, 1040.00000000, 0, NULL, NULL, 0, 0.00000000, NULL, 0, 5),
(206, 34, NULL, 10, NULL, '(Pays d''origine: France)', NULL, 0.000, 0.000, '0', 0.000, '0', 1, 0, 0, 55, 55.00000000, 55.00000000, 0.00000000, 0.00000000, 0.00000000, 55.00000000, 0, NULL, NULL, 0, 28.65000000, NULL, 0, 6),
(207, 34, NULL, 23, NULL, '(Pays d''origine: France)', NULL, 0.000, 0.000, '0', 0.000, '0', 4, 0, 0, NULL, 130.00000000, 520.00000000, 0.00000000, 0.00000000, 0.00000000, 520.00000000, 0, NULL, NULL, 0, 0.00000000, NULL, 0, 7),
(208, 34, NULL, 27, NULL, '', NULL, 0.000, 0.000, '0', 0.000, '0', 1, 0, 0, 740, 740.00000000, 740.00000000, 0.00000000, 0.00000000, 0.00000000, 740.00000000, 1, NULL, NULL, 0, 0.00000000, NULL, 0, 10),
(209, 34, NULL, 21, NULL, '', NULL, 0.000, 0.000, '0', 0.000, '0', 1, 0, 0, 1137, 1137.00000000, 1137.00000000, 0.00000000, 0.00000000, 0.00000000, 1137.00000000, 1, NULL, NULL, 0, 0.00000000, NULL, 0, 11),
(210, 34, NULL, 34, NULL, 'WNRS 32 inputs 18 m as star arrays\r\n32 air-inlets crepine<br />\r\n36 gardening hoses<br />\r\n4 connection boxes 8 outputs<br />\r\ndiameter 18m<br>\r\n(Pays d''origine: France)', NULL, 0.000, 0.000, '0', 0.000, '0', 4, 0, 0, 8960, 8960.00000000, 35840.00000000, 0.00000000, 0.00000000, 0.00000000, 35840.00000000, 0, NULL, NULL, 0, 4479.03000000, NULL, 0, 9),
(211, 34, NULL, 35, NULL, 'Wind Speed and direction, windsonic sensor<br />\r\nbarometric pressure<br />\r\nair temperature, humidity, dew point<br />\r\nadaptable on amast diam 50 mm max<br />\r\ndelivered with cable 30m long', NULL, 0.000, 0.000, '0', 0.000, '0', 1, 0, 0, 5050, 5050.00000000, 5050.00000000, 0.00000000, 0.00000000, 0.00000000, 5050.00000000, 0, NULL, NULL, 0, 3087.50000000, NULL, 0, 8),
(212, 35, NULL, 2, NULL, '(Code douane: 9015.80.93.90 - Pays d''origine: France)', NULL, 0.000, 0.000, '0', 0.000, '0', 5, 0, 0, 8850, 8850.00000000, 44250.00000000, 0.00000000, 0.00000000, 0.00000000, 44250.00000000, 0, NULL, NULL, 0, 5388.25000000, NULL, 0, 1),
(214, 35, NULL, 16, NULL, '(Pays d''origine: France)', NULL, 0.000, 0.000, '0', 0.000, '0', 5, 0, 0, 275, 275.00000000, 1375.00000000, 0.00000000, 0.00000000, 0.00000000, 1375.00000000, 0, NULL, NULL, 0, 183.84000000, NULL, 0, 2),
(215, 35, NULL, 3, NULL, '(Pays d''origine: France)', NULL, 0.000, 0.000, '0', 0.000, '0', 5, 0, 0, NULL, 250.00000000, 1250.00000000, 0.00000000, 0.00000000, 0.00000000, 1250.00000000, 0, NULL, NULL, 0, 154.70000000, 10, 0, 3),
(216, 35, NULL, 20, NULL, '(Pays d''origine: France)', NULL, 0.000, 0.000, '0', 0.000, '0', 1, 0, 0, 250, 250.00000000, 250.00000000, 0.00000000, 0.00000000, 0.00000000, 250.00000000, 0, NULL, NULL, 0, 164.99000000, NULL, 0, 4),
(217, 35, NULL, 10, NULL, '(Pays d''origine: France)', NULL, 0.000, 0.000, '0', 0.000, '0', 1, 0, 0, 60, 60.00000000, 60.00000000, 0.00000000, 0.00000000, 0.00000000, 60.00000000, 0, NULL, NULL, 0, 28.65000000, NULL, 0, 5),
(218, 35, NULL, 19, NULL, 'PELICASE 1650  + adapted foam<br />\r\nInt Dim : L725 x W445 x D270 mm<br />\r\nExt Dim : L802 x W520 x D316 mm<br>\r\n(Pays d''origine: France)', NULL, 0.000, 0.000, '0', 0.000, '0', 1, 0, 0, 1450, 1450.00000000, 1450.00000000, 0.00000000, 0.00000000, 0.00000000, 1450.00000000, 0, NULL, NULL, 0, 967.20000000, NULL, 0, 6),
(220, 35, NULL, 33, NULL, 'technical user guide for MB3a\nIn English language\n(Pays d''origine: France)', NULL, 0.000, 0.000, '0', 0.000, '0', 1, 0, 0, NULL, 25.00000000, 25.00000000, 0.00000000, 0.00000000, 0.00000000, 25.00000000, 0, NULL, NULL, 0, 0.00000000, NULL, 0, 7),
(221, 36, NULL, 2, NULL, '(Code douane: 9015.80.93.90 - Pays d''origine: France)', NULL, 0.000, 0.000, '0', 0.000, '0', 1, 0, 0, NULL, 9260.00000000, 9260.00000000, 0.00000000, 0.00000000, 0.00000000, 9260.00000000, 0, NULL, NULL, 0, 5388.25000000, 2, 0, 1),
(222, 36, NULL, 3, NULL, '(Pays d''origine: France)', NULL, 0.000, 0.000, '0', 0.000, '0', 1, 0, 0, NULL, 250.00000000, 250.00000000, 0.00000000, 0.00000000, 0.00000000, 250.00000000, 0, NULL, NULL, 0, 154.70000000, 10, 0, 2),
(223, 36, NULL, 16, NULL, '(Pays d''origine: France)', NULL, 0.000, 0.000, '0', 0.000, '0', 1, 0, 0, 275, 275.00000000, 275.00000000, 0.00000000, 0.00000000, 0.00000000, 275.00000000, 0, NULL, NULL, 0, 183.84000000, NULL, 0, 3),
(224, 36, NULL, 25, NULL, 'PELICASE 1430  + adapted foam<br />\r\nDim. int : 344 x 146 x 297 mm<br />\r\nDim. ext : 430 x 244 x 341 mm<br>\r\n(Pays d''origine: France)', NULL, 0.000, 0.000, '0', 0.000, '0', 1, 0, 0, 950, 950.00000000, 950.00000000, 0.00000000, 0.00000000, 0.00000000, 950.00000000, 0, NULL, NULL, 0, 857.66000000, NULL, 0, 6),
(225, 36, NULL, 21, NULL, '', NULL, 0.000, 0.000, '0', 0.000, '0', 1, 0, 0, 150, 150.00000000, 150.00000000, 0.00000000, 0.00000000, 0.00000000, 150.00000000, 1, NULL, NULL, 0, 100.00000000, NULL, 0, 7),
(226, 36, NULL, 27, NULL, '', NULL, 0.000, 0.000, '0', 0.000, '0', 1, 0, 0, 650, 650.00000000, 650.00000000, 0.00000000, 0.00000000, 0.00000000, 650.00000000, 1, NULL, NULL, 0, 0.00000000, NULL, 0, 8),
(227, 36, NULL, 10, NULL, '(Pays d''origine: France)', NULL, 0.000, 0.000, '0', 0.000, '0', 1, 0, 0, NULL, 55.00000000, 55.00000000, 0.00000000, 0.00000000, 0.00000000, 55.00000000, 0, NULL, NULL, 0, 28.65000000, 21, 0, 5),
(228, 36, NULL, 20, NULL, '(Pays d''origine: France)', NULL, 0.000, 0.000, '0', 0.000, '0', 1, 0, 0, 250, 250.00000000, 250.00000000, 0.00000000, 0.00000000, 0.00000000, 250.00000000, 0, NULL, NULL, 0, 164.99000000, NULL, 0, 4),
(230, 37, NULL, 3, NULL, '(Pays d''origine: France)', NULL, 0.000, 0.000, '0', 0.000, '0', 1, 0, 0, NULL, 250.00000000, 250.00000000, 0.00000000, 0.00000000, 0.00000000, 250.00000000, 0, NULL, NULL, 0, 154.70000000, 10, 0, 6),
(232, 37, NULL, 25, NULL, 'PELICASE 1430  + adapted foam<br />\r\nDim. int : 344 x 146 x 297 mm<br />\r\nDim. ext : 430 x 244 x 341 mm<br>\r\n(Pays d''origine: France)', NULL, 0.000, 0.000, '0', 0.000, '0', 1, 0, 0, NULL, 950.00000000, 950.00000000, 0.00000000, 0.00000000, 0.00000000, 950.00000000, 0, NULL, NULL, 0, 857.66000000, NULL, 0, 9),
(233, 37, NULL, 20, NULL, '(Pays d''origine: France)\r\nOptional the sensor can be adjusted using Dionisos(software distributed with MB3d)', NULL, 0.000, 0.000, '0', 0.000, '0', 1, 0, 0, 250, 250.00000000, 250.00000000, 0.00000000, 0.00000000, 0.00000000, 250.00000000, 0, NULL, NULL, 0, 164.99000000, NULL, 0, 7),
(234, 37, NULL, 10, NULL, '(Pays d''origine: France)', NULL, 0.000, 0.000, '0', 0.000, '0', 1, 0, 0, NULL, 55.00000000, 55.00000000, 0.00000000, 0.00000000, 0.00000000, 55.00000000, 0, NULL, NULL, 0, 28.65000000, 21, 0, 8),
(235, 37, NULL, 21, NULL, '', NULL, 0.000, 0.000, '0', 0.000, '0', 1, 0, 0, 200, 200.00000000, 200.00000000, 0.00000000, 0.00000000, 0.00000000, 200.00000000, 1, NULL, NULL, 0, 100.00000000, NULL, 0, 10),
(236, 37, NULL, 27, NULL, '', NULL, 0.000, 0.000, '0', 0.000, '0', 1, 0, 0, 700, 700.00000000, 700.00000000, 0.00000000, 0.00000000, 0.00000000, 700.00000000, 1, NULL, NULL, 0, 0.00000000, NULL, 0, 11),
(237, 37, NULL, 1, NULL, 'Delivered with Dionisos Software\r\n(Code douane: 9015.80.93.90 - Pays d''origine: France)', NULL, 0.000, 0.000, '0', 0.000, '0', 1, 0, 0, 12865, 12865.00000000, 12865.00000000, 0.00000000, 0.00000000, 0.00000000, 12865.00000000, 0, NULL, NULL, 0, 8248.75000000, NULL, 0, 1),
(238, 37, NULL, 5, NULL, '18 pin to USB<br />\r\n1.5 m long<br>\r\n(Pays d''origine: France)', NULL, 0.000, 0.000, '0', 0.000, '0', 1, 0, 0, 250, 250.00000000, 250.00000000, 0.00000000, 0.00000000, 0.00000000, 250.00000000, 0, NULL, NULL, 0, 155.00000000, NULL, 0, 4),
(239, 37, NULL, 6, NULL, 'Available in black or white\r\n3 V / TNC (female) connector', NULL, 0.000, 0.000, '0', 0.000, '0', 1, 0, 0, 110, 110.00000000, 110.00000000, 0.00000000, 0.00000000, 0.00000000, 110.00000000, 0, NULL, NULL, 0, 70.00000000, NULL, 0, 3),
(241, 37, NULL, 7, NULL, ' Output Voltage: 12V<br>\r\n(Pays d''origine: France)', NULL, 0.000, 0.000, '0', 0.000, '0', 1, 0, 0, 110, 110.00000000, 110.00000000, 0.00000000, 0.00000000, 0.00000000, 110.00000000, 0, NULL, NULL, 0, 41.60000000, NULL, 0, 5),
(243, 37, NULL, 4, NULL, '5 m long<br />\r\nCoaxial TNC to TNC<br>\n(Pays d''origine: France)', NULL, 0.000, 0.000, '0', 0.000, '0', 1, 0, 0, NULL, 150.00000000, 150.00000000, 0.00000000, 0.00000000, 0.00000000, 150.00000000, 0, NULL, NULL, 0, 30.00000000, 4, 0, 2),
(244, 38, NULL, 2, NULL, '(Code douane: 9015.80.93.90 - Pays d''origine: France)', NULL, 0.000, 0.000, '0', 0.000, '0', 1, 0, 0, NULL, 9260.00000000, 9260.00000000, 0.00000000, 0.00000000, 0.00000000, 9260.00000000, 0, NULL, NULL, 0, 5388.25000000, 2, 0, 1),
(245, 38, NULL, 25, NULL, 'PELICASE 1430  + adapted foam<br />\r\nDim. int : 344 x 146 x 297 mm<br />\r\nDim. ext : 430 x 244 x 341 mm<br>\r\n(Pays d''origine: France)', NULL, 0.000, 0.000, '0', 0.000, '0', 1, 0, 0, 1290, 1290.00000000, 1290.00000000, 0.00000000, 0.00000000, 0.00000000, 1290.00000000, 0, NULL, NULL, 0, 857.66000000, NULL, 0, 2),
(246, 38, NULL, 21, NULL, '', NULL, 0.000, 0.000, '0', 0.000, '0', 1, 0, 0, 156, 156.00000000, 156.00000000, 0.00000000, 0.00000000, 0.00000000, 156.00000000, 1, NULL, NULL, 0, 103.96000000, NULL, 0, 3),
(247, 38, NULL, 27, NULL, 'to University, MS 38677', NULL, 0.000, 0.000, '0', 0.000, '0', 1, 0, 0, 350, 350.00000000, 350.00000000, 0.00000000, 0.00000000, 0.00000000, 350.00000000, 1, NULL, NULL, 0, 207.83000000, NULL, 0, 4);

-- --------------------------------------------------------

--
-- Structure de la table `llx_propal_extrafields`
--

CREATE TABLE IF NOT EXISTS `llx_propal_extrafields` (
  `rowid` int(11) NOT NULL,
  `tms` timestamp NOT NULL DEFAULT CURRENT_TIMESTAMP ON UPDATE CURRENT_TIMESTAMP,
  `fk_object` int(11) NOT NULL,
  `import_key` varchar(14) DEFAULT NULL
) ENGINE=InnoDB DEFAULT CHARSET=utf8;

-- --------------------------------------------------------

--
-- Structure de la table `llx_rights_def`
--

CREATE TABLE IF NOT EXISTS `llx_rights_def` (
  `id` int(11) NOT NULL DEFAULT '0',
  `libelle` varchar(255) DEFAULT NULL,
  `module` varchar(64) DEFAULT NULL,
  `entity` int(11) NOT NULL DEFAULT '1',
  `perms` varchar(50) DEFAULT NULL,
  `subperms` varchar(50) DEFAULT NULL,
  `type` varchar(1) DEFAULT NULL,
  `bydefault` tinyint(4) DEFAULT '0'
) ENGINE=InnoDB DEFAULT CHARSET=utf8;



-- --------------------------------------------------------

--
-- Structure de la table `llx_societe`
--

CREATE TABLE IF NOT EXISTS `llx_societe` (
  `rowid` int(11) NOT NULL,
  `nom` varchar(60) DEFAULT NULL,
  `entity` int(11) NOT NULL DEFAULT '1',
  `ref_ext` varchar(128) DEFAULT NULL,
  `ref_int` varchar(60) DEFAULT NULL,
  `statut` tinyint(4) DEFAULT '0',
  `parent` int(11) DEFAULT NULL,
  `tms` timestamp NOT NULL DEFAULT CURRENT_TIMESTAMP ON UPDATE CURRENT_TIMESTAMP,
  `datec` datetime DEFAULT NULL,
  `datea` datetime DEFAULT NULL,
  `status` tinyint(4) DEFAULT '1',
  `code_client` varchar(24) DEFAULT NULL,
  `code_fournisseur` varchar(24) DEFAULT NULL,
  `code_compta` varchar(24) DEFAULT NULL,
  `code_compta_fournisseur` varchar(24) DEFAULT NULL,
  `address` varchar(255) DEFAULT NULL,
  `zip` varchar(25) DEFAULT NULL,
  `town` text,
  `fk_departement` int(11) DEFAULT '0',
  `fk_pays` int(11) DEFAULT '0',
  `phone` varchar(20) DEFAULT NULL,
  `fax` varchar(20) DEFAULT NULL,
  `url` varchar(255) DEFAULT NULL,
  `email` varchar(128) DEFAULT NULL,
  `fk_effectif` int(11) DEFAULT '0',
  `fk_typent` int(11) DEFAULT '0',
  `fk_forme_juridique` int(11) DEFAULT '0',
  `fk_currency` int(11) DEFAULT '0',
  `siren` varchar(128) DEFAULT NULL,
  `siret` varchar(128) DEFAULT NULL,
  `ape` varchar(128) DEFAULT NULL,
  `idprof4` varchar(128) DEFAULT NULL,
  `idprof5` varchar(128) DEFAULT NULL,
  `idprof6` varchar(128) DEFAULT NULL,
  `tva_intra` varchar(20) DEFAULT NULL,
  `capital` double DEFAULT NULL,
  `fk_stcomm` int(11) NOT NULL DEFAULT '0',
  `note_private` text,
  `note_public` text,
  `prefix_comm` varchar(5) DEFAULT NULL,
  `client` tinyint(4) DEFAULT '0',
  `fournisseur` tinyint(4) DEFAULT '0',
  `supplier_account` varchar(32) DEFAULT NULL,
  `fk_prospectlevel` varchar(12) DEFAULT NULL,
  `customer_bad` tinyint(4) DEFAULT '0',
  `customer_rate` double DEFAULT '0',
  `supplier_rate` double DEFAULT '0',
  `fk_user_creat` int(11) DEFAULT NULL,
  `fk_user_modif` int(11) DEFAULT NULL,
  `remise_client` double DEFAULT '0',
  `mode_reglement` tinyint(4) DEFAULT NULL,
  `cond_reglement` tinyint(4) DEFAULT NULL,
  `tva_assuj` tinyint(4) DEFAULT '1',
  `localtax1_assuj` tinyint(4) DEFAULT '0',
  `localtax2_assuj` tinyint(4) DEFAULT '0',
  `barcode` varchar(255) DEFAULT NULL,
  `fk_barcode_type` int(11) DEFAULT '0',
  `price_level` int(11) DEFAULT NULL,
  `default_lang` varchar(6) DEFAULT NULL,
  `logo` varchar(255) DEFAULT NULL,
  `canvas` varchar(32) DEFAULT NULL,
  `import_key` varchar(14) DEFAULT NULL
) ENGINE=InnoDB AUTO_INCREMENT=30 DEFAULT CHARSET=utf8;

--
-- Contenu de la table `llx_societe`
--

INSERT INTO `llx_societe` (`rowid`, `nom`, `entity`, `ref_ext`, `ref_int`, `statut`, `parent`, `tms`, `datec`, `datea`, `status`, `code_client`, `code_fournisseur`, `code_compta`, `code_compta_fournisseur`, `address`, `zip`, `town`, `fk_departement`, `fk_pays`, `phone`, `fax`, `url`, `email`, `fk_effectif`, `fk_typent`, `fk_forme_juridique`, `fk_currency`, `siren`, `siret`, `ape`, `idprof4`, `idprof5`, `idprof6`, `tva_intra`, `capital`, `fk_stcomm`, `note_private`, `note_public`, `prefix_comm`, `client`, `fournisseur`, `supplier_account`, `fk_prospectlevel`, `customer_bad`, `customer_rate`, `supplier_rate`, `fk_user_creat`, `fk_user_modif`, `remise_client`, `mode_reglement`, `cond_reglement`, `tva_assuj`, `localtax1_assuj`, `localtax2_assuj`, `barcode`, `fk_barcode_type`, `price_level`, `default_lang`, `logo`, `canvas`, `import_key`) VALUES
(1, 'Hawaii Institute of Geophysics & Planetology', 1, NULL, NULL, 0, NULL, '2015-07-24 15:36:49', '2013-08-01 10:22:56', '2015-07-24 17:36:49', 1, NULL, NULL, NULL, NULL, 'C/O Infrasound Lboratory\r\n73-4460 MAKAKO Bay Drive', '96740', 'KAILUA KONA - Hawaii', 528, 11, NULL, NULL, NULL, 'milton@isla.hawaii.edu', NULL, 0, NULL, 0, '', '', '', '', '', '', '', 0, 0, NULL, NULL, NULL, 1, 0, NULL, NULL, 0, 0, 0, 1, 1, 0, NULL, NULL, 0, NULL, NULL, NULL, 0, NULL, 'en_US', NULL, NULL, NULL),
(2, 'IPGP', 1, NULL, NULL, 0, NULL, '2013-09-30 17:28:44', '2013-09-09 11:48:27', '2013-09-09 13:40:18', 1, NULL, NULL, NULL, NULL, '1, rue Jussieu', '75238', 'PARIS', 77, 1, '0183957427', NULL, NULL, NULL, NULL, 0, NULL, 0, '', '', '', '', '', '', '', 0, 0, NULL, NULL, NULL, 3, 0, NULL, NULL, 0, 0, 0, 1, 1, 0, NULL, NULL, 1, NULL, NULL, NULL, 0, NULL, NULL, NULL, NULL, NULL),
(3, 'PROLANN-SRMP', 1, NULL, NULL, 0, NULL, '2013-12-23 08:19:49', '2013-09-09 11:56:30', '2013-12-23 09:19:49', 1, NULL, NULL, NULL, NULL, 'Route de Tréguier\r\nRospez', '22300', 'LANNION', 0, 1, NULL, NULL, NULL, NULL, NULL, 0, NULL, 0, '', '', '', '', '', '', '', 0, 0, NULL, NULL, NULL, 0, 1, NULL, NULL, 0, 0, 0, 1, 1, 0, NULL, NULL, 1, NULL, NULL, NULL, 0, NULL, NULL, NULL, NULL, NULL),
(4, 'MCE', 1, NULL, NULL, 0, NULL, '2013-09-27 08:38:38', '2013-09-27 10:38:38', '2013-09-27 10:38:38', 1, NULL, NULL, NULL, NULL, '', NULL, NULL, 0, 1, NULL, NULL, NULL, NULL, NULL, 0, NULL, 0, '', '', '', '', '', '', '', 0, 0, NULL, NULL, NULL, 0, 1, NULL, NULL, 0, 0, 0, 1, 1, 0, NULL, NULL, 1, NULL, NULL, NULL, 0, NULL, NULL, NULL, NULL, NULL),
(5, 'PROCOM', 1, NULL, NULL, 0, NULL, '2015-09-02 08:28:54', '2013-09-27 12:03:38', '2015-09-02 10:28:54', 1, NULL, NULL, NULL, NULL, '', NULL, NULL, 0, 1, NULL, NULL, NULL, NULL, NULL, 0, NULL, 0, '', '', '', '', '', '', '', 0, 0, NULL, NULL, NULL, 0, 1, NULL, NULL, 0, 0, 0, 1, 1, 0, NULL, NULL, 1, NULL, NULL, NULL, 0, NULL, NULL, NULL, NULL, NULL),
(6, 'YUASA', 1, NULL, NULL, 0, NULL, '2015-09-02 08:29:10', '2013-09-27 13:49:42', '2015-09-02 10:29:10', 1, NULL, NULL, NULL, NULL, '', NULL, NULL, 0, 1, NULL, NULL, NULL, NULL, NULL, 0, NULL, 0, '', '', '', '', '', '', '', 0, 0, NULL, NULL, NULL, 0, 1, NULL, NULL, 0, 0, 0, 1, 1, 0, NULL, NULL, 1, NULL, NULL, NULL, 0, NULL, NULL, NULL, NULL, NULL),
(7, 'Université Paris Diderot  Paris 7', 1, NULL, NULL, 0, NULL, '2015-01-30 13:00:42', '2013-10-01 18:22:52', '2014-06-19 14:37:11', 1, NULL, NULL, NULL, NULL, '35 rue Hélène Brion', '75238', 'PARIS Cedex 13', 77, 1, NULL, NULL, NULL, NULL, NULL, 0, NULL, 0, '', '', '', '', '', '', '', 0, 0, NULL, 'INCOTERM 2010 EXW : Ex Work <br />\r\nFACTURATION :<br />\r\n40% à la commande<br />\r\nSolde au départ usine', NULL, 1, 0, NULL, NULL, 0, 0, 0, 1, 2, 0, NULL, NULL, 1, NULL, NULL, NULL, 0, NULL, NULL, NULL, NULL, NULL),
(8, 'Earth Observatory of Singapore', 1, NULL, NULL, 0, NULL, '2015-09-02 08:39:31', '2013-10-10 10:56:05', '2015-09-02 10:39:31', 1, NULL, NULL, NULL, NULL, 'Nanyang Technological University \r\n50 Nanyang Avenue, N2-01B-25', '639798', 'Singapore', 0, 29, NULL, NULL, NULL, 'BTaisne@ntu.edu.sg', NULL, 5, NULL, 0, '', '', '', '', '', '', '', 0, 0, NULL, NULL, NULL, 2, 0, NULL, NULL, 0, 0, 0, 1, 1, 0, NULL, NULL, 0, NULL, NULL, NULL, 0, NULL, 'en_GB', 'eos.png', NULL, NULL),
(9, 'CEA-DAM', 1, NULL, NULL, 0, NULL, '2014-06-13 16:09:39', '2014-06-13 18:09:39', '2014-06-13 18:09:39', 1, NULL, NULL, NULL, NULL, 'Route d''Arpajon', '91680', 'BRUYERES LE CHATEL', 93, 1, NULL, NULL, NULL, NULL, NULL, 0, NULL, 0, '', '', '', '', '', '', '', 0, 0, NULL, NULL, NULL, 3, 0, NULL, NULL, 0, 0, 0, 1, 1, 0, NULL, NULL, 1, NULL, NULL, NULL, 0, NULL, NULL, NULL, NULL, NULL),
(10, 'CTBTO', 1, NULL, NULL, 0, NULL, '2015-09-02 08:10:47', '2014-07-21 09:27:03', '2015-09-02 10:10:47', 1, NULL, NULL, NULL, NULL, 'Vienna International Centre\r\nP.O. Box 1200', '1400', 'Vienna', 0, 41, NULL, '(+431)260305921', 'www.ctbto.org', NULL, NULL, 0, NULL, 0, '', '', '', '', '', '', '', 0, 3, NULL, NULL, NULL, 1, 0, NULL, 'PL_HIGH', 0, 0, 0, 1, 1, 0, 2, 2, 0, NULL, NULL, NULL, 0, NULL, 'en_GB', NULL, NULL, NULL),
(11, 'Sandia National Laboratories', 1, NULL, NULL, 0, NULL, '2015-03-13 09:07:10', '2014-07-22 17:01:54', '2014-07-22 17:02:18', 1, NULL, NULL, NULL, NULL, 'New Mexico\r\nP.O. Box 5800', 'NM 87185', 'ALBUQUERQUE', 548, 11, NULL, NULL, 'www.sandia.gov/', NULL, NULL, 5, NULL, 0, '', '', '', '', '', '', '', 0, 3, NULL, NULL, NULL, 1, 0, NULL, 'PL_HIGH', 0, 0, 0, 1, 1, 0, NULL, NULL, 0, NULL, NULL, NULL, 0, NULL, NULL, NULL, NULL, NULL),
(12, 'National Space Science Center', 1, NULL, NULL, 0, NULL, '2015-11-13 12:31:26', '2014-08-19 15:26:25', '2015-09-02 10:40:38', 1, NULL, NULL, NULL, NULL, 'Zhongguancun Nanertiao 1,\r\nHaidian District', '100190', 'BEIJING', 0, 9, '+861062582878', NULL, NULL, NULL, NULL, 0, NULL, 0, '', '', '', '', '', '', '', 0, 3, NULL, NULL, NULL, 3, 0, NULL, NULL, 0, 0, 0, 1, 1, 0, NULL, NULL, 1, NULL, NULL, NULL, 0, NULL, NULL, NULL, NULL, NULL),
(13, 'Institute of Geophysics, China earthquake Administration', 1, NULL, NULL, 0, NULL, '2015-09-02 08:40:23', '2014-08-20 15:03:48', '2015-09-02 10:40:23', 1, NULL, NULL, NULL, NULL, 'No.5 Minzudaxue Nanlu, Haidian District', '100081', 'BEIJING', 0, 9, NULL, NULL, NULL, 'peter_igpcea@126.com', NULL, 0, NULL, 0, '', '', '', '', '', '', '', 0, 3, NULL, NULL, NULL, 2, 0, NULL, NULL, 0, 0, 0, 1, 1, 0, NULL, NULL, 0, NULL, NULL, NULL, 0, NULL, NULL, NULL, NULL, NULL),
(14, 'JAPAN WEATHER ASSOCIATION', 1, NULL, NULL, 0, NULL, '2014-10-20 12:13:00', '2014-10-20 14:13:00', '2014-10-20 14:13:00', 1, NULL, NULL, NULL, NULL, 'Sunshine 60 Bldg, 36161 Higashi-Ikebukuru\r\nTOSHIMA-KU', '170-6055', 'TOKYO', 0, 123, NULL, NULL, NULL, 'murayama@jwa.or.jp', NULL, 0, NULL, 0, '', '', '', '', '', '', '', 0, 0, NULL, NULL, NULL, 2, 0, NULL, NULL, 0, 0, 0, 1, 1, 0, NULL, NULL, 0, NULL, NULL, NULL, 0, NULL, NULL, NULL, NULL, NULL),
(15, 'Okinawa Institute of Science and Technology', 1, NULL, NULL, 0, NULL, '2015-09-02 08:40:56', '2014-11-24 17:05:24', '2015-09-02 10:40:56', 1, NULL, NULL, NULL, NULL, '1919-1 Tancha, Onna-son, Kunigami,', '904-0495', 'OKINAWA', 0, 123, NULL, NULL, NULL, NULL, NULL, 0, NULL, 0, '', '', '', '', '', '', '', 0, 0, NULL, NULL, NULL, 2, 0, NULL, NULL, 0, 0, 0, 1, 1, 0, NULL, NULL, 1, NULL, NULL, NULL, 0, NULL, 'fr_FR', NULL, NULL, NULL),
(16, 'Department of Geosciences and Geosciences Institute of Seism', 1, NULL, NULL, 0, NULL, '2015-09-02 08:39:01', '2015-01-15 17:07:06', '2015-09-02 10:39:01', 1, NULL, NULL, NULL, NULL, 'P.O.BOX 68 (Gustaf Hällströminkatu 2b) Exactum Building', 'FIN-00014', 'HELSINKY', 0, 94, '+358505665490', NULL, NULL, 'Matti.Tarvainen@helsinki.fi', NULL, 0, NULL, 0, '', '', '', '', '', '', '', 0, 0, NULL, NULL, NULL, 2, 0, NULL, NULL, 0, 0, 0, 1, 1, 0, NULL, NULL, 1, NULL, NULL, NULL, 0, NULL, 'fr_FR', NULL, NULL, NULL),
(17, 'ENVIRO CONSULT', 1, NULL, NULL, 0, NULL, '2015-09-02 08:39:48', '2015-06-26 11:49:10', '2015-09-02 10:39:48', 1, NULL, NULL, NULL, NULL, 'Agence Pays d''Aix\r\nZI La Pile\r\n175, Avenue Ferdinand de Lesseps', '13760', 'SAINT CANNAT', 0, 1, NULL, NULL, NULL, NULL, NULL, 0, NULL, 0, '', '', '', '', '', '', '', 0, 0, NULL, NULL, NULL, 2, 0, NULL, NULL, 0, 0, 0, 1, 1, 0, NULL, NULL, 1, NULL, NULL, NULL, 0, NULL, 'fr_FR', NULL, NULL, NULL),
(18, 'Columbia University', 1, NULL, NULL, 0, NULL, '2015-09-02 08:38:40', '2015-07-10 10:23:37', '2015-09-02 10:38:40', 1, NULL, NULL, NULL, NULL, 'Lamont-Doherty Earth Observatory\r\nP.O. Box 1000, \r\n61 route 9W, Palisades', '10964', 'NY', 549, 11, NULL, NULL, NULL, NULL, NULL, 0, NULL, 0, '', '', '', '', '', '', '', 0, 0, NULL, NULL, NULL, 2, 0, NULL, NULL, 0, 0, 0, 1, 1, 0, NULL, NULL, 1, NULL, NULL, NULL, 0, NULL, 'en_US', NULL, NULL, NULL),
(19, 'Sch Of Ocean & Earth Science & Tchnlgy', 1, NULL, NULL, 0, NULL, '2015-07-24 15:30:22', '2015-07-24 17:30:22', '2015-07-24 17:30:22', 1, NULL, NULL, NULL, NULL, 'Fiscal Office\r\n2525 Correa Road, HIG 305', '96822', 'HONOLULU', 528, 11, NULL, NULL, NULL, NULL, NULL, 0, NULL, 0, '', '', '', '', '', '', '', 0, 0, NULL, NULL, NULL, 1, 0, NULL, NULL, 0, 0, 0, 1, 1, 0, NULL, NULL, 0, NULL, NULL, NULL, 0, NULL, 'en_US', NULL, NULL, NULL),
(20, 'Institute of Geophysical Researches / Ministry of Energetics', 1, NULL, NULL, 0, NULL, '2015-09-02 08:40:08', '2015-08-26 10:40:29', '2015-09-02 10:40:08', 1, NULL, NULL, NULL, NULL, 'Chaikinoy str. 4', '050020', 'ALMATY', 0, 125, NULL, NULL, NULL, 'infra.smirnoff@gmail.com', NULL, 5, NULL, 0, '', '', '', '', '', '', '', 0, 3, NULL, NULL, NULL, 2, 0, NULL, 'PL_HIGH', 0, 0, 0, 1, 1, 0, 2, NULL, 0, NULL, NULL, NULL, 0, NULL, 'en_US', NULL, NULL, NULL),
(21, 'Finnish Institute of Occupational Health', 1, NULL, NULL, 0, NULL, '2015-09-02 09:03:33', '2015-09-02 11:03:33', '2015-09-02 11:03:33', 1, NULL, NULL, NULL, NULL, 'Lemminkäisenkatu 14-18 B', 'FI-20520', 'TURKU', 0, 94, NULL, NULL, NULL, NULL, NULL, 0, NULL, 0, '', '', '', '', '', '', '', 0, 0, NULL, NULL, NULL, 2, 0, NULL, NULL, 0, 0, 0, 1, 1, 0, NULL, NULL, 0, NULL, NULL, NULL, 0, NULL, 'en_GB', NULL, NULL, NULL),
(22, 'Institute of acoustics, chinese academy of sciences', 1, NULL, NULL, 0, NULL, '2015-09-02 11:57:21', '2015-09-02 13:57:21', '2015-09-02 13:57:21', 1, NULL, NULL, NULL, NULL, 'No. 21 North 4th Ring Road', '100190', 'BEIJING', 0, 9, NULL, NULL, NULL, NULL, NULL, 0, NULL, 0, '', '', '', '', '', '', '', 0, 0, NULL, NULL, NULL, 2, 0, NULL, NULL, 0, 0, 0, 1, 1, 0, NULL, NULL, 0, NULL, NULL, NULL, 0, NULL, 'en_GB', NULL, NULL, NULL),
(23, 'Institute of Geophysics and Planetary', 1, NULL, NULL, 0, NULL, '2015-09-02 12:49:42', '2015-09-02 14:49:42', '2015-09-02 14:49:42', 1, NULL, NULL, NULL, NULL, '9500 Gilman Dr., La Jolla, CA', '92093', 'San DIEGO', 522, 11, '(858)534-2230', NULL, NULL, NULL, NULL, 0, NULL, 0, '', '', '', '', '', '', '', 0, 0, NULL, NULL, NULL, 2, 0, NULL, NULL, 0, 0, 0, 1, 1, 0, NULL, NULL, 0, NULL, NULL, NULL, 0, NULL, 'en_US', NULL, NULL, NULL),
(24, 'National Cheng Kung University', 1, NULL, NULL, 0, NULL, '2015-11-19 10:41:33', '2015-09-02 15:06:38', '2015-09-02 15:06:38', 1, NULL, NULL, NULL, NULL, 'No.1, University Road', '701', 'TAINAN CITY', 0, 213, NULL, NULL, NULL, NULL, NULL, 0, NULL, 0, '', '', '', '', '', '', '', 0, 0, NULL, NULL, NULL, 3, 0, NULL, NULL, 0, 0, 0, 1, 1, 0, NULL, NULL, 0, NULL, NULL, NULL, 0, NULL, 'en_GB', NULL, NULL, NULL),
(25, 'Dawnbreaker, Inc.', 1, NULL, NULL, 0, NULL, '2015-09-02 13:53:15', '2015-09-02 15:53:15', '2015-09-02 15:53:15', 1, NULL, NULL, NULL, NULL, '3161 Union Street, N Chili', '14514', 'NEW YORK', 549, 11, NULL, NULL, NULL, 'tpipher@dawnbreaker.com', NULL, 0, NULL, 0, '', '', '', '', '', '', '', 0, 0, NULL, NULL, NULL, 2, 0, NULL, NULL, 0, 0, 0, 1, 1, 0, NULL, NULL, 0, NULL, NULL, NULL, 0, NULL, 'en_GB', NULL, NULL, NULL),
(26, 'MTA CSFK GGI', 1, NULL, NULL, 0, NULL, '2015-09-08 12:07:27', '2015-09-08 11:17:34', '2015-09-08 11:22:01', 1, NULL, NULL, NULL, NULL, 'Csatkai u. 6-8.', '9400', 'SOPRON', 0, 18, '+36-99-508-340', '+36-99-508-355', NULL, NULL, NULL, 0, NULL, 0, '', '', '', '', '', '', '', 0, 0, NULL, NULL, NULL, 3, 0, NULL, NULL, 0, 0, 0, 1, 1, 0, NULL, NULL, 0, NULL, NULL, NULL, 0, NULL, 'en_GB', NULL, NULL, NULL),
(27, 'Laboratorio de Estudio y Seguimiento de Volcanes Activos', 1, NULL, NULL, 0, NULL, '2015-09-11 07:29:41', '2015-09-11 09:29:41', '2015-09-11 09:29:41', 1, NULL, NULL, NULL, NULL, 'Instituto de Investigación en Paleobiología y Geología \r\nUniversidad Nacional de Río Negro\r\nAv. J.A. Roca 1242', '8332', 'GENERAL ROCA', 613, 23, NULL, NULL, NULL, NULL, NULL, 0, NULL, 0, '', '', '', '', '', '', '', 0, 0, NULL, NULL, NULL, 2, 0, NULL, NULL, 0, 0, 0, 1, 1, 0, NULL, NULL, 0, NULL, NULL, NULL, 0, NULL, 'en_GB', NULL, NULL, NULL),
(28, 'Kövesligethy Radó Seismological Observatory', 1, NULL, NULL, 0, NULL, '2015-10-23 15:08:34', '2015-10-23 11:50:45', '2015-10-23 17:08:34', 1, NULL, NULL, NULL, NULL, 'Geodetic and Geophysical Institute\r\nResearch Centre for Astronomy and Earth Sciences\r\nHungarian Academy of Sciences\r\n\r\nMeredek u. 18.', 'H-1112', 'BUDAPEST', 0, 18, NULL, NULL, NULL, NULL, NULL, 0, NULL, 0, '', '', '', '', '', '', '', 0, 0, NULL, NULL, NULL, 3, 0, NULL, NULL, 0, 0, 0, 1, 1, 0, NULL, NULL, 0, NULL, NULL, NULL, 0, NULL, 'en_GB', NULL, NULL, NULL),
(29, 'THE UNIVERSITY OF MISSISSIPPI', 1, NULL, NULL, 0, NULL, '2015-11-23 16:18:51', '2015-11-23 17:00:05', '2015-11-23 17:18:51', 1, NULL, NULL, NULL, NULL, 'The University of Mississippi\r\n164 Jeanette Phillips Drive\r\nUniversity', 'MS 38677', 'OXFORD', 541, 11, NULL, NULL, 'www.olemiss.edu', NULL, NULL, 0, NULL, 0, '', '', '', '', '', '', '', 0, 0, NULL, NULL, NULL, 2, 0, NULL, NULL, 0, 0, 0, 1, 1, 0, NULL, NULL, 0, NULL, NULL, NULL, 0, NULL, 'en_US', NULL, NULL, NULL);

-- --------------------------------------------------------

--
-- Structure de la table `llx_societe_address`
--

CREATE TABLE IF NOT EXISTS `llx_societe_address` (
  `rowid` int(11) NOT NULL,
  `datec` datetime DEFAULT NULL,
  `tms` timestamp NOT NULL DEFAULT CURRENT_TIMESTAMP ON UPDATE CURRENT_TIMESTAMP,
  `label` varchar(30) DEFAULT NULL,
  `fk_soc` int(11) DEFAULT '0',
  `name` varchar(60) DEFAULT NULL,
  `address` varchar(255) DEFAULT NULL,
  `zip` varchar(10) DEFAULT NULL,
  `town` text,
  `fk_pays` int(11) DEFAULT '0',
  `phone` varchar(20) DEFAULT NULL,
  `fax` varchar(20) DEFAULT NULL,
  `note` text,
  `fk_user_creat` int(11) DEFAULT NULL,
  `fk_user_modif` int(11) DEFAULT NULL
) ENGINE=InnoDB DEFAULT CHARSET=utf8;

-- --------------------------------------------------------

--
-- Structure de la table `llx_societe_commerciaux`
--

CREATE TABLE IF NOT EXISTS `llx_societe_commerciaux` (
  `rowid` int(11) NOT NULL,
  `fk_soc` int(11) DEFAULT NULL,
  `fk_user` int(11) DEFAULT NULL
) ENGINE=InnoDB AUTO_INCREMENT=30 DEFAULT CHARSET=utf8;

--
-- Contenu de la table `llx_societe_commerciaux`
--

INSERT INTO `llx_societe_commerciaux` (`rowid`, `fk_soc`, `fk_user`) VALUES
(1, 1, 1),
(2, 2, 1),
(3, 3, 1),
(4, 4, 1),
(5, 5, 1),
(6, 6, 1),
(7, 7, 1),
(8, 8, 1),
(9, 9, 1),
(10, 10, 1),
(11, 11, 1),
(12, 12, 1),
(13, 13, 1),
(14, 14, 1),
(15, 15, 1),
(16, 16, 1),
(17, 17, 1),
(18, 18, 1),
(19, 19, 1),
(20, 20, 1),
(21, 21, 1),
(22, 22, 1),
(23, 23, 1),
(24, 24, 1),
(25, 25, 1),
(26, 26, 1),
(27, 27, 1),
(28, 28, 1),
(29, 29, 1);

-- --------------------------------------------------------

--
-- Structure de la table `llx_societe_extrafields`
--

CREATE TABLE IF NOT EXISTS `llx_societe_extrafields` (
  `rowid` int(11) NOT NULL,
  `tms` timestamp NOT NULL DEFAULT CURRENT_TIMESTAMP ON UPDATE CURRENT_TIMESTAMP,
  `fk_object` int(11) NOT NULL,
  `import_key` varchar(14) DEFAULT NULL
) ENGINE=InnoDB DEFAULT CHARSET=utf8;

-- --------------------------------------------------------

--
-- Structure de la table `llx_societe_log`
--

CREATE TABLE IF NOT EXISTS `llx_societe_log` (
  `id` int(11) NOT NULL,
  `datel` datetime DEFAULT NULL,
  `fk_soc` int(11) DEFAULT NULL,
  `fk_statut` int(11) DEFAULT NULL,
  `fk_user` int(11) DEFAULT NULL,
  `author` varchar(30) DEFAULT NULL,
  `label` varchar(128) DEFAULT NULL
) ENGINE=InnoDB DEFAULT CHARSET=utf8;

-- --------------------------------------------------------

--
-- Structure de la table `llx_societe_prices`
--

CREATE TABLE IF NOT EXISTS `llx_societe_prices` (
  `rowid` int(11) NOT NULL,
  `fk_soc` int(11) DEFAULT '0',
  `tms` timestamp NOT NULL DEFAULT CURRENT_TIMESTAMP ON UPDATE CURRENT_TIMESTAMP,
  `datec` datetime DEFAULT NULL,
  `fk_user_author` int(11) DEFAULT NULL,
  `price_level` tinyint(4) DEFAULT '1'
) ENGINE=InnoDB DEFAULT CHARSET=utf8;

-- --------------------------------------------------------

--
-- Structure de la table `llx_societe_remise`
--

CREATE TABLE IF NOT EXISTS `llx_societe_remise` (
  `rowid` int(11) NOT NULL,
  `fk_soc` int(11) NOT NULL,
  `tms` timestamp NOT NULL DEFAULT CURRENT_TIMESTAMP ON UPDATE CURRENT_TIMESTAMP,
  `datec` datetime DEFAULT NULL,
  `fk_user_author` int(11) DEFAULT NULL,
  `remise_client` double(6,3) NOT NULL DEFAULT '0.000',
  `note` text
) ENGINE=InnoDB DEFAULT CHARSET=utf8;

-- --------------------------------------------------------

--
-- Structure de la table `llx_societe_remise_except`
--

CREATE TABLE IF NOT EXISTS `llx_societe_remise_except` (
  `rowid` int(11) NOT NULL,
  `fk_soc` int(11) NOT NULL,
  `datec` datetime DEFAULT NULL,
  `amount_ht` double(24,8) NOT NULL,
  `amount_tva` double(24,8) NOT NULL DEFAULT '0.00000000',
  `amount_ttc` double(24,8) NOT NULL DEFAULT '0.00000000',
  `tva_tx` double(6,3) NOT NULL DEFAULT '0.000',
  `fk_user` int(11) NOT NULL,
  `fk_facture_line` int(11) DEFAULT NULL,
  `fk_facture` int(11) DEFAULT NULL,
  `fk_facture_source` int(11) DEFAULT NULL,
  `description` varchar(255) NOT NULL
) ENGINE=InnoDB DEFAULT CHARSET=utf8;

-- --------------------------------------------------------

--
-- Structure de la table `llx_societe_rib`
--

CREATE TABLE IF NOT EXISTS `llx_societe_rib` (
  `rowid` int(11) NOT NULL,
  `fk_soc` int(11) NOT NULL,
  `datec` datetime DEFAULT NULL,
  `tms` timestamp NOT NULL DEFAULT CURRENT_TIMESTAMP ON UPDATE CURRENT_TIMESTAMP,
  `label` varchar(30) DEFAULT NULL,
  `bank` varchar(255) DEFAULT NULL,
  `code_banque` varchar(7) DEFAULT NULL,
  `code_guichet` varchar(6) DEFAULT NULL,
  `number` varchar(255) DEFAULT NULL,
  `cle_rib` varchar(5) DEFAULT NULL,
  `bic` varchar(20) DEFAULT NULL,
  `iban_prefix` varchar(34) DEFAULT NULL,
  `domiciliation` varchar(255) DEFAULT NULL,
  `proprio` varchar(60) DEFAULT NULL,
  `owner_address` text,
  `import_key` varchar(14) DEFAULT NULL
) ENGINE=InnoDB DEFAULT CHARSET=utf8;

-- --------------------------------------------------------

--
-- Structure de la table `llx_socpeople`
--

CREATE TABLE IF NOT EXISTS `llx_socpeople` (
  `rowid` int(11) NOT NULL,
  `datec` datetime DEFAULT NULL,
  `tms` timestamp NOT NULL DEFAULT CURRENT_TIMESTAMP ON UPDATE CURRENT_TIMESTAMP,
  `fk_soc` int(11) DEFAULT NULL,
  `entity` int(11) NOT NULL DEFAULT '1',
  `ref_ext` varchar(128) DEFAULT NULL,
  `civilite` varchar(6) DEFAULT NULL,
  `lastname` varchar(50) DEFAULT NULL,
  `firstname` varchar(50) DEFAULT NULL,
  `address` varchar(255) DEFAULT NULL,
  `zip` varchar(10) DEFAULT NULL,
  `town` text,
  `fk_departement` int(11) DEFAULT NULL,
  `fk_pays` int(11) DEFAULT '0',
  `birthday` date DEFAULT NULL,
  `poste` varchar(80) DEFAULT NULL,
  `phone` varchar(30) DEFAULT NULL,
  `phone_perso` varchar(30) DEFAULT NULL,
  `phone_mobile` varchar(30) DEFAULT NULL,
  `fax` varchar(30) DEFAULT NULL,
  `email` varchar(255) DEFAULT NULL,
  `jabberid` varchar(255) DEFAULT NULL,
  `no_email` smallint(6) NOT NULL DEFAULT '0',
  `priv` smallint(6) NOT NULL DEFAULT '0',
  `fk_user_creat` int(11) DEFAULT '0',
  `fk_user_modif` int(11) DEFAULT NULL,
  `note_private` text,
  `note_public` text,
  `default_lang` varchar(6) DEFAULT NULL,
  `canvas` varchar(32) DEFAULT NULL,
  `import_key` varchar(14) DEFAULT NULL
) ENGINE=InnoDB AUTO_INCREMENT=44 DEFAULT CHARSET=utf8;

--
-- Contenu de la table `llx_socpeople`
--

INSERT INTO `llx_socpeople` (`rowid`, `datec`, `tms`, `fk_soc`, `entity`, `ref_ext`, `civilite`, `lastname`, `firstname`, `address`, `zip`, `town`, `fk_departement`, `fk_pays`, `birthday`, `poste`, `phone`, `phone_perso`, `phone_mobile`, `fax`, `email`, `jabberid`, `no_email`, `priv`, `fk_user_creat`, `fk_user_modif`, `note_private`, `note_public`, `default_lang`, `canvas`, `import_key`) VALUES
(1, '2013-08-01 10:23:29', '2015-08-26 12:46:44', 1, 1, NULL, 'MR', 'GARCES', 'Milton', 'Hawaii Instilute of Geophysics & Planetology\r\ncro In/rasound Laboratory\r\n73-984 Makako Bay Drive', '96740', 'Kailua-Kona', 528, 11, NULL, '', '', '', '', '', 'milton@isla.hawaii.edu', '', 0, 0, 1, 1, '', '', NULL, NULL, NULL),
(2, '2013-09-09 13:41:18', '2013-09-12 13:41:54', 2, 1, NULL, '', 'VERGNIOLLE', 'Sylvie', '', '', '', NULL, 1, NULL, 'Equipe de dynamique des fluides geologiques', '01 83 95 74 27', '', '', '', 'vergniolle@ipgp.fr', '', 0, 0, 1, 1, '', NULL, NULL, NULL, NULL),
(3, '2013-09-12 15:40:28', '2013-09-27 08:47:40', 2, 1, NULL, 'MR', 'Fluteau', 'Frédéric', '1, rue Jussieu', '75238', 'PARIS', NULL, 1, NULL, 'Responsable du Master STEP', '+33-1 83 95 74 92', '', '', '', 'fluteau@ipgp.fr', '', 0, 0, 1, 1, '', NULL, NULL, NULL, NULL),
(4, '2013-09-27 11:46:59', '2013-09-27 09:46:59', 2, 1, NULL, '', 'ROUAS', 'ZARIE', 'Université de paris 7\r\nS. Vergniolle\r\n1 rue de Jussieu', '75238', 'PARIS', NULL, 1, NULL, 'Service de la Scolarité', '', '', '', '', '', '', 0, 0, 1, 1, '', NULL, NULL, NULL, NULL),
(5, '2013-10-01 18:13:32', '2013-10-01 16:13:32', 2, 1, NULL, '', 'Université Paris Diderot - UFR STEP', '', '35 rue Hélène Brion ', '75205', 'PARIS cedex 13', NULL, 1, NULL, '', '', '', '', '', '', '', 0, 0, 1, 1, '', '', NULL, NULL, NULL),
(6, '2013-10-10 10:58:08', '2015-08-26 12:45:43', 8, 1, NULL, 'MR', 'TAISNE', 'Benoit', '', '', '', NULL, 29, NULL, 'Principal Investigator, Volcano Group', '', '', '', '', 'BTaisne@ntu.edu.sg', '', 0, 0, 1, 1, '', '', NULL, NULL, NULL),
(7, '2014-06-19 14:35:51', '2014-06-19 12:35:51', 7, 1, NULL, '', 'Agence comptable/Service financier, Case', '', '5 rue Thomas Mann', '75205', 'PARIS CEDEX 13', NULL, 1, NULL, '', '', '', '', '', '', '', 0, 0, 2, 2, '', '', NULL, NULL, NULL),
(8, '2014-07-21 09:28:54', '2015-09-02 08:09:52', 10, 1, NULL, 'MR', 'KRAMER', 'Alfred', 'VIenna International Centre', '1400', 'Vienna', NULL, 41, NULL, 'Infrasound technician', '(+431)260306410', '', '(+43699)14596410', '(+431)260305921', 'alfred.kramer@CTBTO.ORG', '', 0, 0, 1, 1, '', '', NULL, NULL, NULL),
(9, '2014-07-22 17:03:57', '2014-07-22 15:03:57', 11, 1, NULL, 'MR', 'Rembold', 'Randy', '', '', '', NULL, 11, NULL, '', '505 844-4536', '', '505 379-3576', '', 'rkrembo@sandia.gov', '', 0, 0, 1, 1, '', '', NULL, NULL, NULL),
(10, '2014-08-20 15:05:10', '2015-08-26 12:36:36', 13, 1, NULL, 'MR', 'WANG', 'Peter', 'No.5 Minzudaxue Nanlu, Haidian District', '100081', 'BEIJING', NULL, 9, NULL, '', '', '', '', '', 'peter_igpcea@126.com', '', 0, 0, 1, 1, '', '', NULL, NULL, NULL),
(11, '2014-10-23 14:26:47', '2014-10-23 12:26:47', 7, 1, NULL, '', 'UFR STEP', 'Bat Iamarck', '35 rue H. Brion 6ème étage', '75205', 'PARIS Cedex 13', 77, 1, NULL, '', '', '', '', '', '', '', 0, 0, 1, 1, '', '', NULL, NULL, NULL),
(12, '2015-01-08 11:37:44', '2015-01-08 10:38:04', 14, 1, NULL, 'MR', 'MURAYAMA', 'Takahiko', 'CTBT National Data Centre-1 JARE 54 Team Member\r\nSunshine 60 Bldg, 36161 Higashi-Ikebukuru\r\nTOSHIMA-KU', '170-6055', 'TOKYO', NULL, 123, NULL, 'Senior Engineer', '', '', '', '', 'murayama@jwa.or.jp', '', 0, 0, 1, 1, '', '', NULL, NULL, NULL),
(13, '2015-03-13 10:58:49', '2015-03-13 09:58:49', 1, 1, NULL, 'MME', 'FURUYA', 'Grace', 'Sch of Ocean & Earth Science & Tchnlgy\r\nFiscal OttIce\r\n2525 Correa Road, HIG 305', '96822', 'Honolulu ', 528, 11, NULL, '', '', '', '', '', 'gfuruya@soest.hawaii.edu', '', 0, 0, 1, 1, '', '', NULL, NULL, NULL),
(14, '2015-07-10 16:09:42', '2015-07-10 14:09:42', 17, 1, NULL, 'MR', 'LE MAILLOT', 'MAXIME', '', '', '', NULL, 1, NULL, 'Ingénieur chef de projet', '04 42 68 16 60', '', '', '', 'lemaillot@enviroconsult.fr', '', 0, 0, 1, 1, '', '', NULL, NULL, NULL),
(15, '2015-07-24 11:27:50', '2015-07-24 15:23:57', 1, 1, NULL, '', 'Sch of Ocean & Earth Science & Tchnlgy', '', 'Fiscal office\r\n2525 Correa Road\r\nHIG 305', '96822', 'HONOLULU / HAWAI', 528, 11, NULL, '', '', '', '', '', '', '', 0, 0, 2, 1, '', '', NULL, NULL, NULL),
(16, '2015-07-24 11:30:02', '2015-07-24 09:41:15', 1, 1, NULL, '', 'Hawai Institute of Geophysics & Planetology', '', 'C/O Infrasound Laboratory\r\n73-984 Makako Bay Drive', '96740', 'KAILUA-KONA  /HAWAI', NULL, 11, NULL, '', '', '', '', '', '', '', 0, 0, 2, 2, '', '', NULL, NULL, NULL),
(17, '2015-07-24 17:33:34', '2015-07-24 15:33:34', 19, 1, NULL, '', 'Fiscal Office', '', '2525 Correa Road, HIG 305', '96822', 'HONOLULU', 528, 11, NULL, '', '', '', '', '', '', '', 0, 0, 1, 1, '', '', NULL, NULL, NULL),
(18, '2015-07-27 10:27:54', '2015-07-27 08:27:54', 11, 1, NULL, '', 'U.S. NNSA', '', 'ATTN: PO# 1543855\r\n1515 EUBANK SE BLDG 957', 'NM 87123', 'ALBUQUERQUE', NULL, 11, NULL, '', '', '', '', '', '', '', 0, 0, 2, 2, '', '', NULL, NULL, NULL),
(19, '2015-07-27 10:47:01', '2015-07-27 08:47:01', 11, 1, NULL, '', 'ACCOUNTS PAYABLE MS1385', '', 'PO BOX 5800', 'NM 87185', 'ALBUQUERQUE', NULL, 11, NULL, '', '', '', '', '', '', '', 0, 0, 2, 2, '', '', NULL, NULL, NULL),
(20, '2015-08-26 13:51:54', '2015-08-26 11:51:54', 20, 1, NULL, 'MR', 'SMIRNOV', 'Alexandr', 'Chaikinoy str. 4', '050020', 'ALMATY', NULL, 125, NULL, '', '', '', '', '', 'infra.smirnoff@gmail.com', '', 0, 0, 1, 1, '', '', NULL, NULL, NULL),
(21, '2015-09-01 16:53:52', '2015-09-01 14:53:52', 18, 1, NULL, 'MR', 'WOM YOUNG', 'KIM', 'Lamont-Doherty Earth Observatory\r\nP.O. Box 1000, \r\n61 route 9W, Palisades', '10964', 'NY', 549, 11, NULL, 'PhD', '', '', '', '', 'wykim@ldeo.columbia.edu', '', 0, 0, 1, 1, '', '', NULL, NULL, NULL),
(22, '2015-09-01 17:40:49', '2015-09-01 15:40:49', 18, 1, NULL, 'MR', 'BASTIEN', 'Patrick', 'Lamont-Doherty Earth Observatory\r\nP.O. Box 1000, \r\n61 route 9W, Palisades', '10964', 'NY', 549, 11, NULL, '', '', '', '', '', 'bastienp@ldeo.columbia.edu', '', 0, 0, 1, 1, '', '', NULL, NULL, NULL),
(23, '2015-09-02 09:47:59', '2015-09-02 07:52:36', 11, 1, NULL, '', 'SYMONS', 'Neil', 'New Mexico\r\nP.O. Box 5800', 'NM 87185', 'ALBUQUERQUE', 548, 11, NULL, '', '(505)844-5782', '', '(505)681-3981', '', 'npsymon@sandia.gov', '', 0, 0, 1, 1, '', '', NULL, NULL, NULL),
(24, '2015-09-02 09:54:52', '2015-09-02 07:54:52', 11, 1, NULL, '', 'MERCHANT', 'B. John', 'New Mexico\r\nP.O. Box 5800', 'NM 87185', 'ALBUQUERQUE', 548, 11, NULL, 'Principal member of technical staff', '(505)284-3885', '', '', '(505)844-5321', '', '', 0, 0, 1, 1, '', '', NULL, NULL, NULL),
(25, '2015-09-02 09:59:02', '2015-09-02 07:59:02', 10, 1, NULL, 'MR', 'JUSKO', 'Marian', 'Vienna International Centre\r\nP.O. Box 1200', '1400', 'Vienna', NULL, 41, NULL, '', '', '', '', '', 'marian.jusko@ctbto.org', '', 0, 0, 1, 1, '', '', NULL, NULL, NULL),
(26, '2015-09-02 09:59:55', '2015-09-02 08:12:25', 10, 1, NULL, 'MR', 'DOURY', 'Benoit', 'Vienna International Centre\r\nP.O. Box 1200', '1400', 'Vienna', NULL, 41, NULL, 'Seismic acoustic calibration expert', '(+431)260306557', '', '', '(+431)260305922', 'benoit.doury@ctbto.org', '', 0, 0, 1, 1, '', '', NULL, NULL, NULL),
(27, '2015-09-02 10:02:22', '2015-09-02 08:15:37', 10, 1, NULL, 'MR', 'MARTY', 'Julien', 'Vienna International Centre\r\nP.O. Box 1200', '1400', 'Vienna', NULL, 41, NULL, 'Project manager Seismic-Infrasound', '(+431)260306574', '', '(+43699)14596574', '(+431)260305922', 'julien.marty@ctbto.org', '', 0, 0, 1, 1, '', '', NULL, NULL, NULL),
(28, '2015-09-02 10:03:32', '2015-09-02 08:14:04', 10, 1, NULL, 'MR', 'MARTYSEVICH', 'Pavel', 'Vienna International Centre\r\nP.O. Box 1200', '1400', 'Vienna', NULL, 41, NULL, '', '(+431)260306547', '', '(+43699)14596547', '(+431)260305921', 'pavel.martysevich@ctbto.org', '', 0, 0, 1, 1, '', '', NULL, NULL, NULL),
(29, '2015-09-02 10:06:18', '2015-09-02 08:06:18', 10, 1, NULL, 'MR', 'MACLEOD', 'Gordon A.', 'Vienna International Centre\r\nP.O. Box 1200', '1400', 'Vienna', NULL, 41, NULL, 'Chief policy planning and operations section', '(+431)260306139', '', '(+43699)14596139', '(+431)260305926', 'gordon.macleod@ctbto.org', '', 0, 0, 1, 1, '', '', NULL, NULL, NULL),
(30, '2015-09-02 10:23:28', '2015-09-02 08:23:28', 16, 1, NULL, 'MR', 'TARVAINEN', 'Matti', '\r\nUniveristy of HELSINKY\r\nP.O.BOX 68 (Gustaf Hällströminkatu 2b) Exactum Building', 'FIN-00014', 'HELSINKY', NULL, 94, NULL, 'PhD seismologist', '+358 50 566 5490', '', '', '+358 2 941 51 626', 'Matti.Tarvainen@helsinki.fi', '', 0, 0, 1, 1, '', '', NULL, NULL, NULL),
(31, '2015-09-02 10:31:47', '2015-09-02 08:31:48', 15, 1, NULL, 'MR', 'OI', 'Takuma', '1919-1 Tancha, Onna-son, Kunigami,', '904-0495', 'OKINAWA', NULL, 123, NULL, '', '', '', '', '', 'takuma102634@me.com', '', 0, 0, 1, 1, '', '', NULL, NULL, NULL),
(32, '2015-09-02 10:37:14', '2015-09-02 08:37:44', 12, 1, NULL, 'MME', 'CHEN', 'Jian', 'Zhongguancun Nanertiao 1,\r\nHaidian District', '100190', 'BEIJING', NULL, 9, NULL, '', '', '', '', '', 'chenjian@nssc.ac.cn', '', 0, 0, 1, 1, '', '', NULL, NULL, NULL),
(33, '2015-09-02 11:21:02', '2015-09-02 09:21:02', 21, 1, NULL, 'MR', 'KERANEN', 'Jukka', 'Lemminkäisenkatu 14-18 B', 'FI-20520', 'TURKU', NULL, 94, NULL, '', '', '', '', '', 'Jukka.Keranen@ttl.fi', '', 0, 0, 1, 1, '', '', NULL, NULL, NULL),
(34, '2015-09-02 13:57:57', '2015-09-02 12:58:20', 22, 1, NULL, 'MR', 'GUO', 'Quan', 'No. 21 North 4th Ring Road', '100190', 'BEIJING', NULL, 9, NULL, 'PhD', '', '', '', '', 'guoquan@mail.ioa.ac.cn', '', 0, 0, 1, 1, '', '', NULL, NULL, NULL),
(35, '2015-09-02 14:51:26', '2015-09-02 12:51:26', 23, 1, NULL, 'MR', 'MATOZA', 'Robin', '9500 Gilman Dr., La Jolla, CA', '92093', 'San DIEGO', 522, 11, NULL, '', '+1 858 534 0126', '', '', '', 'rmatoza@ucsd.edu', '', 0, 0, 1, 1, '', '', NULL, NULL, NULL),
(36, '2015-09-02 15:09:18', '2015-09-02 13:09:18', 24, 1, NULL, 'MR', 'LIN', 'Ting Li', 'No.1, University Road', '701', 'TAINAN CITY', NULL, 213, NULL, 'PhD', '', '', '', '', 'mulas62@gmail.com', '', 0, 0, 1, 1, '', '', NULL, NULL, NULL),
(37, '2015-09-02 16:34:00', '2015-09-02 14:34:00', 25, 1, NULL, 'MME', 'PIPHER', 'Theresa', '3161 Union Street, N Chili', '14514', 'NEW YORK', 549, 11, NULL, '', '', '', '', '', 'tpipher@dawnbreaker.com', '', 0, 0, 1, 1, '', '', NULL, NULL, NULL),
(38, '2015-09-08 11:18:51', '2015-09-08 09:21:13', 26, 1, NULL, 'MR', 'Lemperger', 'Istvan', 'Csatkai u. 6-8.', '9400', 'SOPRON', NULL, 18, NULL, '', '+3699508340/314', '', '', '', 'Lemperger.Istvan@csfk.mta.hu', '', 0, 0, 1, 1, '', '', NULL, NULL, NULL),
(39, '2015-09-08 15:25:03', '2015-09-08 13:25:03', 26, 1, NULL, '', 'VARGA', 'Peter', 'Csatkai u. 6-8.', '9400', 'SOPRON', NULL, 18, NULL, '', '', '', '', '', 'varga@seismology.hu', '', 0, 0, 1, 1, '', '', NULL, NULL, NULL),
(40, '2015-09-11 09:36:25', '2015-09-11 07:36:25', 27, 1, NULL, 'MR', 'CASELLI', 'Alberto T.', 'Instituto de Investigación en Paleobiología y Geología \r\nUniversidad Nacional de Río Negro\r\nAv. J.A. Roca 1242', '8332', 'GENERAL ROCA', 613, 23, NULL, 'PhD', '+54 0298 4420886', '', '(+54 9) 298 476 6847', '', 'atcaselli@unrn.edu.ar', '', 0, 0, 1, 1, '', '', NULL, NULL, NULL),
(41, '2015-10-23 11:53:38', '2015-10-23 15:10:40', 28, 1, NULL, 'DR', 'BONDAR', 'Istvan', 'Geodetic and Geophysical Institute\r\nResearch Centre for Astronomy and Earth Sciences\r\nHungarian Academy of Sciences\r\n\r\nMeredek u. 18.', 'H-1112', 'BUDAPEST', NULL, 18, NULL, 'Senior Seismologist', '', '', '', '', 'ibondar2014@gmail.com', '', 0, 0, 1, 1, '', '', NULL, NULL, NULL),
(42, '2015-11-23 17:04:08', '2015-11-23 16:04:08', 29, 1, NULL, 'MME', 'PERRIER', 'Debra A.', 'The University of Mississippi\r\nNational Center for Physical Acoustics\r\nP.O. BOX 1848\r\n145 Hill Drive\r\nUniversity\r\n', 'MS 38677', 'OXFORD', 541, 11, NULL, 'Operations Coordinator', '+1-662-915-5840', '', '', '+1-662-915-7494', 'dperrier@olemiss.edu', '', 0, 0, 1, 1, '', '', NULL, NULL, NULL),
(43, '2015-11-23 17:05:34', '2015-11-23 16:05:34', 29, 1, NULL, 'DR', 'TALMADGE', 'Carrick', 'The University of Mississippi\r\n164 Jeanette Phillips Drive\r\nUniversity', 'MS 38677', 'OXFORD', 541, 11, NULL, '', '', '', '', '', '', '', 0, 0, 1, 1, '', '', NULL, NULL, NULL);

-- --------------------------------------------------------

--
-- Structure de la table `llx_socpeople_extrafields`
--

CREATE TABLE IF NOT EXISTS `llx_socpeople_extrafields` (
  `rowid` int(11) NOT NULL,
  `tms` timestamp NOT NULL DEFAULT CURRENT_TIMESTAMP ON UPDATE CURRENT_TIMESTAMP,
  `fk_object` int(11) NOT NULL,
  `import_key` varchar(14) DEFAULT NULL
) ENGINE=InnoDB DEFAULT CHARSET=utf8;

-- --------------------------------------------------------

--
-- Structure de la table `llx_stock_mouvement`
--

CREATE TABLE IF NOT EXISTS `llx_stock_mouvement` (
  `rowid` int(11) NOT NULL,
  `tms` timestamp NOT NULL DEFAULT CURRENT_TIMESTAMP ON UPDATE CURRENT_TIMESTAMP,
  `datem` datetime DEFAULT NULL,
  `fk_product` int(11) NOT NULL,
  `fk_entrepot` int(11) NOT NULL,
  `value` double DEFAULT NULL,
  `price` float(13,4) DEFAULT '0.0000',
  `type_mouvement` smallint(6) DEFAULT NULL,
  `fk_user_author` int(11) DEFAULT NULL,
  `label` varchar(128) DEFAULT NULL
) ENGINE=InnoDB AUTO_INCREMENT=129 DEFAULT CHARSET=utf8;

--
-- Contenu de la table `llx_stock_mouvement`
--

INSERT INTO `llx_stock_mouvement` (`rowid`, `tms`, `datem`, `fk_product`, `fk_entrepot`, `value`, `price`, `type_mouvement`, `fk_user_author`, `label`) VALUES
(1, '2014-06-13 12:18:49', '2014-06-13 14:18:49', 10, 1, 20, 28.6500, 0, 1, ''),
(2, '2014-06-13 12:38:06', '2014-06-13 14:38:06', 1, 1, 2, 5151.8901, 0, 1, ''),
(3, '2014-06-13 12:38:06', '2014-06-13 14:38:06', 8, 1, 2, 0.0000, 0, 1, ''),
(4, '2014-06-13 12:38:06', '2014-06-13 14:38:06', 9, 1, 2, 0.0000, 0, 1, ''),
(5, '2014-06-13 12:38:06', '2014-06-13 14:38:06', 10, 1, 2, 0.0000, 0, 1, ''),
(6, '2014-06-13 12:39:33', '2014-06-13 14:39:33', 1, 1, -1, 0.0000, 1, 1, ''),
(7, '2014-06-13 12:39:33', '2014-06-13 14:39:33', 8, 1, -1, 0.0000, 1, 1, ''),
(8, '2014-06-13 12:39:33', '2014-06-13 14:39:33', 9, 1, -1, 0.0000, 1, 1, ''),
(9, '2014-06-13 12:39:33', '2014-06-13 14:39:33', 10, 1, -1, 0.0000, 1, 1, ''),
(10, '2014-06-13 12:40:19', '2014-06-13 14:40:19', 1, 1, -1, 0.0000, 1, 1, ''),
(11, '2014-06-13 12:40:19', '2014-06-13 14:40:19', 8, 1, -1, 0.0000, 1, 1, ''),
(12, '2014-06-13 12:40:19', '2014-06-13 14:40:19', 9, 1, -1, 0.0000, 1, 1, ''),
(13, '2014-06-13 12:40:19', '2014-06-13 14:40:19', 10, 1, -1, 0.0000, 1, 1, ''),
(14, '2014-06-13 12:45:14', '2014-06-13 14:45:14', 8, 1, 1, 0.0000, 0, 1, ''),
(15, '2014-06-13 12:45:42', '2014-06-13 14:45:42', 8, 1, -1, 0.0000, 1, 1, ''),
(16, '2014-06-13 12:46:17', '2014-06-13 14:46:17', 8, 1, 1, 8198.9404, 0, 1, ''),
(17, '2014-06-13 12:47:30', '2014-06-13 14:47:30', 9, 1, 1, 5151.8901, 0, 1, ''),
(18, '2014-06-13 12:48:06', '2014-06-13 14:48:06', 7, 1, 1, 41.6000, 0, 1, ''),
(19, '2014-06-13 12:48:40', '2014-06-13 14:48:40', 3, 1, 1, 154.7000, 0, 1, ''),
(20, '2014-06-13 12:49:10', '2014-06-13 14:49:10', 5, 1, 1, 162.5000, 0, 1, ''),
(21, '2014-06-13 12:49:42', '2014-06-13 14:49:42', 4, 1, 1, 100.0000, 0, 1, ''),
(22, '2014-06-13 12:50:07', '2014-06-13 14:50:07', 6, 1, 1, 62.4000, 0, 1, ''),
(23, '2014-06-13 12:52:02', '2014-06-13 14:52:01', 1, 1, -1, 10400.0000, 2, 1, 'Exp&eacute;dition SH1406-0001 valid&eacute;e dans Dolibarr'),
(24, '2014-06-13 12:52:02', '2014-06-13 14:52:02', 8, 1, -1, 0.0000, 2, 1, 'Exp&eacute;dition SH1406-0001 valid&eacute;e dans Dolibarr'),
(25, '2014-06-13 12:52:02', '2014-06-13 14:52:02', 9, 1, -1, 0.0000, 2, 1, 'Exp&eacute;dition SH1406-0001 valid&eacute;e dans Dolibarr'),
(26, '2014-06-13 12:52:02', '2014-06-13 14:52:02', 10, 1, -1, 0.0000, 2, 1, 'Exp&eacute;dition SH1406-0001 valid&eacute;e dans Dolibarr'),
(27, '2014-06-13 12:52:02', '2014-06-13 14:52:02', 3, 1, -1, 140.0000, 2, 1, 'Exp&eacute;dition SH1406-0001 valid&eacute;e dans Dolibarr'),
(28, '2014-06-13 12:52:02', '2014-06-13 14:52:02', 4, 1, -1, 45.0000, 2, 1, 'Exp&eacute;dition SH1406-0001 valid&eacute;e dans Dolibarr'),
(29, '2014-06-13 12:52:02', '2014-06-13 14:52:02', 6, 1, -1, 110.0000, 2, 1, 'Exp&eacute;dition SH1406-0001 valid&eacute;e dans Dolibarr'),
(30, '2014-06-13 12:52:02', '2014-06-13 14:52:02', 7, 1, -1, 110.0000, 2, 1, 'Exp&eacute;dition SH1406-0001 valid&eacute;e dans Dolibarr'),
(31, '2014-06-13 12:52:02', '2014-06-13 14:52:02', 5, 1, -1, 155.0000, 2, 1, 'Exp&eacute;dition SH1406-0001 valid&eacute;e dans Dolibarr'),
(32, '2014-06-13 16:12:10', '2014-06-13 18:12:10', 10, 1, -1, 55.0000, 2, 1, 'Exp&eacute;dition SH1406-0002 valid&eacute;e dans Dolibarr'),
(33, '2014-09-02 07:53:45', '2014-09-02 09:53:45', 1, 1, 1, 0.0000, 0, 1, ''),
(34, '2014-09-02 07:53:45', '2014-09-02 09:53:45', 8, 1, 1, 0.0000, 0, 1, ''),
(35, '2014-09-02 07:53:45', '2014-09-02 09:53:45', 9, 1, 1, 0.0000, 0, 1, ''),
(36, '2014-09-02 07:53:45', '2014-09-02 09:53:45', 10, 1, 1, 0.0000, 0, 1, ''),
(37, '2015-04-10 15:08:03', '2015-04-10 17:08:03', 19, 1, 2, 895.0000, 3, 1, 'Réception de la commande fournisseur CF1504-0007'),
(38, '2015-04-10 15:08:38', '2015-04-10 17:08:38', 8, 1, 8, 2910.6299, 3, 1, 'Réception de la commande fournisseur CF1408-0004'),
(39, '2015-04-10 15:08:38', '2015-04-10 17:08:38', 13, 1, 8, 648.9000, 3, 1, 'Réception de la commande fournisseur CF1408-0004'),
(40, '2015-04-10 15:11:13', '2015-04-10 17:11:13', 6, 1, 5, 62.4000, 3, 1, 'Réception de la commande fournisseur CF1501-0006'),
(41, '2015-04-10 15:11:13', '2015-04-10 17:11:13', 12, 1, 5, 47.0000, 3, 1, 'Réception de la commande fournisseur CF1501-0006'),
(42, '2015-04-10 15:11:13', '2015-04-10 17:11:13', 16, 1, 14, 0.0000, 3, 1, 'Réception de la commande fournisseur CF1501-0006'),
(43, '2015-04-10 15:11:13', '2015-04-10 17:11:13', 18, 1, 5, 0.0000, 3, 1, 'Réception de la commande fournisseur CF1501-0006'),
(44, '2015-04-10 15:11:13', '2015-04-10 17:11:13', 3, 1, 14, 0.0000, 3, 1, 'Réception de la commande fournisseur CF1501-0006'),
(45, '2015-04-10 15:23:53', '2015-04-10 17:23:53', 2, 1, -8, 7990.0000, 2, 1, 'Exp&eacute;dition SH1504-0003 valid&eacute;e dans Dolibarr'),
(46, '2015-04-10 15:23:53', '2015-04-10 17:23:53', 8, 1, -8, 0.0000, 2, 1, 'Exp&eacute;dition SH1504-0003 valid&eacute;e dans Dolibarr'),
(47, '2015-04-10 15:23:54', '2015-04-10 17:23:53', 13, 1, -8, 0.0000, 2, 1, 'Exp&eacute;dition SH1504-0003 valid&eacute;e dans Dolibarr'),
(48, '2015-04-10 15:23:54', '2015-04-10 17:23:54', 6, 1, -5, 110.0000, 2, 1, 'Exp&eacute;dition SH1504-0003 valid&eacute;e dans Dolibarr'),
(49, '2015-04-10 15:23:54', '2015-04-10 17:23:54', 3, 1, -14, 232.0000, 2, 1, 'Exp&eacute;dition SH1504-0003 valid&eacute;e dans Dolibarr'),
(50, '2015-04-10 15:23:54', '2015-04-10 17:23:54', 18, 1, -5, 170.0000, 2, 1, 'Exp&eacute;dition SH1504-0003 valid&eacute;e dans Dolibarr'),
(51, '2015-04-10 15:23:54', '2015-04-10 17:23:54', 16, 1, -14, 260.0000, 2, 1, 'Exp&eacute;dition SH1504-0003 valid&eacute;e dans Dolibarr'),
(52, '2015-04-10 15:23:54', '2015-04-10 17:23:54', 10, 1, -10, 55.0000, 2, 1, 'Exp&eacute;dition SH1504-0003 valid&eacute;e dans Dolibarr'),
(53, '2015-04-10 15:23:54', '2015-04-10 17:23:54', 12, 1, -5, 90.0000, 2, 1, 'Exp&eacute;dition SH1504-0003 valid&eacute;e dans Dolibarr'),
(54, '2015-04-10 15:23:54', '2015-04-10 17:23:54', 19, 1, -2, 1250.0000, 2, 1, 'Exp&eacute;dition SH1504-0003 valid&eacute;e dans Dolibarr'),
(55, '2015-04-10 15:25:55', '2015-04-10 17:25:55', 2, 1, 8, 0.0000, 0, 1, ''),
(56, '2015-04-10 15:25:55', '2015-04-10 17:25:55', 8, 1, 8, 0.0000, 0, 1, ''),
(57, '2015-04-10 15:25:55', '2015-04-10 17:25:55', 13, 1, 8, 0.0000, 0, 1, ''),
(58, '2015-04-10 15:27:59', '2015-04-10 17:27:59', 6, 1, 5, 0.0000, 0, 1, ''),
(59, '2015-04-10 15:28:37', '2015-04-10 17:28:37', 10, 1, 9, 0.0000, 0, 1, ''),
(60, '2015-04-10 15:29:02', '2015-04-10 17:29:02', 18, 1, 5, 0.0000, 0, 1, ''),
(61, '2015-04-10 15:29:25', '2015-04-10 17:29:25', 12, 1, 5, 0.0000, 0, 1, ''),
(62, '2015-04-10 15:29:44', '2015-04-10 17:29:44', 16, 1, 14, 0.0000, 0, 1, ''),
(63, '2015-04-10 15:30:19', '2015-04-10 17:30:19', 3, 1, 14, 0.0000, 0, 1, ''),
(64, '2015-04-10 15:30:38', '2015-04-10 17:30:38', 19, 1, 2, 0.0000, 0, 1, ''),
(65, '2015-04-10 15:31:07', '2015-04-10 17:31:07', 8, 1, -1, 0.0000, 1, 1, ''),
(66, '2015-04-10 15:34:41', '2015-04-10 17:34:41', 2, 1, -8, 7990.0000, 2, 1, 'Exp&eacute;dition SH1504-0003 valid&eacute;e dans Dolibarr'),
(67, '2015-04-10 15:34:41', '2015-04-10 17:34:41', 8, 1, -8, 0.0000, 2, 1, 'Exp&eacute;dition SH1504-0003 valid&eacute;e dans Dolibarr'),
(68, '2015-04-10 15:34:41', '2015-04-10 17:34:41', 13, 1, -8, 0.0000, 2, 1, 'Exp&eacute;dition SH1504-0003 valid&eacute;e dans Dolibarr'),
(69, '2015-04-10 15:34:41', '2015-04-10 17:34:41', 6, 1, -5, 110.0000, 2, 1, 'Exp&eacute;dition SH1504-0003 valid&eacute;e dans Dolibarr'),
(70, '2015-04-10 15:34:41', '2015-04-10 17:34:41', 3, 1, -14, 232.0000, 2, 1, 'Exp&eacute;dition SH1504-0003 valid&eacute;e dans Dolibarr'),
(71, '2015-04-10 15:34:42', '2015-04-10 17:34:41', 18, 1, -5, 170.0000, 2, 1, 'Exp&eacute;dition SH1504-0003 valid&eacute;e dans Dolibarr'),
(72, '2015-04-10 15:34:42', '2015-04-10 17:34:42', 16, 1, -14, 260.0000, 2, 1, 'Exp&eacute;dition SH1504-0003 valid&eacute;e dans Dolibarr'),
(73, '2015-04-10 15:34:42', '2015-04-10 17:34:42', 10, 1, -10, 55.0000, 2, 1, 'Exp&eacute;dition SH1504-0003 valid&eacute;e dans Dolibarr'),
(74, '2015-04-10 15:34:42', '2015-04-10 17:34:42', 12, 1, -5, 90.0000, 2, 1, 'Exp&eacute;dition SH1504-0003 valid&eacute;e dans Dolibarr'),
(75, '2015-04-10 15:34:42', '2015-04-10 17:34:42', 19, 1, -2, 1250.0000, 2, 1, 'Exp&eacute;dition SH1504-0003 valid&eacute;e dans Dolibarr'),
(76, '2015-04-30 14:32:47', '2015-04-30 16:32:47', 8, 1, 1, 2910.6299, 3, 2, 'BL23738'),
(77, '2015-04-30 14:32:47', '2015-04-30 16:32:47', 9, 1, 1, 3288.6799, 3, 2, 'BL23738'),
(78, '2015-04-30 14:42:46', '2015-04-30 16:42:46', 1, 1, -1, 10600.0000, 2, 2, 'Exp&eacute;dition SH1504-0004 valid&eacute;e dans Dolibarr'),
(79, '2015-04-30 14:42:46', '2015-04-30 16:42:46', 8, 1, -1, 0.0000, 2, 2, 'Exp&eacute;dition SH1504-0004 valid&eacute;e dans Dolibarr'),
(80, '2015-04-30 14:42:46', '2015-04-30 16:42:46', 9, 1, -1, 0.0000, 2, 2, 'Exp&eacute;dition SH1504-0004 valid&eacute;e dans Dolibarr'),
(81, '2015-04-30 14:42:46', '2015-04-30 16:42:46', 3, 1, -1, 145.0000, 2, 2, 'Exp&eacute;dition SH1504-0004 valid&eacute;e dans Dolibarr'),
(82, '2015-04-30 14:42:46', '2015-04-30 16:42:46', 4, 1, -1, 115.0000, 2, 2, 'Exp&eacute;dition SH1504-0004 valid&eacute;e dans Dolibarr'),
(83, '2015-04-30 14:42:46', '2015-04-30 16:42:46', 6, 1, -1, 115.0000, 2, 2, 'Exp&eacute;dition SH1504-0004 valid&eacute;e dans Dolibarr'),
(84, '2015-04-30 14:42:47', '2015-04-30 16:42:46', 7, 1, -1, 115.0000, 2, 2, 'Exp&eacute;dition SH1504-0004 valid&eacute;e dans Dolibarr'),
(85, '2015-04-30 14:42:47', '2015-04-30 16:42:47', 5, 1, -1, 160.0000, 2, 2, 'Exp&eacute;dition SH1504-0004 valid&eacute;e dans Dolibarr'),
(86, '2015-05-04 07:36:57', '2015-05-04 09:36:57', 4, 1, 1, 0.0000, 3, 2, 'BL23735'),
(87, '2015-05-04 07:43:08', '2015-05-04 09:43:08', 5, 1, 1, 0.0000, 3, 2, 'Réception de la commande fournisseur CF1501-0006'),
(88, '2015-05-04 07:46:19', '2015-05-04 09:46:19', 3, 1, 1, 0.0000, 3, 2, 'BL23737'),
(89, '2015-05-04 07:49:28', '2015-05-04 09:49:28', 7, 1, 1, 0.0000, 3, 2, 'BL23720'),
(90, '2015-05-04 07:52:29', '2015-05-04 09:52:29', 6, 1, 1, 62.4000, 3, 2, 'BL23719'),
(91, '2015-05-07 11:04:07', '2015-05-07 13:04:07', 2, 1, -6, 7990.0000, 2, 2, 'Exp&eacute;dition SH1505-0005 valid&eacute;e dans Dolibarr'),
(92, '2015-05-07 11:04:07', '2015-05-07 13:04:07', 8, 1, -6, 0.0000, 2, 2, 'Exp&eacute;dition SH1505-0005 valid&eacute;e dans Dolibarr'),
(93, '2015-05-07 11:04:07', '2015-05-07 13:04:07', 13, 1, -6, 0.0000, 2, 2, 'Exp&eacute;dition SH1505-0005 valid&eacute;e dans Dolibarr'),
(94, '2015-05-07 11:04:07', '2015-05-07 13:04:07', 3, 1, -15, 232.0000, 2, 2, 'Exp&eacute;dition SH1505-0005 valid&eacute;e dans Dolibarr'),
(95, '2015-05-07 11:04:07', '2015-05-07 13:04:07', 20, 1, -10, 150.0000, 2, 2, 'Exp&eacute;dition SH1505-0005 valid&eacute;e dans Dolibarr'),
(96, '2015-05-07 11:04:07', '2015-05-07 13:04:07', 23, 1, -6, 130.0000, 2, 2, 'Exp&eacute;dition SH1505-0005 valid&eacute;e dans Dolibarr'),
(97, '2015-05-11 11:50:59', '2015-05-11 13:50:59', 20, 1, 10, 0.0000, 3, 2, 'Réception de la commande fournisseur CF1501-0006'),
(98, '2015-05-11 11:51:00', '2015-05-11 13:51:00', 16, 1, 10, 0.0000, 3, 2, 'Réception de la commande fournisseur CF1501-0006'),
(99, '2015-05-11 11:51:00', '2015-05-11 13:51:00', 3, 1, 15, 0.0000, 3, 2, 'Réception de la commande fournisseur CF1501-0006'),
(100, '2015-05-11 11:52:26', '2015-05-11 13:52:26', 9, 1, 7, 3288.6799, 3, 2, 'bl23760'),
(101, '2015-05-11 11:52:26', '2015-05-11 13:52:26', 13, 1, 6, 648.9000, 3, 2, 'bl23760'),
(102, '2015-05-11 12:04:28', '2015-05-11 14:04:28', 8, 1, 6, 2910.6299, 3, 2, 'bl23759'),
(103, '2015-05-26 14:01:00', '2015-05-26 16:01:00', 9, 1, -7, 0.0000, 1, 2, '1 capot reçu'),
(104, '2015-06-01 07:38:52', '2015-06-01 09:38:52', 23, 1, 7, 49.1900, 3, 2, 'Réception de la commande fournisseur CF1505-0008'),
(105, '2015-06-01 07:43:54', '2015-06-01 09:43:54', 8, 1, 3, 2910.6299, 3, 2, 'Réception de la commande fournisseur CF1408-0004'),
(106, '2015-06-01 07:43:54', '2015-06-01 09:43:54', 13, 1, 3, 648.9000, 3, 2, 'Réception de la commande fournisseur CF1408-0004'),
(107, '2015-06-01 07:48:17', '2015-06-01 09:48:17', 20, 1, 1, 164.9900, 3, 2, 'Réception de la commande fournisseur CF1505-0009'),
(108, '2015-06-01 07:48:18', '2015-06-01 09:48:17', 16, 1, 1, 183.8400, 3, 2, 'Réception de la commande fournisseur CF1505-0009'),
(109, '2015-07-09 13:53:02', '2015-07-09 15:53:01', 8, 1, 6, 2910.6299, 3, 2, 'bl 23969'),
(110, '2015-07-23 07:49:49', '2015-07-23 09:49:49', 1, 1, -5, 11990.0000, 2, 2, 'Exp&eacute;dition SH1507-0008 valid&eacute;e dans Dolibarr'),
(111, '2015-07-23 07:49:50', '2015-07-23 09:49:49', 8, 1, -5, 0.0000, 2, 2, 'Exp&eacute;dition SH1507-0008 valid&eacute;e dans Dolibarr'),
(112, '2015-07-23 07:49:50', '2015-07-23 09:49:50', 9, 1, -5, 0.0000, 2, 2, 'Exp&eacute;dition SH1507-0008 valid&eacute;e dans Dolibarr'),
(113, '2015-07-23 13:52:05', '2015-07-23 15:52:05', 16, 1, -3, 302.1000, 2, 2, 'Exp&eacute;dition SH1507-0009 valid&eacute;e dans Dolibarr'),
(114, '2015-07-23 13:52:06', '2015-07-23 15:52:05', 10, 1, -1, 64.0000, 2, 2, 'Exp&eacute;dition SH1507-0009 valid&eacute;e dans Dolibarr'),
(115, '2015-07-23 13:52:06', '2015-07-23 15:52:06', 20, 1, -1, 175.0000, 2, 2, 'Exp&eacute;dition SH1507-0009 valid&eacute;e dans Dolibarr'),
(116, '2015-07-30 13:10:46', '2015-07-30 15:10:46', 23, 1, 1, 49.1900, 3, 2, 'BL24105'),
(117, '2015-07-30 13:11:18', '2015-07-30 15:11:18', 23, 1, 1, 49.1900, 3, 2, 'BL24105'),
(118, '2015-07-30 13:15:15', '2015-07-30 15:15:15', 23, 1, -1, 0.0000, 1, 2, ''),
(119, '2015-07-30 13:17:30', '2015-07-30 15:17:30', 6, 1, 1, 62.4000, 3, 2, 'BL1501-0006'),
(120, '2015-07-30 13:17:30', '2015-07-30 15:17:30', 7, 1, 1, 0.0000, 3, 2, 'BL1501-0006'),
(121, '2015-07-30 13:17:30', '2015-07-30 15:17:30', 4, 1, 1, 0.0000, 3, 2, 'BL1501-0006'),
(122, '2015-07-30 13:17:30', '2015-07-30 15:17:30', 3, 1, 1, 0.0000, 3, 2, 'BL1501-0006'),
(123, '2015-07-30 13:17:30', '2015-07-30 15:17:30', 5, 1, 1, 0.0000, 3, 2, 'BL1501-0006'),
(124, '2015-07-30 13:17:30', '2015-07-30 15:17:30', 17, 1, 10, 0.0000, 3, 2, 'BL1501-0006'),
(125, '2015-07-30 13:18:07', '2015-07-30 15:18:07', 16, 1, 2, 183.8400, 3, 2, 'BL24100'),
(126, '2015-07-30 13:18:38', '2015-07-30 15:18:38', 23, 1, 4, 49.1900, 3, 2, 'BL24098'),
(127, '2015-07-30 13:19:13', '2015-07-30 15:19:13', 25, 1, 1, 857.6600, 3, 2, 'BL24102'),
(128, '2015-07-30 13:19:49', '2015-07-30 15:19:49', 19, 1, 1, 967.2000, 3, 2, 'BL24101');

-- --------------------------------------------------------

--
-- Structure de la table `llx_texts`
--

CREATE TABLE IF NOT EXISTS `llx_texts` (
  `rowid` int(11) NOT NULL,
  `module` varchar(32) DEFAULT NULL,
  `typemodele` varchar(32) DEFAULT NULL,
  `sortorder` smallint(6) DEFAULT NULL,
  `private` smallint(6) NOT NULL DEFAULT '0',
  `fk_user` int(11) DEFAULT NULL,
  `title` varchar(128) DEFAULT NULL,
  `filename` varchar(128) DEFAULT NULL,
  `content` text,
  `tms` timestamp NOT NULL DEFAULT CURRENT_TIMESTAMP ON UPDATE CURRENT_TIMESTAMP
) ENGINE=InnoDB DEFAULT CHARSET=utf8;

-- --------------------------------------------------------

--
-- Structure de la table `llx_tva`
--

CREATE TABLE IF NOT EXISTS `llx_tva` (
  `rowid` int(11) NOT NULL,
  `tms` timestamp NOT NULL DEFAULT CURRENT_TIMESTAMP ON UPDATE CURRENT_TIMESTAMP,
  `datep` date DEFAULT NULL,
  `datev` date DEFAULT NULL,
  `amount` double NOT NULL DEFAULT '0',
  `label` varchar(255) DEFAULT NULL,
  `entity` int(11) NOT NULL DEFAULT '1',
  `note` text,
  `fk_bank` int(11) DEFAULT NULL,
  `fk_user_creat` int(11) DEFAULT NULL,
  `fk_user_modif` int(11) DEFAULT NULL
) ENGINE=InnoDB DEFAULT CHARSET=utf8;

-- --------------------------------------------------------

--
-- Structure de la table `llx_usergroup`
--

CREATE TABLE IF NOT EXISTS `llx_usergroup` (
  `rowid` int(11) NOT NULL,
  `nom` varchar(255) NOT NULL,
  `entity` int(11) NOT NULL DEFAULT '1',
  `datec` datetime DEFAULT NULL,
  `tms` timestamp NOT NULL DEFAULT CURRENT_TIMESTAMP ON UPDATE CURRENT_TIMESTAMP,
  `note` text
) ENGINE=InnoDB DEFAULT CHARSET=utf8;

-- --------------------------------------------------------

--
-- Structure de la table `llx_usergroup_rights`
--

CREATE TABLE IF NOT EXISTS `llx_usergroup_rights` (
  `rowid` int(11) NOT NULL,
  `fk_usergroup` int(11) NOT NULL,
  `fk_id` int(11) NOT NULL
) ENGINE=InnoDB DEFAULT CHARSET=utf8;

-- --------------------------------------------------------

--
-- Structure de la table `llx_usergroup_user`
--

CREATE TABLE IF NOT EXISTS `llx_usergroup_user` (
  `rowid` int(11) NOT NULL,
  `entity` int(11) NOT NULL DEFAULT '1',
  `fk_user` int(11) NOT NULL,
  `fk_usergroup` int(11) NOT NULL
) ENGINE=InnoDB DEFAULT CHARSET=utf8;

-- --------------------------------------------------------

--
-- Structure de la table `llx_user_alert`
--

CREATE TABLE IF NOT EXISTS `llx_user_alert` (
  `rowid` int(11) NOT NULL,
  `type` int(11) DEFAULT NULL,
  `fk_contact` int(11) DEFAULT NULL,
  `fk_user` int(11) DEFAULT NULL
) ENGINE=InnoDB DEFAULT CHARSET=utf8;

-- --------------------------------------------------------

--
-- Structure de la table `llx_user_clicktodial`
--

CREATE TABLE IF NOT EXISTS `llx_user_clicktodial` (
  `fk_user` int(11) NOT NULL,
  `url` varchar(255) DEFAULT NULL,
  `login` varchar(32) DEFAULT NULL,
  `pass` varchar(64) DEFAULT NULL,
  `poste` varchar(20) DEFAULT NULL
) ENGINE=InnoDB DEFAULT CHARSET=utf8;

-- --------------------------------------------------------

--
-- Structure de la table `llx_user_extrafields`
--

CREATE TABLE IF NOT EXISTS `llx_user_extrafields` (
  `rowid` int(11) NOT NULL,
  `tms` timestamp NOT NULL DEFAULT CURRENT_TIMESTAMP ON UPDATE CURRENT_TIMESTAMP,
  `fk_object` int(11) NOT NULL,
  `import_key` varchar(14) DEFAULT NULL
) ENGINE=InnoDB DEFAULT CHARSET=utf8;

-- --------------------------------------------------------

--
-- Structure de la table `llx_user_param`
--

CREATE TABLE IF NOT EXISTS `llx_user_param` (
  `fk_user` int(11) NOT NULL,
  `entity` int(11) NOT NULL DEFAULT '1',
  `param` varchar(64) NOT NULL,
  `value` varchar(255) NOT NULL
) ENGINE=InnoDB DEFAULT CHARSET=utf8;

-- --------------------------------------------------------

--
-- Structure de la table `llx_user_rights`
--

CREATE TABLE IF NOT EXISTS `llx_user_rights` (
  `rowid` int(11) NOT NULL,
  `fk_user` int(11) NOT NULL,
  `fk_id` int(11) NOT NULL
) ENGINE=InnoDB AUTO_INCREMENT=743 DEFAULT CHARSET=utf8;

--
-- Contenu de la table `llx_user_rights`
--

INSERT INTO `llx_user_rights` (`rowid`, `fk_user`, `fk_id`) VALUES
(426, 1, 11),
(419, 1, 12),
(420, 1, 13),
(422, 1, 14),
(423, 1, 15),
(425, 1, 16),
(427, 1, 19),
(249, 1, 21),
(241, 1, 22),
(243, 1, 24),
(244, 1, 25),
(246, 1, 26),
(248, 1, 27),
(250, 1, 28),
(597, 1, 31),
(594, 1, 32),
(596, 1, 34),
(598, 1, 38),
(111, 1, 61),
(108, 1, 62),
(110, 1, 64),
(112, 1, 67),
(113, 1, 68),
(414, 1, 81),
(406, 1, 82),
(408, 1, 84),
(409, 1, 86),
(411, 1, 87),
(413, 1, 88),
(415, 1, 89),
(173, 1, 95),
(174, 1, 96),
(176, 1, 97),
(177, 1, 98),
(136, 1, 101),
(131, 1, 102),
(133, 1, 104),
(134, 1, 105),
(135, 1, 106),
(137, 1, 109),
(331, 1, 111),
(322, 1, 112),
(324, 1, 113),
(326, 1, 114),
(328, 1, 115),
(330, 1, 116),
(332, 1, 117),
(387, 1, 121),
(384, 1, 122),
(386, 1, 125),
(388, 1, 126),
(82, 1, 161),
(77, 1, 162),
(79, 1, 163),
(81, 1, 164),
(83, 1, 165),
(230, 1, 221),
(227, 1, 222),
(229, 1, 223),
(231, 1, 229),
(232, 1, 237),
(233, 1, 238),
(234, 1, 239),
(276, 1, 241),
(275, 1, 242),
(277, 1, 243),
(639, 1, 251),
(620, 1, 252),
(622, 1, 253),
(623, 1, 254),
(625, 1, 255),
(627, 1, 256),
(389, 1, 262),
(395, 1, 281),
(392, 1, 282),
(394, 1, 283),
(396, 1, 286),
(684, 1, 300),
(681, 1, 301),
(685, 1, 302),
(628, 1, 341),
(629, 1, 342),
(630, 1, 343),
(631, 1, 344),
(637, 1, 351),
(634, 1, 352),
(636, 1, 353),
(638, 1, 354),
(640, 1, 358),
(402, 1, 531),
(399, 1, 532),
(401, 1, 534),
(403, 1, 538),
(698, 1, 1001),
(699, 1, 1002),
(700, 1, 1003),
(701, 1, 1004),
(702, 1, 1005),
(143, 1, 1101),
(140, 1, 1102),
(142, 1, 1104),
(144, 1, 1109),
(429, 1, 1181),
(453, 1, 1182),
(432, 1, 1183),
(434, 1, 1184),
(436, 1, 1185),
(438, 1, 1186),
(440, 1, 1187),
(442, 1, 1188),
(236, 1, 1201),
(237, 1, 1202),
(451, 1, 1231),
(445, 1, 1232),
(447, 1, 1233),
(449, 1, 1234),
(450, 1, 1235),
(452, 1, 1236),
(454, 1, 1237),
(238, 1, 1251),
(428, 1, 1321),
(416, 1, 1421),
(736, 1, 2401),
(737, 1, 2402),
(738, 1, 2403),
(739, 1, 2411),
(740, 1, 2412),
(741, 1, 2413),
(742, 1, 2414),
(694, 1, 2501),
(691, 1, 2503),
(695, 1, 2515),
(319, 1, 50101),
(478, 1, 55001),
(479, 1, 55002),
(534, 2, 11),
(535, 2, 12),
(536, 2, 13),
(537, 2, 14),
(538, 2, 15),
(539, 2, 16),
(540, 2, 19),
(603, 2, 21),
(604, 2, 22),
(605, 2, 24),
(606, 2, 25),
(607, 2, 26),
(608, 2, 27),
(609, 2, 28),
(615, 2, 31),
(616, 2, 32),
(617, 2, 34),
(618, 2, 38),
(483, 2, 61),
(507, 2, 81),
(508, 2, 82),
(509, 2, 84),
(510, 2, 86),
(511, 2, 87),
(512, 2, 88),
(513, 2, 89),
(515, 2, 95),
(516, 2, 96),
(517, 2, 97),
(518, 2, 98),
(519, 2, 101),
(520, 2, 102),
(521, 2, 104),
(522, 2, 105),
(523, 2, 106),
(524, 2, 109),
(570, 2, 111),
(571, 2, 112),
(572, 2, 113),
(573, 2, 114),
(574, 2, 115),
(575, 2, 116),
(576, 2, 117),
(557, 2, 121),
(558, 2, 122),
(559, 2, 125),
(560, 2, 126),
(529, 2, 161),
(530, 2, 162),
(531, 2, 163),
(532, 2, 164),
(533, 2, 165),
(491, 2, 221),
(492, 2, 241),
(561, 2, 262),
(562, 2, 281),
(563, 2, 282),
(564, 2, 283),
(565, 2, 286),
(495, 2, 341),
(496, 2, 342),
(497, 2, 343),
(498, 2, 344),
(566, 2, 531),
(567, 2, 532),
(568, 2, 534),
(569, 2, 538),
(610, 2, 1001),
(611, 2, 1002),
(612, 2, 1003),
(613, 2, 1004),
(614, 2, 1005),
(525, 2, 1101),
(526, 2, 1102),
(527, 2, 1104),
(528, 2, 1109),
(542, 2, 1181),
(543, 2, 1182),
(544, 2, 1183),
(545, 2, 1184),
(546, 2, 1185),
(547, 2, 1186),
(548, 2, 1187),
(549, 2, 1188),
(505, 2, 1201),
(550, 2, 1231),
(551, 2, 1232),
(552, 2, 1233),
(553, 2, 1234),
(554, 2, 1235),
(555, 2, 1236),
(556, 2, 1237),
(541, 2, 1321),
(514, 2, 1421),
(714, 2, 2401),
(709, 2, 2402),
(715, 2, 2403),
(729, 2, 2411),
(724, 2, 2412),
(730, 2, 2413),
(734, 2, 2414),
(641, 3, 11),
(642, 3, 21),
(643, 3, 31),
(644, 3, 61),
(645, 3, 81),
(646, 3, 95),
(647, 3, 97),
(648, 3, 101),
(649, 3, 111),
(650, 3, 121),
(651, 3, 161),
(652, 3, 221),
(653, 3, 241),
(654, 3, 262),
(655, 3, 281),
(686, 3, 300),
(683, 3, 301),
(687, 3, 302),
(656, 3, 341),
(657, 3, 342),
(658, 3, 343),
(659, 3, 344),
(660, 3, 531),
(661, 3, 1001),
(662, 3, 1004),
(663, 3, 1101),
(664, 3, 1181),
(665, 3, 1182),
(666, 3, 1201),
(667, 3, 1231),
(716, 3, 2401),
(711, 3, 2402),
(717, 3, 2403),
(731, 3, 2411),
(726, 3, 2412),
(732, 3, 2413),
(735, 3, 2414),
(696, 3, 2501),
(693, 3, 2503),
(697, 3, 2515);

--
-- Index pour les tables exportées
--

--
-- Index pour la table `llx_accountingaccount`
--
ALTER TABLE `llx_accountingaccount`
  ADD PRIMARY KEY (`rowid`),
  ADD KEY `idx_accountingaccount_fk_pcg_version` (`fk_pcg_version`);

--
-- Index pour la table `llx_accountingtransaction`
--
ALTER TABLE `llx_accountingtransaction`
  ADD PRIMARY KEY (`rowid`);

--
-- Index pour la table `llx_accounting_system`
--
ALTER TABLE `llx_accounting_system`
  ADD PRIMARY KEY (`rowid`),
  ADD UNIQUE KEY `uk_accounting_system_pcg_version` (`pcg_version`);

--
-- Index pour la table `llx_actioncomm`
--
ALTER TABLE `llx_actioncomm`
  ADD PRIMARY KEY (`id`),
  ADD KEY `idx_actioncomm_datea` (`datea`),
  ADD KEY `idx_actioncomm_fk_soc` (`fk_soc`),
  ADD KEY `idx_actioncomm_fk_contact` (`fk_contact`);

--
-- Index pour la table `llx_actioncomm_extrafields`
--
ALTER TABLE `llx_actioncomm_extrafields`
  ADD PRIMARY KEY (`rowid`),
  ADD KEY `idx_actioncomm_extrafields` (`fk_object`);

--
-- Index pour la table `llx_adherent`
--
ALTER TABLE `llx_adherent`
  ADD PRIMARY KEY (`rowid`),
  ADD UNIQUE KEY `uk_adherent_login` (`login`,`entity`),
  ADD UNIQUE KEY `uk_adherent_fk_soc` (`fk_soc`),
  ADD KEY `idx_adherent_fk_adherent_type` (`fk_adherent_type`);

--
-- Index pour la table `llx_adherent_extrafields`
--
ALTER TABLE `llx_adherent_extrafields`
  ADD PRIMARY KEY (`rowid`),
  ADD KEY `idx_adherent_extrafields` (`fk_object`);

--
-- Index pour la table `llx_adherent_type`
--
ALTER TABLE `llx_adherent_type`
  ADD PRIMARY KEY (`rowid`),
  ADD UNIQUE KEY `uk_adherent_type_libelle` (`libelle`,`entity`);

--
-- Index pour la table `llx_adherent_type_extrafields`
--
ALTER TABLE `llx_adherent_type_extrafields`
  ADD PRIMARY KEY (`rowid`),
  ADD KEY `idx_adherent_type_extrafields` (`fk_object`);

--
-- Index pour la table `llx_bank`
--
ALTER TABLE `llx_bank`
  ADD PRIMARY KEY (`rowid`),
  ADD KEY `idx_bank_datev` (`datev`),
  ADD KEY `idx_bank_dateo` (`dateo`),
  ADD KEY `idx_bank_fk_account` (`fk_account`),
  ADD KEY `idx_bank_rappro` (`rappro`);

--
-- Index pour la table `llx_bank_categ`
--
ALTER TABLE `llx_bank_categ`
  ADD PRIMARY KEY (`rowid`);

--
-- Index pour la table `llx_bank_class`
--
ALTER TABLE `llx_bank_class`
  ADD UNIQUE KEY `uk_bank_class_lineid` (`lineid`,`fk_categ`);

--
-- Index pour la table `llx_bank_url`
--
ALTER TABLE `llx_bank_url`
  ADD PRIMARY KEY (`rowid`),
  ADD UNIQUE KEY `uk_bank_url` (`fk_bank`,`type`);

--
-- Index pour la table `llx_bookmark`
--
ALTER TABLE `llx_bookmark`
  ADD PRIMARY KEY (`rowid`),
  ADD UNIQUE KEY `uk_bookmark_url` (`fk_user`,`url`),
  ADD UNIQUE KEY `uk_bookmark_title` (`fk_user`,`title`);

--
-- Index pour la table `llx_bordereau_cheque`
--
ALTER TABLE `llx_bordereau_cheque`
  ADD PRIMARY KEY (`rowid`),
  ADD UNIQUE KEY `uk_bordereau_cheque` (`number`,`entity`);

--
-- Index pour la table `llx_boxes`
--
ALTER TABLE `llx_boxes`
  ADD PRIMARY KEY (`rowid`),
  ADD UNIQUE KEY `uk_boxes` (`entity`,`box_id`,`position`,`fk_user`),
  ADD KEY `idx_boxes_boxid` (`box_id`),
  ADD KEY `idx_boxes_fk_user` (`fk_user`);

--
-- Index pour la table `llx_boxes_def`
--
ALTER TABLE `llx_boxes_def`
  ADD PRIMARY KEY (`rowid`),
  ADD UNIQUE KEY `uk_boxes_def` (`file`,`entity`,`note`);

--
-- Index pour la table `llx_categorie`
--
ALTER TABLE `llx_categorie`
  ADD PRIMARY KEY (`rowid`),
  ADD UNIQUE KEY `uk_categorie_ref` (`entity`,`fk_parent`,`label`,`type`),
  ADD KEY `idx_categorie_type` (`type`),
  ADD KEY `idx_categorie_label` (`label`);

--
-- Index pour la table `llx_categorie_fournisseur`
--
ALTER TABLE `llx_categorie_fournisseur`
  ADD PRIMARY KEY (`fk_categorie`,`fk_societe`),
  ADD KEY `idx_categorie_fournisseur_fk_categorie` (`fk_categorie`),
  ADD KEY `idx_categorie_fournisseur_fk_societe` (`fk_societe`);

--
-- Index pour la table `llx_categorie_member`
--
ALTER TABLE `llx_categorie_member`
  ADD PRIMARY KEY (`fk_categorie`,`fk_member`),
  ADD KEY `idx_categorie_member_fk_categorie` (`fk_categorie`),
  ADD KEY `idx_categorie_member_fk_member` (`fk_member`);

--
-- Index pour la table `llx_categorie_product`
--
ALTER TABLE `llx_categorie_product`
  ADD PRIMARY KEY (`fk_categorie`,`fk_product`),
  ADD KEY `idx_categorie_product_fk_categorie` (`fk_categorie`),
  ADD KEY `idx_categorie_product_fk_product` (`fk_product`);

--
-- Index pour la table `llx_categorie_societe`
--
ALTER TABLE `llx_categorie_societe`
  ADD PRIMARY KEY (`fk_categorie`,`fk_societe`),
  ADD KEY `idx_categorie_societe_fk_categorie` (`fk_categorie`),
  ADD KEY `idx_categorie_societe_fk_societe` (`fk_societe`);

--
-- Index pour la table `llx_chargesociales`
--
ALTER TABLE `llx_chargesociales`
  ADD PRIMARY KEY (`rowid`);

--
-- Index pour la table `llx_commande`
--
ALTER TABLE `llx_commande`
  ADD PRIMARY KEY (`rowid`),
  ADD UNIQUE KEY `uk_commande_ref` (`ref`,`entity`),
  ADD KEY `idx_commande_fk_soc` (`fk_soc`),
  ADD KEY `idx_commande_fk_user_author` (`fk_user_author`),
  ADD KEY `idx_commande_fk_user_valid` (`fk_user_valid`),
  ADD KEY `idx_commande_fk_user_cloture` (`fk_user_cloture`),
  ADD KEY `idx_commande_fk_projet` (`fk_projet`),
  ADD KEY `idx_commande_fk_account` (`fk_account`),
  ADD KEY `idx_commande_fk_currency` (`fk_currency`);

--
-- Index pour la table `llx_commandedet`
--
ALTER TABLE `llx_commandedet`
  ADD PRIMARY KEY (`rowid`),
  ADD KEY `idx_commandedet_fk_commande` (`fk_commande`),
  ADD KEY `idx_commandedet_fk_product` (`fk_product`);

--
-- Index pour la table `llx_commande_extrafields`
--
ALTER TABLE `llx_commande_extrafields`
  ADD PRIMARY KEY (`rowid`),
  ADD KEY `idx_commande_extrafields` (`fk_object`);

--
-- Index pour la table `llx_commande_fournisseur`
--
ALTER TABLE `llx_commande_fournisseur`
  ADD PRIMARY KEY (`rowid`),
  ADD UNIQUE KEY `uk_commande_fournisseur_ref` (`ref`,`fk_soc`,`entity`),
  ADD KEY `idx_commande_fournisseur_fk_soc` (`fk_soc`);

--
-- Index pour la table `llx_commande_fournisseurdet`
--
ALTER TABLE `llx_commande_fournisseurdet`
  ADD PRIMARY KEY (`rowid`);

--
-- Index pour la table `llx_commande_fournisseur_dispatch`
--
ALTER TABLE `llx_commande_fournisseur_dispatch`
  ADD PRIMARY KEY (`rowid`),
  ADD KEY `idx_commande_fournisseur_dispatch_fk_commande` (`fk_commande`);

--
-- Index pour la table `llx_commande_fournisseur_extrafields`
--
ALTER TABLE `llx_commande_fournisseur_extrafields`
  ADD PRIMARY KEY (`rowid`),
  ADD KEY `idx_commande_fournisseur_extrafields` (`fk_object`);

--
-- Index pour la table `llx_commande_fournisseur_log`
--
ALTER TABLE `llx_commande_fournisseur_log`
  ADD PRIMARY KEY (`rowid`);

--
-- Index pour la table `llx_compta`
--
ALTER TABLE `llx_compta`
  ADD PRIMARY KEY (`rowid`);

--
-- Index pour la table `llx_compta_account`
--
ALTER TABLE `llx_compta_account`
  ADD PRIMARY KEY (`rowid`);

--
-- Index pour la table `llx_compta_compte_generaux`
--
ALTER TABLE `llx_compta_compte_generaux`
  ADD PRIMARY KEY (`rowid`),
  ADD UNIQUE KEY `numero` (`numero`);

--
-- Index pour la table `llx_const`
--
ALTER TABLE `llx_const`
  ADD PRIMARY KEY (`rowid`),
  ADD UNIQUE KEY `uk_const` (`name`,`entity`);

--
-- Index pour la table `llx_contrat`
--
ALTER TABLE `llx_contrat`
  ADD PRIMARY KEY (`rowid`),
  ADD UNIQUE KEY `uk_contrat_ref` (`ref`,`entity`),
  ADD KEY `idx_contrat_fk_soc` (`fk_soc`),
  ADD KEY `idx_contrat_fk_user_author` (`fk_user_author`);

--
-- Index pour la table `llx_contratdet`
--
ALTER TABLE `llx_contratdet`
  ADD PRIMARY KEY (`rowid`),
  ADD KEY `idx_contratdet_fk_contrat` (`fk_contrat`),
  ADD KEY `idx_contratdet_fk_product` (`fk_product`),
  ADD KEY `idx_contratdet_date_ouverture_prevue` (`date_ouverture_prevue`),
  ADD KEY `idx_contratdet_date_ouverture` (`date_ouverture`),
  ADD KEY `idx_contratdet_date_fin_validite` (`date_fin_validite`);

--
-- Index pour la table `llx_contratdet_log`
--
ALTER TABLE `llx_contratdet_log`
  ADD PRIMARY KEY (`rowid`),
  ADD KEY `idx_contratdet_log_fk_contratdet` (`fk_contratdet`),
  ADD KEY `idx_contratdet_log_date` (`date`);

--
-- Index pour la table `llx_cotisation`
--
ALTER TABLE `llx_cotisation`
  ADD PRIMARY KEY (`rowid`),
  ADD UNIQUE KEY `uk_cotisation` (`fk_adherent`,`dateadh`);

--
-- Index pour la table `llx_cronjob`
--
ALTER TABLE `llx_cronjob`
  ADD PRIMARY KEY (`rowid`);

--
-- Index pour la table `llx_c_actioncomm`
--
ALTER TABLE `llx_c_actioncomm`
  ADD PRIMARY KEY (`id`),
  ADD UNIQUE KEY `uk_c_actioncomm` (`code`);

--
-- Index pour la table `llx_c_action_trigger`
--
ALTER TABLE `llx_c_action_trigger`
  ADD PRIMARY KEY (`rowid`),
  ADD UNIQUE KEY `uk_action_trigger_code` (`code`),
  ADD KEY `idx_action_trigger_rang` (`rang`);

--
-- Index pour la table `llx_c_availability`
--
ALTER TABLE `llx_c_availability`
  ADD PRIMARY KEY (`rowid`),
  ADD UNIQUE KEY `uk_c_availability` (`code`);

--
-- Index pour la table `llx_c_barcode_type`
--
ALTER TABLE `llx_c_barcode_type`
  ADD PRIMARY KEY (`rowid`),
  ADD UNIQUE KEY `uk_c_barcode_type` (`code`,`entity`);

--
-- Index pour la table `llx_c_chargesociales`
--
ALTER TABLE `llx_c_chargesociales`
  ADD PRIMARY KEY (`id`);

--
-- Index pour la table `llx_c_civilite`
--
ALTER TABLE `llx_c_civilite`
  ADD PRIMARY KEY (`rowid`),
  ADD UNIQUE KEY `uk_c_civilite` (`code`);

--
-- Index pour la table `llx_c_currencies`
--
ALTER TABLE `llx_c_currencies`
  ADD PRIMARY KEY (`code_iso`),
  ADD UNIQUE KEY `uk_c_currencies_code_iso` (`code_iso`);

--
-- Index pour la table `llx_c_departements`
--
ALTER TABLE `llx_c_departements`
  ADD PRIMARY KEY (`rowid`),
  ADD UNIQUE KEY `uk_departements` (`code_departement`,`fk_region`),
  ADD KEY `idx_departements_fk_region` (`fk_region`);

--
-- Index pour la table `llx_c_ecotaxe`
--
ALTER TABLE `llx_c_ecotaxe`
  ADD PRIMARY KEY (`rowid`),
  ADD UNIQUE KEY `uk_c_ecotaxe` (`code`);

--
-- Index pour la table `llx_c_effectif`
--
ALTER TABLE `llx_c_effectif`
  ADD PRIMARY KEY (`id`),
  ADD UNIQUE KEY `uk_c_effectif` (`code`);

--
-- Index pour la table `llx_c_field_list`
--
ALTER TABLE `llx_c_field_list`
  ADD PRIMARY KEY (`rowid`);

--
-- Index pour la table `llx_c_forme_juridique`
--
ALTER TABLE `llx_c_forme_juridique`
  ADD PRIMARY KEY (`rowid`),
  ADD UNIQUE KEY `uk_c_forme_juridique` (`code`);

--
-- Index pour la table `llx_c_input_method`
--
ALTER TABLE `llx_c_input_method`
  ADD PRIMARY KEY (`rowid`),
  ADD UNIQUE KEY `uk_c_input_method` (`code`);

--
-- Index pour la table `llx_c_input_reason`
--
ALTER TABLE `llx_c_input_reason`
  ADD PRIMARY KEY (`rowid`),
  ADD UNIQUE KEY `uk_c_input_reason` (`code`);

--
-- Index pour la table `llx_c_paiement`
--
ALTER TABLE `llx_c_paiement`
  ADD PRIMARY KEY (`id`),
  ADD UNIQUE KEY `uk_c_paiement` (`code`);

--
-- Index pour la table `llx_c_paper_format`
--
ALTER TABLE `llx_c_paper_format`
  ADD PRIMARY KEY (`rowid`);

--
-- Index pour la table `llx_c_payment_term`
--
ALTER TABLE `llx_c_payment_term`
  ADD PRIMARY KEY (`rowid`);

--
-- Index pour la table `llx_c_pays`
--
ALTER TABLE `llx_c_pays`
  ADD PRIMARY KEY (`rowid`),
  ADD UNIQUE KEY `idx_c_pays_code` (`code`),
  ADD UNIQUE KEY `idx_c_pays_libelle` (`libelle`),
  ADD UNIQUE KEY `idx_c_pays_code_iso` (`code_iso`);

--
-- Index pour la table `llx_c_propalst`
--
ALTER TABLE `llx_c_propalst`
  ADD PRIMARY KEY (`id`),
  ADD UNIQUE KEY `uk_c_propalst` (`code`);

--
-- Index pour la table `llx_c_prospectlevel`
--
ALTER TABLE `llx_c_prospectlevel`
  ADD PRIMARY KEY (`code`);

--
-- Index pour la table `llx_c_regions`
--
ALTER TABLE `llx_c_regions`
  ADD PRIMARY KEY (`rowid`),
  ADD UNIQUE KEY `code_region` (`code_region`),
  ADD KEY `idx_c_regions_fk_pays` (`fk_pays`);

--
-- Index pour la table `llx_c_revenuestamp`
--
ALTER TABLE `llx_c_revenuestamp`
  ADD PRIMARY KEY (`rowid`);

--
-- Index pour la table `llx_c_shipment_mode`
--
ALTER TABLE `llx_c_shipment_mode`
  ADD PRIMARY KEY (`rowid`);

--
-- Index pour la table `llx_c_stcomm`
--
ALTER TABLE `llx_c_stcomm`
  ADD PRIMARY KEY (`id`),
  ADD UNIQUE KEY `uk_c_stcomm` (`code`);

--
-- Index pour la table `llx_c_tva`
--
ALTER TABLE `llx_c_tva`
  ADD PRIMARY KEY (`rowid`);

--
-- Index pour la table `llx_c_typent`
--
ALTER TABLE `llx_c_typent`
  ADD PRIMARY KEY (`id`),
  ADD UNIQUE KEY `uk_c_typent` (`code`);

--
-- Index pour la table `llx_c_type_contact`
--
ALTER TABLE `llx_c_type_contact`
  ADD PRIMARY KEY (`rowid`),
  ADD UNIQUE KEY `idx_c_type_contact_uk` (`element`,`source`,`code`);

--
-- Index pour la table `llx_c_type_fees`
--
ALTER TABLE `llx_c_type_fees`
  ADD PRIMARY KEY (`id`),
  ADD UNIQUE KEY `uk_c_type_fees` (`code`);

--
-- Index pour la table `llx_c_ziptown`
--
ALTER TABLE `llx_c_ziptown`
  ADD PRIMARY KEY (`rowid`),
  ADD UNIQUE KEY `uk_ziptown_fk_pays` (`zip`,`town`,`fk_pays`),
  ADD KEY `idx_c_ziptown_fk_county` (`fk_county`),
  ADD KEY `idx_c_ziptown_fk_pays` (`fk_pays`),
  ADD KEY `idx_c_ziptown_zip` (`zip`);

--
-- Index pour la table `llx_deplacement`
--
ALTER TABLE `llx_deplacement`
  ADD PRIMARY KEY (`rowid`);

--
-- Index pour la table `llx_document_generator`
--
ALTER TABLE `llx_document_generator`
  ADD PRIMARY KEY (`rowid`);

--
-- Index pour la table `llx_document_model`
--
ALTER TABLE `llx_document_model`
  ADD PRIMARY KEY (`rowid`),
  ADD UNIQUE KEY `uk_document_model` (`nom`,`type`,`entity`);

--
-- Index pour la table `llx_domain`
--
ALTER TABLE `llx_domain`
  ADD PRIMARY KEY (`rowid`);

--
-- Index pour la table `llx_don`
--
ALTER TABLE `llx_don`
  ADD PRIMARY KEY (`rowid`);

--
-- Index pour la table `llx_ecm_directories`
--
ALTER TABLE `llx_ecm_directories`
  ADD PRIMARY KEY (`rowid`),
  ADD UNIQUE KEY `idx_ecm_directories` (`label`,`fk_parent`,`entity`),
  ADD KEY `idx_ecm_directories_fk_user_c` (`fk_user_c`),
  ADD KEY `idx_ecm_directories_fk_user_m` (`fk_user_m`);

--
-- Index pour la table `llx_element_contact`
--
ALTER TABLE `llx_element_contact`
  ADD PRIMARY KEY (`rowid`),
  ADD UNIQUE KEY `idx_element_contact_idx1` (`element_id`,`fk_c_type_contact`,`fk_socpeople`),
  ADD KEY `fk_element_contact_fk_c_type_contact` (`fk_c_type_contact`),
  ADD KEY `idx_element_contact_fk_socpeople` (`fk_socpeople`);

--
-- Index pour la table `llx_element_element`
--
ALTER TABLE `llx_element_element`
  ADD PRIMARY KEY (`rowid`),
  ADD UNIQUE KEY `idx_element_element_idx1` (`fk_source`,`sourcetype`,`fk_target`,`targettype`),
  ADD KEY `idx_element_element_fk_target` (`fk_target`);

--
-- Index pour la table `llx_element_lock`
--
ALTER TABLE `llx_element_lock`
  ADD PRIMARY KEY (`rowid`);

--
-- Index pour la table `llx_element_tag`
--
ALTER TABLE `llx_element_tag`
  ADD PRIMARY KEY (`rowid`),
  ADD UNIQUE KEY `uk_element_tag` (`entity`,`lang`,`tag`,`fk_element`,`element`);

--
-- Index pour la table `llx_entrepot`
--
ALTER TABLE `llx_entrepot`
  ADD PRIMARY KEY (`rowid`),
  ADD UNIQUE KEY `uk_entrepot_label` (`label`,`entity`);

--
-- Index pour la table `llx_events`
--
ALTER TABLE `llx_events`
  ADD PRIMARY KEY (`rowid`),
  ADD KEY `idx_events_dateevent` (`dateevent`);

--
-- Index pour la table `llx_event_element`
--
ALTER TABLE `llx_event_element`
  ADD PRIMARY KEY (`rowid`);

--
-- Index pour la table `llx_expedition`
--
ALTER TABLE `llx_expedition`
  ADD PRIMARY KEY (`rowid`),
  ADD UNIQUE KEY `idx_expedition_uk_ref` (`ref`,`entity`),
  ADD KEY `idx_expedition_fk_soc` (`fk_soc`),
  ADD KEY `idx_expedition_fk_user_author` (`fk_user_author`),
  ADD KEY `idx_expedition_fk_user_valid` (`fk_user_valid`),
  ADD KEY `idx_expedition_fk_shipping_method` (`fk_shipping_method`);

--
-- Index pour la table `llx_expeditiondet`
--
ALTER TABLE `llx_expeditiondet`
  ADD PRIMARY KEY (`rowid`),
  ADD KEY `idx_expeditiondet_fk_expedition` (`fk_expedition`);

--
-- Index pour la table `llx_export_compta`
--
ALTER TABLE `llx_export_compta`
  ADD PRIMARY KEY (`rowid`);

--
-- Index pour la table `llx_export_model`
--
ALTER TABLE `llx_export_model`
  ADD PRIMARY KEY (`rowid`),
  ADD UNIQUE KEY `uk_export_model` (`label`,`type`);

--
-- Index pour la table `llx_extrafields`
--
ALTER TABLE `llx_extrafields`
  ADD PRIMARY KEY (`rowid`),
  ADD UNIQUE KEY `uk_extrafields_name` (`name`,`entity`,`elementtype`);

--
-- Index pour la table `llx_facture`
--
ALTER TABLE `llx_facture`
  ADD PRIMARY KEY (`rowid`),
  ADD UNIQUE KEY `idx_facture_uk_facnumber` (`facnumber`,`entity`),
  ADD KEY `idx_facture_fk_soc` (`fk_soc`),
  ADD KEY `idx_facture_fk_user_author` (`fk_user_author`),
  ADD KEY `idx_facture_fk_user_valid` (`fk_user_valid`),
  ADD KEY `idx_facture_fk_facture_source` (`fk_facture_source`),
  ADD KEY `idx_facture_fk_projet` (`fk_projet`),
  ADD KEY `idx_facture_fk_account` (`fk_account`),
  ADD KEY `idx_facture_fk_currency` (`fk_currency`);

--
-- Index pour la table `llx_facturedet`
--
ALTER TABLE `llx_facturedet`
  ADD PRIMARY KEY (`rowid`),
  ADD UNIQUE KEY `uk_fk_remise_except` (`fk_remise_except`,`fk_facture`),
  ADD KEY `idx_facturedet_fk_facture` (`fk_facture`),
  ADD KEY `idx_facturedet_fk_product` (`fk_product`);

--
-- Index pour la table `llx_facturedet_rec`
--
ALTER TABLE `llx_facturedet_rec`
  ADD PRIMARY KEY (`rowid`);

--
-- Index pour la table `llx_facture_extrafields`
--
ALTER TABLE `llx_facture_extrafields`
  ADD PRIMARY KEY (`rowid`),
  ADD KEY `idx_facture_extrafields` (`fk_object`);

--
-- Index pour la table `llx_facture_fourn`
--
ALTER TABLE `llx_facture_fourn`
  ADD PRIMARY KEY (`rowid`),
  ADD UNIQUE KEY `uk_facture_fourn_ref` (`ref`,`entity`),
  ADD UNIQUE KEY `uk_facture_fourn_ref_supplier` (`ref_supplier`,`fk_soc`,`entity`),
  ADD KEY `idx_facture_fourn_date_lim_reglement` (`date_lim_reglement`),
  ADD KEY `idx_facture_fourn_fk_soc` (`fk_soc`),
  ADD KEY `idx_facture_fourn_fk_user_author` (`fk_user_author`),
  ADD KEY `idx_facture_fourn_fk_user_valid` (`fk_user_valid`),
  ADD KEY `idx_facture_fourn_fk_projet` (`fk_projet`);

--
-- Index pour la table `llx_facture_fourn_det`
--
ALTER TABLE `llx_facture_fourn_det`
  ADD PRIMARY KEY (`rowid`),
  ADD KEY `idx_facture_fourn_det_fk_facture` (`fk_facture_fourn`);

--
-- Index pour la table `llx_facture_fourn_extrafields`
--
ALTER TABLE `llx_facture_fourn_extrafields`
  ADD PRIMARY KEY (`rowid`),
  ADD KEY `idx_facture_fourn_extrafields` (`fk_object`);

--
-- Index pour la table `llx_facture_rec`
--
ALTER TABLE `llx_facture_rec`
  ADD PRIMARY KEY (`rowid`),
  ADD UNIQUE KEY `idx_facture_rec_uk_titre` (`titre`,`entity`),
  ADD KEY `idx_facture_rec_fk_soc` (`fk_soc`),
  ADD KEY `idx_facture_rec_fk_user_author` (`fk_user_author`),
  ADD KEY `idx_facture_rec_fk_projet` (`fk_projet`);

--
-- Index pour la table `llx_fichinter`
--
ALTER TABLE `llx_fichinter`
  ADD PRIMARY KEY (`rowid`),
  ADD UNIQUE KEY `uk_fichinter_ref` (`ref`,`entity`),
  ADD KEY `idx_fichinter_fk_soc` (`fk_soc`);

--
-- Index pour la table `llx_fichinterdet`
--
ALTER TABLE `llx_fichinterdet`
  ADD PRIMARY KEY (`rowid`),
  ADD KEY `idx_fichinterdet_fk_fichinter` (`fk_fichinter`);

--
-- Index pour la table `llx_holiday`
--
ALTER TABLE `llx_holiday`
  ADD PRIMARY KEY (`rowid`),
  ADD KEY `idx_holiday_fk_user` (`fk_user`),
  ADD KEY `idx_holiday_date_debut` (`date_debut`),
  ADD KEY `idx_holiday_date_fin` (`date_fin`);

--
-- Index pour la table `llx_holiday_config`
--
ALTER TABLE `llx_holiday_config`
  ADD PRIMARY KEY (`rowid`),
  ADD UNIQUE KEY `name` (`name`);

--
-- Index pour la table `llx_holiday_events`
--
ALTER TABLE `llx_holiday_events`
  ADD PRIMARY KEY (`rowid`),
  ADD UNIQUE KEY `uk_holiday_name` (`name`,`entity`);

--
-- Index pour la table `llx_holiday_logs`
--
ALTER TABLE `llx_holiday_logs`
  ADD PRIMARY KEY (`rowid`);

--
-- Index pour la table `llx_holiday_users`
--
ALTER TABLE `llx_holiday_users`
  ADD PRIMARY KEY (`fk_user`);

--
-- Index pour la table `llx_import_model`
--
ALTER TABLE `llx_import_model`
  ADD PRIMARY KEY (`rowid`),
  ADD UNIQUE KEY `uk_import_model` (`label`,`type`);

--
-- Index pour la table `llx_livraison`
--
ALTER TABLE `llx_livraison`
  ADD PRIMARY KEY (`rowid`),
  ADD UNIQUE KEY `idx_livraison_uk_ref` (`ref`,`entity`),
  ADD KEY `idx_livraison_fk_soc` (`fk_soc`),
  ADD KEY `idx_livraison_fk_user_author` (`fk_user_author`),
  ADD KEY `idx_livraison_fk_user_valid` (`fk_user_valid`);

--
-- Index pour la table `llx_livraisondet`
--
ALTER TABLE `llx_livraisondet`
  ADD PRIMARY KEY (`rowid`),
  ADD KEY `idx_livraisondet_fk_expedition` (`fk_livraison`);

--
-- Index pour la table `llx_localtax`
--
ALTER TABLE `llx_localtax`
  ADD PRIMARY KEY (`rowid`);

--
-- Index pour la table `llx_mailing`
--
ALTER TABLE `llx_mailing`
  ADD PRIMARY KEY (`rowid`);

--
-- Index pour la table `llx_mailing_cibles`
--
ALTER TABLE `llx_mailing_cibles`
  ADD PRIMARY KEY (`rowid`),
  ADD UNIQUE KEY `uk_mailing_cibles` (`fk_mailing`,`email`),
  ADD KEY `idx_mailing_cibles_email` (`email`);

--
-- Index pour la table `llx_menu`
--
ALTER TABLE `llx_menu`
  ADD PRIMARY KEY (`rowid`),
  ADD UNIQUE KEY `idx_menu_uk_menu` (`menu_handler`,`fk_menu`,`position`,`url`,`entity`),
  ADD KEY `idx_menu_menuhandler_type` (`menu_handler`,`type`);

--
-- Index pour la table `llx_notify`
--
ALTER TABLE `llx_notify`
  ADD PRIMARY KEY (`rowid`);

--
-- Index pour la table `llx_notify_def`
--
ALTER TABLE `llx_notify_def`
  ADD PRIMARY KEY (`rowid`);

--
-- Index pour la table `llx_opensurvey_comments`
--
ALTER TABLE `llx_opensurvey_comments`
  ADD PRIMARY KEY (`id_comment`),
  ADD KEY `idx_id_comment` (`id_comment`),
  ADD KEY `idx_id_sondage` (`id_sondage`);

--
-- Index pour la table `llx_opensurvey_sondage`
--
ALTER TABLE `llx_opensurvey_sondage`
  ADD PRIMARY KEY (`id_sondage`),
  ADD KEY `idx_id_sondage_admin` (`id_sondage_admin`),
  ADD KEY `idx_date_fin` (`date_fin`);

--
-- Index pour la table `llx_opensurvey_user_studs`
--
ALTER TABLE `llx_opensurvey_user_studs`
  ADD PRIMARY KEY (`id_users`),
  ADD KEY `idx_opensurvey_user_studs_id_users` (`id_users`),
  ADD KEY `idx_opensurvey_user_studs_nom` (`nom`),
  ADD KEY `idx_opensurvey_user_studs_id_sondage` (`id_sondage`);

--
-- Index pour la table `llx_paiement`
--
ALTER TABLE `llx_paiement`
  ADD PRIMARY KEY (`rowid`);

--
-- Index pour la table `llx_paiementcharge`
--
ALTER TABLE `llx_paiementcharge`
  ADD PRIMARY KEY (`rowid`);

--
-- Index pour la table `llx_paiementfourn`
--
ALTER TABLE `llx_paiementfourn`
  ADD PRIMARY KEY (`rowid`);

--
-- Index pour la table `llx_paiementfourn_facturefourn`
--
ALTER TABLE `llx_paiementfourn_facturefourn`
  ADD PRIMARY KEY (`rowid`),
  ADD UNIQUE KEY `uk_paiementfourn_facturefourn` (`fk_paiementfourn`,`fk_facturefourn`),
  ADD KEY `idx_paiementfourn_facturefourn_fk_facture` (`fk_facturefourn`),
  ADD KEY `idx_paiementfourn_facturefourn_fk_paiement` (`fk_paiementfourn`);

--
-- Index pour la table `llx_paiement_facture`
--
ALTER TABLE `llx_paiement_facture`
  ADD PRIMARY KEY (`rowid`),
  ADD UNIQUE KEY `uk_paiement_facture` (`fk_paiement`,`fk_facture`),
  ADD KEY `idx_paiement_facture_fk_facture` (`fk_facture`),
  ADD KEY `idx_paiement_facture_fk_paiement` (`fk_paiement`);

--
-- Index pour la table `llx_prelevement_bons`
--
ALTER TABLE `llx_prelevement_bons`
  ADD PRIMARY KEY (`rowid`),
  ADD UNIQUE KEY `uk_prelevement_bons_ref` (`ref`,`entity`);

--
-- Index pour la table `llx_prelevement_facture`
--
ALTER TABLE `llx_prelevement_facture`
  ADD PRIMARY KEY (`rowid`),
  ADD KEY `idx_prelevement_facture_fk_prelevement_lignes` (`fk_prelevement_lignes`);

--
-- Index pour la table `llx_prelevement_facture_demande`
--
ALTER TABLE `llx_prelevement_facture_demande`
  ADD PRIMARY KEY (`rowid`);

--
-- Index pour la table `llx_prelevement_lignes`
--
ALTER TABLE `llx_prelevement_lignes`
  ADD PRIMARY KEY (`rowid`),
  ADD KEY `idx_prelevement_lignes_fk_prelevement_bons` (`fk_prelevement_bons`);

--
-- Index pour la table `llx_prelevement_rejet`
--
ALTER TABLE `llx_prelevement_rejet`
  ADD PRIMARY KEY (`rowid`);

--
-- Index pour la table `llx_printer_ipp`
--
ALTER TABLE `llx_printer_ipp`
  ADD PRIMARY KEY (`rowid`);

--
-- Index pour la table `llx_product`
--
ALTER TABLE `llx_product`
  ADD PRIMARY KEY (`rowid`),
  ADD UNIQUE KEY `uk_product_ref` (`ref`,`entity`),
  ADD KEY `idx_product_label` (`label`),
  ADD KEY `idx_product_barcode` (`barcode`),
  ADD KEY `idx_product_import_key` (`import_key`);

--
-- Index pour la table `llx_product_association`
--
ALTER TABLE `llx_product_association`
  ADD PRIMARY KEY (`rowid`),
  ADD UNIQUE KEY `uk_product_association` (`fk_product_pere`,`fk_product_fils`),
  ADD KEY `idx_product_association_fils` (`fk_product_fils`);

--
-- Index pour la table `llx_product_extrafields`
--
ALTER TABLE `llx_product_extrafields`
  ADD PRIMARY KEY (`rowid`),
  ADD KEY `idx_product_extrafields` (`fk_object`);

--
-- Index pour la table `llx_product_fournisseur_price`
--
ALTER TABLE `llx_product_fournisseur_price`
  ADD PRIMARY KEY (`rowid`),
  ADD UNIQUE KEY `uk_product_fournisseur_price_ref` (`ref_fourn`,`fk_soc`,`quantity`,`entity`),
  ADD KEY `idx_product_fournisseur_price_fk_user` (`fk_user`),
  ADD KEY `idx_product_fourn_price_fk_product` (`fk_product`,`entity`),
  ADD KEY `idx_product_fourn_price_fk_soc` (`fk_soc`,`entity`);

--
-- Index pour la table `llx_product_fournisseur_price_log`
--
ALTER TABLE `llx_product_fournisseur_price_log`
  ADD PRIMARY KEY (`rowid`);

--
-- Index pour la table `llx_product_lang`
--
ALTER TABLE `llx_product_lang`
  ADD PRIMARY KEY (`rowid`),
  ADD UNIQUE KEY `uk_product_lang` (`fk_product`,`lang`);

--
-- Index pour la table `llx_product_price`
--
ALTER TABLE `llx_product_price`
  ADD PRIMARY KEY (`rowid`);

--
-- Index pour la table `llx_product_price_by_qty`
--
ALTER TABLE `llx_product_price_by_qty`
  ADD PRIMARY KEY (`rowid`),
  ADD UNIQUE KEY `uk_product_price_by_qty_level` (`fk_product_price`,`quantity`),
  ADD KEY `idx_product_price_by_qty_fk_product_price` (`fk_product_price`);

--
-- Index pour la table `llx_product_stock`
--
ALTER TABLE `llx_product_stock`
  ADD PRIMARY KEY (`rowid`),
  ADD UNIQUE KEY `uk_product_stock` (`fk_product`,`fk_entrepot`),
  ADD KEY `idx_product_stock_fk_product` (`fk_product`),
  ADD KEY `idx_product_stock_fk_entrepot` (`fk_entrepot`);

--
-- Index pour la table `llx_projet`
--
ALTER TABLE `llx_projet`
  ADD PRIMARY KEY (`rowid`),
  ADD UNIQUE KEY `uk_projet_ref` (`ref`,`entity`),
  ADD KEY `idx_projet_fk_soc` (`fk_soc`);

--
-- Index pour la table `llx_projet_extrafields`
--
ALTER TABLE `llx_projet_extrafields`
  ADD PRIMARY KEY (`rowid`),
  ADD KEY `idx_projet_extrafields` (`fk_object`);

--
-- Index pour la table `llx_projet_task`
--
ALTER TABLE `llx_projet_task`
  ADD PRIMARY KEY (`rowid`),
  ADD KEY `idx_projet_task_fk_projet` (`fk_projet`),
  ADD KEY `idx_projet_task_fk_user_creat` (`fk_user_creat`),
  ADD KEY `idx_projet_task_fk_user_valid` (`fk_user_valid`);

--
-- Index pour la table `llx_projet_task_extrafields`
--
ALTER TABLE `llx_projet_task_extrafields`
  ADD PRIMARY KEY (`rowid`),
  ADD KEY `idx_projet_task_extrafields` (`fk_object`);

--
-- Index pour la table `llx_projet_task_time`
--
ALTER TABLE `llx_projet_task_time`
  ADD PRIMARY KEY (`rowid`);

--
-- Index pour la table `llx_propal`
--
ALTER TABLE `llx_propal`
  ADD PRIMARY KEY (`rowid`),
  ADD UNIQUE KEY `uk_propal_ref` (`ref`,`entity`),
  ADD KEY `idx_propal_fk_soc` (`fk_soc`),
  ADD KEY `idx_propal_fk_user_author` (`fk_user_author`),
  ADD KEY `idx_propal_fk_user_valid` (`fk_user_valid`),
  ADD KEY `idx_propal_fk_user_cloture` (`fk_user_cloture`),
  ADD KEY `idx_propal_fk_projet` (`fk_projet`),
  ADD KEY `idx_propal_fk_account` (`fk_account`),
  ADD KEY `idx_propal_fk_currency` (`fk_currency`);

--
-- Index pour la table `llx_propaldet`
--
ALTER TABLE `llx_propaldet`
  ADD PRIMARY KEY (`rowid`),
  ADD KEY `idx_propaldet_fk_propal` (`fk_propal`),
  ADD KEY `idx_propaldet_fk_product` (`fk_product`);

--
-- Index pour la table `llx_propal_extrafields`
--
ALTER TABLE `llx_propal_extrafields`
  ADD PRIMARY KEY (`rowid`),
  ADD KEY `idx_propal_extrafields` (`fk_object`);

--
-- Index pour la table `llx_rights_def`
--
ALTER TABLE `llx_rights_def`
  ADD PRIMARY KEY (`id`,`entity`);

--
-- Index pour la table `llx_societe`
--
ALTER TABLE `llx_societe`
  ADD PRIMARY KEY (`rowid`),
  ADD UNIQUE KEY `uk_societe_prefix_comm` (`prefix_comm`,`entity`),
  ADD UNIQUE KEY `uk_societe_code_client` (`code_client`,`entity`),
  ADD KEY `idx_societe_user_creat` (`fk_user_creat`),
  ADD KEY `idx_societe_user_modif` (`fk_user_modif`);

--
-- Index pour la table `llx_societe_address`
--
ALTER TABLE `llx_societe_address`
  ADD PRIMARY KEY (`rowid`);

--
-- Index pour la table `llx_societe_commerciaux`
--
ALTER TABLE `llx_societe_commerciaux`
  ADD PRIMARY KEY (`rowid`),
  ADD UNIQUE KEY `uk_societe_commerciaux` (`fk_soc`,`fk_user`);

--
-- Index pour la table `llx_societe_extrafields`
--
ALTER TABLE `llx_societe_extrafields`
  ADD PRIMARY KEY (`rowid`),
  ADD KEY `idx_societe_extrafields` (`fk_object`);

--
-- Index pour la table `llx_societe_log`
--
ALTER TABLE `llx_societe_log`
  ADD PRIMARY KEY (`id`);

--
-- Index pour la table `llx_societe_prices`
--
ALTER TABLE `llx_societe_prices`
  ADD PRIMARY KEY (`rowid`);

--
-- Index pour la table `llx_societe_remise`
--
ALTER TABLE `llx_societe_remise`
  ADD PRIMARY KEY (`rowid`);

--
-- Index pour la table `llx_societe_remise_except`
--
ALTER TABLE `llx_societe_remise_except`
  ADD PRIMARY KEY (`rowid`),
  ADD KEY `idx_societe_remise_except_fk_user` (`fk_user`),
  ADD KEY `idx_societe_remise_except_fk_soc` (`fk_soc`),
  ADD KEY `idx_societe_remise_except_fk_facture_line` (`fk_facture_line`),
  ADD KEY `idx_societe_remise_except_fk_facture` (`fk_facture`),
  ADD KEY `idx_societe_remise_except_fk_facture_source` (`fk_facture_source`);

--
-- Index pour la table `llx_societe_rib`
--
ALTER TABLE `llx_societe_rib`
  ADD PRIMARY KEY (`rowid`);

--
-- Index pour la table `llx_socpeople`
--
ALTER TABLE `llx_socpeople`
  ADD PRIMARY KEY (`rowid`),
  ADD KEY `idx_socpeople_fk_soc` (`fk_soc`),
  ADD KEY `idx_socpeople_fk_user_creat` (`fk_user_creat`);

--
-- Index pour la table `llx_socpeople_extrafields`
--
ALTER TABLE `llx_socpeople_extrafields`
  ADD PRIMARY KEY (`rowid`),
  ADD KEY `idx_socpeople_extrafields` (`fk_object`);

--
-- Index pour la table `llx_stock_mouvement`
--
ALTER TABLE `llx_stock_mouvement`
  ADD PRIMARY KEY (`rowid`),
  ADD KEY `idx_stock_mouvement_fk_product` (`fk_product`),
  ADD KEY `idx_stock_mouvement_fk_entrepot` (`fk_entrepot`);

--
-- Index pour la table `llx_texts`
--
ALTER TABLE `llx_texts`
  ADD PRIMARY KEY (`rowid`);

--
-- Index pour la table `llx_tva`
--
ALTER TABLE `llx_tva`
  ADD PRIMARY KEY (`rowid`);

--
-- Index pour la table `llx_usergroup`
--
ALTER TABLE `llx_usergroup`
  ADD PRIMARY KEY (`rowid`),
  ADD UNIQUE KEY `uk_usergroup_name` (`nom`,`entity`);

--
-- Index pour la table `llx_usergroup_rights`
--
ALTER TABLE `llx_usergroup_rights`
  ADD PRIMARY KEY (`rowid`),
  ADD UNIQUE KEY `fk_usergroup` (`fk_usergroup`,`fk_id`);

--
-- Index pour la table `llx_usergroup_user`
--
ALTER TABLE `llx_usergroup_user`
  ADD PRIMARY KEY (`rowid`),
  ADD UNIQUE KEY `uk_usergroup_user` (`entity`,`fk_user`,`fk_usergroup`),
  ADD KEY `fk_usergroup_user_fk_user` (`fk_user`),
  ADD KEY `fk_usergroup_user_fk_usergroup` (`fk_usergroup`);

--
-- Index pour la table `llx_user_alert`
--
ALTER TABLE `llx_user_alert`
  ADD PRIMARY KEY (`rowid`);

--
-- Index pour la table `llx_user_clicktodial`
--
ALTER TABLE `llx_user_clicktodial`
  ADD PRIMARY KEY (`fk_user`);

--
-- Index pour la table `llx_user_extrafields`
--
ALTER TABLE `llx_user_extrafields`
  ADD PRIMARY KEY (`rowid`),
  ADD KEY `idx_user_extrafields` (`fk_object`);

--
-- Index pour la table `llx_user_param`
--
ALTER TABLE `llx_user_param`
  ADD UNIQUE KEY `uk_user_param` (`fk_user`,`param`,`entity`);

--
-- Index pour la table `llx_user_rights`
--
ALTER TABLE `llx_user_rights`
  ADD PRIMARY KEY (`rowid`),
  ADD UNIQUE KEY `uk_user_rights` (`fk_user`,`fk_id`);

--
-- AUTO_INCREMENT pour les tables exportées
--

--
-- AUTO_INCREMENT pour la table `llx_accountingaccount`
--
ALTER TABLE `llx_accountingaccount`
  MODIFY `rowid` int(11) NOT NULL AUTO_INCREMENT,AUTO_INCREMENT=439;
--
-- AUTO_INCREMENT pour la table `llx_accountingtransaction`
--
ALTER TABLE `llx_accountingtransaction`
  MODIFY `rowid` int(11) NOT NULL AUTO_INCREMENT;
--
-- AUTO_INCREMENT pour la table `llx_accounting_system`
--
ALTER TABLE `llx_accounting_system`
  MODIFY `rowid` int(11) NOT NULL AUTO_INCREMENT,AUTO_INCREMENT=3;
--
-- AUTO_INCREMENT pour la table `llx_actioncomm`
--
ALTER TABLE `llx_actioncomm`
  MODIFY `id` int(11) NOT NULL AUTO_INCREMENT,AUTO_INCREMENT=53;
--
-- AUTO_INCREMENT pour la table `llx_actioncomm_extrafields`
--
ALTER TABLE `llx_actioncomm_extrafields`
  MODIFY `rowid` int(11) NOT NULL AUTO_INCREMENT;
--
-- AUTO_INCREMENT pour la table `llx_adherent`
--
ALTER TABLE `llx_adherent`
  MODIFY `rowid` int(11) NOT NULL AUTO_INCREMENT;
--
-- AUTO_INCREMENT pour la table `llx_adherent_extrafields`
--
ALTER TABLE `llx_adherent_extrafields`
  MODIFY `rowid` int(11) NOT NULL AUTO_INCREMENT;
--
-- AUTO_INCREMENT pour la table `llx_adherent_type`
--
ALTER TABLE `llx_adherent_type`
  MODIFY `rowid` int(11) NOT NULL AUTO_INCREMENT;
--
-- AUTO_INCREMENT pour la table `llx_adherent_type_extrafields`
--
ALTER TABLE `llx_adherent_type_extrafields`
  MODIFY `rowid` int(11) NOT NULL AUTO_INCREMENT;
--
-- AUTO_INCREMENT pour la table `llx_bank`
--
ALTER TABLE `llx_bank`
  MODIFY `rowid` int(11) NOT NULL AUTO_INCREMENT,AUTO_INCREMENT=6;
--
-- AUTO_INCREMENT pour la table `llx_bank_categ`
--
ALTER TABLE `llx_bank_categ`
  MODIFY `rowid` int(11) NOT NULL AUTO_INCREMENT;
--
-- AUTO_INCREMENT pour la table `llx_bank_url`
--
ALTER TABLE `llx_bank_url`
  MODIFY `rowid` int(11) NOT NULL AUTO_INCREMENT,AUTO_INCREMENT=5;
--
-- AUTO_INCREMENT pour la table `llx_bookmark`
--
ALTER TABLE `llx_bookmark`
  MODIFY `rowid` int(11) NOT NULL AUTO_INCREMENT;
--
-- AUTO_INCREMENT pour la table `llx_bordereau_cheque`
--
ALTER TABLE `llx_bordereau_cheque`
  MODIFY `rowid` int(11) NOT NULL AUTO_INCREMENT;
--
-- AUTO_INCREMENT pour la table `llx_boxes`
--
ALTER TABLE `llx_boxes`
  MODIFY `rowid` int(11) NOT NULL AUTO_INCREMENT,AUTO_INCREMENT=35;
--
-- AUTO_INCREMENT pour la table `llx_boxes_def`
--
ALTER TABLE `llx_boxes_def`
  MODIFY `rowid` int(11) NOT NULL AUTO_INCREMENT,AUTO_INCREMENT=35;
--
-- AUTO_INCREMENT pour la table `llx_categorie`
--
ALTER TABLE `llx_categorie`
  MODIFY `rowid` int(11) NOT NULL AUTO_INCREMENT,AUTO_INCREMENT=3;
--
-- AUTO_INCREMENT pour la table `llx_chargesociales`
--
ALTER TABLE `llx_chargesociales`
  MODIFY `rowid` int(11) NOT NULL AUTO_INCREMENT;
--
-- AUTO_INCREMENT pour la table `llx_commande`
--
ALTER TABLE `llx_commande`
  MODIFY `rowid` int(11) NOT NULL AUTO_INCREMENT,AUTO_INCREMENT=7;
--
-- AUTO_INCREMENT pour la table `llx_commandedet`
--
ALTER TABLE `llx_commandedet`
  MODIFY `rowid` int(11) NOT NULL AUTO_INCREMENT,AUTO_INCREMENT=35;
--
-- AUTO_INCREMENT pour la table `llx_commande_extrafields`
--
ALTER TABLE `llx_commande_extrafields`
  MODIFY `rowid` int(11) NOT NULL AUTO_INCREMENT;
--
-- AUTO_INCREMENT pour la table `llx_commande_fournisseur`
--
ALTER TABLE `llx_commande_fournisseur`
  MODIFY `rowid` int(11) NOT NULL AUTO_INCREMENT,AUTO_INCREMENT=20;
--
-- AUTO_INCREMENT pour la table `llx_commande_fournisseurdet`
--
ALTER TABLE `llx_commande_fournisseurdet`
  MODIFY `rowid` int(11) NOT NULL AUTO_INCREMENT,AUTO_INCREMENT=49;
--
-- AUTO_INCREMENT pour la table `llx_commande_fournisseur_dispatch`
--
ALTER TABLE `llx_commande_fournisseur_dispatch`
  MODIFY `rowid` int(11) NOT NULL AUTO_INCREMENT,AUTO_INCREMENT=40;
--
-- AUTO_INCREMENT pour la table `llx_commande_fournisseur_extrafields`
--
ALTER TABLE `llx_commande_fournisseur_extrafields`
  MODIFY `rowid` int(11) NOT NULL AUTO_INCREMENT;
--
-- AUTO_INCREMENT pour la table `llx_commande_fournisseur_log`
--
ALTER TABLE `llx_commande_fournisseur_log`
  MODIFY `rowid` int(11) NOT NULL AUTO_INCREMENT,AUTO_INCREMENT=95;
--
-- AUTO_INCREMENT pour la table `llx_compta`
--
ALTER TABLE `llx_compta`
  MODIFY `rowid` int(11) NOT NULL AUTO_INCREMENT;
--
-- AUTO_INCREMENT pour la table `llx_compta_account`
--
ALTER TABLE `llx_compta_account`
  MODIFY `rowid` int(11) NOT NULL AUTO_INCREMENT;
--
-- AUTO_INCREMENT pour la table `llx_compta_compte_generaux`
--
ALTER TABLE `llx_compta_compte_generaux`
  MODIFY `rowid` int(11) NOT NULL AUTO_INCREMENT;
--
-- AUTO_INCREMENT pour la table `llx_const`
--
ALTER TABLE `llx_const`
  MODIFY `rowid` int(11) NOT NULL AUTO_INCREMENT,AUTO_INCREMENT=665;
--
-- AUTO_INCREMENT pour la table `llx_contrat`
--
ALTER TABLE `llx_contrat`
  MODIFY `rowid` int(11) NOT NULL AUTO_INCREMENT;
--
-- AUTO_INCREMENT pour la table `llx_contratdet`
--
ALTER TABLE `llx_contratdet`
  MODIFY `rowid` int(11) NOT NULL AUTO_INCREMENT;
--
-- AUTO_INCREMENT pour la table `llx_contratdet_log`
--
ALTER TABLE `llx_contratdet_log`
  MODIFY `rowid` int(11) NOT NULL AUTO_INCREMENT;
--
-- AUTO_INCREMENT pour la table `llx_cotisation`
--
ALTER TABLE `llx_cotisation`
  MODIFY `rowid` int(11) NOT NULL AUTO_INCREMENT;
--
-- AUTO_INCREMENT pour la table `llx_cronjob`
--
ALTER TABLE `llx_cronjob`
  MODIFY `rowid` int(11) NOT NULL AUTO_INCREMENT;
--
-- AUTO_INCREMENT pour la table `llx_c_action_trigger`
--
ALTER TABLE `llx_c_action_trigger`
  MODIFY `rowid` int(11) NOT NULL AUTO_INCREMENT,AUTO_INCREMENT=30;
--
-- AUTO_INCREMENT pour la table `llx_c_availability`
--
ALTER TABLE `llx_c_availability`
  MODIFY `rowid` int(11) NOT NULL AUTO_INCREMENT,AUTO_INCREMENT=6;
--
-- AUTO_INCREMENT pour la table `llx_c_barcode_type`
--
ALTER TABLE `llx_c_barcode_type`
  MODIFY `rowid` int(11) NOT NULL AUTO_INCREMENT,AUTO_INCREMENT=7;
--
-- AUTO_INCREMENT pour la table `llx_c_chargesociales`
--
ALTER TABLE `llx_c_chargesociales`
  MODIFY `id` int(11) NOT NULL AUTO_INCREMENT,AUTO_INCREMENT=231;
--
-- AUTO_INCREMENT pour la table `llx_c_departements`
--
ALTER TABLE `llx_c_departements`
  MODIFY `rowid` int(11) NOT NULL AUTO_INCREMENT,AUTO_INCREMENT=855;
--
-- AUTO_INCREMENT pour la table `llx_c_ecotaxe`
--
ALTER TABLE `llx_c_ecotaxe`
  MODIFY `rowid` int(11) NOT NULL AUTO_INCREMENT,AUTO_INCREMENT=39;
--
-- AUTO_INCREMENT pour la table `llx_c_field_list`
--
ALTER TABLE `llx_c_field_list`
  MODIFY `rowid` int(11) NOT NULL AUTO_INCREMENT;
--
-- AUTO_INCREMENT pour la table `llx_c_forme_juridique`
--
ALTER TABLE `llx_c_forme_juridique`
  MODIFY `rowid` int(11) NOT NULL AUTO_INCREMENT,AUTO_INCREMENT=181;
--
-- AUTO_INCREMENT pour la table `llx_c_input_method`
--
ALTER TABLE `llx_c_input_method`
  MODIFY `rowid` int(11) NOT NULL AUTO_INCREMENT,AUTO_INCREMENT=6;
--
-- AUTO_INCREMENT pour la table `llx_c_input_reason`
--
ALTER TABLE `llx_c_input_reason`
  MODIFY `rowid` int(11) NOT NULL AUTO_INCREMENT,AUTO_INCREMENT=12;
--
-- AUTO_INCREMENT pour la table `llx_c_paper_format`
--
ALTER TABLE `llx_c_paper_format`
  MODIFY `rowid` int(11) NOT NULL AUTO_INCREMENT,AUTO_INCREMENT=226;
--
-- AUTO_INCREMENT pour la table `llx_c_regions`
--
ALTER TABLE `llx_c_regions`
  MODIFY `rowid` int(11) NOT NULL AUTO_INCREMENT,AUTO_INCREMENT=23210;
--
-- AUTO_INCREMENT pour la table `llx_c_revenuestamp`
--
ALTER TABLE `llx_c_revenuestamp`
  MODIFY `rowid` int(11) NOT NULL AUTO_INCREMENT,AUTO_INCREMENT=102;
--
-- AUTO_INCREMENT pour la table `llx_c_shipment_mode`
--
ALTER TABLE `llx_c_shipment_mode`
  MODIFY `rowid` int(11) NOT NULL AUTO_INCREMENT,AUTO_INCREMENT=5;
--
-- AUTO_INCREMENT pour la table `llx_c_tva`
--
ALTER TABLE `llx_c_tva`
  MODIFY `rowid` int(11) NOT NULL AUTO_INCREMENT,AUTO_INCREMENT=2462;
--
-- AUTO_INCREMENT pour la table `llx_c_type_fees`
--
ALTER TABLE `llx_c_type_fees`
  MODIFY `id` int(11) NOT NULL AUTO_INCREMENT,AUTO_INCREMENT=4;
--
-- AUTO_INCREMENT pour la table `llx_c_ziptown`
--
ALTER TABLE `llx_c_ziptown`
  MODIFY `rowid` int(11) NOT NULL AUTO_INCREMENT;
--
-- AUTO_INCREMENT pour la table `llx_deplacement`
--
ALTER TABLE `llx_deplacement`
  MODIFY `rowid` int(11) NOT NULL AUTO_INCREMENT;
--
-- AUTO_INCREMENT pour la table `llx_document_model`
--
ALTER TABLE `llx_document_model`
  MODIFY `rowid` int(11) NOT NULL AUTO_INCREMENT,AUTO_INCREMENT=14;
--
-- AUTO_INCREMENT pour la table `llx_domain`
--
ALTER TABLE `llx_domain`
  MODIFY `rowid` int(11) NOT NULL AUTO_INCREMENT;
--
-- AUTO_INCREMENT pour la table `llx_don`
--
ALTER TABLE `llx_don`
  MODIFY `rowid` int(11) NOT NULL AUTO_INCREMENT;
--
-- AUTO_INCREMENT pour la table `llx_ecm_directories`
--
ALTER TABLE `llx_ecm_directories`
  MODIFY `rowid` int(11) NOT NULL AUTO_INCREMENT;
--
-- AUTO_INCREMENT pour la table `llx_element_contact`
--
ALTER TABLE `llx_element_contact`
  MODIFY `rowid` int(11) NOT NULL AUTO_INCREMENT,AUTO_INCREMENT=52;
--
-- AUTO_INCREMENT pour la table `llx_element_element`
--
ALTER TABLE `llx_element_element`
  MODIFY `rowid` int(11) NOT NULL AUTO_INCREMENT,AUTO_INCREMENT=44;
--
-- AUTO_INCREMENT pour la table `llx_element_lock`
--
ALTER TABLE `llx_element_lock`
  MODIFY `rowid` int(11) NOT NULL AUTO_INCREMENT;
--
-- AUTO_INCREMENT pour la table `llx_element_tag`
--
ALTER TABLE `llx_element_tag`
  MODIFY `rowid` int(11) NOT NULL AUTO_INCREMENT;
--
-- AUTO_INCREMENT pour la table `llx_entrepot`
--
ALTER TABLE `llx_entrepot`
  MODIFY `rowid` int(11) NOT NULL AUTO_INCREMENT,AUTO_INCREMENT=2;
--
-- AUTO_INCREMENT pour la table `llx_events`
--
ALTER TABLE `llx_events`
  MODIFY `rowid` int(11) NOT NULL AUTO_INCREMENT;
--
-- AUTO_INCREMENT pour la table `llx_event_element`
--
ALTER TABLE `llx_event_element`
  MODIFY `rowid` int(11) NOT NULL AUTO_INCREMENT;
--
-- AUTO_INCREMENT pour la table `llx_expedition`
--
ALTER TABLE `llx_expedition`
  MODIFY `rowid` int(11) NOT NULL AUTO_INCREMENT,AUTO_INCREMENT=18;
--
-- AUTO_INCREMENT pour la table `llx_expeditiondet`
--
ALTER TABLE `llx_expeditiondet`
  MODIFY `rowid` int(11) NOT NULL AUTO_INCREMENT,AUTO_INCREMENT=70;
--
-- AUTO_INCREMENT pour la table `llx_export_compta`
--
ALTER TABLE `llx_export_compta`
  MODIFY `rowid` int(11) NOT NULL AUTO_INCREMENT;
--
-- AUTO_INCREMENT pour la table `llx_export_model`
--
ALTER TABLE `llx_export_model`
  MODIFY `rowid` int(11) NOT NULL AUTO_INCREMENT,AUTO_INCREMENT=3;
--
-- AUTO_INCREMENT pour la table `llx_extrafields`
--
ALTER TABLE `llx_extrafields`
  MODIFY `rowid` int(11) NOT NULL AUTO_INCREMENT,AUTO_INCREMENT=2;
--
-- AUTO_INCREMENT pour la table `llx_facture`
--
ALTER TABLE `llx_facture`
  MODIFY `rowid` int(11) NOT NULL AUTO_INCREMENT,AUTO_INCREMENT=19;
--
-- AUTO_INCREMENT pour la table `llx_facturedet`
--
ALTER TABLE `llx_facturedet`
  MODIFY `rowid` int(11) NOT NULL AUTO_INCREMENT,AUTO_INCREMENT=121;
--
-- AUTO_INCREMENT pour la table `llx_facturedet_rec`
--
ALTER TABLE `llx_facturedet_rec`
  MODIFY `rowid` int(11) NOT NULL AUTO_INCREMENT;
--
-- AUTO_INCREMENT pour la table `llx_facture_extrafields`
--
ALTER TABLE `llx_facture_extrafields`
  MODIFY `rowid` int(11) NOT NULL AUTO_INCREMENT;
--
-- AUTO_INCREMENT pour la table `llx_facture_fourn`
--
ALTER TABLE `llx_facture_fourn`
  MODIFY `rowid` int(11) NOT NULL AUTO_INCREMENT;
--
-- AUTO_INCREMENT pour la table `llx_facture_fourn_det`
--
ALTER TABLE `llx_facture_fourn_det`
  MODIFY `rowid` int(11) NOT NULL AUTO_INCREMENT;
--
-- AUTO_INCREMENT pour la table `llx_facture_fourn_extrafields`
--
ALTER TABLE `llx_facture_fourn_extrafields`
  MODIFY `rowid` int(11) NOT NULL AUTO_INCREMENT;
--
-- AUTO_INCREMENT pour la table `llx_facture_rec`
--
ALTER TABLE `llx_facture_rec`
  MODIFY `rowid` int(11) NOT NULL AUTO_INCREMENT;
--
-- AUTO_INCREMENT pour la table `llx_fichinter`
--
ALTER TABLE `llx_fichinter`
  MODIFY `rowid` int(11) NOT NULL AUTO_INCREMENT;
--
-- AUTO_INCREMENT pour la table `llx_fichinterdet`
--
ALTER TABLE `llx_fichinterdet`
  MODIFY `rowid` int(11) NOT NULL AUTO_INCREMENT;
--
-- AUTO_INCREMENT pour la table `llx_holiday`
--
ALTER TABLE `llx_holiday`
  MODIFY `rowid` int(11) NOT NULL AUTO_INCREMENT;
--
-- AUTO_INCREMENT pour la table `llx_holiday_config`
--
ALTER TABLE `llx_holiday_config`
  MODIFY `rowid` int(11) NOT NULL AUTO_INCREMENT,AUTO_INCREMENT=9;
--
-- AUTO_INCREMENT pour la table `llx_holiday_events`
--
ALTER TABLE `llx_holiday_events`
  MODIFY `rowid` int(11) NOT NULL AUTO_INCREMENT;
--
-- AUTO_INCREMENT pour la table `llx_holiday_logs`
--
ALTER TABLE `llx_holiday_logs`
  MODIFY `rowid` int(11) NOT NULL AUTO_INCREMENT;
--
-- AUTO_INCREMENT pour la table `llx_import_model`
--
ALTER TABLE `llx_import_model`
  MODIFY `rowid` int(11) NOT NULL AUTO_INCREMENT;
--
-- AUTO_INCREMENT pour la table `llx_livraison`
--
ALTER TABLE `llx_livraison`
  MODIFY `rowid` int(11) NOT NULL AUTO_INCREMENT,AUTO_INCREMENT=5;
--
-- AUTO_INCREMENT pour la table `llx_livraisondet`
--
ALTER TABLE `llx_livraisondet`
  MODIFY `rowid` int(11) NOT NULL AUTO_INCREMENT,AUTO_INCREMENT=22;
--
-- AUTO_INCREMENT pour la table `llx_localtax`
--
ALTER TABLE `llx_localtax`
  MODIFY `rowid` int(11) NOT NULL AUTO_INCREMENT;
--
-- AUTO_INCREMENT pour la table `llx_mailing`
--
ALTER TABLE `llx_mailing`
  MODIFY `rowid` int(11) NOT NULL AUTO_INCREMENT,AUTO_INCREMENT=5;
--
-- AUTO_INCREMENT pour la table `llx_mailing_cibles`
--
ALTER TABLE `llx_mailing_cibles`
  MODIFY `rowid` int(11) NOT NULL AUTO_INCREMENT,AUTO_INCREMENT=7;
--
-- AUTO_INCREMENT pour la table `llx_menu`
--
ALTER TABLE `llx_menu`
  MODIFY `rowid` int(11) NOT NULL AUTO_INCREMENT,AUTO_INCREMENT=25;
--
-- AUTO_INCREMENT pour la table `llx_notify`
--
ALTER TABLE `llx_notify`
  MODIFY `rowid` int(11) NOT NULL AUTO_INCREMENT;
--
-- AUTO_INCREMENT pour la table `llx_notify_def`
--
ALTER TABLE `llx_notify_def`
  MODIFY `rowid` int(11) NOT NULL AUTO_INCREMENT;
--
-- AUTO_INCREMENT pour la table `llx_opensurvey_comments`
--
ALTER TABLE `llx_opensurvey_comments`
  MODIFY `id_comment` int(10) unsigned NOT NULL AUTO_INCREMENT;
--
-- AUTO_INCREMENT pour la table `llx_opensurvey_user_studs`
--
ALTER TABLE `llx_opensurvey_user_studs`
  MODIFY `id_users` int(11) NOT NULL AUTO_INCREMENT,AUTO_INCREMENT=2;
--
-- AUTO_INCREMENT pour la table `llx_paiement`
--
ALTER TABLE `llx_paiement`
  MODIFY `rowid` int(11) NOT NULL AUTO_INCREMENT,AUTO_INCREMENT=3;
--
-- AUTO_INCREMENT pour la table `llx_paiementcharge`
--
ALTER TABLE `llx_paiementcharge`
  MODIFY `rowid` int(11) NOT NULL AUTO_INCREMENT;
--
-- AUTO_INCREMENT pour la table `llx_paiementfourn`
--
ALTER TABLE `llx_paiementfourn`
  MODIFY `rowid` int(11) NOT NULL AUTO_INCREMENT;
--
-- AUTO_INCREMENT pour la table `llx_paiementfourn_facturefourn`
--
ALTER TABLE `llx_paiementfourn_facturefourn`
  MODIFY `rowid` int(11) NOT NULL AUTO_INCREMENT;
--
-- AUTO_INCREMENT pour la table `llx_paiement_facture`
--
ALTER TABLE `llx_paiement_facture`
  MODIFY `rowid` int(11) NOT NULL AUTO_INCREMENT,AUTO_INCREMENT=3;
--
-- AUTO_INCREMENT pour la table `llx_prelevement_bons`
--
ALTER TABLE `llx_prelevement_bons`
  MODIFY `rowid` int(11) NOT NULL AUTO_INCREMENT;
--
-- AUTO_INCREMENT pour la table `llx_prelevement_facture`
--
ALTER TABLE `llx_prelevement_facture`
  MODIFY `rowid` int(11) NOT NULL AUTO_INCREMENT;
--
-- AUTO_INCREMENT pour la table `llx_prelevement_facture_demande`
--
ALTER TABLE `llx_prelevement_facture_demande`
  MODIFY `rowid` int(11) NOT NULL AUTO_INCREMENT;
--
-- AUTO_INCREMENT pour la table `llx_prelevement_lignes`
--
ALTER TABLE `llx_prelevement_lignes`
  MODIFY `rowid` int(11) NOT NULL AUTO_INCREMENT;
--
-- AUTO_INCREMENT pour la table `llx_prelevement_rejet`
--
ALTER TABLE `llx_prelevement_rejet`
  MODIFY `rowid` int(11) NOT NULL AUTO_INCREMENT;
--
-- AUTO_INCREMENT pour la table `llx_printer_ipp`
--
ALTER TABLE `llx_printer_ipp`
  MODIFY `rowid` int(11) NOT NULL AUTO_INCREMENT;
--
-- AUTO_INCREMENT pour la table `llx_product`
--
ALTER TABLE `llx_product`
  MODIFY `rowid` int(11) NOT NULL AUTO_INCREMENT,AUTO_INCREMENT=36;
--
-- AUTO_INCREMENT pour la table `llx_product_association`
--
ALTER TABLE `llx_product_association`
  MODIFY `rowid` int(11) NOT NULL AUTO_INCREMENT,AUTO_INCREMENT=15;
--
-- AUTO_INCREMENT pour la table `llx_product_extrafields`
--
ALTER TABLE `llx_product_extrafields`
  MODIFY `rowid` int(11) NOT NULL AUTO_INCREMENT;
--
-- AUTO_INCREMENT pour la table `llx_product_fournisseur_price`
--
ALTER TABLE `llx_product_fournisseur_price`
  MODIFY `rowid` int(11) NOT NULL AUTO_INCREMENT,AUTO_INCREMENT=48;
--
-- AUTO_INCREMENT pour la table `llx_product_fournisseur_price_log`
--
ALTER TABLE `llx_product_fournisseur_price_log`
  MODIFY `rowid` int(11) NOT NULL AUTO_INCREMENT;
--
-- AUTO_INCREMENT pour la table `llx_product_lang`
--
ALTER TABLE `llx_product_lang`
  MODIFY `rowid` int(11) NOT NULL AUTO_INCREMENT,AUTO_INCREMENT=29;
--
-- AUTO_INCREMENT pour la table `llx_product_price`
--
ALTER TABLE `llx_product_price`
  MODIFY `rowid` int(11) NOT NULL AUTO_INCREMENT,AUTO_INCREMENT=133;
--
-- AUTO_INCREMENT pour la table `llx_product_price_by_qty`
--
ALTER TABLE `llx_product_price_by_qty`
  MODIFY `rowid` int(11) NOT NULL AUTO_INCREMENT;
--
-- AUTO_INCREMENT pour la table `llx_product_stock`
--
ALTER TABLE `llx_product_stock`
  MODIFY `rowid` int(11) NOT NULL AUTO_INCREMENT,AUTO_INCREMENT=20;
--
-- AUTO_INCREMENT pour la table `llx_projet`
--
ALTER TABLE `llx_projet`
  MODIFY `rowid` int(11) NOT NULL AUTO_INCREMENT;
--
-- AUTO_INCREMENT pour la table `llx_projet_extrafields`
--
ALTER TABLE `llx_projet_extrafields`
  MODIFY `rowid` int(11) NOT NULL AUTO_INCREMENT;
--
-- AUTO_INCREMENT pour la table `llx_projet_task`
--
ALTER TABLE `llx_projet_task`
  MODIFY `rowid` int(11) NOT NULL AUTO_INCREMENT;
--
-- AUTO_INCREMENT pour la table `llx_projet_task_extrafields`
--
ALTER TABLE `llx_projet_task_extrafields`
  MODIFY `rowid` int(11) NOT NULL AUTO_INCREMENT;
--
-- AUTO_INCREMENT pour la table `llx_projet_task_time`
--
ALTER TABLE `llx_projet_task_time`
  MODIFY `rowid` int(11) NOT NULL AUTO_INCREMENT;
--
-- AUTO_INCREMENT pour la table `llx_propal`
--
ALTER TABLE `llx_propal`
  MODIFY `rowid` int(11) NOT NULL AUTO_INCREMENT,AUTO_INCREMENT=39;
--
-- AUTO_INCREMENT pour la table `llx_propaldet`
--
ALTER TABLE `llx_propaldet`
  MODIFY `rowid` int(11) NOT NULL AUTO_INCREMENT,AUTO_INCREMENT=248;
--
-- AUTO_INCREMENT pour la table `llx_propal_extrafields`
--
ALTER TABLE `llx_propal_extrafields`
  MODIFY `rowid` int(11) NOT NULL AUTO_INCREMENT;
--
-- AUTO_INCREMENT pour la table `llx_societe`
--
ALTER TABLE `llx_societe`
  MODIFY `rowid` int(11) NOT NULL AUTO_INCREMENT,AUTO_INCREMENT=30;
--
-- AUTO_INCREMENT pour la table `llx_societe_address`
--
ALTER TABLE `llx_societe_address`
  MODIFY `rowid` int(11) NOT NULL AUTO_INCREMENT;
--
-- AUTO_INCREMENT pour la table `llx_societe_commerciaux`
--
ALTER TABLE `llx_societe_commerciaux`
  MODIFY `rowid` int(11) NOT NULL AUTO_INCREMENT,AUTO_INCREMENT=30;
--
-- AUTO_INCREMENT pour la table `llx_societe_extrafields`
--
ALTER TABLE `llx_societe_extrafields`
  MODIFY `rowid` int(11) NOT NULL AUTO_INCREMENT;
--
-- AUTO_INCREMENT pour la table `llx_societe_log`
--
ALTER TABLE `llx_societe_log`
  MODIFY `id` int(11) NOT NULL AUTO_INCREMENT;
--
-- AUTO_INCREMENT pour la table `llx_societe_prices`
--
ALTER TABLE `llx_societe_prices`
  MODIFY `rowid` int(11) NOT NULL AUTO_INCREMENT;
--
-- AUTO_INCREMENT pour la table `llx_societe_remise`
--
ALTER TABLE `llx_societe_remise`
  MODIFY `rowid` int(11) NOT NULL AUTO_INCREMENT;
--
-- AUTO_INCREMENT pour la table `llx_societe_remise_except`
--
ALTER TABLE `llx_societe_remise_except`
  MODIFY `rowid` int(11) NOT NULL AUTO_INCREMENT;
--
-- AUTO_INCREMENT pour la table `llx_societe_rib`
--
ALTER TABLE `llx_societe_rib`
  MODIFY `rowid` int(11) NOT NULL AUTO_INCREMENT;
--
-- AUTO_INCREMENT pour la table `llx_socpeople`
--
ALTER TABLE `llx_socpeople`
  MODIFY `rowid` int(11) NOT NULL AUTO_INCREMENT,AUTO_INCREMENT=44;
--
-- AUTO_INCREMENT pour la table `llx_socpeople_extrafields`
--
ALTER TABLE `llx_socpeople_extrafields`
  MODIFY `rowid` int(11) NOT NULL AUTO_INCREMENT;
--
-- AUTO_INCREMENT pour la table `llx_stock_mouvement`
--
ALTER TABLE `llx_stock_mouvement`
  MODIFY `rowid` int(11) NOT NULL AUTO_INCREMENT,AUTO_INCREMENT=129;
--
-- AUTO_INCREMENT pour la table `llx_texts`
--
ALTER TABLE `llx_texts`
  MODIFY `rowid` int(11) NOT NULL AUTO_INCREMENT;
--
-- AUTO_INCREMENT pour la table `llx_tva`
--
ALTER TABLE `llx_tva`
  MODIFY `rowid` int(11) NOT NULL AUTO_INCREMENT;
--
-- AUTO_INCREMENT pour la table `llx_usergroup`
--
ALTER TABLE `llx_usergroup`
  MODIFY `rowid` int(11) NOT NULL AUTO_INCREMENT;
--
-- AUTO_INCREMENT pour la table `llx_usergroup_rights`
--
ALTER TABLE `llx_usergroup_rights`
  MODIFY `rowid` int(11) NOT NULL AUTO_INCREMENT;
--
-- AUTO_INCREMENT pour la table `llx_usergroup_user`
--
ALTER TABLE `llx_usergroup_user`
  MODIFY `rowid` int(11) NOT NULL AUTO_INCREMENT;
--
-- AUTO_INCREMENT pour la table `llx_user_alert`
--
ALTER TABLE `llx_user_alert`
  MODIFY `rowid` int(11) NOT NULL AUTO_INCREMENT;
--
-- AUTO_INCREMENT pour la table `llx_user_extrafields`
--
ALTER TABLE `llx_user_extrafields`
  MODIFY `rowid` int(11) NOT NULL AUTO_INCREMENT;
--
-- AUTO_INCREMENT pour la table `llx_user_rights`
--
ALTER TABLE `llx_user_rights`
  MODIFY `rowid` int(11) NOT NULL AUTO_INCREMENT,AUTO_INCREMENT=743;
--
-- Contraintes pour les tables exportées
--

--
-- Contraintes pour la table `llx_accountingaccount`
--
ALTER TABLE `llx_accountingaccount`
  ADD CONSTRAINT `fk_accountingaccount_fk_pcg_version` FOREIGN KEY (`fk_pcg_version`) REFERENCES `llx_accounting_system` (`pcg_version`);

--
-- Contraintes pour la table `llx_adherent`
--
ALTER TABLE `llx_adherent`
  ADD CONSTRAINT `adherent_fk_soc` FOREIGN KEY (`fk_soc`) REFERENCES `llx_societe` (`rowid`),
  ADD CONSTRAINT `fk_adherent_adherent_type` FOREIGN KEY (`fk_adherent_type`) REFERENCES `llx_adherent_type` (`rowid`);

--
-- Contraintes pour la table `llx_boxes`
--
ALTER TABLE `llx_boxes`
  ADD CONSTRAINT `fk_boxes_box_id` FOREIGN KEY (`box_id`) REFERENCES `llx_boxes_def` (`rowid`);

--
-- Contraintes pour la table `llx_categorie_fournisseur`
--
ALTER TABLE `llx_categorie_fournisseur`
  ADD CONSTRAINT `fk_categorie_fournisseur_categorie_rowid` FOREIGN KEY (`fk_categorie`) REFERENCES `llx_categorie` (`rowid`),
  ADD CONSTRAINT `fk_categorie_fournisseur_fk_soc` FOREIGN KEY (`fk_societe`) REFERENCES `llx_societe` (`rowid`);

--
-- Contraintes pour la table `llx_categorie_member`
--
ALTER TABLE `llx_categorie_member`
  ADD CONSTRAINT `fk_categorie_member_categorie_rowid` FOREIGN KEY (`fk_categorie`) REFERENCES `llx_categorie` (`rowid`),
  ADD CONSTRAINT `fk_categorie_member_member_rowid` FOREIGN KEY (`fk_member`) REFERENCES `llx_adherent` (`rowid`);

--
-- Contraintes pour la table `llx_categorie_product`
--
ALTER TABLE `llx_categorie_product`
  ADD CONSTRAINT `fk_categorie_product_categorie_rowid` FOREIGN KEY (`fk_categorie`) REFERENCES `llx_categorie` (`rowid`),
  ADD CONSTRAINT `fk_categorie_product_product_rowid` FOREIGN KEY (`fk_product`) REFERENCES `llx_product` (`rowid`);

--
-- Contraintes pour la table `llx_categorie_societe`
--
ALTER TABLE `llx_categorie_societe`
  ADD CONSTRAINT `fk_categorie_societe_categorie_rowid` FOREIGN KEY (`fk_categorie`) REFERENCES `llx_categorie` (`rowid`),
  ADD CONSTRAINT `fk_categorie_societe_fk_soc` FOREIGN KEY (`fk_societe`) REFERENCES `llx_societe` (`rowid`);

--
-- Contraintes pour la table `llx_commande`
--
ALTER TABLE `llx_commande`
  ADD CONSTRAINT `fk_commande_fk_projet` FOREIGN KEY (`fk_projet`) REFERENCES `llx_projet` (`rowid`),
  ADD CONSTRAINT `fk_commande_fk_soc` FOREIGN KEY (`fk_soc`) REFERENCES `llx_societe` (`rowid`),
  ADD CONSTRAINT `fk_commande_fk_user_author` FOREIGN KEY (`fk_user_author`) REFERENCES `llx_user` (`rowid`),
  ADD CONSTRAINT `fk_commande_fk_user_cloture` FOREIGN KEY (`fk_user_cloture`) REFERENCES `llx_user` (`rowid`),
  ADD CONSTRAINT `fk_commande_fk_user_valid` FOREIGN KEY (`fk_user_valid`) REFERENCES `llx_user` (`rowid`);

--
-- Contraintes pour la table `llx_commandedet`
--
ALTER TABLE `llx_commandedet`
  ADD CONSTRAINT `fk_commandedet_fk_commande` FOREIGN KEY (`fk_commande`) REFERENCES `llx_commande` (`rowid`);

--
-- Contraintes pour la table `llx_commande_fournisseur`
--
ALTER TABLE `llx_commande_fournisseur`
  ADD CONSTRAINT `fk_commande_fournisseur_fk_soc` FOREIGN KEY (`fk_soc`) REFERENCES `llx_societe` (`rowid`);

--
-- Contraintes pour la table `llx_contrat`
--
ALTER TABLE `llx_contrat`
  ADD CONSTRAINT `fk_contrat_fk_soc` FOREIGN KEY (`fk_soc`) REFERENCES `llx_societe` (`rowid`),
  ADD CONSTRAINT `fk_contrat_user_author` FOREIGN KEY (`fk_user_author`) REFERENCES `llx_user` (`rowid`);

--
-- Contraintes pour la table `llx_contratdet`
--
ALTER TABLE `llx_contratdet`
  ADD CONSTRAINT `fk_contratdet_fk_contrat` FOREIGN KEY (`fk_contrat`) REFERENCES `llx_contrat` (`rowid`),
  ADD CONSTRAINT `fk_contratdet_fk_product` FOREIGN KEY (`fk_product`) REFERENCES `llx_product` (`rowid`);

--
-- Contraintes pour la table `llx_contratdet_log`
--
ALTER TABLE `llx_contratdet_log`
  ADD CONSTRAINT `fk_contratdet_log_fk_contratdet` FOREIGN KEY (`fk_contratdet`) REFERENCES `llx_contratdet` (`rowid`);

--
-- Contraintes pour la table `llx_c_regions`
--
ALTER TABLE `llx_c_regions`
  ADD CONSTRAINT `fk_c_regions_fk_pays` FOREIGN KEY (`fk_pays`) REFERENCES `llx_c_pays` (`rowid`);

--
-- Contraintes pour la table `llx_c_ziptown`
--
ALTER TABLE `llx_c_ziptown`
  ADD CONSTRAINT `fk_c_ziptown_fk_county` FOREIGN KEY (`fk_county`) REFERENCES `llx_c_departements` (`rowid`),
  ADD CONSTRAINT `fk_c_ziptown_fk_pays` FOREIGN KEY (`fk_pays`) REFERENCES `llx_c_pays` (`rowid`);

--
-- Contraintes pour la table `llx_ecm_directories`
--
ALTER TABLE `llx_ecm_directories`
  ADD CONSTRAINT `fk_ecm_directories_fk_user_c` FOREIGN KEY (`fk_user_c`) REFERENCES `llx_user` (`rowid`),
  ADD CONSTRAINT `fk_ecm_directories_fk_user_m` FOREIGN KEY (`fk_user_m`) REFERENCES `llx_user` (`rowid`);

--
-- Contraintes pour la table `llx_element_contact`
--
ALTER TABLE `llx_element_contact`
  ADD CONSTRAINT `fk_element_contact_fk_c_type_contact` FOREIGN KEY (`fk_c_type_contact`) REFERENCES `llx_c_type_contact` (`rowid`);

--
-- Contraintes pour la table `llx_expedition`
--
ALTER TABLE `llx_expedition`
  ADD CONSTRAINT `fk_expedition_fk_shipping_method` FOREIGN KEY (`fk_shipping_method`) REFERENCES `llx_c_shipment_mode` (`rowid`),
  ADD CONSTRAINT `fk_expedition_fk_soc` FOREIGN KEY (`fk_soc`) REFERENCES `llx_societe` (`rowid`),
  ADD CONSTRAINT `fk_expedition_fk_user_author` FOREIGN KEY (`fk_user_author`) REFERENCES `llx_user` (`rowid`),
  ADD CONSTRAINT `fk_expedition_fk_user_valid` FOREIGN KEY (`fk_user_valid`) REFERENCES `llx_user` (`rowid`);

--
-- Contraintes pour la table `llx_expeditiondet`
--
ALTER TABLE `llx_expeditiondet`
  ADD CONSTRAINT `fk_expeditiondet_fk_expedition` FOREIGN KEY (`fk_expedition`) REFERENCES `llx_expedition` (`rowid`);

--
-- Contraintes pour la table `llx_facture`
--
ALTER TABLE `llx_facture`
  ADD CONSTRAINT `fk_facture_fk_facture_source` FOREIGN KEY (`fk_facture_source`) REFERENCES `llx_facture` (`rowid`),
  ADD CONSTRAINT `fk_facture_fk_projet` FOREIGN KEY (`fk_projet`) REFERENCES `llx_projet` (`rowid`),
  ADD CONSTRAINT `fk_facture_fk_soc` FOREIGN KEY (`fk_soc`) REFERENCES `llx_societe` (`rowid`),
  ADD CONSTRAINT `fk_facture_fk_user_author` FOREIGN KEY (`fk_user_author`) REFERENCES `llx_user` (`rowid`),
  ADD CONSTRAINT `fk_facture_fk_user_valid` FOREIGN KEY (`fk_user_valid`) REFERENCES `llx_user` (`rowid`);

--
-- Contraintes pour la table `llx_facturedet`
--
ALTER TABLE `llx_facturedet`
  ADD CONSTRAINT `fk_facturedet_fk_facture` FOREIGN KEY (`fk_facture`) REFERENCES `llx_facture` (`rowid`);

--
-- Contraintes pour la table `llx_facture_fourn`
--
ALTER TABLE `llx_facture_fourn`
  ADD CONSTRAINT `fk_facture_fourn_fk_projet` FOREIGN KEY (`fk_projet`) REFERENCES `llx_projet` (`rowid`),
  ADD CONSTRAINT `fk_facture_fourn_fk_soc` FOREIGN KEY (`fk_soc`) REFERENCES `llx_societe` (`rowid`),
  ADD CONSTRAINT `fk_facture_fourn_fk_user_author` FOREIGN KEY (`fk_user_author`) REFERENCES `llx_user` (`rowid`),
  ADD CONSTRAINT `fk_facture_fourn_fk_user_valid` FOREIGN KEY (`fk_user_valid`) REFERENCES `llx_user` (`rowid`);

--
-- Contraintes pour la table `llx_facture_fourn_det`
--
ALTER TABLE `llx_facture_fourn_det`
  ADD CONSTRAINT `fk_facture_fourn_det_fk_facture` FOREIGN KEY (`fk_facture_fourn`) REFERENCES `llx_facture_fourn` (`rowid`);

--
-- Contraintes pour la table `llx_facture_rec`
--
ALTER TABLE `llx_facture_rec`
  ADD CONSTRAINT `fk_facture_rec_fk_projet` FOREIGN KEY (`fk_projet`) REFERENCES `llx_projet` (`rowid`),
  ADD CONSTRAINT `fk_facture_rec_fk_soc` FOREIGN KEY (`fk_soc`) REFERENCES `llx_societe` (`rowid`),
  ADD CONSTRAINT `fk_facture_rec_fk_user_author` FOREIGN KEY (`fk_user_author`) REFERENCES `llx_user` (`rowid`);

--
-- Contraintes pour la table `llx_fichinter`
--
ALTER TABLE `llx_fichinter`
  ADD CONSTRAINT `fk_fichinter_fk_soc` FOREIGN KEY (`fk_soc`) REFERENCES `llx_societe` (`rowid`);

--
-- Contraintes pour la table `llx_fichinterdet`
--
ALTER TABLE `llx_fichinterdet`
  ADD CONSTRAINT `fk_fichinterdet_fk_fichinter` FOREIGN KEY (`fk_fichinter`) REFERENCES `llx_fichinter` (`rowid`);

--
-- Contraintes pour la table `llx_livraison`
--
ALTER TABLE `llx_livraison`
  ADD CONSTRAINT `fk_livraison_fk_soc` FOREIGN KEY (`fk_soc`) REFERENCES `llx_societe` (`rowid`),
  ADD CONSTRAINT `fk_livraison_fk_user_author` FOREIGN KEY (`fk_user_author`) REFERENCES `llx_user` (`rowid`),
  ADD CONSTRAINT `fk_livraison_fk_user_valid` FOREIGN KEY (`fk_user_valid`) REFERENCES `llx_user` (`rowid`);

--
-- Contraintes pour la table `llx_livraisondet`
--
ALTER TABLE `llx_livraisondet`
  ADD CONSTRAINT `fk_livraisondet_fk_livraison` FOREIGN KEY (`fk_livraison`) REFERENCES `llx_livraison` (`rowid`);

--
-- Contraintes pour la table `llx_paiement_facture`
--
ALTER TABLE `llx_paiement_facture`
  ADD CONSTRAINT `fk_paiement_facture_fk_facture` FOREIGN KEY (`fk_facture`) REFERENCES `llx_facture` (`rowid`),
  ADD CONSTRAINT `fk_paiement_facture_fk_paiement` FOREIGN KEY (`fk_paiement`) REFERENCES `llx_paiement` (`rowid`);

--
-- Contraintes pour la table `llx_prelevement_facture`
--
ALTER TABLE `llx_prelevement_facture`
  ADD CONSTRAINT `fk_prelevement_facture_fk_prelevement_lignes` FOREIGN KEY (`fk_prelevement_lignes`) REFERENCES `llx_prelevement_lignes` (`rowid`);

--
-- Contraintes pour la table `llx_prelevement_lignes`
--
ALTER TABLE `llx_prelevement_lignes`
  ADD CONSTRAINT `fk_prelevement_lignes_fk_prelevement_bons` FOREIGN KEY (`fk_prelevement_bons`) REFERENCES `llx_prelevement_bons` (`rowid`);

--
-- Contraintes pour la table `llx_product_fournisseur_price`
--
ALTER TABLE `llx_product_fournisseur_price`
  ADD CONSTRAINT `fk_product_fournisseur_price_fk_product` FOREIGN KEY (`fk_product`) REFERENCES `llx_product` (`rowid`),
  ADD CONSTRAINT `fk_product_fournisseur_price_fk_user` FOREIGN KEY (`fk_user`) REFERENCES `llx_user` (`rowid`);

--
-- Contraintes pour la table `llx_product_lang`
--
ALTER TABLE `llx_product_lang`
  ADD CONSTRAINT `fk_product_lang_fk_product` FOREIGN KEY (`fk_product`) REFERENCES `llx_product` (`rowid`);

--
-- Contraintes pour la table `llx_product_price_by_qty`
--
ALTER TABLE `llx_product_price_by_qty`
  ADD CONSTRAINT `fk_product_price_by_qty_fk_product_price` FOREIGN KEY (`fk_product_price`) REFERENCES `llx_product_price` (`rowid`);

--
-- Contraintes pour la table `llx_projet`
--
ALTER TABLE `llx_projet`
  ADD CONSTRAINT `fk_projet_fk_soc` FOREIGN KEY (`fk_soc`) REFERENCES `llx_societe` (`rowid`);

--
-- Contraintes pour la table `llx_projet_task`
--
ALTER TABLE `llx_projet_task`
  ADD CONSTRAINT `fk_projet_task_fk_projet` FOREIGN KEY (`fk_projet`) REFERENCES `llx_projet` (`rowid`),
  ADD CONSTRAINT `fk_projet_task_fk_user_creat` FOREIGN KEY (`fk_user_creat`) REFERENCES `llx_user` (`rowid`),
  ADD CONSTRAINT `fk_projet_task_fk_user_valid` FOREIGN KEY (`fk_user_valid`) REFERENCES `llx_user` (`rowid`);

--
-- Contraintes pour la table `llx_propal`
--
ALTER TABLE `llx_propal`
  ADD CONSTRAINT `fk_propal_fk_projet` FOREIGN KEY (`fk_projet`) REFERENCES `llx_projet` (`rowid`),
  ADD CONSTRAINT `fk_propal_fk_soc` FOREIGN KEY (`fk_soc`) REFERENCES `llx_societe` (`rowid`),
  ADD CONSTRAINT `fk_propal_fk_user_author` FOREIGN KEY (`fk_user_author`) REFERENCES `llx_user` (`rowid`),
  ADD CONSTRAINT `fk_propal_fk_user_cloture` FOREIGN KEY (`fk_user_cloture`) REFERENCES `llx_user` (`rowid`),
  ADD CONSTRAINT `fk_propal_fk_user_valid` FOREIGN KEY (`fk_user_valid`) REFERENCES `llx_user` (`rowid`);

--
-- Contraintes pour la table `llx_propaldet`
--
ALTER TABLE `llx_propaldet`
  ADD CONSTRAINT `fk_propaldet_fk_propal` FOREIGN KEY (`fk_propal`) REFERENCES `llx_propal` (`rowid`);

--
-- Contraintes pour la table `llx_societe_remise_except`
--
ALTER TABLE `llx_societe_remise_except`
  ADD CONSTRAINT `fk_societe_remise_fk_facture` FOREIGN KEY (`fk_facture`) REFERENCES `llx_facture` (`rowid`),
  ADD CONSTRAINT `fk_societe_remise_fk_facture_line` FOREIGN KEY (`fk_facture_line`) REFERENCES `llx_facturedet` (`rowid`),
  ADD CONSTRAINT `fk_societe_remise_fk_facture_source` FOREIGN KEY (`fk_facture_source`) REFERENCES `llx_facture` (`rowid`),
  ADD CONSTRAINT `fk_societe_remise_fk_soc` FOREIGN KEY (`fk_soc`) REFERENCES `llx_societe` (`rowid`),
  ADD CONSTRAINT `fk_societe_remise_fk_user` FOREIGN KEY (`fk_user`) REFERENCES `llx_user` (`rowid`);

--
-- Contraintes pour la table `llx_socpeople`
--
ALTER TABLE `llx_socpeople`
  ADD CONSTRAINT `fk_socpeople_fk_soc` FOREIGN KEY (`fk_soc`) REFERENCES `llx_societe` (`rowid`),
  ADD CONSTRAINT `fk_socpeople_user_creat_user_rowid` FOREIGN KEY (`fk_user_creat`) REFERENCES `llx_user` (`rowid`);

--
-- Contraintes pour la table `llx_usergroup_rights`
--
ALTER TABLE `llx_usergroup_rights`
  ADD CONSTRAINT `fk_usergroup_rights_fk_usergroup` FOREIGN KEY (`fk_usergroup`) REFERENCES `llx_usergroup` (`rowid`);

--
-- Contraintes pour la table `llx_usergroup_user`
--
ALTER TABLE `llx_usergroup_user`
  ADD CONSTRAINT `fk_usergroup_user_fk_user` FOREIGN KEY (`fk_user`) REFERENCES `llx_user` (`rowid`),
  ADD CONSTRAINT `fk_usergroup_user_fk_usergroup` FOREIGN KEY (`fk_usergroup`) REFERENCES `llx_usergroup` (`rowid`);

--
-- Contraintes pour la table `llx_user_rights`
--
ALTER TABLE `llx_user_rights`
  ADD CONSTRAINT `fk_user_rights_fk_user_user` FOREIGN KEY (`fk_user`) REFERENCES `llx_user` (`rowid`);

